[INFO] fetching crate rusty-junctions-client-api-macro 0.1.0...
[INFO] testing rusty-junctions-client-api-macro-0.1.0 against nightly-2024-10-28 for randomize-layout
[INFO] extracting crate rusty-junctions-client-api-macro 0.1.0 into /workspace/builds/worker-0-tc1/source
[INFO] validating manifest of crates.io crate rusty-junctions-client-api-macro 0.1.0 on toolchain nightly-2024-10-28
[INFO] running `Command { std: CARGO_HOME="/workspace/cargo-home" RUSTUP_HOME="/workspace/rustup-home" "/workspace/cargo-home/bin/cargo" "+nightly-2024-10-28" "metadata" "--manifest-path" "Cargo.toml" "--no-deps", kill_on_drop: false }`
[INFO] started tweaking crates.io crate rusty-junctions-client-api-macro 0.1.0
[INFO] finished tweaking crates.io crate rusty-junctions-client-api-macro 0.1.0
[INFO] tweaked toml for crates.io crate rusty-junctions-client-api-macro 0.1.0 written to /workspace/builds/worker-0-tc1/source/Cargo.toml
[INFO] running `Command { std: CARGO_HOME="/workspace/cargo-home" RUSTUP_HOME="/workspace/rustup-home" "/workspace/cargo-home/bin/cargo" "+nightly-2024-10-28" "generate-lockfile" "--manifest-path" "Cargo.toml", kill_on_drop: false }`
[INFO] running `Command { std: CARGO_HOME="/workspace/cargo-home" RUSTUP_HOME="/workspace/rustup-home" "/workspace/cargo-home/bin/cargo" "+nightly-2024-10-28" "fetch" "--manifest-path" "Cargo.toml", kill_on_drop: false }`
[INFO] [stderr]     Blocking waiting for file lock on package cache
[INFO] running `Command { std: "docker" "create" "-v" "/var/lib/crater-agent-workspace/builds/worker-0-tc1/target:/opt/rustwide/target:rw,Z" "-v" "/var/lib/crater-agent-workspace/builds/worker-0-tc1/source:/opt/rustwide/workdir:ro,Z" "-v" "/var/lib/crater-agent-workspace/cargo-home:/opt/rustwide/cargo-home:ro,Z" "-v" "/var/lib/crater-agent-workspace/rustup-home:/opt/rustwide/rustup-home:ro,Z" "-e" "SOURCE_DIR=/opt/rustwide/workdir" "-e" "CARGO_TARGET_DIR=/opt/rustwide/target" "-e" "CARGO_HOME=/opt/rustwide/cargo-home" "-e" "RUSTUP_HOME=/opt/rustwide/rustup-home" "-w" "/opt/rustwide/workdir" "-m" "1610612736" "--user" "0:0" "--network" "none" "ghcr.io/rust-lang/crates-build-env/linux@sha256:4a844ea9eb2546a2d2c7022eacef16ef2e8229c7fbb2c7d4d55a9ceca922f72d" "/opt/rustwide/cargo-home/bin/cargo" "+nightly-2024-10-28" "metadata" "--no-deps" "--format-version=1", kill_on_drop: false }`
[INFO] [stdout] f80e905b7c0004c35664cb91bad6e22ea79c2ce2074808b7fe9fc6d7bec19833
[INFO] running `Command { std: "docker" "start" "-a" "f80e905b7c0004c35664cb91bad6e22ea79c2ce2074808b7fe9fc6d7bec19833", kill_on_drop: false }`
[INFO] running `Command { std: "docker" "inspect" "f80e905b7c0004c35664cb91bad6e22ea79c2ce2074808b7fe9fc6d7bec19833", kill_on_drop: false }`
[INFO] running `Command { std: "docker" "rm" "-f" "f80e905b7c0004c35664cb91bad6e22ea79c2ce2074808b7fe9fc6d7bec19833", kill_on_drop: false }`
[INFO] [stdout] f80e905b7c0004c35664cb91bad6e22ea79c2ce2074808b7fe9fc6d7bec19833
[INFO] running `Command { std: "docker" "create" "-v" "/var/lib/crater-agent-workspace/builds/worker-0-tc1/target:/opt/rustwide/target:rw,Z" "-v" "/var/lib/crater-agent-workspace/builds/worker-0-tc1/source:/opt/rustwide/workdir:ro,Z" "-v" "/var/lib/crater-agent-workspace/cargo-home:/opt/rustwide/cargo-home:ro,Z" "-v" "/var/lib/crater-agent-workspace/rustup-home:/opt/rustwide/rustup-home:ro,Z" "-e" "SOURCE_DIR=/opt/rustwide/workdir" "-e" "CARGO_TARGET_DIR=/opt/rustwide/target" "-e" "CARGO_INCREMENTAL=0" "-e" "RUST_BACKTRACE=full" "-e" "RUSTFLAGS=--cap-lints=forbid" "-e" "RUSTDOCFLAGS=--cap-lints=forbid" "-e" "CARGO_HOME=/opt/rustwide/cargo-home" "-e" "RUSTUP_HOME=/opt/rustwide/rustup-home" "-w" "/opt/rustwide/workdir" "-m" "1610612736" "--user" "0:0" "--network" "none" "ghcr.io/rust-lang/crates-build-env/linux@sha256:4a844ea9eb2546a2d2c7022eacef16ef2e8229c7fbb2c7d4d55a9ceca922f72d" "/opt/rustwide/cargo-home/bin/cargo" "+nightly-2024-10-28" "build" "--frozen" "--message-format=json", kill_on_drop: false }`
[INFO] [stdout] 55abc5875f84011f37594982800a54bf3d8ae29096e25b66d18c2def199f0ea2
[INFO] running `Command { std: "docker" "start" "-a" "55abc5875f84011f37594982800a54bf3d8ae29096e25b66d18c2def199f0ea2", kill_on_drop: false }`
[INFO] [stderr]    Compiling rusty-junctions-client-api-macro v0.1.0 (/opt/rustwide/workdir)
[INFO] [stderr]     Finished `dev` profile [unoptimized + debuginfo] target(s) in 0.03s
[INFO] running `Command { std: "docker" "inspect" "55abc5875f84011f37594982800a54bf3d8ae29096e25b66d18c2def199f0ea2", kill_on_drop: false }`
[INFO] running `Command { std: "docker" "rm" "-f" "55abc5875f84011f37594982800a54bf3d8ae29096e25b66d18c2def199f0ea2", kill_on_drop: false }`
[INFO] [stdout] 55abc5875f84011f37594982800a54bf3d8ae29096e25b66d18c2def199f0ea2
[INFO] running `Command { std: "docker" "create" "-v" "/var/lib/crater-agent-workspace/builds/worker-0-tc1/target:/opt/rustwide/target:rw,Z" "-v" "/var/lib/crater-agent-workspace/builds/worker-0-tc1/source:/opt/rustwide/workdir:ro,Z" "-v" "/var/lib/crater-agent-workspace/cargo-home:/opt/rustwide/cargo-home:ro,Z" "-v" "/var/lib/crater-agent-workspace/rustup-home:/opt/rustwide/rustup-home:ro,Z" "-e" "SOURCE_DIR=/opt/rustwide/workdir" "-e" "CARGO_TARGET_DIR=/opt/rustwide/target" "-e" "CARGO_INCREMENTAL=0" "-e" "RUST_BACKTRACE=full" "-e" "RUSTFLAGS=--cap-lints=forbid" "-e" "RUSTDOCFLAGS=--cap-lints=forbid" "-e" "CARGO_HOME=/opt/rustwide/cargo-home" "-e" "RUSTUP_HOME=/opt/rustwide/rustup-home" "-w" "/opt/rustwide/workdir" "-m" "1610612736" "--user" "0:0" "--network" "none" "ghcr.io/rust-lang/crates-build-env/linux@sha256:4a844ea9eb2546a2d2c7022eacef16ef2e8229c7fbb2c7d4d55a9ceca922f72d" "/opt/rustwide/cargo-home/bin/cargo" "+nightly-2024-10-28" "test" "--frozen" "--no-run" "--message-format=json", kill_on_drop: false }`
[INFO] [stdout] cf7834c7c911b6a4bc4196e7747f9cae7553fa9f7befd93cf16d86e60369b5a3
[INFO] running `Command { std: "docker" "start" "-a" "cf7834c7c911b6a4bc4196e7747f9cae7553fa9f7befd93cf16d86e60369b5a3", kill_on_drop: false }`
[INFO] [stderr]    Compiling rusty-junctions-client-api-macro v0.1.0 (/opt/rustwide/workdir)
[INFO] [stderr]     Finished `test` profile [unoptimized + debuginfo] target(s) in 0.07s
[INFO] running `Command { std: "docker" "inspect" "cf7834c7c911b6a4bc4196e7747f9cae7553fa9f7befd93cf16d86e60369b5a3", kill_on_drop: false }`
[INFO] running `Command { std: "docker" "rm" "-f" "cf7834c7c911b6a4bc4196e7747f9cae7553fa9f7befd93cf16d86e60369b5a3", kill_on_drop: false }`
[INFO] [stdout] cf7834c7c911b6a4bc4196e7747f9cae7553fa9f7befd93cf16d86e60369b5a3
[INFO] running `Command { std: "docker" "create" "-v" "/var/lib/crater-agent-workspace/builds/worker-0-tc1/target:/opt/rustwide/target:rw,Z" "-v" "/var/lib/crater-agent-workspace/builds/worker-0-tc1/source:/opt/rustwide/workdir:ro,Z" "-v" "/var/lib/crater-agent-workspace/cargo-home:/opt/rustwide/cargo-home:ro,Z" "-v" "/var/lib/crater-agent-workspace/rustup-home:/opt/rustwide/rustup-home:ro,Z" "-e" "SOURCE_DIR=/opt/rustwide/workdir" "-e" "CARGO_TARGET_DIR=/opt/rustwide/target" "-e" "CARGO_INCREMENTAL=0" "-e" "RUST_BACKTRACE=full" "-e" "RUSTFLAGS=--cap-lints=forbid" "-e" "RUSTDOCFLAGS=--cap-lints=forbid" "-e" "CARGO_HOME=/opt/rustwide/cargo-home" "-e" "RUSTUP_HOME=/opt/rustwide/rustup-home" "-w" "/opt/rustwide/workdir" "-m" "1610612736" "--user" "0:0" "--network" "none" "ghcr.io/rust-lang/crates-build-env/linux@sha256:4a844ea9eb2546a2d2c7022eacef16ef2e8229c7fbb2c7d4d55a9ceca922f72d" "/opt/rustwide/cargo-home/bin/cargo" "+nightly-2024-10-28" "test" "--frozen", kill_on_drop: false }`
[INFO] [stdout] 02af80eb1c4f86719eb95cea72ca99e3c6c09fe641ecb07a1f8345f149c75590
[INFO] running `Command { std: "docker" "start" "-a" "02af80eb1c4f86719eb95cea72ca99e3c6c09fe641ecb07a1f8345f149c75590", kill_on_drop: false }`
[INFO] [stderr]     Finished `test` profile [unoptimized + debuginfo] target(s) in 0.00s
[INFO] [stderr]      Running unittests src/lib.rs (/opt/rustwide/target/debug/deps/rusty_junctions_client_api_macro-5a63b5a27bdf9262)
[INFO] [stdout] 
[INFO] [stdout] running 0 tests
[INFO] [stdout] 
[INFO] [stdout] test result: ok. 0 passed; 0 failed; 0 ignored; 0 measured; 0 filtered out; finished in 0.00s
[INFO] [stdout] 
[INFO] [stderr]    Doc-tests rusty_junctions_client_api_macro
[INFO] [stdout] 
[INFO] [stdout] running 4 tests
[INFO] [stdout] test src/lib.rs - when (line 39) ... FAILED
[INFO] [stdout] test src/lib.rs - when (line 24) ... FAILED
[INFO] [stdout] test src/lib.rs - junction (line 86) ... FAILED
[INFO] [stdout] test src/lib.rs - junction (line 100) ... FAILED
[INFO] [stdout] 
[INFO] [stdout] failures:
[INFO] [stdout] 
[INFO] [stdout] ---- src/lib.rs - when (line 39) stdout ----
[INFO] [stdout] error: cannot find macro `when` in this scope
[INFO] [stdout]  --> src/lib.rs:45:1
[INFO] [stdout]   |
[INFO] [stdout] 8 | when!(junction; chan1, chan2, chan3)
[INFO] [stdout]   | ^^^^
[INFO] [stdout]   |
[INFO] [stdout] help: consider importing this macro
[INFO] [stdout]   |
[INFO] [stdout] 2 + use rusty_junctions_client_api_macro::when;
[INFO] [stdout]   |
[INFO] [stdout] 
[INFO] [stdout] error[E0433]: failed to resolve: use of undeclared crate or module `rusty_junctions`
[INFO] [stdout]  --> src/lib.rs:40:16
[INFO] [stdout]   |
[INFO] [stdout] 3 | let junction = rusty_junctions::Junction::new();
[INFO] [stdout]   |                ^^^^^^^^^^^^^^^ use of undeclared crate or module `rusty_junctions`
[INFO] [stdout] 
[INFO] [stdout] error: aborting due to 2 previous errors
[INFO] [stdout] 
[INFO] [stdout] For more information about this error, try `rustc --explain E0433`.
[INFO] [stdout] Couldn't compile the test.
[INFO] [stdout] ---- src/lib.rs - when (line 24) stdout ----
[INFO] [stdout] error[E0433]: failed to resolve: use of undeclared crate or module `rusty_junctions`
[INFO] [stdout]  --> src/lib.rs:26:16
[INFO] [stdout]   |
[INFO] [stdout] 4 | let junction = rusty_junctions::Junction::new();
[INFO] [stdout]   |                ^^^^^^^^^^^^^^^ use of undeclared crate or module `rusty_junctions`
[INFO] [stdout] 
[INFO] [stdout] error: aborting due to 1 previous error
[INFO] [stdout] 
[INFO] [stdout] For more information about this error, try `rustc --explain E0433`.
[INFO] [stdout] Couldn't compile the test.
[INFO] [stdout] ---- src/lib.rs - junction (line 86) stdout ----
[INFO] [stdout] error[E0433]: failed to resolve: use of undeclared crate or module `rusty_junctions`
[INFO] [stdout]  --> src/lib.rs:87:16
[INFO] [stdout]   |
[INFO] [stdout] 3 | let junction = rusty_junctions::Junction::new();
[INFO] [stdout]   |                ^^^^^^^^^^^^^^^ use of undeclared crate or module `rusty_junctions`
[INFO] [stdout] 
[INFO] [stdout] error: aborting due to 1 previous error
[INFO] [stdout] 
[INFO] [stdout] For more information about this error, try `rustc --explain E0433`.
[INFO] [stdout] Couldn't compile the test.
[INFO] [stdout] ---- src/lib.rs - junction (line 100) stdout ----
[INFO] [stdout] error: cannot find macro `junction` in this scope
[INFO] [stdout]  --> src/lib.rs:101:33
[INFO] [stdout]   |
[INFO] [stdout] 3 | let (name, value, mut handle) = junction! {
[INFO] [stdout]   |                                 ^^^^^^^^
[INFO] [stdout]   |
[INFO] [stdout] help: consider importing this macro
[INFO] [stdout]   |
[INFO] [stdout] 2 + use rusty_junctions_client_api_macro::junction;
[INFO] [stdout]   |
[INFO] [stdout] 
[INFO] [stdout] error: aborting due to 1 previous error
[INFO] [stdout] 
[INFO] [stdout] Couldn't compile the test.
[INFO] [stdout] 
[INFO] [stdout] failures:
[INFO] [stdout]     src/lib.rs - junction (line 100)
[INFO] [stdout]     src/lib.rs - junction (line 86)
[INFO] [stdout]     src/lib.rs - when (line 24)
[INFO] [stdout]     src/lib.rs - when (line 39)
[INFO] [stdout] 
[INFO] [stdout] test result: FAILED. 0 passed; 4 failed; 0 ignored; 0 measured; 0 filtered out; finished in 0.05s
[INFO] [stdout] 
[INFO] [stderr] error: doctest failed, to rerun pass `--doc`
[INFO] running `Command { std: "docker" "inspect" "02af80eb1c4f86719eb95cea72ca99e3c6c09fe641ecb07a1f8345f149c75590", kill_on_drop: false }`
[INFO] running `Command { std: "docker" "rm" "-f" "02af80eb1c4f86719eb95cea72ca99e3c6c09fe641ecb07a1f8345f149c75590", kill_on_drop: false }`
[INFO] [stdout] 02af80eb1c4f86719eb95cea72ca99e3c6c09fe641ecb07a1f8345f149c75590
