[INFO] fetching crate rustvdif 0.2.0...
[INFO] testing rustvdif-0.2.0 against nightly-2024-10-28+rustflags=-Zrandomize-layout for randomize-layout
[INFO] extracting crate rustvdif 0.2.0 into /workspace/builds/worker-5-tc2/source
[INFO] validating manifest of crates.io crate rustvdif 0.2.0 on toolchain nightly-2024-10-28
[INFO] running `Command { std: CARGO_HOME="/workspace/cargo-home" RUSTUP_HOME="/workspace/rustup-home" "/workspace/cargo-home/bin/cargo" "+nightly-2024-10-28" "metadata" "--manifest-path" "Cargo.toml" "--no-deps", kill_on_drop: false }`
[INFO] started tweaking crates.io crate rustvdif 0.2.0
[INFO] finished tweaking crates.io crate rustvdif 0.2.0
[INFO] tweaked toml for crates.io crate rustvdif 0.2.0 written to /workspace/builds/worker-5-tc2/source/Cargo.toml
[INFO] running `Command { std: CARGO_HOME="/workspace/cargo-home" RUSTUP_HOME="/workspace/rustup-home" "/workspace/cargo-home/bin/cargo" "+nightly-2024-10-28" "generate-lockfile" "--manifest-path" "Cargo.toml", kill_on_drop: false }`
[INFO] [stderr]     Updating crates.io index
[INFO] [stderr]      Locking 14 packages to latest compatible versions
[INFO] running `Command { std: CARGO_HOME="/workspace/cargo-home" RUSTUP_HOME="/workspace/rustup-home" "/workspace/cargo-home/bin/cargo" "+nightly-2024-10-28" "fetch" "--manifest-path" "Cargo.toml", kill_on_drop: false }`
[INFO] running `Command { std: "docker" "create" "-v" "/var/lib/crater-agent-workspace/builds/worker-5-tc2/target:/opt/rustwide/target:rw,Z" "-v" "/var/lib/crater-agent-workspace/builds/worker-5-tc2/source:/opt/rustwide/workdir:ro,Z" "-v" "/var/lib/crater-agent-workspace/cargo-home:/opt/rustwide/cargo-home:ro,Z" "-v" "/var/lib/crater-agent-workspace/rustup-home:/opt/rustwide/rustup-home:ro,Z" "-e" "SOURCE_DIR=/opt/rustwide/workdir" "-e" "CARGO_TARGET_DIR=/opt/rustwide/target" "-e" "CARGO_HOME=/opt/rustwide/cargo-home" "-e" "RUSTUP_HOME=/opt/rustwide/rustup-home" "-w" "/opt/rustwide/workdir" "-m" "1610612736" "--user" "0:0" "--network" "none" "ghcr.io/rust-lang/crates-build-env/linux@sha256:4a844ea9eb2546a2d2c7022eacef16ef2e8229c7fbb2c7d4d55a9ceca922f72d" "/opt/rustwide/cargo-home/bin/cargo" "+nightly-2024-10-28" "metadata" "--no-deps" "--format-version=1", kill_on_drop: false }`
[INFO] [stdout] b290b4a9ffd64027c99f6877e318495cbcb775c49e14c9248d3b9ffafdcbceef
[INFO] running `Command { std: "docker" "start" "-a" "b290b4a9ffd64027c99f6877e318495cbcb775c49e14c9248d3b9ffafdcbceef", kill_on_drop: false }`
[INFO] running `Command { std: "docker" "inspect" "b290b4a9ffd64027c99f6877e318495cbcb775c49e14c9248d3b9ffafdcbceef", kill_on_drop: false }`
[INFO] running `Command { std: "docker" "rm" "-f" "b290b4a9ffd64027c99f6877e318495cbcb775c49e14c9248d3b9ffafdcbceef", kill_on_drop: false }`
[INFO] [stdout] b290b4a9ffd64027c99f6877e318495cbcb775c49e14c9248d3b9ffafdcbceef
[INFO] running `Command { std: "docker" "create" "-v" "/var/lib/crater-agent-workspace/builds/worker-5-tc2/target:/opt/rustwide/target:rw,Z" "-v" "/var/lib/crater-agent-workspace/builds/worker-5-tc2/source:/opt/rustwide/workdir:ro,Z" "-v" "/var/lib/crater-agent-workspace/cargo-home:/opt/rustwide/cargo-home:ro,Z" "-v" "/var/lib/crater-agent-workspace/rustup-home:/opt/rustwide/rustup-home:ro,Z" "-e" "SOURCE_DIR=/opt/rustwide/workdir" "-e" "CARGO_TARGET_DIR=/opt/rustwide/target" "-e" "CARGO_INCREMENTAL=0" "-e" "RUST_BACKTRACE=full" "-e" "RUSTFLAGS=--cap-lints=forbid -Zrandomize-layout" "-e" "RUSTDOCFLAGS=--cap-lints=forbid" "-e" "CARGO_HOME=/opt/rustwide/cargo-home" "-e" "RUSTUP_HOME=/opt/rustwide/rustup-home" "-w" "/opt/rustwide/workdir" "-m" "1610612736" "--user" "0:0" "--network" "none" "ghcr.io/rust-lang/crates-build-env/linux@sha256:4a844ea9eb2546a2d2c7022eacef16ef2e8229c7fbb2c7d4d55a9ceca922f72d" "/opt/rustwide/cargo-home/bin/cargo" "+nightly-2024-10-28" "build" "--frozen" "--message-format=json", kill_on_drop: false }`
[INFO] [stdout] c72c363c941a4e2d164717b34065e287d168fcf4a5df545875a435aab5a76635
[INFO] running `Command { std: "docker" "start" "-a" "c72c363c941a4e2d164717b34065e287d168fcf4a5df545875a435aab5a76635", kill_on_drop: false }`
[INFO] [stderr]    Compiling powerfmt v0.2.0
[INFO] [stderr]    Compiling memchr v2.7.4
[INFO] [stderr]    Compiling num-conv v0.1.0
[INFO] [stderr]    Compiling time-core v0.1.2
[INFO] [stderr]    Compiling deranged v0.3.11
[INFO] [stderr]    Compiling nom v7.1.3
[INFO] [stderr]    Compiling time v0.3.36
[INFO] [stderr]    Compiling rustvdif v0.2.0 (/opt/rustwide/workdir)
[INFO] [stderr]     Finished `dev` profile [unoptimized + debuginfo] target(s) in 2.33s
[INFO] running `Command { std: "docker" "inspect" "c72c363c941a4e2d164717b34065e287d168fcf4a5df545875a435aab5a76635", kill_on_drop: false }`
[INFO] running `Command { std: "docker" "rm" "-f" "c72c363c941a4e2d164717b34065e287d168fcf4a5df545875a435aab5a76635", kill_on_drop: false }`
[INFO] [stdout] c72c363c941a4e2d164717b34065e287d168fcf4a5df545875a435aab5a76635
[INFO] running `Command { std: "docker" "create" "-v" "/var/lib/crater-agent-workspace/builds/worker-5-tc2/target:/opt/rustwide/target:rw,Z" "-v" "/var/lib/crater-agent-workspace/builds/worker-5-tc2/source:/opt/rustwide/workdir:ro,Z" "-v" "/var/lib/crater-agent-workspace/cargo-home:/opt/rustwide/cargo-home:ro,Z" "-v" "/var/lib/crater-agent-workspace/rustup-home:/opt/rustwide/rustup-home:ro,Z" "-e" "SOURCE_DIR=/opt/rustwide/workdir" "-e" "CARGO_TARGET_DIR=/opt/rustwide/target" "-e" "CARGO_INCREMENTAL=0" "-e" "RUST_BACKTRACE=full" "-e" "RUSTFLAGS=--cap-lints=forbid -Zrandomize-layout" "-e" "RUSTDOCFLAGS=--cap-lints=forbid" "-e" "CARGO_HOME=/opt/rustwide/cargo-home" "-e" "RUSTUP_HOME=/opt/rustwide/rustup-home" "-w" "/opt/rustwide/workdir" "-m" "1610612736" "--user" "0:0" "--network" "none" "ghcr.io/rust-lang/crates-build-env/linux@sha256:4a844ea9eb2546a2d2c7022eacef16ef2e8229c7fbb2c7d4d55a9ceca922f72d" "/opt/rustwide/cargo-home/bin/cargo" "+nightly-2024-10-28" "test" "--frozen" "--no-run" "--message-format=json", kill_on_drop: false }`
[INFO] [stdout] f36ec52eb67bb5bfeb35a1ff23e26795d8680625a1ce291dcf46abfeccf77216
[INFO] running `Command { std: "docker" "start" "-a" "f36ec52eb67bb5bfeb35a1ff23e26795d8680625a1ce291dcf46abfeccf77216", kill_on_drop: false }`
[INFO] [stderr]    Compiling rustvdif v0.2.0 (/opt/rustwide/workdir)
[INFO] [stderr]     Finished `test` profile [unoptimized + debuginfo] target(s) in 0.43s
[INFO] running `Command { std: "docker" "inspect" "f36ec52eb67bb5bfeb35a1ff23e26795d8680625a1ce291dcf46abfeccf77216", kill_on_drop: false }`
[INFO] running `Command { std: "docker" "rm" "-f" "f36ec52eb67bb5bfeb35a1ff23e26795d8680625a1ce291dcf46abfeccf77216", kill_on_drop: false }`
[INFO] [stdout] f36ec52eb67bb5bfeb35a1ff23e26795d8680625a1ce291dcf46abfeccf77216
[INFO] running `Command { std: "docker" "create" "-v" "/var/lib/crater-agent-workspace/builds/worker-5-tc2/target:/opt/rustwide/target:rw,Z" "-v" "/var/lib/crater-agent-workspace/builds/worker-5-tc2/source:/opt/rustwide/workdir:ro,Z" "-v" "/var/lib/crater-agent-workspace/cargo-home:/opt/rustwide/cargo-home:ro,Z" "-v" "/var/lib/crater-agent-workspace/rustup-home:/opt/rustwide/rustup-home:ro,Z" "-e" "SOURCE_DIR=/opt/rustwide/workdir" "-e" "CARGO_TARGET_DIR=/opt/rustwide/target" "-e" "CARGO_INCREMENTAL=0" "-e" "RUST_BACKTRACE=full" "-e" "RUSTFLAGS=--cap-lints=forbid -Zrandomize-layout" "-e" "RUSTDOCFLAGS=--cap-lints=forbid" "-e" "CARGO_HOME=/opt/rustwide/cargo-home" "-e" "RUSTUP_HOME=/opt/rustwide/rustup-home" "-w" "/opt/rustwide/workdir" "-m" "1610612736" "--user" "0:0" "--network" "none" "ghcr.io/rust-lang/crates-build-env/linux@sha256:4a844ea9eb2546a2d2c7022eacef16ef2e8229c7fbb2c7d4d55a9ceca922f72d" "/opt/rustwide/cargo-home/bin/cargo" "+nightly-2024-10-28" "test" "--frozen", kill_on_drop: false }`
[INFO] [stdout] 23b6077ca75916db1e75176cd6bbe1c2071c8fe0024cbe20b1da609253d8b2c7
[INFO] running `Command { std: "docker" "start" "-a" "23b6077ca75916db1e75176cd6bbe1c2071c8fe0024cbe20b1da609253d8b2c7", kill_on_drop: false }`
[INFO] [stderr]     Finished `test` profile [unoptimized + debuginfo] target(s) in 0.02s
[INFO] [stderr]      Running unittests src/lib.rs (/opt/rustwide/target/debug/deps/rustvdif-f30b591c4cc8e2ff)
[INFO] [stdout] 
[INFO] [stdout] running 28 tests
[INFO] [stdout] test encoding::tests::test_decode_11bit_real ... ok
[INFO] [stdout] test encoding::tests::test_decode_11bit_complex ... ok
[INFO] [stdout] test encoding::tests::test_decode_12bit_real ... ok
[INFO] [stdout] test encoding::tests::test_decode_13bit_complex ... ok
[INFO] [stdout] test encoding::tests::test_decode_12bit_complex ... ok
[INFO] [stdout] test encoding::tests::test_decode_13bit_real ... ok
[INFO] [stdout] test encoding::tests::test_decode_14bit_real ... ok
[INFO] [stdout] test encoding::tests::test_decode_14bit_complex ... ok
[INFO] [stdout] test encoding::tests::test_decode_16bit_real ... ok
[INFO] [stdout] test encoding::tests::test_decode_2bit_complex ... ok
[INFO] [stdout] test encoding::tests::test_decode_1bit_complex ... ok
[INFO] [stdout] test encoding::tests::test_decode_15bit_real ... ok
[INFO] [stdout] test encoding::tests::test_decode_15bit_complex ... ok
[INFO] [stdout] test encoding::tests::test_decode_1bit_real ... ok
[INFO] [stdout] test encoding::tests::test_decode_3bit_complex ... ok
[INFO] [stdout] test encoding::tests::test_decode_4bit_real ... ok
[INFO] [stdout] test encoding::tests::test_decode_6bit_complex ... ok
[INFO] [stdout] test encoding::tests::test_decode_6bit_real ... ok
[INFO] [stdout] test encoding::tests::test_decode_7bit_complex ... ok
[INFO] [stdout] test encoding::tests::test_decode_7bit_real ... ok
[INFO] [stdout] test encoding::tests::test_decode_8bit_complex ... ok
[INFO] [stdout] test encoding::tests::test_decode_3bit_real ... ok
[INFO] [stdout] test encoding::tests::test_decode_8bit_real ... ok
[INFO] [stdout] test encoding::tests::test_encode_header ... ok
[INFO] [stdout] test header::tests::test_header_time_conversion ... ok
[INFO] [stdout] test encoding::tests::test_decode_16bit_complex ... ok
[INFO] [stdout] test encoding::tests::test_decode_4bit_complex ... ok
[INFO] [stdout] test encoding::tests::test_decode_2bit_real ... ok
[INFO] [stdout] 
[INFO] [stdout] test result: ok. 28 passed; 0 failed; 0 ignored; 0 measured; 0 filtered out; finished in 0.00s
[INFO] [stdout] 
[INFO] [stderr]    Doc-tests rustvdif
[INFO] [stdout] 
[INFO] [stdout] running 1 test
[INFO] [stdout] test src/lib.rs - (line 16) ... FAILED
[INFO] [stdout] 
[INFO] [stdout] failures:
[INFO] [stdout] 
[INFO] [stdout] ---- src/lib.rs - (line 16) stdout ----
[INFO] [stdout] error: argument never used
[INFO] [stdout]  --> src/lib.rs:21:18
[INFO] [stdout]   |
[INFO] [stdout] 6 |     println!("", frame0);
[INFO] [stdout]   |              --  ^^^^^^ argument never used
[INFO] [stdout]   |              |
[INFO] [stdout]   |              formatting specifier missing
[INFO] [stdout] 
[INFO] [stdout] error[E0433]: failed to resolve: use of undeclared type `VDIFFileReader`
[INFO] [stdout]  --> src/lib.rs:18:20
[INFO] [stdout]   |
[INFO] [stdout] 3 |     let mut file = VDIFFileReader::open("path/to/my/vdif/file").unwrap();
[INFO] [stdout]   |                    ^^^^^^^^^^^^^^ use of undeclared type `VDIFFileReader`
[INFO] [stdout]   |
[INFO] [stdout] help: consider importing this struct
[INFO] [stdout]   |
[INFO] [stdout] 2 + use rustvdif::read::VDIFFileReader;
[INFO] [stdout]   |
[INFO] [stdout] 
[INFO] [stdout] error: aborting due to 2 previous errors
[INFO] [stdout] 
[INFO] [stdout] For more information about this error, try `rustc --explain E0433`.
[INFO] [stdout] Couldn't compile the test.
[INFO] [stdout] 
[INFO] [stdout] failures:
[INFO] [stdout]     src/lib.rs - (line 16)
[INFO] [stdout] 
[INFO] [stdout] test result: FAILED. 0 passed; 1 failed; 0 ignored; 0 measured; 0 filtered out; finished in 0.06s
[INFO] [stdout] 
[INFO] [stderr] error: doctest failed, to rerun pass `--doc`
[INFO] running `Command { std: "docker" "inspect" "23b6077ca75916db1e75176cd6bbe1c2071c8fe0024cbe20b1da609253d8b2c7", kill_on_drop: false }`
[INFO] running `Command { std: "docker" "rm" "-f" "23b6077ca75916db1e75176cd6bbe1c2071c8fe0024cbe20b1da609253d8b2c7", kill_on_drop: false }`
[INFO] [stdout] 23b6077ca75916db1e75176cd6bbe1c2071c8fe0024cbe20b1da609253d8b2c7
