[INFO] fetching crate rustrict 0.7.31...
[INFO] testing rustrict-0.7.31 against nightly-2024-10-28 for randomize-layout
[INFO] extracting crate rustrict 0.7.31 into /workspace/builds/worker-7-tc1/source
[INFO] validating manifest of crates.io crate rustrict 0.7.31 on toolchain nightly-2024-10-28
[INFO] running `Command { std: CARGO_HOME="/workspace/cargo-home" RUSTUP_HOME="/workspace/rustup-home" "/workspace/cargo-home/bin/cargo" "+nightly-2024-10-28" "metadata" "--manifest-path" "Cargo.toml" "--no-deps", kill_on_drop: false }`
[INFO] started tweaking crates.io crate rustrict 0.7.31
[INFO] removed 0 missing examples
[INFO] finished tweaking crates.io crate rustrict 0.7.31
[INFO] tweaked toml for crates.io crate rustrict 0.7.31 written to /workspace/builds/worker-7-tc1/source/Cargo.toml
[INFO] crate crates.io crate rustrict 0.7.31 already has a lockfile, it will not be regenerated
[INFO] running `Command { std: CARGO_HOME="/workspace/cargo-home" RUSTUP_HOME="/workspace/rustup-home" "/workspace/cargo-home/bin/cargo" "+nightly-2024-10-28" "fetch" "--manifest-path" "Cargo.toml", kill_on_drop: false }`
[INFO] [stderr]     Updating crates.io index
[INFO] [stderr]  Downloading crates ...
[INFO] [stderr]   Downloaded indicatif v0.17.0-beta.1
[INFO] [stderr]   Downloaded censor v0.3.0
[INFO] [stderr]   Downloaded rustrict v0.7.24
[INFO] running `Command { std: "docker" "create" "-v" "/var/lib/crater-agent-workspace/builds/worker-7-tc1/target:/opt/rustwide/target:rw,Z" "-v" "/var/lib/crater-agent-workspace/builds/worker-7-tc1/source:/opt/rustwide/workdir:ro,Z" "-v" "/var/lib/crater-agent-workspace/cargo-home:/opt/rustwide/cargo-home:ro,Z" "-v" "/var/lib/crater-agent-workspace/rustup-home:/opt/rustwide/rustup-home:ro,Z" "-e" "SOURCE_DIR=/opt/rustwide/workdir" "-e" "CARGO_TARGET_DIR=/opt/rustwide/target" "-e" "CARGO_HOME=/opt/rustwide/cargo-home" "-e" "RUSTUP_HOME=/opt/rustwide/rustup-home" "-w" "/opt/rustwide/workdir" "-m" "1610612736" "--user" "0:0" "--network" "none" "ghcr.io/rust-lang/crates-build-env/linux@sha256:4a844ea9eb2546a2d2c7022eacef16ef2e8229c7fbb2c7d4d55a9ceca922f72d" "/opt/rustwide/cargo-home/bin/cargo" "+nightly-2024-10-28" "metadata" "--no-deps" "--format-version=1", kill_on_drop: false }`
[INFO] [stdout] bb8b47f5218193dd4a14fd1328405f683554eaabf9bd2800800acaa20f71a400
[INFO] running `Command { std: "docker" "start" "-a" "bb8b47f5218193dd4a14fd1328405f683554eaabf9bd2800800acaa20f71a400", kill_on_drop: false }`
[INFO] running `Command { std: "docker" "inspect" "bb8b47f5218193dd4a14fd1328405f683554eaabf9bd2800800acaa20f71a400", kill_on_drop: false }`
[INFO] running `Command { std: "docker" "rm" "-f" "bb8b47f5218193dd4a14fd1328405f683554eaabf9bd2800800acaa20f71a400", kill_on_drop: false }`
[INFO] [stdout] bb8b47f5218193dd4a14fd1328405f683554eaabf9bd2800800acaa20f71a400
[INFO] running `Command { std: "docker" "create" "-v" "/var/lib/crater-agent-workspace/builds/worker-7-tc1/target:/opt/rustwide/target:rw,Z" "-v" "/var/lib/crater-agent-workspace/builds/worker-7-tc1/source:/opt/rustwide/workdir:ro,Z" "-v" "/var/lib/crater-agent-workspace/cargo-home:/opt/rustwide/cargo-home:ro,Z" "-v" "/var/lib/crater-agent-workspace/rustup-home:/opt/rustwide/rustup-home:ro,Z" "-e" "SOURCE_DIR=/opt/rustwide/workdir" "-e" "CARGO_TARGET_DIR=/opt/rustwide/target" "-e" "CARGO_INCREMENTAL=0" "-e" "RUST_BACKTRACE=full" "-e" "RUSTFLAGS=--cap-lints=forbid" "-e" "RUSTDOCFLAGS=--cap-lints=forbid" "-e" "CARGO_HOME=/opt/rustwide/cargo-home" "-e" "RUSTUP_HOME=/opt/rustwide/rustup-home" "-w" "/opt/rustwide/workdir" "-m" "1610612736" "--user" "0:0" "--network" "none" "ghcr.io/rust-lang/crates-build-env/linux@sha256:4a844ea9eb2546a2d2c7022eacef16ef2e8229c7fbb2c7d4d55a9ceca922f72d" "/opt/rustwide/cargo-home/bin/cargo" "+nightly-2024-10-28" "build" "--frozen" "--message-format=json", kill_on_drop: false }`
[INFO] [stdout] 70b06b0d9072e4911ad898844bd22032c32ef76c75f158c4539f107ed378d113
[INFO] running `Command { std: "docker" "start" "-a" "70b06b0d9072e4911ad898844bd22032c32ef76c75f158c4539f107ed378d113", kill_on_drop: false }`
[INFO] [stderr]    Compiling tinyvec_macros v0.1.0
[INFO] [stderr]    Compiling doc-comment v0.3.3
[INFO] [stderr]    Compiling either v1.6.1
[INFO] [stderr]    Compiling finl_unicode v1.2.0
[INFO] [stderr]    Compiling rustc-hash v1.1.0
[INFO] [stderr]    Compiling arrayvec v0.7.2
[INFO] [stderr]    Compiling lazy_static v1.4.0
[INFO] [stderr]    Compiling strsim v0.10.0
[INFO] [stderr]    Compiling tinyvec v1.3.1
[INFO] [stderr]    Compiling itertools v0.10.1
[INFO] [stderr]    Compiling unicode-normalization v0.1.22
[INFO] [stderr]    Compiling rustrict v0.7.31 (/opt/rustwide/workdir)
[INFO] [stderr]     Finished `dev` profile [unoptimized + debuginfo] target(s) in 1.41s
[INFO] running `Command { std: "docker" "inspect" "70b06b0d9072e4911ad898844bd22032c32ef76c75f158c4539f107ed378d113", kill_on_drop: false }`
[INFO] running `Command { std: "docker" "rm" "-f" "70b06b0d9072e4911ad898844bd22032c32ef76c75f158c4539f107ed378d113", kill_on_drop: false }`
[INFO] [stdout] 70b06b0d9072e4911ad898844bd22032c32ef76c75f158c4539f107ed378d113
[INFO] running `Command { std: "docker" "create" "-v" "/var/lib/crater-agent-workspace/builds/worker-7-tc1/target:/opt/rustwide/target:rw,Z" "-v" "/var/lib/crater-agent-workspace/builds/worker-7-tc1/source:/opt/rustwide/workdir:ro,Z" "-v" "/var/lib/crater-agent-workspace/cargo-home:/opt/rustwide/cargo-home:ro,Z" "-v" "/var/lib/crater-agent-workspace/rustup-home:/opt/rustwide/rustup-home:ro,Z" "-e" "SOURCE_DIR=/opt/rustwide/workdir" "-e" "CARGO_TARGET_DIR=/opt/rustwide/target" "-e" "CARGO_INCREMENTAL=0" "-e" "RUST_BACKTRACE=full" "-e" "RUSTFLAGS=--cap-lints=forbid" "-e" "RUSTDOCFLAGS=--cap-lints=forbid" "-e" "CARGO_HOME=/opt/rustwide/cargo-home" "-e" "RUSTUP_HOME=/opt/rustwide/rustup-home" "-w" "/opt/rustwide/workdir" "-m" "1610612736" "--user" "0:0" "--network" "none" "ghcr.io/rust-lang/crates-build-env/linux@sha256:4a844ea9eb2546a2d2c7022eacef16ef2e8229c7fbb2c7d4d55a9ceca922f72d" "/opt/rustwide/cargo-home/bin/cargo" "+nightly-2024-10-28" "test" "--frozen" "--no-run" "--message-format=json", kill_on_drop: false }`
[INFO] [stdout] 29e7d591e5e27e24a07abfcfbc8e9beb61e658ca1947ad99b2f4f0a4b2f39ea2
[INFO] running `Command { std: "docker" "start" "-a" "29e7d591e5e27e24a07abfcfbc8e9beb61e658ca1947ad99b2f4f0a4b2f39ea2", kill_on_drop: false }`
[INFO] [stderr]    Compiling libc v0.2.101
[INFO] [stderr]    Compiling proc-macro2 v1.0.33
[INFO] [stderr]    Compiling serde v1.0.130
[INFO] [stderr]    Compiling memchr v2.4.1
[INFO] [stderr]    Compiling unicode-xid v0.2.2
[INFO] [stderr]    Compiling ryu v1.0.5
[INFO] [stderr]    Compiling syn v1.0.82
[INFO] [stderr]    Compiling parking_lot_core v0.8.5
[INFO] [stderr]    Compiling instant v0.1.12
[INFO] [stderr]    Compiling smallvec v1.7.0
[INFO] [stderr]    Compiling scopeguard v1.1.0
[INFO] [stderr]    Compiling serde_json v1.0.94
[INFO] [stderr]    Compiling regex-automata v0.1.10
[INFO] [stderr]    Compiling ppv-lite86 v0.2.15
[INFO] [stderr]    Compiling once_cell v1.8.0
[INFO] [stderr]    Compiling itoa v1.0.6
[INFO] [stderr]    Compiling lock_api v0.4.5
[INFO] [stderr]    Compiling itoa v0.4.8
[INFO] [stderr]    Compiling rustrict v0.7.24
[INFO] [stderr]    Compiling censor v0.3.0
[INFO] [stderr]    Compiling csv-core v0.1.10
[INFO] [stderr]    Compiling quote v1.0.10
[INFO] [stderr]    Compiling getrandom v0.2.3
[INFO] [stderr]    Compiling rand_core v0.6.3
[INFO] [stderr]    Compiling parking_lot v0.11.2
[INFO] [stderr]    Compiling rand_chacha v0.3.1
[INFO] [stderr]    Compiling rand v0.8.4
[INFO] [stderr]    Compiling bstr v0.2.16
[INFO] [stderr]    Compiling bincode v1.3.3
[INFO] [stderr]    Compiling csv v1.1.6
[INFO] [stderr]    Compiling serial_test_derive v0.5.1
[INFO] [stderr]    Compiling serial_test v0.5.1
[INFO] [stderr]    Compiling rustrict v0.7.31 (/opt/rustwide/workdir)
[INFO] [stderr]     Finished `test` profile [unoptimized + debuginfo] target(s) in 3.75s
[INFO] running `Command { std: "docker" "inspect" "29e7d591e5e27e24a07abfcfbc8e9beb61e658ca1947ad99b2f4f0a4b2f39ea2", kill_on_drop: false }`
[INFO] running `Command { std: "docker" "rm" "-f" "29e7d591e5e27e24a07abfcfbc8e9beb61e658ca1947ad99b2f4f0a4b2f39ea2", kill_on_drop: false }`
[INFO] [stdout] 29e7d591e5e27e24a07abfcfbc8e9beb61e658ca1947ad99b2f4f0a4b2f39ea2
[INFO] running `Command { std: "docker" "create" "-v" "/var/lib/crater-agent-workspace/builds/worker-7-tc1/target:/opt/rustwide/target:rw,Z" "-v" "/var/lib/crater-agent-workspace/builds/worker-7-tc1/source:/opt/rustwide/workdir:ro,Z" "-v" "/var/lib/crater-agent-workspace/cargo-home:/opt/rustwide/cargo-home:ro,Z" "-v" "/var/lib/crater-agent-workspace/rustup-home:/opt/rustwide/rustup-home:ro,Z" "-e" "SOURCE_DIR=/opt/rustwide/workdir" "-e" "CARGO_TARGET_DIR=/opt/rustwide/target" "-e" "CARGO_INCREMENTAL=0" "-e" "RUST_BACKTRACE=full" "-e" "RUSTFLAGS=--cap-lints=forbid" "-e" "RUSTDOCFLAGS=--cap-lints=forbid" "-e" "CARGO_HOME=/opt/rustwide/cargo-home" "-e" "RUSTUP_HOME=/opt/rustwide/rustup-home" "-w" "/opt/rustwide/workdir" "-m" "1610612736" "--user" "0:0" "--network" "none" "ghcr.io/rust-lang/crates-build-env/linux@sha256:4a844ea9eb2546a2d2c7022eacef16ef2e8229c7fbb2c7d4d55a9ceca922f72d" "/opt/rustwide/cargo-home/bin/cargo" "+nightly-2024-10-28" "test" "--frozen", kill_on_drop: false }`
[INFO] [stdout] c2a5f2d89f15b4046118df9ec28c44d0376d55d4d10db85de1b688b5ad81d6fe
[INFO] running `Command { std: "docker" "start" "-a" "c2a5f2d89f15b4046118df9ec28c44d0376d55d4d10db85de1b688b5ad81d6fe", kill_on_drop: false }`
[INFO] [stderr]     Finished `test` profile [unoptimized + debuginfo] target(s) in 0.04s
[INFO] [stderr]      Running unittests src/lib.rs (/opt/rustwide/target/debug/deps/rustrict-156e19e9bac18bd8)
[INFO] [stdout] 
[INFO] [stdout] running 26 tests
[INFO] [stdout] test censor::tests::analyze ... ok
[INFO] [stdout] test censor::tests::bench_is_inappropriate ... ok
[INFO] [stdout] test censor::tests::bench_censor ... ok
[INFO] [stdout] test context::tests::context_empty ... ok
[INFO] [stdout] test context::tests::context_muted ... ok
[INFO] [stdout] test context::tests::context_inappropriate ... ok
[INFO] [stdout] test context::tests::context_repetitious ... ok
[INFO] [stdout] test context::tests::context_safe_mode ... ok
[INFO] [stdout] test censor::tests::bench_is_inappropriate_long ... ok
[INFO] [stdout] test context::tests::context_unsafe ... ok
[INFO] [stdout] test tests::is_whitespace ... ok
[INFO] [stdout] test tests::trim_whitespace ... ok
[INFO] [stdout] test censor::tests::bandwidth ... FAILED
[INFO] [stdout] test censor::tests::apis ... ok
[INFO] [stdout] test censor::tests::bidirectional ... ok
[INFO] [stdout] test censor::tests::censor ... ok
[INFO] [stdout] test censor::tests::curated ... ok
[INFO] [stdout] test censor::tests::devanagari ... ok
[INFO] [stdout] test censor::tests::levels ... ok
[INFO] [stdout] test censor::tests::pancakes ... ok
[INFO] [stdout] test censor::tests::repetitions_non_safe ... ok
[INFO] [stdout] test censor::tests::short_replacement ... ok
[INFO] [stdout] test censor::tests::unicode_abuse ... ok
[INFO] [stdout] test censor::tests::unicode_whitespace ... ok
[INFO] [stdout] test context::tests::context_spam ... ok
[INFO] [stdout] test context::tests::context_spam_long_message ... ok
[INFO] [stdout] 
[INFO] [stdout] failures:
[INFO] [stdout] 
[INFO] [stdout] ---- censor::tests::bandwidth stdout ----
[INFO] [stdout] thread 'censor::tests::bandwidth' panicked at src/censor.rs:1271:43:
[INFO] [stdout] called `Result::unwrap()` on an `Err` value: Os { code: 2, kind: NotFound, message: "No such file or directory" }
[INFO] [stdout] stack backtrace:
[INFO] [stdout]    0:     0x5b6ba5dfb5da - std::backtrace_rs::backtrace::libunwind::trace::h207520d6e9873551
[INFO] [stdout]                                at /rustc/df4ca44d3fbc9301ee17f30f4d474e6ae4b05252/library/std/src/../../backtrace/src/backtrace/libunwind.rs:116:5
[INFO] [stdout]    1:     0x5b6ba5dfb5da - std::backtrace_rs::backtrace::trace_unsynchronized::h2ed7433f370e3eca
[INFO] [stdout]                                at /rustc/df4ca44d3fbc9301ee17f30f4d474e6ae4b05252/library/std/src/../../backtrace/src/backtrace/mod.rs:66:5
[INFO] [stdout]    2:     0x5b6ba5dfb5da - std::sys::backtrace::_print_fmt::h916fac51166b18d7
[INFO] [stdout]                                at /rustc/df4ca44d3fbc9301ee17f30f4d474e6ae4b05252/library/std/src/sys/backtrace.rs:66:9
[INFO] [stdout]    3:     0x5b6ba5dfb5da - <std::sys::backtrace::BacktraceLock::print::DisplayBacktrace as core::fmt::Display>::fmt::ha0a4c9b8ce3802e6
[INFO] [stdout]                                at /rustc/df4ca44d3fbc9301ee17f30f4d474e6ae4b05252/library/std/src/sys/backtrace.rs:39:26
[INFO] [stdout]    4:     0x5b6ba5e228c3 - core::fmt::rt::Argument::fmt::h4cfc8587d52b3eb5
[INFO] [stdout]                                at /rustc/df4ca44d3fbc9301ee17f30f4d474e6ae4b05252/library/core/src/fmt/rt.rs:177:76
[INFO] [stdout]    5:     0x5b6ba5e228c3 - core::fmt::write::h522cc39e5b36ae9f
[INFO] [stdout]                                at /rustc/df4ca44d3fbc9301ee17f30f4d474e6ae4b05252/library/core/src/fmt/mod.rs:1190:21
[INFO] [stdout]    6:     0x5b6ba5df81c3 - std::io::Write::write_fmt::h7d3c26752da97734
[INFO] [stdout]                                at /rustc/df4ca44d3fbc9301ee17f30f4d474e6ae4b05252/library/std/src/io/mod.rs:1839:15
[INFO] [stdout]    7:     0x5b6ba5dfb422 - std::sys::backtrace::BacktraceLock::print::h4b9e00b29e9c0942
[INFO] [stdout]                                at /rustc/df4ca44d3fbc9301ee17f30f4d474e6ae4b05252/library/std/src/sys/backtrace.rs:42:9
[INFO] [stdout]    8:     0x5b6ba5dfca6a - std::panicking::default_hook::{{closure}}::hb59b88280d0324d9
[INFO] [stdout]                                at /rustc/df4ca44d3fbc9301ee17f30f4d474e6ae4b05252/library/std/src/panicking.rs:268:22
[INFO] [stdout]    9:     0x5b6ba5dfc874 - std::panicking::default_hook::he1dd496665be4a29
[INFO] [stdout]                                at /rustc/df4ca44d3fbc9301ee17f30f4d474e6ae4b05252/library/std/src/panicking.rs:292:9
[INFO] [stdout]   10:     0x5b6ba5dc63f9 - <alloc::boxed::Box<F,A> as core::ops::function::Fn<Args>>::call::h4ff71de18744e1dc
[INFO] [stdout]                                at /rustc/df4ca44d3fbc9301ee17f30f4d474e6ae4b05252/library/alloc/src/boxed.rs:2468:9
[INFO] [stdout]   11:     0x5b6ba5dc63f9 - test::test_main::{{closure}}::hcf7c055ce117aa81
[INFO] [stdout]                                at /rustc/df4ca44d3fbc9301ee17f30f4d474e6ae4b05252/library/test/src/lib.rs:133:21
[INFO] [stdout]   12:     0x5b6ba5dfd168 - <alloc::boxed::Box<F,A> as core::ops::function::Fn<Args>>::call::h1d66c6bbd60c9692
[INFO] [stdout]                                at /rustc/df4ca44d3fbc9301ee17f30f4d474e6ae4b05252/library/alloc/src/boxed.rs:2468:9
[INFO] [stdout]   13:     0x5b6ba5dfd168 - std::panicking::rust_panic_with_hook::h2ff17fe8f26dfcf8
[INFO] [stdout]                                at /rustc/df4ca44d3fbc9301ee17f30f4d474e6ae4b05252/library/std/src/panicking.rs:809:13
[INFO] [stdout]   14:     0x5b6ba5dfcf2a - std::panicking::begin_panic_handler::{{closure}}::h4fad77951c07e101
[INFO] [stdout]                                at /rustc/df4ca44d3fbc9301ee17f30f4d474e6ae4b05252/library/std/src/panicking.rs:674:13
[INFO] [stdout]   15:     0x5b6ba5dfbab9 - std::sys::backtrace::__rust_end_short_backtrace::hb1a25b3da5d0ea08
[INFO] [stdout]                                at /rustc/df4ca44d3fbc9301ee17f30f4d474e6ae4b05252/library/std/src/sys/backtrace.rs:170:18
[INFO] [stdout]   16:     0x5b6ba5dfcbbc - rust_begin_unwind
[INFO] [stdout]                                at /rustc/df4ca44d3fbc9301ee17f30f4d474e6ae4b05252/library/std/src/panicking.rs:665:5
[INFO] [stdout]   17:     0x5b6ba5e20ba0 - core::panicking::panic_fmt::ha9db07b529f9b256
[INFO] [stdout]                                at /rustc/df4ca44d3fbc9301ee17f30f4d474e6ae4b05252/library/core/src/panicking.rs:75:14
[INFO] [stdout]   18:     0x5b6ba5e21046 - core::result::unwrap_failed::h5e8218e4d4338b8a
[INFO] [stdout]                                at /rustc/df4ca44d3fbc9301ee17f30f4d474e6ae4b05252/library/core/src/result.rs:1698:5
[INFO] [stdout]   19:     0x5b6ba5d0260c - core::result::Result<T,E>::unwrap::h88e600525608f335
[INFO] [stdout]                                at /rustc/df4ca44d3fbc9301ee17f30f4d474e6ae4b05252/library/core/src/result.rs:1103:23
[INFO] [stdout]   20:     0x5b6ba5d0260c - rustrict::censor::tests::bandwidth::{{closure}}::hdefee15d0838acb3
[INFO] [stdout]                                at /opt/rustwide/workdir/src/censor.rs:1271:20
[INFO] [stdout]   21:     0x5b6ba5d1cf5e - core::ops::function::FnOnce::call_once::h86a142a754cbf31a
[INFO] [stdout]                                at /rustc/df4ca44d3fbc9301ee17f30f4d474e6ae4b05252/library/core/src/ops/function.rs:250:5
[INFO] [stdout]   22:     0x5b6ba5d41297 - serial_test::serial_core::h9e1cdf0d946b7eff
[INFO] [stdout]                                at /opt/rustwide/cargo-home/registry/src/index.crates.io-6f17d22bba15001f/serial_test-0.5.1/src/lib.rs:64:5
[INFO] [stdout]   23:     0x5b6ba5d02587 - rustrict::censor::tests::bandwidth::hfa96b73c5989bc7f
[INFO] [stdout]                                at /opt/rustwide/workdir/src/censor.rs:1269:5
[INFO] [stdout]   24:     0x5b6ba5d02557 - rustrict::censor::tests::bandwidth::{{closure}}::h4481ef488bd34ace
[INFO] [stdout]                                at /opt/rustwide/workdir/src/censor.rs:1270:19
[INFO] [stdout]   25:     0x5b6ba5d1cf96 - core::ops::function::FnOnce::call_once::h89dcfb556346f884
[INFO] [stdout]                                at /rustc/df4ca44d3fbc9301ee17f30f4d474e6ae4b05252/library/core/src/ops/function.rs:250:5
[INFO] [stdout]   26:     0x5b6ba5dcaccb - core::ops::function::FnOnce::call_once::h22c3ba5715e93f05
[INFO] [stdout]                                at /rustc/df4ca44d3fbc9301ee17f30f4d474e6ae4b05252/library/core/src/ops/function.rs:250:5
[INFO] [stdout]   27:     0x5b6ba5dcaccb - test::__rust_begin_short_backtrace::h8e82d8113d0da17f
[INFO] [stdout]                                at /rustc/df4ca44d3fbc9301ee17f30f4d474e6ae4b05252/library/test/src/lib.rs:621:18
[INFO] [stdout]   28:     0x5b6ba5dca647 - test::run_test_in_process::{{closure}}::h33235f4f20b7b7c7
[INFO] [stdout]                                at /rustc/df4ca44d3fbc9301ee17f30f4d474e6ae4b05252/library/test/src/lib.rs:644:60
[INFO] [stdout]   29:     0x5b6ba5dca647 - <core::panic::unwind_safe::AssertUnwindSafe<F> as core::ops::function::FnOnce<()>>::call_once::hb5043206310c586f
[INFO] [stdout]                                at /rustc/df4ca44d3fbc9301ee17f30f4d474e6ae4b05252/library/core/src/panic/unwind_safe.rs:272:9
[INFO] [stdout]   30:     0x5b6ba5dca647 - std::panicking::try::do_call::h9ad4731a60ab23e2
[INFO] [stdout]                                at /rustc/df4ca44d3fbc9301ee17f30f4d474e6ae4b05252/library/std/src/panicking.rs:557:40
[INFO] [stdout]   31:     0x5b6ba5dca647 - std::panicking::try::h3824d23db772a716
[INFO] [stdout]                                at /rustc/df4ca44d3fbc9301ee17f30f4d474e6ae4b05252/library/std/src/panicking.rs:520:19
[INFO] [stdout]   32:     0x5b6ba5dca647 - std::panic::catch_unwind::h5afd514605fde46b
[INFO] [stdout]                                at /rustc/df4ca44d3fbc9301ee17f30f4d474e6ae4b05252/library/std/src/panic.rs:358:14
[INFO] [stdout]   33:     0x5b6ba5dca647 - test::run_test_in_process::h0d5cbfa7067d1720
[INFO] [stdout]                                at /rustc/df4ca44d3fbc9301ee17f30f4d474e6ae4b05252/library/test/src/lib.rs:644:27
[INFO] [stdout]   34:     0x5b6ba5dca647 - test::run_test::{{closure}}::h708eb8872708115d
[INFO] [stdout]                                at /rustc/df4ca44d3fbc9301ee17f30f4d474e6ae4b05252/library/test/src/lib.rs:565:43
[INFO] [stdout]   35:     0x5b6ba5d8dae4 - test::run_test::{{closure}}::h392c51cee94713ab
[INFO] [stdout]                                at /rustc/df4ca44d3fbc9301ee17f30f4d474e6ae4b05252/library/test/src/lib.rs:595:41
[INFO] [stdout]   36:     0x5b6ba5d8dae4 - std::sys::backtrace::__rust_begin_short_backtrace::h2f40290710935a8b
[INFO] [stdout]                                at /rustc/df4ca44d3fbc9301ee17f30f4d474e6ae4b05252/library/std/src/sys/backtrace.rs:154:18
[INFO] [stdout]   37:     0x5b6ba5d9128e - std::thread::Builder::spawn_unchecked_::{{closure}}::{{closure}}::h3fd968d89053a903
[INFO] [stdout]                                at /rustc/df4ca44d3fbc9301ee17f30f4d474e6ae4b05252/library/std/src/thread/mod.rs:541:17
[INFO] [stdout]   38:     0x5b6ba5d9128e - <core::panic::unwind_safe::AssertUnwindSafe<F> as core::ops::function::FnOnce<()>>::call_once::h743f637ba4229880
[INFO] [stdout]                                at /rustc/df4ca44d3fbc9301ee17f30f4d474e6ae4b05252/library/core/src/panic/unwind_safe.rs:272:9
[INFO] [stdout]   39:     0x5b6ba5d9128e - std::panicking::try::do_call::h07440897322525a6
[INFO] [stdout]                                at /rustc/df4ca44d3fbc9301ee17f30f4d474e6ae4b05252/library/std/src/panicking.rs:557:40
[INFO] [stdout]   40:     0x5b6ba5d9128e - std::panicking::try::he5a2e00188156637
[INFO] [stdout]                                at /rustc/df4ca44d3fbc9301ee17f30f4d474e6ae4b05252/library/std/src/panicking.rs:520:19
[INFO] [stdout]   41:     0x5b6ba5d9128e - std::panic::catch_unwind::hbaf3cae49b3c6433
[INFO] [stdout]                                at /rustc/df4ca44d3fbc9301ee17f30f4d474e6ae4b05252/library/std/src/panic.rs:358:14
[INFO] [stdout]   42:     0x5b6ba5d9128e - std::thread::Builder::spawn_unchecked_::{{closure}}::h8e141ea224820bce
[INFO] [stdout]                                at /rustc/df4ca44d3fbc9301ee17f30f4d474e6ae4b05252/library/std/src/thread/mod.rs:540:30
[INFO] [stdout]   43:     0x5b6ba5d9128e - core::ops::function::FnOnce::call_once{{vtable.shim}}::h90d312fedd7b8ea8
[INFO] [stdout]                                at /rustc/df4ca44d3fbc9301ee17f30f4d474e6ae4b05252/library/core/src/ops/function.rs:250:5
[INFO] [stdout]   44:     0x5b6ba5e00f6b - <alloc::boxed::Box<F,A> as core::ops::function::FnOnce<Args>>::call_once::h69aa08ddb6adb8b6
[INFO] [stdout]                                at /rustc/df4ca44d3fbc9301ee17f30f4d474e6ae4b05252/library/alloc/src/boxed.rs:2454:9
[INFO] [stdout]   45:     0x5b6ba5e00f6b - <alloc::boxed::Box<F,A> as core::ops::function::FnOnce<Args>>::call_once::h5aa36efdb79c806f
[INFO] [stdout]                                at /rustc/df4ca44d3fbc9301ee17f30f4d474e6ae4b05252/library/alloc/src/boxed.rs:2454:9
[INFO] [stdout]   46:     0x5b6ba5e00f6b - std::sys::pal::unix::thread::Thread::new::thread_start::h6cd80a1b4be5158d
[INFO] [stdout]                                at /rustc/df4ca44d3fbc9301ee17f30f4d474e6ae4b05252/library/std/src/sys/pal/unix/thread.rs:105:17
[INFO] [stdout]   47:     0x7d3f100d3ac3 - <unknown>
[INFO] [stdout]   48:     0x7d3f10164a04 - clone
[INFO] [stdout]   49:                0x0 - <unknown>
[INFO] [stdout] 
[INFO] [stdout] 
[INFO] [stdout] failures:
[INFO] [stdout]     censor::tests::bandwidth
[INFO] [stdout] 
[INFO] [stdout] test result: FAILED. 25 passed; 1 failed; 0 ignored; 0 measured; 0 filtered out; finished in 2.35s
[INFO] [stdout] 
[INFO] [stderr] error: test failed, to rerun pass `--lib`
[INFO] running `Command { std: "docker" "inspect" "c2a5f2d89f15b4046118df9ec28c44d0376d55d4d10db85de1b688b5ad81d6fe", kill_on_drop: false }`
[INFO] running `Command { std: "docker" "rm" "-f" "c2a5f2d89f15b4046118df9ec28c44d0376d55d4d10db85de1b688b5ad81d6fe", kill_on_drop: false }`
[INFO] [stdout] c2a5f2d89f15b4046118df9ec28c44d0376d55d4d10db85de1b688b5ad81d6fe
