[INFO] fetching crate rustrawi 0.1.2...
[INFO] testing rustrawi-0.1.2 against nightly-2024-10-28 for randomize-layout
[INFO] extracting crate rustrawi 0.1.2 into /workspace/builds/worker-1-tc1/source
[INFO] validating manifest of crates.io crate rustrawi 0.1.2 on toolchain nightly-2024-10-28
[INFO] running `Command { std: CARGO_HOME="/workspace/cargo-home" RUSTUP_HOME="/workspace/rustup-home" "/workspace/cargo-home/bin/cargo" "+nightly-2024-10-28" "metadata" "--manifest-path" "Cargo.toml" "--no-deps", kill_on_drop: false }`
[INFO] started tweaking crates.io crate rustrawi 0.1.2
[INFO] finished tweaking crates.io crate rustrawi 0.1.2
[INFO] tweaked toml for crates.io crate rustrawi 0.1.2 written to /workspace/builds/worker-1-tc1/source/Cargo.toml
[INFO] running `Command { std: CARGO_HOME="/workspace/cargo-home" RUSTUP_HOME="/workspace/rustup-home" "/workspace/cargo-home/bin/cargo" "+nightly-2024-10-28" "generate-lockfile" "--manifest-path" "Cargo.toml", kill_on_drop: false }`
[INFO] [stderr]     Updating crates.io index
[INFO] [stderr]      Locking 5 packages to latest compatible versions
[INFO] running `Command { std: CARGO_HOME="/workspace/cargo-home" RUSTUP_HOME="/workspace/rustup-home" "/workspace/cargo-home/bin/cargo" "+nightly-2024-10-28" "fetch" "--manifest-path" "Cargo.toml", kill_on_drop: false }`
[INFO] running `Command { std: "docker" "create" "-v" "/var/lib/crater-agent-workspace/builds/worker-1-tc1/target:/opt/rustwide/target:rw,Z" "-v" "/var/lib/crater-agent-workspace/builds/worker-1-tc1/source:/opt/rustwide/workdir:ro,Z" "-v" "/var/lib/crater-agent-workspace/cargo-home:/opt/rustwide/cargo-home:ro,Z" "-v" "/var/lib/crater-agent-workspace/rustup-home:/opt/rustwide/rustup-home:ro,Z" "-e" "SOURCE_DIR=/opt/rustwide/workdir" "-e" "CARGO_TARGET_DIR=/opt/rustwide/target" "-e" "CARGO_HOME=/opt/rustwide/cargo-home" "-e" "RUSTUP_HOME=/opt/rustwide/rustup-home" "-w" "/opt/rustwide/workdir" "-m" "1610612736" "--user" "0:0" "--network" "none" "ghcr.io/rust-lang/crates-build-env/linux@sha256:4a844ea9eb2546a2d2c7022eacef16ef2e8229c7fbb2c7d4d55a9ceca922f72d" "/opt/rustwide/cargo-home/bin/cargo" "+nightly-2024-10-28" "metadata" "--no-deps" "--format-version=1", kill_on_drop: false }`
[INFO] [stdout] 59cb5fea6c45f12b6aede0007092018b632b877ef8da44436bbfa33ef9ae38a0
[INFO] running `Command { std: "docker" "start" "-a" "59cb5fea6c45f12b6aede0007092018b632b877ef8da44436bbfa33ef9ae38a0", kill_on_drop: false }`
[INFO] running `Command { std: "docker" "inspect" "59cb5fea6c45f12b6aede0007092018b632b877ef8da44436bbfa33ef9ae38a0", kill_on_drop: false }`
[INFO] running `Command { std: "docker" "rm" "-f" "59cb5fea6c45f12b6aede0007092018b632b877ef8da44436bbfa33ef9ae38a0", kill_on_drop: false }`
[INFO] [stdout] 59cb5fea6c45f12b6aede0007092018b632b877ef8da44436bbfa33ef9ae38a0
[INFO] running `Command { std: "docker" "create" "-v" "/var/lib/crater-agent-workspace/builds/worker-1-tc1/target:/opt/rustwide/target:rw,Z" "-v" "/var/lib/crater-agent-workspace/builds/worker-1-tc1/source:/opt/rustwide/workdir:ro,Z" "-v" "/var/lib/crater-agent-workspace/cargo-home:/opt/rustwide/cargo-home:ro,Z" "-v" "/var/lib/crater-agent-workspace/rustup-home:/opt/rustwide/rustup-home:ro,Z" "-e" "SOURCE_DIR=/opt/rustwide/workdir" "-e" "CARGO_TARGET_DIR=/opt/rustwide/target" "-e" "CARGO_INCREMENTAL=0" "-e" "RUST_BACKTRACE=full" "-e" "RUSTFLAGS=--cap-lints=forbid" "-e" "RUSTDOCFLAGS=--cap-lints=forbid" "-e" "CARGO_HOME=/opt/rustwide/cargo-home" "-e" "RUSTUP_HOME=/opt/rustwide/rustup-home" "-w" "/opt/rustwide/workdir" "-m" "1610612736" "--user" "0:0" "--network" "none" "ghcr.io/rust-lang/crates-build-env/linux@sha256:4a844ea9eb2546a2d2c7022eacef16ef2e8229c7fbb2c7d4d55a9ceca922f72d" "/opt/rustwide/cargo-home/bin/cargo" "+nightly-2024-10-28" "build" "--frozen" "--message-format=json", kill_on_drop: false }`
[INFO] [stdout] 40114858b9d8266d57a35380530cfa23f3100d3c664d3c31bd9afd419eb4443f
[INFO] running `Command { std: "docker" "start" "-a" "40114858b9d8266d57a35380530cfa23f3100d3c664d3c31bd9afd419eb4443f", kill_on_drop: false }`
[INFO] [stderr]    Compiling memchr v2.7.4
[INFO] [stderr]    Compiling regex-syntax v0.8.5
[INFO] [stderr]    Compiling aho-corasick v1.1.3
[INFO] [stderr]    Compiling regex-automata v0.4.8
[INFO] [stderr]    Compiling regex v1.11.1
[INFO] [stderr]    Compiling rustrawi v0.1.2 (/opt/rustwide/workdir)
[INFO] [stdout] warning: unused import: `crate::stemmer::context::visitor::dont_stem_short_word::DontStemShortWord`
[INFO] [stdout]  --> src/stemmer/context.rs:5:5
[INFO] [stdout]   |
[INFO] [stdout] 5 | use crate::stemmer::context::visitor::dont_stem_short_word::DontStemShortWord;
[INFO] [stdout]   |     ^^^^^^^^^^^^^^^^^^^^^^^^^^^^^^^^^^^^^^^^^^^^^^^^^^^^^^^^^^^^^^^^^^^^^^^^^
[INFO] [stdout]   |
[INFO] [stdout]   = note: `#[warn(unused_imports)]` on by default
[INFO] [stdout] 
[INFO] [stdout] 
[INFO] [stdout] warning: unreachable statement
[INFO] [stdout]   --> src/stemmer/context.rs:67:13
[INFO] [stdout]    |
[INFO] [stdout] 66 |             todo!("step 4, 5");
[INFO] [stdout]    |             ------------------ any code following this expression is unreachable
[INFO] [stdout] 67 |             todo!("step 2, 3");
[INFO] [stdout]    |             ^^^^^^^^^^^^^^^^^^ unreachable statement
[INFO] [stdout]    |
[INFO] [stdout]    = note: `#[warn(unreachable_code)]` on by default
[INFO] [stdout]    = note: this warning originates in the macro `$crate::panic` which comes from the expansion of the macro `todo` (in Nightly builds, run with -Z macro-backtrace for more info)
[INFO] [stdout] 
[INFO] [stdout] 
[INFO] [stdout] warning: unused variable: `word`
[INFO] [stdout]   --> src/stemmer.rs:93:32
[INFO] [stdout]    |
[INFO] [stdout] 93 |     fn stem_plural_word(&self, word: &str) -> String {
[INFO] [stdout]    |                                ^^^^ help: if this is intentional, prefix it with an underscore: `_word`
[INFO] [stdout]    |
[INFO] [stdout]    = note: `#[warn(unused_variables)]` on by default
[INFO] [stdout] 
[INFO] [stdout] 
[INFO] [stdout] warning: fields `prefix_visitors` and `suffix_visitors` are never read
[INFO] [stdout]   --> src/stemmer/context.rs:18:5
[INFO] [stdout]    |
[INFO] [stdout] 10 | pub struct Context<'a> {
[INFO] [stdout]    |            ------- fields in this struct
[INFO] [stdout] ...
[INFO] [stdout] 18 |     prefix_visitors: Vec<Box<dyn Visitor>>,
[INFO] [stdout]    |     ^^^^^^^^^^^^^^^
[INFO] [stdout] 19 |     suffix_visitors: Vec<Box<dyn Visitor>>,
[INFO] [stdout]    |     ^^^^^^^^^^^^^^^
[INFO] [stdout]    |
[INFO] [stdout]    = note: `#[warn(dead_code)]` on by default
[INFO] [stdout] 
[INFO] [stdout] 
[INFO] [stderr]     Finished `dev` profile [unoptimized + debuginfo] target(s) in 3.54s
[INFO] running `Command { std: "docker" "inspect" "40114858b9d8266d57a35380530cfa23f3100d3c664d3c31bd9afd419eb4443f", kill_on_drop: false }`
[INFO] running `Command { std: "docker" "rm" "-f" "40114858b9d8266d57a35380530cfa23f3100d3c664d3c31bd9afd419eb4443f", kill_on_drop: false }`
[INFO] [stdout] 40114858b9d8266d57a35380530cfa23f3100d3c664d3c31bd9afd419eb4443f
[INFO] running `Command { std: "docker" "create" "-v" "/var/lib/crater-agent-workspace/builds/worker-1-tc1/target:/opt/rustwide/target:rw,Z" "-v" "/var/lib/crater-agent-workspace/builds/worker-1-tc1/source:/opt/rustwide/workdir:ro,Z" "-v" "/var/lib/crater-agent-workspace/cargo-home:/opt/rustwide/cargo-home:ro,Z" "-v" "/var/lib/crater-agent-workspace/rustup-home:/opt/rustwide/rustup-home:ro,Z" "-e" "SOURCE_DIR=/opt/rustwide/workdir" "-e" "CARGO_TARGET_DIR=/opt/rustwide/target" "-e" "CARGO_INCREMENTAL=0" "-e" "RUST_BACKTRACE=full" "-e" "RUSTFLAGS=--cap-lints=forbid" "-e" "RUSTDOCFLAGS=--cap-lints=forbid" "-e" "CARGO_HOME=/opt/rustwide/cargo-home" "-e" "RUSTUP_HOME=/opt/rustwide/rustup-home" "-w" "/opt/rustwide/workdir" "-m" "1610612736" "--user" "0:0" "--network" "none" "ghcr.io/rust-lang/crates-build-env/linux@sha256:4a844ea9eb2546a2d2c7022eacef16ef2e8229c7fbb2c7d4d55a9ceca922f72d" "/opt/rustwide/cargo-home/bin/cargo" "+nightly-2024-10-28" "test" "--frozen" "--no-run" "--message-format=json", kill_on_drop: false }`
[INFO] [stdout] e352beeb170c120b1bdeca5f61defa3ef0a5361cb4fe4f6e9228e2c7a80d1b6a
[INFO] running `Command { std: "docker" "start" "-a" "e352beeb170c120b1bdeca5f61defa3ef0a5361cb4fe4f6e9228e2c7a80d1b6a", kill_on_drop: false }`
[INFO] [stdout] warning: unused import: `crate::stemmer::context::visitor::dont_stem_short_word::DontStemShortWord`
[INFO] [stdout]  --> src/stemmer/context.rs:5:5
[INFO] [stdout]   |
[INFO] [stdout] 5 | use crate::stemmer::context::visitor::dont_stem_short_word::DontStemShortWord;
[INFO] [stdout]   |     ^^^^^^^^^^^^^^^^^^^^^^^^^^^^^^^^^^^^^^^^^^^^^^^^^^^^^^^^^^^^^^^^^^^^^^^^^
[INFO] [stdout]   |
[INFO] [stdout]   = note: `#[warn(unused_imports)]` on by default
[INFO] [stdout] 
[INFO] [stdout] 
[INFO] [stdout] warning: unreachable statement
[INFO] [stdout]   --> src/stemmer/context.rs:67:13
[INFO] [stdout]    |
[INFO] [stdout] 66 |             todo!("step 4, 5");
[INFO] [stdout]    |             ------------------ any code following this expression is unreachable
[INFO] [stdout] 67 |             todo!("step 2, 3");
[INFO] [stdout]    |             ^^^^^^^^^^^^^^^^^^ unreachable statement
[INFO] [stdout]    |
[INFO] [stdout]    = note: `#[warn(unreachable_code)]` on by default
[INFO] [stdout]    = note: this warning originates in the macro `$crate::panic` which comes from the expansion of the macro `todo` (in Nightly builds, run with -Z macro-backtrace for more info)
[INFO] [stdout] 
[INFO] [stdout] 
[INFO] [stdout] warning: unused variable: `word`
[INFO] [stdout]   --> src/stemmer.rs:93:32
[INFO] [stdout]    |
[INFO] [stdout] 93 |     fn stem_plural_word(&self, word: &str) -> String {
[INFO] [stdout]    |                                ^^^^ help: if this is intentional, prefix it with an underscore: `_word`
[INFO] [stdout]    |
[INFO] [stdout]    = note: `#[warn(unused_variables)]` on by default
[INFO] [stdout] 
[INFO] [stdout] 
[INFO] [stderr]    Compiling rustrawi v0.1.2 (/opt/rustwide/workdir)
[INFO] [stdout] warning: fields `prefix_visitors` and `suffix_visitors` are never read
[INFO] [stdout]   --> src/stemmer/context.rs:18:5
[INFO] [stdout]    |
[INFO] [stdout] 10 | pub struct Context<'a> {
[INFO] [stdout]    |            ------- fields in this struct
[INFO] [stdout] ...
[INFO] [stdout] 18 |     prefix_visitors: Vec<Box<dyn Visitor>>,
[INFO] [stdout]    |     ^^^^^^^^^^^^^^^
[INFO] [stdout] 19 |     suffix_visitors: Vec<Box<dyn Visitor>>,
[INFO] [stdout]    |     ^^^^^^^^^^^^^^^
[INFO] [stdout]    |
[INFO] [stdout]    = note: `#[warn(dead_code)]` on by default
[INFO] [stdout] 
[INFO] [stdout] 
[INFO] [stdout] warning: unused import: `crate::stemmer::context::visitor::dont_stem_short_word::DontStemShortWord`
[INFO] [stdout]  --> src/stemmer/context.rs:5:5
[INFO] [stdout]   |
[INFO] [stdout] 5 | use crate::stemmer::context::visitor::dont_stem_short_word::DontStemShortWord;
[INFO] [stdout]   |     ^^^^^^^^^^^^^^^^^^^^^^^^^^^^^^^^^^^^^^^^^^^^^^^^^^^^^^^^^^^^^^^^^^^^^^^^^
[INFO] [stdout]   |
[INFO] [stdout]   = note: `#[warn(unused_imports)]` on by default
[INFO] [stdout] 
[INFO] [stdout] 
[INFO] [stdout] warning: unused variable: `dictionary`
[INFO] [stdout]   --> tests/dictionary.rs:35:13
[INFO] [stdout]    |
[INFO] [stdout] 35 |         let dictionary = Dictionary::from_file("invalid_path");
[INFO] [stdout]    |             ^^^^^^^^^^ help: if this is intentional, prefix it with an underscore: `_dictionary`
[INFO] [stdout]    |
[INFO] [stdout]    = note: `#[warn(unused_variables)]` on by default
[INFO] [stdout] 
[INFO] [stdout] 
[INFO] [stdout] warning: unreachable statement
[INFO] [stdout]   --> src/stemmer/context.rs:67:13
[INFO] [stdout]    |
[INFO] [stdout] 66 |             todo!("step 4, 5");
[INFO] [stdout]    |             ------------------ any code following this expression is unreachable
[INFO] [stdout] 67 |             todo!("step 2, 3");
[INFO] [stdout]    |             ^^^^^^^^^^^^^^^^^^ unreachable statement
[INFO] [stdout]    |
[INFO] [stdout]    = note: `#[warn(unreachable_code)]` on by default
[INFO] [stdout]    = note: this warning originates in the macro `$crate::panic` which comes from the expansion of the macro `todo` (in Nightly builds, run with -Z macro-backtrace for more info)
[INFO] [stdout] 
[INFO] [stdout] 
[INFO] [stdout] warning: variable does not need to be mutable
[INFO] [stdout]   --> src/stemmer/context/visitor/dont_stem_short_word.rs:56:13
[INFO] [stdout]    |
[INFO] [stdout] 56 |         let mut context = Context::new("iya", &dictionary, None);
[INFO] [stdout]    |             ----^^^^^^^
[INFO] [stdout]    |             |
[INFO] [stdout]    |             help: remove this `mut`
[INFO] [stdout]    |
[INFO] [stdout]    = note: `#[warn(unused_mut)]` on by default
[INFO] [stdout] 
[INFO] [stdout] 
[INFO] [stdout] warning: variable does not need to be mutable
[INFO] [stdout]   --> src/stemmer/context/visitor/dont_stem_short_word.rs:66:13
[INFO] [stdout]    |
[INFO] [stdout] 66 |         let mut context = Context::new("kambing", &dictionary, None);
[INFO] [stdout]    |             ----^^^^^^^
[INFO] [stdout]    |             |
[INFO] [stdout]    |             help: remove this `mut`
[INFO] [stdout] 
[INFO] [stdout] 
[INFO] [stdout] warning: unused variable: `word`
[INFO] [stdout]   --> src/stemmer.rs:93:32
[INFO] [stdout]    |
[INFO] [stdout] 93 |     fn stem_plural_word(&self, word: &str) -> String {
[INFO] [stdout]    |                                ^^^^ help: if this is intentional, prefix it with an underscore: `_word`
[INFO] [stdout]    |
[INFO] [stdout]    = note: `#[warn(unused_variables)]` on by default
[INFO] [stdout] 
[INFO] [stdout] 
[INFO] [stdout] warning: fields `prefix_visitors` and `suffix_visitors` are never read
[INFO] [stdout]   --> src/stemmer/context.rs:18:5
[INFO] [stdout]    |
[INFO] [stdout] 10 | pub struct Context<'a> {
[INFO] [stdout]    |            ------- fields in this struct
[INFO] [stdout] ...
[INFO] [stdout] 18 |     prefix_visitors: Vec<Box<dyn Visitor>>,
[INFO] [stdout]    |     ^^^^^^^^^^^^^^^
[INFO] [stdout] 19 |     suffix_visitors: Vec<Box<dyn Visitor>>,
[INFO] [stdout]    |     ^^^^^^^^^^^^^^^
[INFO] [stdout]    |
[INFO] [stdout]    = note: `#[warn(dead_code)]` on by default
[INFO] [stdout] 
[INFO] [stdout] 
[INFO] [stderr]     Finished `test` profile [unoptimized + debuginfo] target(s) in 0.45s
[INFO] running `Command { std: "docker" "inspect" "e352beeb170c120b1bdeca5f61defa3ef0a5361cb4fe4f6e9228e2c7a80d1b6a", kill_on_drop: false }`
[INFO] running `Command { std: "docker" "rm" "-f" "e352beeb170c120b1bdeca5f61defa3ef0a5361cb4fe4f6e9228e2c7a80d1b6a", kill_on_drop: false }`
[INFO] [stdout] e352beeb170c120b1bdeca5f61defa3ef0a5361cb4fe4f6e9228e2c7a80d1b6a
[INFO] running `Command { std: "docker" "create" "-v" "/var/lib/crater-agent-workspace/builds/worker-1-tc1/target:/opt/rustwide/target:rw,Z" "-v" "/var/lib/crater-agent-workspace/builds/worker-1-tc1/source:/opt/rustwide/workdir:ro,Z" "-v" "/var/lib/crater-agent-workspace/cargo-home:/opt/rustwide/cargo-home:ro,Z" "-v" "/var/lib/crater-agent-workspace/rustup-home:/opt/rustwide/rustup-home:ro,Z" "-e" "SOURCE_DIR=/opt/rustwide/workdir" "-e" "CARGO_TARGET_DIR=/opt/rustwide/target" "-e" "CARGO_INCREMENTAL=0" "-e" "RUST_BACKTRACE=full" "-e" "RUSTFLAGS=--cap-lints=forbid" "-e" "RUSTDOCFLAGS=--cap-lints=forbid" "-e" "CARGO_HOME=/opt/rustwide/cargo-home" "-e" "RUSTUP_HOME=/opt/rustwide/rustup-home" "-w" "/opt/rustwide/workdir" "-m" "1610612736" "--user" "0:0" "--network" "none" "ghcr.io/rust-lang/crates-build-env/linux@sha256:4a844ea9eb2546a2d2c7022eacef16ef2e8229c7fbb2c7d4d55a9ceca922f72d" "/opt/rustwide/cargo-home/bin/cargo" "+nightly-2024-10-28" "test" "--frozen", kill_on_drop: false }`
[INFO] [stdout] 7db41cab815243e763f7985265e2f2beefead58acc8e488c4820f5598fe637be
[INFO] running `Command { std: "docker" "start" "-a" "7db41cab815243e763f7985265e2f2beefead58acc8e488c4820f5598fe637be", kill_on_drop: false }`
[INFO] [stderr] warning: unused import: `crate::stemmer::context::visitor::dont_stem_short_word::DontStemShortWord`
[INFO] [stderr]  --> src/stemmer/context.rs:5:5
[INFO] [stderr]   |
[INFO] [stderr] 5 | use crate::stemmer::context::visitor::dont_stem_short_word::DontStemShortWord;
[INFO] [stderr]   |     ^^^^^^^^^^^^^^^^^^^^^^^^^^^^^^^^^^^^^^^^^^^^^^^^^^^^^^^^^^^^^^^^^^^^^^^^^
[INFO] [stderr]   |
[INFO] [stderr]   = note: `#[warn(unused_imports)]` on by default
[INFO] [stderr] 
[INFO] [stderr] warning: unreachable statement
[INFO] [stderr]   --> src/stemmer/context.rs:67:13
[INFO] [stderr]    |
[INFO] [stderr] 66 |             todo!("step 4, 5");
[INFO] [stderr]    |             ------------------ any code following this expression is unreachable
[INFO] [stderr] 67 |             todo!("step 2, 3");
[INFO] [stderr]    |             ^^^^^^^^^^^^^^^^^^ unreachable statement
[INFO] [stderr]    |
[INFO] [stderr]    = note: `#[warn(unreachable_code)]` on by default
[INFO] [stderr]    = note: this warning originates in the macro `$crate::panic` which comes from the expansion of the macro `todo` (in Nightly builds, run with -Z macro-backtrace for more info)
[INFO] [stderr] 
[INFO] [stderr] warning: unused variable: `word`
[INFO] [stderr]   --> src/stemmer.rs:93:32
[INFO] [stderr]    |
[INFO] [stderr] 93 |     fn stem_plural_word(&self, word: &str) -> String {
[INFO] [stderr]    |                                ^^^^ help: if this is intentional, prefix it with an underscore: `_word`
[INFO] [stderr]    |
[INFO] [stderr]    = note: `#[warn(unused_variables)]` on by default
[INFO] [stderr] 
[INFO] [stderr] warning: fields `prefix_visitors` and `suffix_visitors` are never read
[INFO] [stderr]   --> src/stemmer/context.rs:18:5
[INFO] [stderr]    |
[INFO] [stderr] 10 | pub struct Context<'a> {
[INFO] [stderr]    |            ------- fields in this struct
[INFO] [stderr] ...
[INFO] [stderr] 18 |     prefix_visitors: Vec<Box<dyn Visitor>>,
[INFO] [stderr]    |     ^^^^^^^^^^^^^^^
[INFO] [stderr] 19 |     suffix_visitors: Vec<Box<dyn Visitor>>,
[INFO] [stderr]    |     ^^^^^^^^^^^^^^^
[INFO] [stderr]    |
[INFO] [stderr]    = note: `#[warn(dead_code)]` on by default
[INFO] [stderr] 
[INFO] [stderr] warning: variable does not need to be mutable
[INFO] [stderr]   --> src/stemmer/context/visitor/dont_stem_short_word.rs:56:13
[INFO] [stderr]    |
[INFO] [stderr] 56 |         let mut context = Context::new("iya", &dictionary, None);
[INFO] [stderr]    |             ----^^^^^^^
[INFO] [stderr]    |             |
[INFO] [stderr]    |             help: remove this `mut`
[INFO] [stderr]    |
[INFO] [stderr]    = note: `#[warn(unused_mut)]` on by default
[INFO] [stderr] 
[INFO] [stderr] warning: variable does not need to be mutable
[INFO] [stderr]   --> src/stemmer/context/visitor/dont_stem_short_word.rs:66:13
[INFO] [stderr]    |
[INFO] [stderr] 66 |         let mut context = Context::new("kambing", &dictionary, None);
[INFO] [stderr]    |             ----^^^^^^^
[INFO] [stderr]    |             |
[INFO] [stderr]    |             help: remove this `mut`
[INFO] [stderr] 
[INFO] [stderr] warning: `rustrawi` (lib) generated 4 warnings (run `cargo fix --lib -p rustrawi` to apply 1 suggestion)
[INFO] [stderr] warning: `rustrawi` (lib test) generated 6 warnings (4 duplicates) (run `cargo fix --lib -p rustrawi --tests` to apply 2 suggestions)
[INFO] [stderr] warning: unused variable: `dictionary`
[INFO] [stderr]   --> tests/dictionary.rs:35:13
[INFO] [stderr]    |
[INFO] [stderr] 35 |         let dictionary = Dictionary::from_file("invalid_path");
[INFO] [stderr]    |             ^^^^^^^^^^ help: if this is intentional, prefix it with an underscore: `_dictionary`
[INFO] [stderr]    |
[INFO] [stderr]    = note: `#[warn(unused_variables)]` on by default
[INFO] [stderr] 
[INFO] [stderr] warning: `rustrawi` (test "dictionary") generated 1 warning
[INFO] [stderr]     Finished `test` profile [unoptimized + debuginfo] target(s) in 0.01s
[INFO] [stderr]      Running unittests src/lib.rs (/opt/rustwide/target/debug/deps/rustrawi-3b2c4e5b9751129c)
[INFO] [stdout] 
[INFO] [stdout] running 39 tests
[INFO] [stdout] test dictionary::dictionary_add_test::should_not_add_empty_string ... ok
[INFO] [stdout] test dictionary::dictionary_add_test::should_add_from_list ... ok
[INFO] [stdout] test dictionary::dictionary_add_test::should_be_able_to_add_word ... ok
[INFO] [stdout] test dictionary::dictionary_add_test::should_trim_before_add ... ok
[INFO] [stdout] test dictionary::dictionary_contains_test::should_return_false_if_string_is_not_contained ... ok
[INFO] [stdout] test dictionary::dictionary_contains_test::should_return_true_if_string_is_contained ... ok
[INFO] [stdout] test dictionary::dictionary_add_test::should_not_add_whitespace ... ok
[INFO] [stdout] test dictionary::dictionary_from_test::should_instantiate_from_file ... ok
[INFO] [stdout] test dictionary::dictionary_from_test::should_instantiate_with_custom_string_collection ... ok
[INFO] [stdout] test dictionary::dictionary_len_test::should_be_able_to_return_dictionary_length ... ok
[INFO] [stdout] test dictionary::dictionary_new_test::should_generate_new_instance ... ok
[INFO] [stdout] test dictionary::dictionary_remove_test::should_remove_entry ... ok
[INFO] [stdout] test dictionary::dictionary_remove_test::should_return_none_on_empty_string ... ok
[INFO] [stdout] test dictionary::dictionary_remove_test::should_return_none_on_not_found ... ok
[INFO] [stdout] test dictionary::dictionary_remove_test::should_return_none_on_whitespace ... ok
[INFO] [stdout] test stemmer::context::visitor::dont_stem_short_word::dont_stem_short_word_test::long_word_should_return_do_nothing ... ok
[INFO] [stdout] test stemmer::context::visitor::dont_stem_short_word::dont_stem_short_word_test::should_aware_long_word ... ok
[INFO] [stdout] test stemmer::context::visitor::dont_stem_short_word::dont_stem_short_word_test::should_aware_short_word ... ok
[INFO] [stdout] test stemmer::context::visitor::dont_stem_short_word::dont_stem_short_word_test::should_return_visitor_type ... ok
[INFO] [stdout] test stemmer::context::visitor::dont_stem_short_word::dont_stem_short_word_test::short_word_should_return_stop_process ... ok
[INFO] [stdout] test stemmer::confix_stripping::precedence_adjustment::precedence_adjustment_test::should_satisfy_5 ... ok
[INFO] [stdout] test stemmer::context::context_test::should_stop_process_on_stop_process_result ... ok
[INFO] [stdout] test stemmer::context::context_test::should_not_stop_process_on_none_result ... ok
[INFO] [stdout] test stemmer::confix_stripping::precedence_adjustment::precedence_adjustment_test::should_satisfy_6 ... ok
[INFO] [stdout] test stop_word_remover::stop_word_remover_test::custom_stop_word_should_remove_stop_word ... ok
[INFO] [stdout] test stemmer::normalize_text_test::should_remove_multiple_whitespace ... ok
[INFO] [stdout] test stemmer::confix_stripping::precedence_adjustment::precedence_adjustment_test::should_satisfy_1 ... ok
[INFO] [stdout] test stemmer::normalize_text_test::should_remove_other_than_alphabet ... ok
[INFO] [stdout] test stop_word_remover::stop_word_remover_test::default_stop_word_should_remove_stop_word ... ok
[INFO] [stdout] test stemmer::confix_stripping::precedence_adjustment::precedence_adjustment_test::should_satisfy_3 ... ok
[INFO] [stdout] test stemmer::confix_stripping::precedence_adjustment::precedence_adjustment_test::should_satisfy_4 ... ok
[INFO] [stdout] test stemmer::normalize_text_test::should_lowercase_text ... ok
[INFO] [stdout] test stemmer::confix_stripping::precedence_adjustment::precedence_adjustment_test::should_satisfy_2 ... ok
[INFO] [stdout] test stemmer::confix_stripping::precedence_adjustment::precedence_adjustment_test::should_not_satisfy ... ok
[INFO] [stdout] test dictionary::dictionary_from_test::should_panic_if_instantiating_from_invalid_file - should panic ... ok
[INFO] [stdout] test stemmer::is_plural_test::should_return_true_on_plural ... ok
[INFO] [stdout] test stemmer::stemmer_test::should_stem_word ... FAILED
[INFO] [stdout] test stemmer::is_plural_test::should_return_false_on_singular ... ok
[INFO] [stdout] test stemmer::is_plural_test::should_return_true_on_plural_with_suffix ... ok
[INFO] [stdout] 
[INFO] [stdout] failures:
[INFO] [stdout] 
[INFO] [stdout] ---- stemmer::stemmer_test::should_stem_word stdout ----
[INFO] [stdout] thread 'stemmer::stemmer_test::should_stem_word' panicked at src/stemmer/context.rs:79:13:
[INFO] [stdout] Resulting word is being called before available
[INFO] [stdout] stack backtrace:
[INFO] [stdout]    0:     0x5c511a13283a - std::backtrace_rs::backtrace::libunwind::trace::h207520d6e9873551
[INFO] [stdout]                                at /rustc/df4ca44d3fbc9301ee17f30f4d474e6ae4b05252/library/std/src/../../backtrace/src/backtrace/libunwind.rs:116:5
[INFO] [stdout]    1:     0x5c511a13283a - std::backtrace_rs::backtrace::trace_unsynchronized::h2ed7433f370e3eca
[INFO] [stdout]                                at /rustc/df4ca44d3fbc9301ee17f30f4d474e6ae4b05252/library/std/src/../../backtrace/src/backtrace/mod.rs:66:5
[INFO] [stdout]    2:     0x5c511a13283a - std::sys::backtrace::_print_fmt::h916fac51166b18d7
[INFO] [stdout]                                at /rustc/df4ca44d3fbc9301ee17f30f4d474e6ae4b05252/library/std/src/sys/backtrace.rs:66:9
[INFO] [stdout]    3:     0x5c511a13283a - <std::sys::backtrace::BacktraceLock::print::DisplayBacktrace as core::fmt::Display>::fmt::ha0a4c9b8ce3802e6
[INFO] [stdout]                                at /rustc/df4ca44d3fbc9301ee17f30f4d474e6ae4b05252/library/std/src/sys/backtrace.rs:39:26
[INFO] [stdout]    4:     0x5c511a15a663 - core::fmt::rt::Argument::fmt::h4cfc8587d52b3eb5
[INFO] [stdout]                                at /rustc/df4ca44d3fbc9301ee17f30f4d474e6ae4b05252/library/core/src/fmt/rt.rs:177:76
[INFO] [stdout]    5:     0x5c511a15a663 - core::fmt::write::h522cc39e5b36ae9f
[INFO] [stdout]                                at /rustc/df4ca44d3fbc9301ee17f30f4d474e6ae4b05252/library/core/src/fmt/mod.rs:1190:21
[INFO] [stdout]    6:     0x5c511a12f4a3 - std::io::Write::write_fmt::h7d3c26752da97734
[INFO] [stdout]                                at /rustc/df4ca44d3fbc9301ee17f30f4d474e6ae4b05252/library/std/src/io/mod.rs:1839:15
[INFO] [stdout]    7:     0x5c511a132682 - std::sys::backtrace::BacktraceLock::print::h4b9e00b29e9c0942
[INFO] [stdout]                                at /rustc/df4ca44d3fbc9301ee17f30f4d474e6ae4b05252/library/std/src/sys/backtrace.rs:42:9
[INFO] [stdout]    8:     0x5c511a133cca - std::panicking::default_hook::{{closure}}::hb59b88280d0324d9
[INFO] [stdout]                                at /rustc/df4ca44d3fbc9301ee17f30f4d474e6ae4b05252/library/std/src/panicking.rs:268:22
[INFO] [stdout]    9:     0x5c511a133ad4 - std::panicking::default_hook::he1dd496665be4a29
[INFO] [stdout]                                at /rustc/df4ca44d3fbc9301ee17f30f4d474e6ae4b05252/library/std/src/panicking.rs:292:9
[INFO] [stdout]   10:     0x5c5119e73299 - <alloc::boxed::Box<F,A> as core::ops::function::Fn<Args>>::call::h4ff71de18744e1dc
[INFO] [stdout]                                at /rustc/df4ca44d3fbc9301ee17f30f4d474e6ae4b05252/library/alloc/src/boxed.rs:2468:9
[INFO] [stdout]   11:     0x5c5119e73299 - test::test_main::{{closure}}::hcf7c055ce117aa81
[INFO] [stdout]                                at /rustc/df4ca44d3fbc9301ee17f30f4d474e6ae4b05252/library/test/src/lib.rs:133:21
[INFO] [stdout]   12:     0x5c511a1343c8 - <alloc::boxed::Box<F,A> as core::ops::function::Fn<Args>>::call::h1d66c6bbd60c9692
[INFO] [stdout]                                at /rustc/df4ca44d3fbc9301ee17f30f4d474e6ae4b05252/library/alloc/src/boxed.rs:2468:9
[INFO] [stdout]   13:     0x5c511a1343c8 - std::panicking::rust_panic_with_hook::h2ff17fe8f26dfcf8
[INFO] [stdout]                                at /rustc/df4ca44d3fbc9301ee17f30f4d474e6ae4b05252/library/std/src/panicking.rs:809:13
[INFO] [stdout]   14:     0x5c511a134156 - std::panicking::begin_panic_handler::{{closure}}::h4fad77951c07e101
[INFO] [stdout]                                at /rustc/df4ca44d3fbc9301ee17f30f4d474e6ae4b05252/library/std/src/panicking.rs:667:13
[INFO] [stdout]   15:     0x5c511a132d19 - std::sys::backtrace::__rust_end_short_backtrace::hb1a25b3da5d0ea08
[INFO] [stdout]                                at /rustc/df4ca44d3fbc9301ee17f30f4d474e6ae4b05252/library/std/src/sys/backtrace.rs:170:18
[INFO] [stdout]   16:     0x5c511a133e1c - rust_begin_unwind
[INFO] [stdout]                                at /rustc/df4ca44d3fbc9301ee17f30f4d474e6ae4b05252/library/std/src/panicking.rs:665:5
[INFO] [stdout]   17:     0x5c511a158c90 - core::panicking::panic_fmt::ha9db07b529f9b256
[INFO] [stdout]                                at /rustc/df4ca44d3fbc9301ee17f30f4d474e6ae4b05252/library/core/src/panicking.rs:75:14
[INFO] [stdout]   18:     0x5c5119e3877c - rustrawi::stemmer::context::Context::get_resulting_word::h0dfeb0e3ee7f65ca
[INFO] [stdout]                                at /opt/rustwide/workdir/src/stemmer/context.rs:79:13
[INFO] [stdout]   19:     0x5c5119e26839 - rustrawi::stemmer::Stemmer::stem_singular_word::he398548434a42adb
[INFO] [stdout]                                at /opt/rustwide/workdir/src/stemmer.rs:90:9
[INFO] [stdout]   20:     0x5c5119e26764 - rustrawi::stemmer::Stemmer::stem::{{closure}}::hc918309a690059db
[INFO] [stdout]                                at /opt/rustwide/workdir/src/stemmer.rs:81:17
[INFO] [stdout]   21:     0x5c5119e23cba - core::ops::function::impls::<impl core::ops::function::FnOnce<A> for &mut F>::call_once::he7a9e6d2e7b27ed5
[INFO] [stdout]                                at /rustc/df4ca44d3fbc9301ee17f30f4d474e6ae4b05252/library/core/src/ops/function.rs:305:13
[INFO] [stdout]   22:     0x5c5119e34874 - core::option::Option<T>::map::hf34d4354a5ae057a
[INFO] [stdout]                                at /rustc/df4ca44d3fbc9301ee17f30f4d474e6ae4b05252/library/core/src/option.rs:1112:29
[INFO] [stdout]   23:     0x5c5119e34874 - <core::iter::adapters::map::Map<I,F> as core::iter::traits::iterator::Iterator>::next::hc6476011b2d8dbcc
[INFO] [stdout]                                at /rustc/df4ca44d3fbc9301ee17f30f4d474e6ae4b05252/library/core/src/iter/adapters/map.rs:107:26
[INFO] [stdout]   24:     0x5c5119e1f9cd - <alloc::vec::Vec<T> as alloc::vec::spec_from_iter_nested::SpecFromIterNested<T,I>>::from_iter::h1f0874ea35d3f7da
[INFO] [stdout]                                at /rustc/df4ca44d3fbc9301ee17f30f4d474e6ae4b05252/library/alloc/src/vec/spec_from_iter_nested.rs:25:32
[INFO] [stdout]   25:     0x5c5119e2303d - <alloc::vec::Vec<T> as alloc::vec::spec_from_iter::SpecFromIter<T,I>>::from_iter::hf5f1883a596b62da
[INFO] [stdout]                                at /rustc/df4ca44d3fbc9301ee17f30f4d474e6ae4b05252/library/alloc/src/vec/spec_from_iter.rs:34:9
[INFO] [stdout]   26:     0x5c5119e22f94 - <alloc::vec::Vec<T> as core::iter::traits::collect::FromIterator<T>>::from_iter::h1128a4b31ab54a14
[INFO] [stdout]                                at /rustc/df4ca44d3fbc9301ee17f30f4d474e6ae4b05252/library/alloc/src/vec/mod.rs:3410:9
[INFO] [stdout]   27:     0x5c5119e37124 - core::iter::traits::iterator::Iterator::collect::h340769958c00b44e
[INFO] [stdout]                                at /rustc/df4ca44d3fbc9301ee17f30f4d474e6ae4b05252/library/core/src/iter/traits/iterator.rs:2001:9
[INFO] [stdout]   28:     0x5c5119e26644 - rustrawi::stemmer::Stemmer::stem::h99ca4ec82554d375
[INFO] [stdout]                                at /opt/rustwide/workdir/src/stemmer.rs:77:42
[INFO] [stdout]   29:     0x5c5119e2abcb - rustrawi::stemmer::stemmer_test::should_stem_word::hb941a3c51a5fe143
[INFO] [stdout]                                at /opt/rustwide/workdir/src/stemmer.rs:162:22
[INFO] [stdout]   30:     0x5c5119e2ab47 - rustrawi::stemmer::stemmer_test::should_stem_word::{{closure}}::h4023f0fd7ef1e561
[INFO] [stdout]                                at /opt/rustwide/workdir/src/stemmer.rs:160:26
[INFO] [stdout]   31:     0x5c5119e35a16 - core::ops::function::FnOnce::call_once::h5fff4bb1dd788346
[INFO] [stdout]                                at /rustc/df4ca44d3fbc9301ee17f30f4d474e6ae4b05252/library/core/src/ops/function.rs:250:5
[INFO] [stdout]   32:     0x5c5119e77b6b - core::ops::function::FnOnce::call_once::h22c3ba5715e93f05
[INFO] [stdout]                                at /rustc/df4ca44d3fbc9301ee17f30f4d474e6ae4b05252/library/core/src/ops/function.rs:250:5
[INFO] [stdout]   33:     0x5c5119e77b6b - test::__rust_begin_short_backtrace::h8e82d8113d0da17f
[INFO] [stdout]                                at /rustc/df4ca44d3fbc9301ee17f30f4d474e6ae4b05252/library/test/src/lib.rs:621:18
[INFO] [stdout]   34:     0x5c5119e774e7 - test::run_test_in_process::{{closure}}::h33235f4f20b7b7c7
[INFO] [stdout]                                at /rustc/df4ca44d3fbc9301ee17f30f4d474e6ae4b05252/library/test/src/lib.rs:644:60
[INFO] [stdout]   35:     0x5c5119e774e7 - <core::panic::unwind_safe::AssertUnwindSafe<F> as core::ops::function::FnOnce<()>>::call_once::hb5043206310c586f
[INFO] [stdout]                                at /rustc/df4ca44d3fbc9301ee17f30f4d474e6ae4b05252/library/core/src/panic/unwind_safe.rs:272:9
[INFO] [stdout]   36:     0x5c5119e774e7 - std::panicking::try::do_call::h9ad4731a60ab23e2
[INFO] [stdout]                                at /rustc/df4ca44d3fbc9301ee17f30f4d474e6ae4b05252/library/std/src/panicking.rs:557:40
[INFO] [stdout]   37:     0x5c5119e774e7 - std::panicking::try::h3824d23db772a716
[INFO] [stdout]                                at /rustc/df4ca44d3fbc9301ee17f30f4d474e6ae4b05252/library/std/src/panicking.rs:520:19
[INFO] [stdout]   38:     0x5c5119e774e7 - std::panic::catch_unwind::h5afd514605fde46b
[INFO] [stdout]                                at /rustc/df4ca44d3fbc9301ee17f30f4d474e6ae4b05252/library/std/src/panic.rs:358:14
[INFO] [stdout]   39:     0x5c5119e774e7 - test::run_test_in_process::h0d5cbfa7067d1720
[INFO] [stdout]                                at /rustc/df4ca44d3fbc9301ee17f30f4d474e6ae4b05252/library/test/src/lib.rs:644:27
[INFO] [stdout]   40:     0x5c5119e774e7 - test::run_test::{{closure}}::h708eb8872708115d
[INFO] [stdout]                                at /rustc/df4ca44d3fbc9301ee17f30f4d474e6ae4b05252/library/test/src/lib.rs:565:43
[INFO] [stdout]   41:     0x5c5119e3ac04 - test::run_test::{{closure}}::h392c51cee94713ab
[INFO] [stdout]                                at /rustc/df4ca44d3fbc9301ee17f30f4d474e6ae4b05252/library/test/src/lib.rs:595:41
[INFO] [stdout]   42:     0x5c5119e3ac04 - std::sys::backtrace::__rust_begin_short_backtrace::h2f40290710935a8b
[INFO] [stdout]                                at /rustc/df4ca44d3fbc9301ee17f30f4d474e6ae4b05252/library/std/src/sys/backtrace.rs:154:18
[INFO] [stdout]   43:     0x5c5119e3e3ae - std::thread::Builder::spawn_unchecked_::{{closure}}::{{closure}}::h3fd968d89053a903
[INFO] [stdout]                                at /rustc/df4ca44d3fbc9301ee17f30f4d474e6ae4b05252/library/std/src/thread/mod.rs:541:17
[INFO] [stdout]   44:     0x5c5119e3e3ae - <core::panic::unwind_safe::AssertUnwindSafe<F> as core::ops::function::FnOnce<()>>::call_once::h743f637ba4229880
[INFO] [stdout]                                at /rustc/df4ca44d3fbc9301ee17f30f4d474e6ae4b05252/library/core/src/panic/unwind_safe.rs:272:9
[INFO] [stdout]   45:     0x5c5119e3e3ae - std::panicking::try::do_call::h07440897322525a6
[INFO] [stdout]                                at /rustc/df4ca44d3fbc9301ee17f30f4d474e6ae4b05252/library/std/src/panicking.rs:557:40
[INFO] [stdout]   46:     0x5c5119e3e3ae - std::panicking::try::he5a2e00188156637
[INFO] [stdout]                                at /rustc/df4ca44d3fbc9301ee17f30f4d474e6ae4b05252/library/std/src/panicking.rs:520:19
[INFO] [stdout]   47:     0x5c5119e3e3ae - std::panic::catch_unwind::hbaf3cae49b3c6433
[INFO] [stdout]                                at /rustc/df4ca44d3fbc9301ee17f30f4d474e6ae4b05252/library/std/src/panic.rs:358:14
[INFO] [stdout]   48:     0x5c5119e3e3ae - std::thread::Builder::spawn_unchecked_::{{closure}}::h8e141ea224820bce
[INFO] [stdout]                                at /rustc/df4ca44d3fbc9301ee17f30f4d474e6ae4b05252/library/std/src/thread/mod.rs:540:30
[INFO] [stdout]   49:     0x5c5119e3e3ae - core::ops::function::FnOnce::call_once{{vtable.shim}}::h90d312fedd7b8ea8
[INFO] [stdout]                                at /rustc/df4ca44d3fbc9301ee17f30f4d474e6ae4b05252/library/core/src/ops/function.rs:250:5
[INFO] [stdout]   50:     0x5c511a1381cb - <alloc::boxed::Box<F,A> as core::ops::function::FnOnce<Args>>::call_once::h69aa08ddb6adb8b6
[INFO] [stdout]                                at /rustc/df4ca44d3fbc9301ee17f30f4d474e6ae4b05252/library/alloc/src/boxed.rs:2454:9
[INFO] [stdout]   51:     0x5c511a1381cb - <alloc::boxed::Box<F,A> as core::ops::function::FnOnce<Args>>::call_once::h5aa36efdb79c806f
[INFO] [stdout]                                at /rustc/df4ca44d3fbc9301ee17f30f4d474e6ae4b05252/library/alloc/src/boxed.rs:2454:9
[INFO] [stdout]   52:     0x5c511a1381cb - std::sys::pal::unix::thread::Thread::new::thread_start::h6cd80a1b4be5158d
[INFO] [stdout]                                at /rustc/df4ca44d3fbc9301ee17f30f4d474e6ae4b05252/library/std/src/sys/pal/unix/thread.rs:105:17
[INFO] [stdout]   53:     0x7f4999368ac3 - <unknown>
[INFO] [stdout]   54:     0x7f49993f9a04 - clone
[INFO] [stdout]   55:                0x0 - <unknown>
[INFO] [stdout] 
[INFO] [stdout] 
[INFO] [stdout] failures:
[INFO] [stdout]     stemmer::stemmer_test::should_stem_word
[INFO] [stdout] 
[INFO] [stdout] test result: FAILED. 38 passed; 1 failed; 0 ignored; 0 measured; 0 filtered out; finished in 0.11s
[INFO] [stdout] 
[INFO] [stderr] error: test failed, to rerun pass `--lib`
[INFO] running `Command { std: "docker" "inspect" "7db41cab815243e763f7985265e2f2beefead58acc8e488c4820f5598fe637be", kill_on_drop: false }`
[INFO] running `Command { std: "docker" "rm" "-f" "7db41cab815243e763f7985265e2f2beefead58acc8e488c4820f5598fe637be", kill_on_drop: false }`
[INFO] [stdout] 7db41cab815243e763f7985265e2f2beefead58acc8e488c4820f5598fe637be
