[INFO] fetching crate rustic_core 0.5.5...
[INFO] testing rustic_core-0.5.5 against nightly-2024-10-28+rustflags=-Zrandomize-layout for randomize-layout
[INFO] extracting crate rustic_core 0.5.5 into /workspace/builds/worker-3-tc2/source
[INFO] validating manifest of crates.io crate rustic_core 0.5.5 on toolchain nightly-2024-10-28
[INFO] running `Command { std: CARGO_HOME="/workspace/cargo-home" RUSTUP_HOME="/workspace/rustup-home" "/workspace/cargo-home/bin/cargo" "+nightly-2024-10-28" "metadata" "--manifest-path" "Cargo.toml" "--no-deps", kill_on_drop: false }`
[INFO] started tweaking crates.io crate rustic_core 0.5.5
[INFO] finished tweaking crates.io crate rustic_core 0.5.5
[INFO] tweaked toml for crates.io crate rustic_core 0.5.5 written to /workspace/builds/worker-3-tc2/source/Cargo.toml
[INFO] running `Command { std: CARGO_HOME="/workspace/cargo-home" RUSTUP_HOME="/workspace/rustup-home" "/workspace/cargo-home/bin/cargo" "+nightly-2024-10-28" "generate-lockfile" "--manifest-path" "Cargo.toml", kill_on_drop: false }`
[INFO] [stderr]     Updating crates.io index
[INFO] [stderr]      Locking 321 packages to latest compatible versions
[INFO] [stderr]       Adding conflate v0.2.0 (available: v0.3.1)
[INFO] running `Command { std: CARGO_HOME="/workspace/cargo-home" RUSTUP_HOME="/workspace/rustup-home" "/workspace/cargo-home/bin/cargo" "+nightly-2024-10-28" "fetch" "--manifest-path" "Cargo.toml", kill_on_drop: false }`
[INFO] running `Command { std: "docker" "create" "-v" "/var/lib/crater-agent-workspace/builds/worker-3-tc2/target:/opt/rustwide/target:rw,Z" "-v" "/var/lib/crater-agent-workspace/builds/worker-3-tc2/source:/opt/rustwide/workdir:ro,Z" "-v" "/var/lib/crater-agent-workspace/cargo-home:/opt/rustwide/cargo-home:ro,Z" "-v" "/var/lib/crater-agent-workspace/rustup-home:/opt/rustwide/rustup-home:ro,Z" "-e" "SOURCE_DIR=/opt/rustwide/workdir" "-e" "CARGO_TARGET_DIR=/opt/rustwide/target" "-e" "CARGO_HOME=/opt/rustwide/cargo-home" "-e" "RUSTUP_HOME=/opt/rustwide/rustup-home" "-w" "/opt/rustwide/workdir" "-m" "1610612736" "--user" "0:0" "--network" "none" "ghcr.io/rust-lang/crates-build-env/linux@sha256:4a844ea9eb2546a2d2c7022eacef16ef2e8229c7fbb2c7d4d55a9ceca922f72d" "/opt/rustwide/cargo-home/bin/cargo" "+nightly-2024-10-28" "metadata" "--no-deps" "--format-version=1", kill_on_drop: false }`
[INFO] [stdout] dfdd708d42377aa59f0a1568f1bb6e2b2b052e5429b47040d59c90dea0869670
[INFO] running `Command { std: "docker" "start" "-a" "dfdd708d42377aa59f0a1568f1bb6e2b2b052e5429b47040d59c90dea0869670", kill_on_drop: false }`
[INFO] running `Command { std: "docker" "inspect" "dfdd708d42377aa59f0a1568f1bb6e2b2b052e5429b47040d59c90dea0869670", kill_on_drop: false }`
[INFO] running `Command { std: "docker" "rm" "-f" "dfdd708d42377aa59f0a1568f1bb6e2b2b052e5429b47040d59c90dea0869670", kill_on_drop: false }`
[INFO] [stdout] dfdd708d42377aa59f0a1568f1bb6e2b2b052e5429b47040d59c90dea0869670
[INFO] running `Command { std: "docker" "create" "-v" "/var/lib/crater-agent-workspace/builds/worker-3-tc2/target:/opt/rustwide/target:rw,Z" "-v" "/var/lib/crater-agent-workspace/builds/worker-3-tc2/source:/opt/rustwide/workdir:ro,Z" "-v" "/var/lib/crater-agent-workspace/cargo-home:/opt/rustwide/cargo-home:ro,Z" "-v" "/var/lib/crater-agent-workspace/rustup-home:/opt/rustwide/rustup-home:ro,Z" "-e" "SOURCE_DIR=/opt/rustwide/workdir" "-e" "CARGO_TARGET_DIR=/opt/rustwide/target" "-e" "CARGO_INCREMENTAL=0" "-e" "RUST_BACKTRACE=full" "-e" "RUSTFLAGS=--cap-lints=forbid -Zrandomize-layout" "-e" "RUSTDOCFLAGS=--cap-lints=forbid" "-e" "CARGO_HOME=/opt/rustwide/cargo-home" "-e" "RUSTUP_HOME=/opt/rustwide/rustup-home" "-w" "/opt/rustwide/workdir" "-m" "1610612736" "--user" "0:0" "--network" "none" "ghcr.io/rust-lang/crates-build-env/linux@sha256:4a844ea9eb2546a2d2c7022eacef16ef2e8229c7fbb2c7d4d55a9ceca922f72d" "/opt/rustwide/cargo-home/bin/cargo" "+nightly-2024-10-28" "build" "--frozen" "--message-format=json", kill_on_drop: false }`
[INFO] [stdout] 3494ab8479ddbddc2d32ee5f852f5a4037c866f4eecec75828d239fbe736e930
[INFO] running `Command { std: "docker" "start" "-a" "3494ab8479ddbddc2d32ee5f852f5a4037c866f4eecec75828d239fbe736e930", kill_on_drop: false }`
[INFO] [stderr]    Compiling proc-macro2 v1.0.89
[INFO] [stderr]    Compiling shlex v1.3.0
[INFO] [stderr]    Compiling crossbeam-utils v0.8.20
[INFO] [stderr]    Compiling strsim v0.11.1
[INFO] [stderr]    Compiling subtle v2.6.1
[INFO] [stderr]    Compiling generic-array v0.14.7
[INFO] [stderr]    Compiling rustix v0.38.38
[INFO] [stderr]    Compiling syn v1.0.109
[INFO] [stderr]    Compiling linux-raw-sys v0.4.14
[INFO] [stderr]    Compiling jobserver v0.1.32
[INFO] [stderr]    Compiling getrandom v0.2.15
[INFO] [stderr]    Compiling rustversion v1.0.18
[INFO] [stderr]    Compiling ahash v0.8.11
[INFO] [stderr]    Compiling aho-corasick v1.1.3
[INFO] [stderr]    Compiling zstd-safe v7.2.1
[INFO] [stderr]    Compiling cfg_aliases v0.2.1
[INFO] [stderr]    Compiling rayon-core v1.12.1
[INFO] [stderr]    Compiling binrw_derive v0.14.1
[INFO] [stderr]    Compiling parking_lot_core v0.9.10
[INFO] [stderr]    Compiling rand_core v0.6.4
[INFO] [stderr]    Compiling nix v0.29.0
[INFO] [stderr]    Compiling binrw v0.14.1
[INFO] [stderr]    Compiling owo-colors v3.5.0
[INFO] [stderr]    Compiling cc v1.1.31
[INFO] [stderr]    Compiling either v1.13.0
[INFO] [stderr]    Compiling hashbrown v0.14.5
[INFO] [stderr]    Compiling same-file v1.0.6
[INFO] [stderr]    Compiling tinyvec_macros v0.1.1
[INFO] [stderr]    Compiling tinyvec v1.8.0
[INFO] [stderr]    Compiling dirs-sys v0.4.1
[INFO] [stderr]    Compiling walkdir v2.5.0
[INFO] [stderr]    Compiling parking_lot v0.12.3
[INFO] [stderr]    Compiling num_cpus v1.16.0
[INFO] [stderr]    Compiling zeroize v1.8.1
[INFO] [stderr]    Compiling cached_proc_macro_types v0.1.1
[INFO] [stderr]    Compiling crossbeam-epoch v0.9.18
[INFO] [stderr]    Compiling crossbeam-channel v0.5.13
[INFO] [stderr]    Compiling crypto-common v0.1.6
[INFO] [stderr]    Compiling inout v0.1.3
[INFO] [stderr]    Compiling quote v1.0.37
[INFO] [stderr]    Compiling cipher v0.4.4
[INFO] [stderr]    Compiling crossbeam-deque v0.8.5
[INFO] [stderr]    Compiling block-buffer v0.10.4
[INFO] [stderr]    Compiling universal-hash v0.5.1
[INFO] [stderr]    Compiling digest v0.10.7
[INFO] [stderr]    Compiling crossbeam-queue v0.3.11
[INFO] [stderr]    Compiling poly1305 v0.8.0
[INFO] [stderr]    Compiling aead v0.5.2
[INFO] [stderr]    Compiling syn v2.0.86
[INFO] [stderr]    Compiling regex-automata v0.4.8
[INFO] [stderr]    Compiling crossbeam v0.8.4
[INFO] [stderr]    Compiling hmac v0.12.1
[INFO] [stderr]    Compiling salsa20 v0.10.2
[INFO] [stderr]    Compiling aes v0.8.4
[INFO] [stderr]    Compiling ctr v0.9.2
[INFO] [stderr]    Compiling pbkdf2 v0.12.2
[INFO] [stderr]    Compiling web-time v1.1.0
[INFO] [stderr]    Compiling base64 v0.22.1
[INFO] [stderr]    Compiling bytemuck v1.19.0
[INFO] [stderr]    Compiling array-init v2.1.0
[INFO] [stderr]    Compiling pariter v0.5.1
[INFO] [stderr]    Compiling dirs v5.0.1
[INFO] [stderr]    Compiling runtime-format v0.1.3
[INFO] [stderr]    Compiling itertools v0.13.0
[INFO] [stderr]    Compiling integer-sqrt v0.1.5
[INFO] [stderr]    Compiling filetime v0.2.25
[INFO] [stderr]    Compiling path-dedot v3.1.1
[INFO] [stderr]    Compiling bytesize v1.3.0
[INFO] [stderr]    Compiling rayon v1.10.0
[INFO] [stderr]    Compiling dunce v1.0.5
[INFO] [stderr]    Compiling shell-words v1.1.0
[INFO] [stderr]    Compiling aes256ctr_poly1305aes v0.2.1
[INFO] [stderr]    Compiling zstd-sys v2.0.13+zstd.1.5.6
[INFO] [stderr]    Compiling sha2-asm v0.6.4
[INFO] [stderr]    Compiling tempfile v3.13.0
[INFO] [stderr]    Compiling gethostname v0.5.0
[INFO] [stderr]    Compiling xattr v1.3.1
[INFO] [stderr]    Compiling sha2 v0.10.8
[INFO] [stderr]    Compiling cachedir v0.3.1
[INFO] [stderr]    Compiling scrypt v0.11.0
[INFO] [stderr]    Compiling globset v0.4.15
[INFO] [stderr]    Compiling ignore v0.4.23
[INFO] [stderr]    Compiling darling_core v0.20.10
[INFO] [stderr]    Compiling serde_derive v1.0.214
[INFO] [stderr]    Compiling zerocopy-derive v0.7.35
[INFO] [stderr]    Compiling thiserror-impl v1.0.66
[INFO] [stderr]    Compiling enum-map-derive v0.17.0
[INFO] [stderr]    Compiling strum_macros v0.26.4
[INFO] [stderr]    Compiling derive_more-impl v1.0.0
[INFO] [stderr]    Compiling displaydoc v0.2.5
[INFO] [stderr]    Compiling enum-map v2.7.3
[INFO] [stderr]    Compiling zerocopy v0.7.35
[INFO] [stderr]    Compiling zstd v0.13.2
[INFO] [stderr]    Compiling thiserror v1.0.66
[INFO] [stderr]    Compiling derivative v2.2.0
[INFO] [stderr]    Compiling darling_macro v0.20.10
[INFO] [stderr]    Compiling ppv-lite86 v0.2.20
[INFO] [stderr]    Compiling strum v0.26.3
[INFO] [stderr]    Compiling darling v0.20.10
[INFO] [stderr]    Compiling serde_with_macros v3.11.0
[INFO] [stderr]    Compiling enumset_derive v0.10.0
[INFO] [stderr]    Compiling cached_proc_macro v0.23.0
[INFO] [stderr]    Compiling derive_setters v0.1.6
[INFO] [stderr]    Compiling quick_cache v0.6.9
[INFO] [stderr]    Compiling rand_chacha v0.3.1
[INFO] [stderr]    Compiling rand v0.8.5
[INFO] [stderr]    Compiling derive_more v1.0.0
[INFO] [stderr]    Compiling cached v0.53.1
[INFO] [stderr]    Compiling serde v1.0.214
[INFO] [stderr]    Compiling chrono v0.4.38
[INFO] [stderr]    Compiling serde_json v1.0.132
[INFO] [stderr]    Compiling hex v0.4.3
[INFO] [stderr]    Compiling enumset v1.1.5
[INFO] [stderr]    Compiling serde_with v3.11.0
[INFO] [stderr]    Compiling serde-aux v4.5.0
[INFO] [stderr]    Compiling rustic_core v0.5.5 (/opt/rustwide/workdir)
[INFO] [stderr]     Finished `dev` profile [unoptimized + debuginfo] target(s) in 13.27s
[INFO] running `Command { std: "docker" "inspect" "3494ab8479ddbddc2d32ee5f852f5a4037c866f4eecec75828d239fbe736e930", kill_on_drop: false }`
[INFO] running `Command { std: "docker" "rm" "-f" "3494ab8479ddbddc2d32ee5f852f5a4037c866f4eecec75828d239fbe736e930", kill_on_drop: false }`
[INFO] [stdout] 3494ab8479ddbddc2d32ee5f852f5a4037c866f4eecec75828d239fbe736e930
[INFO] running `Command { std: "docker" "create" "-v" "/var/lib/crater-agent-workspace/builds/worker-3-tc2/target:/opt/rustwide/target:rw,Z" "-v" "/var/lib/crater-agent-workspace/builds/worker-3-tc2/source:/opt/rustwide/workdir:ro,Z" "-v" "/var/lib/crater-agent-workspace/cargo-home:/opt/rustwide/cargo-home:ro,Z" "-v" "/var/lib/crater-agent-workspace/rustup-home:/opt/rustwide/rustup-home:ro,Z" "-e" "SOURCE_DIR=/opt/rustwide/workdir" "-e" "CARGO_TARGET_DIR=/opt/rustwide/target" "-e" "CARGO_INCREMENTAL=0" "-e" "RUST_BACKTRACE=full" "-e" "RUSTFLAGS=--cap-lints=forbid -Zrandomize-layout" "-e" "RUSTDOCFLAGS=--cap-lints=forbid" "-e" "CARGO_HOME=/opt/rustwide/cargo-home" "-e" "RUSTUP_HOME=/opt/rustwide/rustup-home" "-w" "/opt/rustwide/workdir" "-m" "1610612736" "--user" "0:0" "--network" "none" "ghcr.io/rust-lang/crates-build-env/linux@sha256:4a844ea9eb2546a2d2c7022eacef16ef2e8229c7fbb2c7d4d55a9ceca922f72d" "/opt/rustwide/cargo-home/bin/cargo" "+nightly-2024-10-28" "test" "--frozen" "--no-run" "--message-format=json", kill_on_drop: false }`
[INFO] [stdout] 35c74e792090f5e5276d9ccb53a99d8e8b2e86e8dd895f1e74030367801bc11e
[INFO] running `Command { std: "docker" "start" "-a" "35c74e792090f5e5276d9ccb53a99d8e8b2e86e8dd895f1e74030367801bc11e", kill_on_drop: false }`
[INFO] [stderr]    Compiling serde_json v1.0.132
[INFO] [stderr]    Compiling syn v2.0.86
[INFO] [stderr]    Compiling globset v0.4.15
[INFO] [stderr]    Compiling aho-corasick v1.1.3
[INFO] [stderr]    Compiling camino v1.1.9
[INFO] [stderr]    Compiling semver v1.0.23
[INFO] [stderr]    Compiling regex-syntax v0.8.5
[INFO] [stderr]    Compiling rstest_macros v0.23.0
[INFO] [stderr]    Compiling toml_edit v0.22.22
[INFO] [stderr]    Compiling time-core v0.1.2
[INFO] [stderr]    Compiling powerfmt v0.2.0
[INFO] [stderr]    Compiling predicates-core v1.0.8
[INFO] [stderr]    Compiling mockall_derive v0.13.0
[INFO] [stderr]    Compiling num-conv v0.1.0
[INFO] [stderr]    Compiling regex v1.11.1
[INFO] [stderr]    Compiling termtree v0.4.1
[INFO] [stderr]    Compiling glob v0.3.1
[INFO] [stderr]    Compiling num_threads v0.1.7
[INFO] [stderr]    Compiling relative-path v1.9.3
[INFO] [stderr]    Compiling deranged v0.3.11
[INFO] [stderr]    Compiling time-macros v0.2.18
[INFO] [stderr]    Compiling predicates v3.1.2
[INFO] [stderr]    Compiling console v0.15.8
[INFO] [stderr]    Compiling predicates-tree v1.0.11
[INFO] [stderr]    Compiling downcast v0.11.0
[INFO] [stderr]    Compiling fragile v2.0.0
[INFO] [stderr]    Compiling futures-timer v3.0.3
[INFO] [stderr]    Compiling dissimilar v1.0.9
[INFO] [stderr]    Compiling ignore v0.4.23
[INFO] [stderr]    Compiling env_logger v0.8.4
[INFO] [stderr]    Compiling yansi v1.0.1
[INFO] [stderr]    Compiling diff v0.1.13
[INFO] [stderr]    Compiling linked-hash-map v0.5.6
[INFO] [stderr]    Compiling similar v2.6.0
[INFO] [stderr]    Compiling pretty_assertions v1.4.1
[INFO] [stderr]    Compiling expect-test v1.5.0
[INFO] [stderr]    Compiling flate2 v1.0.34
[INFO] [stderr]    Compiling tar v0.4.42
[INFO] [stderr]    Compiling quickcheck_macros v1.0.0
[INFO] [stderr]    Compiling time v0.3.36
[INFO] [stderr]    Compiling proc-macro-crate v3.2.0
[INFO] [stderr]    Compiling regex-automata v0.4.8
[INFO] [stderr]    Compiling simplelog v0.12.2
[INFO] [stderr]    Compiling darling_core v0.20.10
[INFO] [stderr]    Compiling serde_derive v1.0.214
[INFO] [stderr]    Compiling thiserror-impl v1.0.66
[INFO] [stderr]    Compiling zerocopy-derive v0.7.35
[INFO] [stderr]    Compiling enum-map-derive v0.17.0
[INFO] [stderr]    Compiling derive_more-impl v1.0.0
[INFO] [stderr]    Compiling strum_macros v0.26.4
[INFO] [stderr]    Compiling futures-macro v0.3.31
[INFO] [stderr]    Compiling displaydoc v0.2.5
[INFO] [stderr]    Compiling tracing-attributes v0.1.27
[INFO] [stderr]    Compiling enum-map v2.7.3
[INFO] [stderr]    Compiling futures-util v0.3.31
[INFO] [stderr]    Compiling zerocopy v0.7.35
[INFO] [stderr]    Compiling thiserror v1.0.66
[INFO] [stderr]    Compiling pest v2.7.14
[INFO] [stderr]    Compiling rustup-toolchain v0.1.7
[INFO] [stderr]    Compiling tracing v0.1.40
[INFO] [stderr]    Compiling ppv-lite86 v0.2.20
[INFO] [stderr]    Compiling ahash v0.8.11
[INFO] [stderr]    Compiling darling_macro v0.20.10
[INFO] [stderr]    Compiling strum v0.26.3
[INFO] [stderr]    Compiling quick_cache v0.6.9
[INFO] [stderr]    Compiling rand_chacha v0.3.1
[INFO] [stderr]    Compiling darling v0.20.10
[INFO] [stderr]    Compiling serde_with_macros v3.11.0
[INFO] [stderr]    Compiling enumset_derive v0.10.0
[INFO] [stderr]    Compiling cached_proc_macro v0.23.0
[INFO] [stderr]    Compiling derive_setters v0.1.6
[INFO] [stderr]    Compiling rand v0.8.5
[INFO] [stderr]    Compiling derive_more v1.0.0
[INFO] [stderr]    Compiling mockall v0.13.0
[INFO] [stderr]    Compiling pest_meta v2.7.14
[INFO] [stderr]    Compiling cached v0.53.1
[INFO] [stderr]    Compiling quickcheck v1.0.3
[INFO] [stderr]    Compiling serde v1.0.214
[INFO] [stderr]    Compiling pest_generator v2.7.14
[INFO] [stderr]    Compiling pest_derive v2.7.14
[INFO] [stderr]    Compiling futures-executor v0.3.31
[INFO] [stderr]    Compiling futures v0.3.31
[INFO] [stderr]    Compiling rstest v0.23.0
[INFO] [stderr]    Compiling toml_datetime v0.6.8
[INFO] [stderr]    Compiling chrono v0.4.38
[INFO] [stderr]    Compiling serde_spanned v0.6.8
[INFO] [stderr]    Compiling enumset v1.1.5
[INFO] [stderr]    Compiling serde_with v3.11.0
[INFO] [stderr]    Compiling hex v0.4.3
[INFO] [stderr]    Compiling cargo-platform v0.1.8
[INFO] [stderr]    Compiling ron v0.7.1
[INFO] [stderr]    Compiling insta v1.41.1
[INFO] [stderr]    Compiling cargo_metadata v0.18.1
[INFO] [stderr]    Compiling serde-aux v4.5.0
[INFO] [stderr]    Compiling rustic_core v0.5.5
[INFO] [stderr]    Compiling rustic_core v0.5.5 (/opt/rustwide/workdir)
[INFO] [stderr]    Compiling toml v0.8.19
[INFO] [stderr]    Compiling cargo-manifest v0.15.2
[INFO] [stderr]    Compiling rustdoc-json v0.9.2
[INFO] [stderr]    Compiling rustic_testing v0.2.3
[INFO] [stderr]     Finished `test` profile [unoptimized + debuginfo] target(s) in 21.39s
[INFO] running `Command { std: "docker" "inspect" "35c74e792090f5e5276d9ccb53a99d8e8b2e86e8dd895f1e74030367801bc11e", kill_on_drop: false }`
[INFO] running `Command { std: "docker" "rm" "-f" "35c74e792090f5e5276d9ccb53a99d8e8b2e86e8dd895f1e74030367801bc11e", kill_on_drop: false }`
[INFO] [stdout] 35c74e792090f5e5276d9ccb53a99d8e8b2e86e8dd895f1e74030367801bc11e
[INFO] running `Command { std: "docker" "create" "-v" "/var/lib/crater-agent-workspace/builds/worker-3-tc2/target:/opt/rustwide/target:rw,Z" "-v" "/var/lib/crater-agent-workspace/builds/worker-3-tc2/source:/opt/rustwide/workdir:ro,Z" "-v" "/var/lib/crater-agent-workspace/cargo-home:/opt/rustwide/cargo-home:ro,Z" "-v" "/var/lib/crater-agent-workspace/rustup-home:/opt/rustwide/rustup-home:ro,Z" "-e" "SOURCE_DIR=/opt/rustwide/workdir" "-e" "CARGO_TARGET_DIR=/opt/rustwide/target" "-e" "CARGO_INCREMENTAL=0" "-e" "RUST_BACKTRACE=full" "-e" "RUSTFLAGS=--cap-lints=forbid -Zrandomize-layout" "-e" "RUSTDOCFLAGS=--cap-lints=forbid" "-e" "CARGO_HOME=/opt/rustwide/cargo-home" "-e" "RUSTUP_HOME=/opt/rustwide/rustup-home" "-w" "/opt/rustwide/workdir" "-m" "1610612736" "--user" "0:0" "--network" "none" "ghcr.io/rust-lang/crates-build-env/linux@sha256:4a844ea9eb2546a2d2c7022eacef16ef2e8229c7fbb2c7d4d55a9ceca922f72d" "/opt/rustwide/cargo-home/bin/cargo" "+nightly-2024-10-28" "test" "--frozen", kill_on_drop: false }`
[INFO] [stdout] 761222d6ef0c69a63eaa4d23ff430179aa5b70c37259e3332a8338501276a987
[INFO] running `Command { std: "docker" "start" "-a" "761222d6ef0c69a63eaa4d23ff430179aa5b70c37259e3332a8338501276a987", kill_on_drop: false }`
[INFO] [stderr]     Finished `test` profile [unoptimized + debuginfo] target(s) in 0.24s
[INFO] [stderr]      Running unittests src/lib.rs (/opt/rustwide/target/debug/deps/rustic_core-e64d7711e452ddb6)
[INFO] [stdout] 
[INFO] [stdout] running 141 tests
[INFO] [stdout] test backend::node::tests::escape_cases::case_02 ... ok
[INFO] [stdout] test backend::node::tests::escape_cases::case_01 ... ok
[INFO] [stdout] test backend::node::tests::escape_cases::case_03 ... ok
[INFO] [stdout] test backend::decrypt::tests::verify_encrypt_data_no_test ... ok
[INFO] [stdout] test backend::decrypt::tests::verify_encrypt_file_nok ... ok
[INFO] [stdout] test backend::node::tests::escape_cases::case_04 ... ok
[INFO] [stdout] test backend::decrypt::tests::verify_encrypt_file_no_test ... ok
[INFO] [stdout] test backend::node::tests::escape_cases::case_06 ... ok
[INFO] [stdout] test backend::node::tests::escape_cases::case_05 ... ok
[INFO] [stdout] test backend::decrypt::tests::verify_encrypt_data_nok ... ok
[INFO] [stdout] test backend::node::tests::escape_cases::case_07 ... ok
[INFO] [stdout] test backend::decrypt::tests::verify_encrypt_data_ok ... ok
[INFO] [stdout] test backend::node::tests::escape_cases::case_08 ... ok
[INFO] [stdout] test backend::node::tests::escape_cases::case_09 ... ok
[INFO] [stdout] test backend::decrypt::tests::verify_encrypt_file_ok ... ok
[INFO] [stdout] test backend::node::tests::escape_cases::case_10 ... ok
[INFO] [stdout] test backend::node::tests::escape_cases::case_11 ... ok
[INFO] [stdout] test backend::node::tests::escape_cases::case_12 ... ok
[INFO] [stdout] test backend::node::tests::escape_cases::case_13 ... ok
[INFO] [stdout] test backend::node::tests::escape_cases::case_15 ... ok
[INFO] [stdout] test backend::node::tests::escape_cases::case_14 ... ok
[INFO] [stdout] test backend::node::tests::escape_cases::case_16 ... ok
[INFO] [stdout] test backend::node::tests::unescape_cases::case_01 ... ok
[INFO] [stdout] test backend::node::tests::escape_cases::case_17 ... ok
[INFO] [stdout] test backend::node::tests::unescape_cases::case_02 ... ok
[INFO] [stdout] test backend::node::tests::unescape_cases::case_03 ... ok
[INFO] [stdout] test backend::node::tests::unescape_cases::case_05 ... ok
[INFO] [stdout] test backend::node::tests::unescape_cases::case_06 ... ok
[INFO] [stdout] test backend::node::tests::unescape_cases::case_04 ... ok
[INFO] [stdout] test backend::node::tests::unescape_cases::case_07 ... ok
[INFO] [stdout] test backend::node::tests::unescape_cases::case_10 ... ok
[INFO] [stdout] test backend::node::tests::unescape_cases::case_09 ... ok
[INFO] [stdout] test backend::node::tests::unescape_cases::case_11 ... ok
[INFO] [stdout] test backend::node::tests::unescape_cases::case_12 ... ok
[INFO] [stdout] test backend::node::tests::unescape_cases::case_13 ... ok
[INFO] [stdout] test backend::node::tests::unescape_cases::case_14 ... ok
[INFO] [stdout] test backend::node::tests::unescape_cases::case_15 ... ok
[INFO] [stdout] test backend::node::tests::unescape_cases::case_16 ... ok
[INFO] [stdout] test backend::node::tests::unescape_cases::case_17 ... ok
[INFO] [stdout] test backend::node::tests::unescape_cases::case_18 ... ok
[INFO] [stdout] test cdc::polynom::tests::polynom_degree ... ok
[INFO] [stdout] test backend::node::tests::unescape_cases::case_08 ... ok
[INFO] [stdout] test cdc::polynom::tests::polynom_modulo ... ok
[INFO] [stdout] test backend::node::tests::from_link_to_link_is_identity ... ok
[INFO] [stdout] test chunker::tests::chunk_empty ... ok
[INFO] [stdout] test backend::node::tests::escape_unescape_is_identity ... ok
[INFO] [stdout] test chunker::tests::chunk_empty_wrong_hint ... ok
[INFO] [stdout] test chunker::tests::chunk_zeros ... ok
[INFO] [stdout] test commands::check::tests::test_parse_n_m::case_01 ... ok
[INFO] [stdout] test commands::check::tests::test_parse_n_m::case_04 ... ok
[INFO] [stdout] test commands::check::tests::test_parse_n_m::case_02 ... ok
[INFO] [stdout] test commands::check::tests::test_parse_n_m::case_06 ... ok
[INFO] [stdout] test commands::check::tests::test_parse_n_m::case_08 ... ok
[INFO] [stdout] test commands::check::tests::test_parse_n_m::case_05 ... ok
[INFO] [stdout] test commands::check::tests::test_parse_n_m::case_11 ... ok
[INFO] [stdout] test commands::check::tests::test_parse_n_m::case_03 ... ok
[INFO] [stdout] test commands::check::tests::test_parse_n_m::case_12 ... ok
[INFO] [stdout] test commands::check::tests::test_parse_n_m::case_09 ... ok
[INFO] [stdout] test commands::check::tests::test_parse_n_m::case_10 ... ok
[INFO] [stdout] test commands::check::tests::test_parse_n_m::case_13 ... ok
[INFO] [stdout] test commands::check::tests::test_parse_n_m::case_07 ... ok
[INFO] [stdout] test commands::check::tests::test_parse_n_m::case_16 ... ok
[INFO] [stdout] test commands::check::tests::test_parse_n_m::case_17 ... ok
[INFO] [stdout] test commands::check::tests::test_parse_n_m::case_18 ... ok
[INFO] [stdout] test commands::check::tests::test_parse_n_m::case_14 ... ok
[INFO] [stdout] test commands::check::tests::test_parse_n_m::case_15 ... ok
[INFO] [stdout] test commands::forget::tests::apply_empty_snapshots ... ok
[INFO] [stdout] test commands::check::tests::test_read_subset::case_4 ... ok
[INFO] [stdout] test commands::check::tests::test_read_subset::case_2 ... ok
[INFO] [stdout] test commands::check::tests::test_read_subset::case_3 ... ok
[INFO] [stdout] test commands::forget::tests::test_apply::case_02 ... ok
[INFO] [stdout] test commands::forget::tests::test_apply::case_08 ... ok
[INFO] [stdout] test commands::forget::tests::test_apply::case_10 ... ok
[INFO] [stdout] test commands::forget::tests::test_apply::case_09 ... ok
[INFO] [stdout] test commands::forget::tests::test_apply::case_05 ... ok
[INFO] [stdout] test commands::forget::tests::test_apply::case_01 ... ok
[INFO] [stdout] test commands::forget::tests::test_apply::case_11 ... ok
[INFO] [stdout] test commands::forget::tests::test_apply::case_04 ... ok
[INFO] [stdout] test commands::forget::tests::test_apply::case_06 ... ok
[INFO] [stdout] test commands::forget::tests::test_apply::case_13 ... ok
[INFO] [stdout] test commands::forget::tests::test_apply::case_03 ... ok
[INFO] [stdout] test commands::forget::tests::test_apply::case_07 ... ok
[INFO] [stdout] test commands::forget::tests::test_apply::case_15 ... ok
[INFO] [stdout] test commands::forget::tests::test_apply::case_14 ... ok
[INFO] [stdout] test commands::forget::tests::test_apply::case_12 ... ok
[INFO] [stdout] test commands::forget::tests::test_apply::case_16 ... ok
[INFO] [stdout] test commands::forget::tests::test_apply::case_17 ... ok
[INFO] [stdout] test commands::forget::tests::test_apply::case_19 ... ok
[INFO] [stdout] test commands::forget::tests::test_apply::case_18 ... ok
[INFO] [stdout] test commands::forget::tests::test_apply::case_22 ... ok
[INFO] [stdout] test commands::forget::tests::test_apply::case_21 ... ok
[INFO] [stdout] test commands::forget::tests::test_apply::case_20 ... ok
[INFO] [stdout] test commands::forget::tests::test_apply::case_24 ... ok
[INFO] [stdout] test commands::forget::tests::test_apply::case_25 ... ok
[INFO] [stdout] test commands::forget::tests::test_apply::case_23 ... ok
[INFO] [stdout] test commands::check::tests::test_read_subset::case_1 ... ok
[INFO] [stdout] test commands::forget::tests::test_apply::case_28 ... ok
[INFO] [stdout] test commands::forget::tests::test_apply::case_30 ... ok
[INFO] [stdout] test commands::forget::tests::test_apply::case_27 ... ok
[INFO] [stdout] test commands::forget::tests::test_apply::case_26 ... ok
[INFO] [stdout] test commands::forget::tests::test_apply::case_29 ... ok
[INFO] [stdout] test crypto::aespoly1305::tests::decrypt_empty ... ok
[INFO] [stdout] test crypto::aespoly1305::tests::encrypt_decrypt_empty ... ok
[INFO] [stdout] test commands::forget::tests::test_apply::case_35 ... ok
[INFO] [stdout] test commands::forget::tests::test_apply::case_32 ... ok
[INFO] [stdout] test commands::forget::tests::test_apply::case_34 ... ok
[INFO] [stdout] test commands::forget::tests::test_apply::case_33 ... ok
[INFO] [stdout] test crypto::aespoly1305::tests::encrypt_decrypt_hello ... ok
[INFO] [stdout] test commands::forget::tests::test_apply::case_31 ... ok
[INFO] [stdout] test commands::forget::tests::test_apply_fails::case_1 ... ok
[INFO] [stdout] test repofile::snapshotfile::tests::sanitize_dot_cases::case_1 ... ok
[INFO] [stdout] test index::binarysorted::tests::full_trees ... ok
[INFO] [stdout] test index::binarysorted::tests::full ... ok
[INFO] [stdout] test index::binarysorted::tests::only_trees ... ok
[INFO] [stdout] test repofile::snapshotfile::tests::sanitize_dot_cases::case_3 ... ok
[INFO] [stdout] test repofile::snapshotfile::tests::sanitize_dot_cases::case_4 ... ok
[INFO] [stdout] test repofile::snapshotfile::tests::sanitize_dot_cases::case_2 ... ok
[INFO] [stdout] test repofile::snapshotfile::tests::snapshot_group_criterion_fromstr::case_1 ... ok
[INFO] [stdout] test index::binarysorted::tests::all_index_types ... ok
[INFO] [stdout] test repofile::snapshotfile::tests::sanitize_dot_cases::case_5 ... ok
[INFO] [stdout] test repofile::snapshotfile::tests::snapshot_group_criterion_fromstr::case_3 ... ok
[INFO] [stdout] test repofile::snapshotfile::tests::snapshot_group_criterion_fromstr::case_4 ... ok
[INFO] [stdout] test repofile::snapshotfile::tests::snapshot_group_criterion_fromstr::case_5 ... ok
[INFO] [stdout] test repofile::snapshotfile::tests::sanitize_dot_cases::case_6 ... ok
[INFO] [stdout] test repofile::snapshotfile::tests::test_add_tags ... ok
[INFO] [stdout] test repofile::snapshotfile::tests::snapshot_group_criterion_fromstr::case_2 ... ok
[INFO] [stdout] test repofile::snapshotfile::tests::test_display_path_list_passes::case_1 ... ok
[INFO] [stdout] test repofile::snapshotfile::tests::test_display_path_list_passes::case_2 ... ok
[INFO] [stdout] test repofile::snapshotfile::tests::test_display_path_list_passes::case_3 ... ok
[INFO] [stdout] test repofile::snapshotfile::tests::test_set_tags::case_1 ... ok
[INFO] [stdout] test repofile::snapshotfile::tests::test_set_tags::case_2 ... ok
[INFO] [stdout] test repofile::snapshotfile::tests::test_set_tags::case_3 ... ok
[INFO] [stdout] test commands::forget::tests::test_apply::case_39 ... ok
[INFO] [stdout] test commands::forget::tests::test_apply::case_41 ... ok
[INFO] [stdout] test commands::forget::tests::test_apply::case_40 ... ok
[INFO] [stdout] test commands::forget::tests::test_apply::case_38 ... ok
[INFO] [stdout] test commands::forget::tests::test_apply::case_44 ... ok
[INFO] [stdout] test commands::forget::tests::test_apply::case_43 ... ok
[INFO] [stdout] test commands::forget::tests::test_apply::case_36 ... ok
[INFO] [stdout] test commands::forget::tests::test_apply::case_42 ... ok
[INFO] [stdout] test commands::forget::tests::test_apply::case_37 ... ok
[INFO] [stdout] 
[INFO] [stdout] test result: ok. 141 passed; 0 failed; 0 ignored; 0 measured; 0 filtered out; finished in 0.04s
[INFO] [stdout] 
[INFO] [stderr]    Doc-tests rustic_core
[INFO] [stdout] 
[INFO] [stdout] running 4 tests
[INFO] [stdout] test src/lib.rs - (line 25) ... FAILED
[INFO] [stdout] test src/id.rs - id::Id::is_null (line 151) ... ok
[INFO] [stdout] test src/id.rs - id::Id::from_hex (line 95) ... ok
[INFO] [stdout] test src/id.rs - id::Id::to_hex (line 127) ... ok
[INFO] [stdout] 
[INFO] [stdout] failures:
[INFO] [stdout] 
[INFO] [stdout] ---- src/lib.rs - (line 25) stdout ----
[INFO] [stdout] error[E0432]: unresolved import `rustic_backend`
[INFO] [stdout]  --> src/lib.rs:27:5
[INFO] [stdout]   |
[INFO] [stdout] 5 | use rustic_backend::BackendOptions;
[INFO] [stdout]   |     ^^^^^^^^^^^^^^ use of undeclared crate or module `rustic_backend`
[INFO] [stdout] 
[INFO] [stdout] error: aborting due to 1 previous error
[INFO] [stdout] 
[INFO] [stdout] For more information about this error, try `rustc --explain E0432`.
[INFO] [stdout] Couldn't compile the test.
[INFO] [stdout] 
[INFO] [stdout] failures:
[INFO] [stdout]     src/lib.rs - (line 25)
[INFO] [stdout] 
[INFO] [stdout] test result: FAILED. 3 passed; 1 failed; 0 ignored; 0 measured; 0 filtered out; finished in 0.30s
[INFO] [stdout] 
[INFO] [stderr] error: doctest failed, to rerun pass `--doc`
[INFO] running `Command { std: "docker" "inspect" "761222d6ef0c69a63eaa4d23ff430179aa5b70c37259e3332a8338501276a987", kill_on_drop: false }`
[INFO] running `Command { std: "docker" "rm" "-f" "761222d6ef0c69a63eaa4d23ff430179aa5b70c37259e3332a8338501276a987", kill_on_drop: false }`
[INFO] [stdout] 761222d6ef0c69a63eaa4d23ff430179aa5b70c37259e3332a8338501276a987
