[INFO] fetching crate rusted-firebase 0.1.0...
[INFO] testing rusted-firebase-0.1.0 against nightly-2024-10-28+rustflags=-Zrandomize-layout for randomize-layout
[INFO] extracting crate rusted-firebase 0.1.0 into /workspace/builds/worker-4-tc2/source
[INFO] validating manifest of crates.io crate rusted-firebase 0.1.0 on toolchain nightly-2024-10-28
[INFO] running `Command { std: CARGO_HOME="/workspace/cargo-home" RUSTUP_HOME="/workspace/rustup-home" "/workspace/cargo-home/bin/cargo" "+nightly-2024-10-28" "metadata" "--manifest-path" "Cargo.toml" "--no-deps", kill_on_drop: false }`
[INFO] started tweaking crates.io crate rusted-firebase 0.1.0
[INFO] finished tweaking crates.io crate rusted-firebase 0.1.0
[INFO] tweaked toml for crates.io crate rusted-firebase 0.1.0 written to /workspace/builds/worker-4-tc2/source/Cargo.toml
[INFO] running `Command { std: CARGO_HOME="/workspace/cargo-home" RUSTUP_HOME="/workspace/rustup-home" "/workspace/cargo-home/bin/cargo" "+nightly-2024-10-28" "generate-lockfile" "--manifest-path" "Cargo.toml", kill_on_drop: false }`
[INFO] [stderr]     Updating crates.io index
[INFO] [stderr]      Locking 144 packages to latest compatible versions
[INFO] [stderr]       Adding http v0.2.12 (available: v1.1.0)
[INFO] [stderr]       Adding http_req_wasi v0.10.2 (available: v0.11.1)
[INFO] [stderr]       Adding itertools v0.10.5 (available: v0.13.0)
[INFO] [stderr]       Adding reqwest v0.11.27 (available: v0.12.9)
[INFO] running `Command { std: CARGO_HOME="/workspace/cargo-home" RUSTUP_HOME="/workspace/rustup-home" "/workspace/cargo-home/bin/cargo" "+nightly-2024-10-28" "fetch" "--manifest-path" "Cargo.toml", kill_on_drop: false }`
[INFO] running `Command { std: "docker" "create" "-v" "/var/lib/crater-agent-workspace/builds/worker-4-tc2/target:/opt/rustwide/target:rw,Z" "-v" "/var/lib/crater-agent-workspace/builds/worker-4-tc2/source:/opt/rustwide/workdir:ro,Z" "-v" "/var/lib/crater-agent-workspace/cargo-home:/opt/rustwide/cargo-home:ro,Z" "-v" "/var/lib/crater-agent-workspace/rustup-home:/opt/rustwide/rustup-home:ro,Z" "-e" "SOURCE_DIR=/opt/rustwide/workdir" "-e" "CARGO_TARGET_DIR=/opt/rustwide/target" "-e" "CARGO_HOME=/opt/rustwide/cargo-home" "-e" "RUSTUP_HOME=/opt/rustwide/rustup-home" "-w" "/opt/rustwide/workdir" "-m" "1610612736" "--user" "0:0" "--network" "none" "ghcr.io/rust-lang/crates-build-env/linux@sha256:4a844ea9eb2546a2d2c7022eacef16ef2e8229c7fbb2c7d4d55a9ceca922f72d" "/opt/rustwide/cargo-home/bin/cargo" "+nightly-2024-10-28" "metadata" "--no-deps" "--format-version=1", kill_on_drop: false }`
[INFO] [stdout] 394a9a86b59d1b5643e463293af816790672cb8fe54185fcd88df0173521d522
[INFO] running `Command { std: "docker" "start" "-a" "394a9a86b59d1b5643e463293af816790672cb8fe54185fcd88df0173521d522", kill_on_drop: false }`
[INFO] running `Command { std: "docker" "inspect" "394a9a86b59d1b5643e463293af816790672cb8fe54185fcd88df0173521d522", kill_on_drop: false }`
[INFO] running `Command { std: "docker" "rm" "-f" "394a9a86b59d1b5643e463293af816790672cb8fe54185fcd88df0173521d522", kill_on_drop: false }`
[INFO] [stdout] 394a9a86b59d1b5643e463293af816790672cb8fe54185fcd88df0173521d522
[INFO] running `Command { std: "docker" "create" "-v" "/var/lib/crater-agent-workspace/builds/worker-4-tc2/target:/opt/rustwide/target:rw,Z" "-v" "/var/lib/crater-agent-workspace/builds/worker-4-tc2/source:/opt/rustwide/workdir:ro,Z" "-v" "/var/lib/crater-agent-workspace/cargo-home:/opt/rustwide/cargo-home:ro,Z" "-v" "/var/lib/crater-agent-workspace/rustup-home:/opt/rustwide/rustup-home:ro,Z" "-e" "SOURCE_DIR=/opt/rustwide/workdir" "-e" "CARGO_TARGET_DIR=/opt/rustwide/target" "-e" "CARGO_INCREMENTAL=0" "-e" "RUST_BACKTRACE=full" "-e" "RUSTFLAGS=--cap-lints=forbid -Zrandomize-layout" "-e" "RUSTDOCFLAGS=--cap-lints=forbid" "-e" "CARGO_HOME=/opt/rustwide/cargo-home" "-e" "RUSTUP_HOME=/opt/rustwide/rustup-home" "-w" "/opt/rustwide/workdir" "-m" "1610612736" "--user" "0:0" "--network" "none" "ghcr.io/rust-lang/crates-build-env/linux@sha256:4a844ea9eb2546a2d2c7022eacef16ef2e8229c7fbb2c7d4d55a9ceca922f72d" "/opt/rustwide/cargo-home/bin/cargo" "+nightly-2024-10-28" "build" "--frozen" "--message-format=json", kill_on_drop: false }`
[INFO] [stdout] e099469e84993d30be454a2a0554890682bd39050544078bfb6d4995dee16524
[INFO] running `Command { std: "docker" "start" "-a" "e099469e84993d30be454a2a0554890682bd39050544078bfb6d4995dee16524", kill_on_drop: false }`
[INFO] [stderr]    Compiling proc-macro2 v1.0.89
[INFO] [stderr]    Compiling unicode-ident v1.0.13
[INFO] [stderr]    Compiling libc v0.2.161
[INFO] [stderr]    Compiling vcpkg v0.2.15
[INFO] [stderr]    Compiling pkg-config v0.3.31
[INFO] [stderr]    Compiling pin-project-lite v0.2.15
[INFO] [stderr]    Compiling once_cell v1.20.2
[INFO] [stderr]    Compiling cc v1.1.31
[INFO] [stderr]    Compiling bytes v1.8.0
[INFO] [stderr]    Compiling itoa v1.0.11
[INFO] [stderr]    Compiling autocfg v1.4.0
[INFO] [stderr]    Compiling futures-core v0.3.31
[INFO] [stderr]    Compiling foreign-types-shared v0.1.1
[INFO] [stderr]    Compiling openssl v0.10.68
[INFO] [stderr]    Compiling http v0.2.12
[INFO] [stderr]    Compiling foreign-types v0.3.2
[INFO] [stderr]    Compiling slab v0.4.9
[INFO] [stderr]    Compiling tracing-core v0.1.32
[INFO] [stderr]    Compiling quote v1.0.37
[INFO] [stderr]    Compiling hashbrown v0.15.0
[INFO] [stderr]    Compiling futures-sink v0.3.31
[INFO] [stderr]    Compiling bitflags v2.6.0
[INFO] [stderr]    Compiling syn v2.0.86
[INFO] [stderr]    Compiling socket2 v0.5.7
[INFO] [stderr]    Compiling mio v1.0.2
[INFO] [stderr]    Compiling serde v1.0.214
[INFO] [stderr]    Compiling futures-task v0.3.31
[INFO] [stderr]    Compiling httparse v1.9.5
[INFO] [stderr]    Compiling native-tls v0.2.12
[INFO] [stderr]    Compiling indexmap v2.6.0
[INFO] [stderr]    Compiling tinyvec v1.8.0
[INFO] [stderr]    Compiling openssl-sys v0.9.104
[INFO] [stderr]    Compiling futures-util v0.3.31
[INFO] [stderr]    Compiling tracing v0.1.40
[INFO] [stderr]    Compiling log v0.4.22
[INFO] [stderr]    Compiling openssl-probe v0.1.5
[INFO] [stderr]    Compiling http-body v0.4.6
[INFO] [stderr]    Compiling futures-channel v0.3.31
[INFO] [stderr]    Compiling unicode-bidi v0.3.17
[INFO] [stderr]    Compiling serde_json v1.0.132
[INFO] [stderr]    Compiling ryu v1.0.18
[INFO] [stderr]    Compiling tower-service v0.3.3
[INFO] [stderr]    Compiling unicode-normalization v0.1.24
[INFO] [stderr]    Compiling memchr v2.7.4
[INFO] [stderr]    Compiling encoding_rs v0.8.35
[INFO] [stderr]    Compiling ipnet v2.10.1
[INFO] [stderr]    Compiling idna v0.5.0
[INFO] [stderr]    Compiling either v1.13.0
[INFO] [stderr]    Compiling unicase v2.8.0
[INFO] [stderr]    Compiling itertools v0.10.5
[INFO] [stderr]    Compiling url v2.5.2
[INFO] [stderr]    Compiling tokio-macros v2.4.0
[INFO] [stderr]    Compiling openssl-macros v0.1.1
[INFO] [stderr]    Compiling serde_derive v1.0.214
[INFO] [stderr]    Compiling async-trait v0.1.83
[INFO] [stderr]    Compiling tokio v1.41.0
[INFO] [stderr]    Compiling tokio-util v0.7.12
[INFO] [stderr]    Compiling tokio-native-tls v0.3.1
[INFO] [stderr]    Compiling h2 v0.3.26
[INFO] [stderr]    Compiling serde_urlencoded v0.7.1
[INFO] [stderr]    Compiling hyper v0.14.31
[INFO] [stderr]    Compiling hyper-tls v0.5.0
[INFO] [stderr]    Compiling reqwest v0.11.27
[INFO] [stderr]    Compiling rusted-firebase v0.1.0 (/opt/rustwide/workdir)
[INFO] [stderr]     Finished `dev` profile [unoptimized + debuginfo] target(s) in 14.97s
[INFO] running `Command { std: "docker" "inspect" "e099469e84993d30be454a2a0554890682bd39050544078bfb6d4995dee16524", kill_on_drop: false }`
[INFO] running `Command { std: "docker" "rm" "-f" "e099469e84993d30be454a2a0554890682bd39050544078bfb6d4995dee16524", kill_on_drop: false }`
[INFO] [stdout] e099469e84993d30be454a2a0554890682bd39050544078bfb6d4995dee16524
[INFO] running `Command { std: "docker" "create" "-v" "/var/lib/crater-agent-workspace/builds/worker-4-tc2/target:/opt/rustwide/target:rw,Z" "-v" "/var/lib/crater-agent-workspace/builds/worker-4-tc2/source:/opt/rustwide/workdir:ro,Z" "-v" "/var/lib/crater-agent-workspace/cargo-home:/opt/rustwide/cargo-home:ro,Z" "-v" "/var/lib/crater-agent-workspace/rustup-home:/opt/rustwide/rustup-home:ro,Z" "-e" "SOURCE_DIR=/opt/rustwide/workdir" "-e" "CARGO_TARGET_DIR=/opt/rustwide/target" "-e" "CARGO_INCREMENTAL=0" "-e" "RUST_BACKTRACE=full" "-e" "RUSTFLAGS=--cap-lints=forbid -Zrandomize-layout" "-e" "RUSTDOCFLAGS=--cap-lints=forbid" "-e" "CARGO_HOME=/opt/rustwide/cargo-home" "-e" "RUSTUP_HOME=/opt/rustwide/rustup-home" "-w" "/opt/rustwide/workdir" "-m" "1610612736" "--user" "0:0" "--network" "none" "ghcr.io/rust-lang/crates-build-env/linux@sha256:4a844ea9eb2546a2d2c7022eacef16ef2e8229c7fbb2c7d4d55a9ceca922f72d" "/opt/rustwide/cargo-home/bin/cargo" "+nightly-2024-10-28" "test" "--frozen" "--no-run" "--message-format=json", kill_on_drop: false }`
[INFO] [stdout] a70b487969e52ade606d0ecafa918a2b576c1c4a0f84d8615422768f3f635e8c
[INFO] running `Command { std: "docker" "start" "-a" "a70b487969e52ade606d0ecafa918a2b576c1c4a0f84d8615422768f3f635e8c", kill_on_drop: false }`
[INFO] [stderr]    Compiling rusted-firebase v0.1.0 (/opt/rustwide/workdir)
[INFO] [stderr]     Finished `test` profile [unoptimized + debuginfo] target(s) in 0.50s
[INFO] running `Command { std: "docker" "inspect" "a70b487969e52ade606d0ecafa918a2b576c1c4a0f84d8615422768f3f635e8c", kill_on_drop: false }`
[INFO] running `Command { std: "docker" "rm" "-f" "a70b487969e52ade606d0ecafa918a2b576c1c4a0f84d8615422768f3f635e8c", kill_on_drop: false }`
[INFO] [stdout] a70b487969e52ade606d0ecafa918a2b576c1c4a0f84d8615422768f3f635e8c
[INFO] running `Command { std: "docker" "create" "-v" "/var/lib/crater-agent-workspace/builds/worker-4-tc2/target:/opt/rustwide/target:rw,Z" "-v" "/var/lib/crater-agent-workspace/builds/worker-4-tc2/source:/opt/rustwide/workdir:ro,Z" "-v" "/var/lib/crater-agent-workspace/cargo-home:/opt/rustwide/cargo-home:ro,Z" "-v" "/var/lib/crater-agent-workspace/rustup-home:/opt/rustwide/rustup-home:ro,Z" "-e" "SOURCE_DIR=/opt/rustwide/workdir" "-e" "CARGO_TARGET_DIR=/opt/rustwide/target" "-e" "CARGO_INCREMENTAL=0" "-e" "RUST_BACKTRACE=full" "-e" "RUSTFLAGS=--cap-lints=forbid -Zrandomize-layout" "-e" "RUSTDOCFLAGS=--cap-lints=forbid" "-e" "CARGO_HOME=/opt/rustwide/cargo-home" "-e" "RUSTUP_HOME=/opt/rustwide/rustup-home" "-w" "/opt/rustwide/workdir" "-m" "1610612736" "--user" "0:0" "--network" "none" "ghcr.io/rust-lang/crates-build-env/linux@sha256:4a844ea9eb2546a2d2c7022eacef16ef2e8229c7fbb2c7d4d55a9ceca922f72d" "/opt/rustwide/cargo-home/bin/cargo" "+nightly-2024-10-28" "test" "--frozen", kill_on_drop: false }`
[INFO] [stdout] b586d291d7c71c862db1406c1d4eb0e3755d183679607ba4a4b8f0af220e68fc
[INFO] running `Command { std: "docker" "start" "-a" "b586d291d7c71c862db1406c1d4eb0e3755d183679607ba4a4b8f0af220e68fc", kill_on_drop: false }`
[INFO] [stderr]     Finished `test` profile [unoptimized + debuginfo] target(s) in 0.06s
[INFO] [stderr]      Running unittests src/lib.rs (/opt/rustwide/target/debug/deps/rusted_firebase-21ed84c2e263243b)
[INFO] [stdout] 
[INFO] [stdout] running 3 tests
[INFO] [stdout] test tests::non_https ... ok
[INFO] [stdout] test tests::with_auth ... ok
[INFO] [stdout] test tests::simple ... ok
[INFO] [stdout] 
[INFO] [stdout] test result: ok. 3 passed; 0 failed; 0 ignored; 0 measured; 0 filtered out; finished in 0.04s
[INFO] [stdout] 
[INFO] [stderr]    Doc-tests rusted_firebase
[INFO] [stdout] 
[INFO] [stdout] running 9 tests
[INFO] [stdout] test src/lib.rs - Firebase::auth (line 95) ... FAILED
[INFO] [stdout] test src/lib.rs - Firebase::new (line 77) ... FAILED
[INFO] [stdout] test src/request.rs - request::Requestable::get_as_string (line 85) ... FAILED
[INFO] [stdout] test src/request.rs - request::Requestable::delete (line 127) ... FAILED
[INFO] [stdout] test src/lib.rs - Firebase::base_uri (line 117) ... FAILED
[INFO] [stdout] test src/lib.rs - (line 3) ... FAILED
[INFO] [stdout] test src/request.rs - request::Requestable::set (line 60) ... FAILED
[INFO] [stdout] test src/request.rs - request::Requestable::get (line 98) ... FAILED
[INFO] [stdout] test src/request.rs - request::Requestable::update (line 143) ... FAILED
[INFO] [stdout] 
[INFO] [stdout] failures:
[INFO] [stdout] 
[INFO] [stdout] ---- src/lib.rs - Firebase::auth (line 95) stdout ----
[INFO] [stdout] error[E0432]: unresolved import `firebase_rs`
[INFO] [stdout]  --> src/lib.rs:96:5
[INFO] [stdout]   |
[INFO] [stdout] 3 | use firebase_rs::Firebase;
[INFO] [stdout]   |     ^^^^^^^^^^^ use of undeclared crate or module `firebase_rs`
[INFO] [stdout] 
[INFO] [stdout] error: aborting due to 1 previous error
[INFO] [stdout] 
[INFO] [stdout] For more information about this error, try `rustc --explain E0432`.
[INFO] [stdout] Couldn't compile the test.
[INFO] [stdout] ---- src/lib.rs - Firebase::new (line 77) stdout ----
[INFO] [stdout] error[E0432]: unresolved import `firebase_rs`
[INFO] [stdout]  --> src/lib.rs:78:5
[INFO] [stdout]   |
[INFO] [stdout] 3 | use firebase_rs::Firebase;
[INFO] [stdout]   |     ^^^^^^^^^^^ use of undeclared crate or module `firebase_rs`
[INFO] [stdout] 
[INFO] [stdout] error: aborting due to 1 previous error
[INFO] [stdout] 
[INFO] [stdout] For more information about this error, try `rustc --explain E0432`.
[INFO] [stdout] Couldn't compile the test.
[INFO] [stdout] ---- src/request.rs - request::Requestable::get_as_string (line 85) stdout ----
[INFO] [stdout] error[E0432]: unresolved import `firebase_rs`
[INFO] [stdout]  --> src/request.rs:86:5
[INFO] [stdout]   |
[INFO] [stdout] 3 | use firebase_rs::{Firebase, Requestable};
[INFO] [stdout]   |     ^^^^^^^^^^^ use of undeclared crate or module `firebase_rs`
[INFO] [stdout] 
[INFO] [stdout] error: aborting due to 1 previous error
[INFO] [stdout] 
[INFO] [stdout] For more information about this error, try `rustc --explain E0432`.
[INFO] [stdout] Couldn't compile the test.
[INFO] [stdout] ---- src/request.rs - request::Requestable::delete (line 127) stdout ----
[INFO] [stdout] error[E0432]: unresolved import `firebase_rs`
[INFO] [stdout]  --> src/request.rs:128:5
[INFO] [stdout]   |
[INFO] [stdout] 3 | use firebase_rs::{Firebase, Response, Result, Requestable};
[INFO] [stdout]   |     ^^^^^^^^^^^ use of undeclared crate or module `firebase_rs`
[INFO] [stdout] 
[INFO] [stdout] error: aborting due to 1 previous error
[INFO] [stdout] 
[INFO] [stdout] For more information about this error, try `rustc --explain E0432`.
[INFO] [stdout] Couldn't compile the test.
[INFO] [stdout] ---- src/lib.rs - Firebase::base_uri (line 117) stdout ----
[INFO] [stdout] error[E0432]: unresolved import `firebase_rs`
[INFO] [stdout]  --> src/lib.rs:118:5
[INFO] [stdout]   |
[INFO] [stdout] 3 | use firebase_rs::Firebase;
[INFO] [stdout]   |     ^^^^^^^^^^^ use of undeclared crate or module `firebase_rs`
[INFO] [stdout] 
[INFO] [stdout] error: aborting due to 1 previous error
[INFO] [stdout] 
[INFO] [stdout] For more information about this error, try `rustc --explain E0432`.
[INFO] [stdout] Couldn't compile the test.
[INFO] [stdout] ---- src/lib.rs - (line 3) stdout ----
[INFO] [stdout] error: The default runtime flavor is `multi_thread`, but the `rt-multi-thread` feature is disabled.
[INFO] [stdout]  --> src/lib.rs:8:1
[INFO] [stdout]   |
[INFO] [stdout] 7 | #[tokio::main]
[INFO] [stdout]   | ^^^^^^^^^^^^^^
[INFO] [stdout]   |
[INFO] [stdout]   = note: this error originates in the attribute macro `tokio::main` (in Nightly builds, run with -Z macro-backtrace for more info)
[INFO] [stdout] 
[INFO] [stdout] error[E0432]: unresolved import `firebase_rs`
[INFO] [stdout]  --> src/lib.rs:5:5
[INFO] [stdout]   |
[INFO] [stdout] 4 | use firebase_rs::{Firebase, Requestable, Paramable};
[INFO] [stdout]   |     ^^^^^^^^^^^ use of undeclared crate or module `firebase_rs`
[INFO] [stdout] 
[INFO] [stdout] error[E0425]: cannot find value `endpoint` in this scope
[INFO] [stdout]   --> src/lib.rs:16:20
[INFO] [stdout]    |
[INFO] [stdout] 15 |     let item_ids = endpoint.get::<Value>().await;
[INFO] [stdout]    |                    ^^^^^^^^ not found in this scope
[INFO] [stdout] 
[INFO] [stdout] error: aborting due to 3 previous errors
[INFO] [stdout] 
[INFO] [stdout] Some errors have detailed explanations: E0425, E0432.
[INFO] [stdout] For more information about an error, try `rustc --explain E0425`.
[INFO] [stdout] Couldn't compile the test.
[INFO] [stdout] ---- src/request.rs - request::Requestable::set (line 60) stdout ----
[INFO] [stdout] error[E0432]: unresolved import `firebase_rs`
[INFO] [stdout]  --> src/request.rs:61:5
[INFO] [stdout]   |
[INFO] [stdout] 3 | use firebase_rs::{Firebase, Response, Requestable};
[INFO] [stdout]   |     ^^^^^^^^^^^ use of undeclared crate or module `firebase_rs`
[INFO] [stdout] 
[INFO] [stdout] error: aborting due to 1 previous error
[INFO] [stdout] 
[INFO] [stdout] For more information about this error, try `rustc --explain E0432`.
[INFO] [stdout] Couldn't compile the test.
[INFO] [stdout] ---- src/request.rs - request::Requestable::get (line 98) stdout ----
[INFO] [stdout] error[E0432]: unresolved import `firebase_rs`
[INFO] [stdout]  --> src/request.rs:100:5
[INFO] [stdout]   |
[INFO] [stdout] 4 | use firebase_rs::{Firebase, Requestable};
[INFO] [stdout]   |     ^^^^^^^^^^^ use of undeclared crate or module `firebase_rs`
[INFO] [stdout] 
[INFO] [stdout] error: aborting due to 1 previous error
[INFO] [stdout] 
[INFO] [stdout] For more information about this error, try `rustc --explain E0432`.
[INFO] [stdout] Couldn't compile the test.
[INFO] [stdout] ---- src/request.rs - request::Requestable::update (line 143) stdout ----
[INFO] [stdout] error[E0432]: unresolved import `firebase_rs`
[INFO] [stdout]  --> src/request.rs:144:5
[INFO] [stdout]   |
[INFO] [stdout] 3 | use firebase_rs::{Firebase, Response, Requestable};
[INFO] [stdout]   |     ^^^^^^^^^^^ use of undeclared crate or module `firebase_rs`
[INFO] [stdout] 
[INFO] [stdout] error: aborting due to 1 previous error
[INFO] [stdout] 
[INFO] [stdout] For more information about this error, try `rustc --explain E0432`.
[INFO] [stdout] Couldn't compile the test.
[INFO] [stdout] 
[INFO] [stdout] failures:
[INFO] [stdout]     src/lib.rs - (line 3)
[INFO] [stdout]     src/lib.rs - Firebase::auth (line 95)
[INFO] [stdout]     src/lib.rs - Firebase::base_uri (line 117)
[INFO] [stdout]     src/lib.rs - Firebase::new (line 77)
[INFO] [stdout]     src/request.rs - request::Requestable::delete (line 127)
[INFO] [stdout]     src/request.rs - request::Requestable::get (line 98)
[INFO] [stdout]     src/request.rs - request::Requestable::get_as_string (line 85)
[INFO] [stdout]     src/request.rs - request::Requestable::set (line 60)
[INFO] [stdout]     src/request.rs - request::Requestable::update (line 143)
[INFO] [stdout] 
[INFO] [stdout] test result: FAILED. 0 passed; 9 failed; 0 ignored; 0 measured; 0 filtered out; finished in 0.11s
[INFO] [stdout] 
[INFO] [stderr] error: doctest failed, to rerun pass `--doc`
[INFO] running `Command { std: "docker" "inspect" "b586d291d7c71c862db1406c1d4eb0e3755d183679607ba4a4b8f0af220e68fc", kill_on_drop: false }`
[INFO] running `Command { std: "docker" "rm" "-f" "b586d291d7c71c862db1406c1d4eb0e3755d183679607ba4a4b8f0af220e68fc", kill_on_drop: false }`
[INFO] [stdout] b586d291d7c71c862db1406c1d4eb0e3755d183679607ba4a4b8f0af220e68fc
