[INFO] fetching crate rustc-ap-rustc_graphviz 727.0.0...
[INFO] testing rustc-ap-rustc_graphviz-727.0.0 against nightly-2024-10-28+rustflags=-Zrandomize-layout for randomize-layout
[INFO] extracting crate rustc-ap-rustc_graphviz 727.0.0 into /workspace/builds/worker-0-tc2/source
[INFO] validating manifest of crates.io crate rustc-ap-rustc_graphviz 727.0.0 on toolchain nightly-2024-10-28
[INFO] running `Command { std: CARGO_HOME="/workspace/cargo-home" RUSTUP_HOME="/workspace/rustup-home" "/workspace/cargo-home/bin/cargo" "+nightly-2024-10-28" "metadata" "--manifest-path" "Cargo.toml" "--no-deps", kill_on_drop: false }`
[INFO] started tweaking crates.io crate rustc-ap-rustc_graphviz 727.0.0
[INFO] finished tweaking crates.io crate rustc-ap-rustc_graphviz 727.0.0
[INFO] tweaked toml for crates.io crate rustc-ap-rustc_graphviz 727.0.0 written to /workspace/builds/worker-0-tc2/source/Cargo.toml
[INFO] running `Command { std: CARGO_HOME="/workspace/cargo-home" RUSTUP_HOME="/workspace/rustup-home" "/workspace/cargo-home/bin/cargo" "+nightly-2024-10-28" "generate-lockfile" "--manifest-path" "Cargo.toml", kill_on_drop: false }`
[INFO] running `Command { std: CARGO_HOME="/workspace/cargo-home" RUSTUP_HOME="/workspace/rustup-home" "/workspace/cargo-home/bin/cargo" "+nightly-2024-10-28" "fetch" "--manifest-path" "Cargo.toml", kill_on_drop: false }`
[INFO] running `Command { std: "docker" "create" "-v" "/var/lib/crater-agent-workspace/builds/worker-0-tc2/target:/opt/rustwide/target:rw,Z" "-v" "/var/lib/crater-agent-workspace/builds/worker-0-tc2/source:/opt/rustwide/workdir:ro,Z" "-v" "/var/lib/crater-agent-workspace/cargo-home:/opt/rustwide/cargo-home:ro,Z" "-v" "/var/lib/crater-agent-workspace/rustup-home:/opt/rustwide/rustup-home:ro,Z" "-e" "SOURCE_DIR=/opt/rustwide/workdir" "-e" "CARGO_TARGET_DIR=/opt/rustwide/target" "-e" "CARGO_HOME=/opt/rustwide/cargo-home" "-e" "RUSTUP_HOME=/opt/rustwide/rustup-home" "-w" "/opt/rustwide/workdir" "-m" "1610612736" "--user" "0:0" "--network" "none" "ghcr.io/rust-lang/crates-build-env/linux@sha256:4a844ea9eb2546a2d2c7022eacef16ef2e8229c7fbb2c7d4d55a9ceca922f72d" "/opt/rustwide/cargo-home/bin/cargo" "+nightly-2024-10-28" "metadata" "--no-deps" "--format-version=1", kill_on_drop: false }`
[INFO] [stdout] c2fd8d2747161ec5e5712fe079398388cc7fd7b7b46842884742e1390f2e9382
[INFO] running `Command { std: "docker" "start" "-a" "c2fd8d2747161ec5e5712fe079398388cc7fd7b7b46842884742e1390f2e9382", kill_on_drop: false }`
[INFO] running `Command { std: "docker" "inspect" "c2fd8d2747161ec5e5712fe079398388cc7fd7b7b46842884742e1390f2e9382", kill_on_drop: false }`
[INFO] running `Command { std: "docker" "rm" "-f" "c2fd8d2747161ec5e5712fe079398388cc7fd7b7b46842884742e1390f2e9382", kill_on_drop: false }`
[INFO] [stdout] c2fd8d2747161ec5e5712fe079398388cc7fd7b7b46842884742e1390f2e9382
[INFO] running `Command { std: "docker" "create" "-v" "/var/lib/crater-agent-workspace/builds/worker-0-tc2/target:/opt/rustwide/target:rw,Z" "-v" "/var/lib/crater-agent-workspace/builds/worker-0-tc2/source:/opt/rustwide/workdir:ro,Z" "-v" "/var/lib/crater-agent-workspace/cargo-home:/opt/rustwide/cargo-home:ro,Z" "-v" "/var/lib/crater-agent-workspace/rustup-home:/opt/rustwide/rustup-home:ro,Z" "-e" "SOURCE_DIR=/opt/rustwide/workdir" "-e" "CARGO_TARGET_DIR=/opt/rustwide/target" "-e" "CARGO_INCREMENTAL=0" "-e" "RUST_BACKTRACE=full" "-e" "RUSTFLAGS=--cap-lints=forbid -Zrandomize-layout" "-e" "RUSTDOCFLAGS=--cap-lints=forbid" "-e" "CARGO_HOME=/opt/rustwide/cargo-home" "-e" "RUSTUP_HOME=/opt/rustwide/rustup-home" "-w" "/opt/rustwide/workdir" "-m" "1610612736" "--user" "0:0" "--network" "none" "ghcr.io/rust-lang/crates-build-env/linux@sha256:4a844ea9eb2546a2d2c7022eacef16ef2e8229c7fbb2c7d4d55a9ceca922f72d" "/opt/rustwide/cargo-home/bin/cargo" "+nightly-2024-10-28" "build" "--frozen" "--message-format=json", kill_on_drop: false }`
[INFO] [stdout] 339c257b8e3d13db1c0a8dbf5089fd93576722c1d4d14940ebf56f18fcf49fe0
[INFO] running `Command { std: "docker" "start" "-a" "339c257b8e3d13db1c0a8dbf5089fd93576722c1d4d14940ebf56f18fcf49fe0", kill_on_drop: false }`
[INFO] [stderr]    Compiling rustc-ap-rustc_graphviz v727.0.0 (/opt/rustwide/workdir)
[INFO] [stdout] warning: the feature `nll` has been stable since 1.63.0 and no longer requires an attribute to enable
[INFO] [stdout]    --> src/lib.rs:278:12
[INFO] [stdout]     |
[INFO] [stdout] 278 | #![feature(nll)]
[INFO] [stdout]     |            ^^^
[INFO] [stdout]     |
[INFO] [stdout]     = note: `#[warn(stable_features)]` on by default
[INFO] [stdout] 
[INFO] [stdout] 
[INFO] [stderr]     Finished `dev` profile [unoptimized + debuginfo] target(s) in 0.26s
[INFO] running `Command { std: "docker" "inspect" "339c257b8e3d13db1c0a8dbf5089fd93576722c1d4d14940ebf56f18fcf49fe0", kill_on_drop: false }`
[INFO] running `Command { std: "docker" "rm" "-f" "339c257b8e3d13db1c0a8dbf5089fd93576722c1d4d14940ebf56f18fcf49fe0", kill_on_drop: false }`
[INFO] [stdout] 339c257b8e3d13db1c0a8dbf5089fd93576722c1d4d14940ebf56f18fcf49fe0
[INFO] running `Command { std: "docker" "create" "-v" "/var/lib/crater-agent-workspace/builds/worker-0-tc2/target:/opt/rustwide/target:rw,Z" "-v" "/var/lib/crater-agent-workspace/builds/worker-0-tc2/source:/opt/rustwide/workdir:ro,Z" "-v" "/var/lib/crater-agent-workspace/cargo-home:/opt/rustwide/cargo-home:ro,Z" "-v" "/var/lib/crater-agent-workspace/rustup-home:/opt/rustwide/rustup-home:ro,Z" "-e" "SOURCE_DIR=/opt/rustwide/workdir" "-e" "CARGO_TARGET_DIR=/opt/rustwide/target" "-e" "CARGO_INCREMENTAL=0" "-e" "RUST_BACKTRACE=full" "-e" "RUSTFLAGS=--cap-lints=forbid -Zrandomize-layout" "-e" "RUSTDOCFLAGS=--cap-lints=forbid" "-e" "CARGO_HOME=/opt/rustwide/cargo-home" "-e" "RUSTUP_HOME=/opt/rustwide/rustup-home" "-w" "/opt/rustwide/workdir" "-m" "1610612736" "--user" "0:0" "--network" "none" "ghcr.io/rust-lang/crates-build-env/linux@sha256:4a844ea9eb2546a2d2c7022eacef16ef2e8229c7fbb2c7d4d55a9ceca922f72d" "/opt/rustwide/cargo-home/bin/cargo" "+nightly-2024-10-28" "test" "--frozen" "--no-run" "--message-format=json", kill_on_drop: false }`
[INFO] [stdout] 2533eab12f7755dbc1255bfd09d4f695d3027f0914d37ff9dfbea3b930e42516
[INFO] running `Command { std: "docker" "start" "-a" "2533eab12f7755dbc1255bfd09d4f695d3027f0914d37ff9dfbea3b930e42516", kill_on_drop: false }`
[INFO] [stderr]    Compiling rustc-ap-rustc_graphviz v727.0.0 (/opt/rustwide/workdir)
[INFO] [stdout] warning: the feature `nll` has been stable since 1.63.0 and no longer requires an attribute to enable
[INFO] [stdout]    --> src/lib.rs:278:12
[INFO] [stdout]     |
[INFO] [stdout] 278 | #![feature(nll)]
[INFO] [stdout]     |            ^^^
[INFO] [stdout]     |
[INFO] [stdout]     = note: `#[warn(stable_features)]` on by default
[INFO] [stdout] 
[INFO] [stdout] 
[INFO] [stdout] warning: the feature `nll` has been stable since 1.63.0 and no longer requires an attribute to enable
[INFO] [stdout]    --> src/lib.rs:278:12
[INFO] [stdout]     |
[INFO] [stdout] 278 | #![feature(nll)]
[INFO] [stdout]     |            ^^^
[INFO] [stdout]     |
[INFO] [stdout]     = note: `#[warn(stable_features)]` on by default
[INFO] [stdout] 
[INFO] [stdout] 
[INFO] [stderr]     Finished `test` profile [unoptimized + debuginfo] target(s) in 0.40s
[INFO] running `Command { std: "docker" "inspect" "2533eab12f7755dbc1255bfd09d4f695d3027f0914d37ff9dfbea3b930e42516", kill_on_drop: false }`
[INFO] running `Command { std: "docker" "rm" "-f" "2533eab12f7755dbc1255bfd09d4f695d3027f0914d37ff9dfbea3b930e42516", kill_on_drop: false }`
[INFO] [stdout] 2533eab12f7755dbc1255bfd09d4f695d3027f0914d37ff9dfbea3b930e42516
[INFO] running `Command { std: "docker" "create" "-v" "/var/lib/crater-agent-workspace/builds/worker-0-tc2/target:/opt/rustwide/target:rw,Z" "-v" "/var/lib/crater-agent-workspace/builds/worker-0-tc2/source:/opt/rustwide/workdir:ro,Z" "-v" "/var/lib/crater-agent-workspace/cargo-home:/opt/rustwide/cargo-home:ro,Z" "-v" "/var/lib/crater-agent-workspace/rustup-home:/opt/rustwide/rustup-home:ro,Z" "-e" "SOURCE_DIR=/opt/rustwide/workdir" "-e" "CARGO_TARGET_DIR=/opt/rustwide/target" "-e" "CARGO_INCREMENTAL=0" "-e" "RUST_BACKTRACE=full" "-e" "RUSTFLAGS=--cap-lints=forbid -Zrandomize-layout" "-e" "RUSTDOCFLAGS=--cap-lints=forbid" "-e" "CARGO_HOME=/opt/rustwide/cargo-home" "-e" "RUSTUP_HOME=/opt/rustwide/rustup-home" "-w" "/opt/rustwide/workdir" "-m" "1610612736" "--user" "0:0" "--network" "none" "ghcr.io/rust-lang/crates-build-env/linux@sha256:4a844ea9eb2546a2d2c7022eacef16ef2e8229c7fbb2c7d4d55a9ceca922f72d" "/opt/rustwide/cargo-home/bin/cargo" "+nightly-2024-10-28" "test" "--frozen", kill_on_drop: false }`
[INFO] [stdout] ececb40acd259427e2e8a878b4553717503e95086aa31e762f9beb02363ef73b
[INFO] running `Command { std: "docker" "start" "-a" "ececb40acd259427e2e8a878b4553717503e95086aa31e762f9beb02363ef73b", kill_on_drop: false }`
[INFO] [stderr] warning: the feature `nll` has been stable since 1.63.0 and no longer requires an attribute to enable
[INFO] [stderr]    --> src/lib.rs:278:12
[INFO] [stderr]     |
[INFO] [stderr] 278 | #![feature(nll)]
[INFO] [stderr]     |            ^^^
[INFO] [stderr]     |
[INFO] [stderr]     = note: `#[warn(stable_features)]` on by default
[INFO] [stderr] 
[INFO] [stderr] warning: `rustc-ap-rustc_graphviz` (lib) generated 1 warning
[INFO] [stderr] warning: `rustc-ap-rustc_graphviz` (lib test) generated 1 warning (1 duplicate)
[INFO] [stderr]     Finished `test` profile [unoptimized + debuginfo] target(s) in 0.01s
[INFO] [stderr]      Running unittests src/lib.rs (/opt/rustwide/target/debug/deps/rustc_ap_rustc_graphviz-dd9a0f4cfb328378)
[INFO] [stdout] 
[INFO] [stdout] running 11 tests
[INFO] [stdout] test tests::empty_graph ... ok
[INFO] [stdout] test tests::hasse_diagram ... ok
[INFO] [stdout] test tests::badly_formatted_id ... ok
[INFO] [stdout] test tests::simple_id_construction ... ok
[INFO] [stdout] test tests::left_aligned_text ... ok
[INFO] [stdout] test tests::single_cyclic_node ... ok
[INFO] [stdout] test tests::single_edge ... ok
[INFO] [stdout] test tests::single_node ... ok
[INFO] [stdout] test tests::single_node_with_style ... ok
[INFO] [stdout] test tests::single_edge_with_style ... ok
[INFO] [stdout] test tests::test_some_labelled ... ok
[INFO] [stdout] 
[INFO] [stdout] test result: ok. 11 passed; 0 failed; 0 ignored; 0 measured; 0 filtered out; finished in 0.00s
[INFO] [stdout] 
[INFO] [stderr]    Doc-tests rustc_ap_rustc_graphviz
[INFO] [stdout] 
[INFO] [stdout] running 6 tests
[INFO] [stdout] test src/lib.rs - (line 92) - compile ... ok
[INFO] [stdout] test src/lib.rs - (line 259) - compile ... ok
[INFO] [stdout] test src/lib.rs - (line 189) - compile ... ok
[INFO] [stdout] test src/lib.rs - (line 206) ... FAILED
[INFO] [stdout] test src/lib.rs - (line 144) ... FAILED
[INFO] [stdout] test src/lib.rs - (line 39) ... FAILED
[INFO] [stdout] 
[INFO] [stdout] failures:
[INFO] [stdout] 
[INFO] [stdout] ---- src/lib.rs - (line 206) stdout ----
[INFO] [stdout] error[E0432]: unresolved import `rustc_graphviz`
[INFO] [stdout]  --> src/lib.rs:210:5
[INFO] [stdout]   |
[INFO] [stdout] 6 | use rustc_graphviz as dot;
[INFO] [stdout]   |     ^^^^^^^^^^^^^^^^^^^^^ no external crate `rustc_graphviz`
[INFO] [stdout] 
[INFO] [stdout] error: aborting due to 1 previous error
[INFO] [stdout] 
[INFO] [stdout] For more information about this error, try `rustc --explain E0432`.
[INFO] [stdout] Couldn't compile the test.
[INFO] [stdout] ---- src/lib.rs - (line 144) stdout ----
[INFO] [stdout] error[E0432]: unresolved import `rustc_graphviz`
[INFO] [stdout]  --> src/lib.rs:148:5
[INFO] [stdout]   |
[INFO] [stdout] 6 | use rustc_graphviz as dot;
[INFO] [stdout]   |     ^^^^^^^^^^^^^^^^^^^^^ no external crate `rustc_graphviz`
[INFO] [stdout] 
[INFO] [stdout] error: aborting due to 1 previous error
[INFO] [stdout] 
[INFO] [stdout] For more information about this error, try `rustc --explain E0432`.
[INFO] [stdout] Couldn't compile the test.
[INFO] [stdout] ---- src/lib.rs - (line 39) stdout ----
[INFO] [stdout] error[E0432]: unresolved import `rustc_graphviz`
[INFO] [stdout]  --> src/lib.rs:43:5
[INFO] [stdout]   |
[INFO] [stdout] 6 | use rustc_graphviz as dot;
[INFO] [stdout]   |     ^^^^^^^^^^^^^^^^^^^^^ no external crate `rustc_graphviz`
[INFO] [stdout] 
[INFO] [stdout] error: aborting due to 1 previous error
[INFO] [stdout] 
[INFO] [stdout] For more information about this error, try `rustc --explain E0432`.
[INFO] [stdout] Couldn't compile the test.
[INFO] [stdout] 
[INFO] [stdout] failures:
[INFO] [stdout]     src/lib.rs - (line 144)
[INFO] [stdout]     src/lib.rs - (line 206)
[INFO] [stdout]     src/lib.rs - (line 39)
[INFO] [stdout] 
[INFO] [stdout] test result: FAILED. 3 passed; 3 failed; 0 ignored; 0 measured; 0 filtered out; finished in 0.06s
[INFO] [stdout] 
[INFO] [stderr] error: doctest failed, to rerun pass `--doc`
[INFO] running `Command { std: "docker" "inspect" "ececb40acd259427e2e8a878b4553717503e95086aa31e762f9beb02363ef73b", kill_on_drop: false }`
[INFO] running `Command { std: "docker" "rm" "-f" "ececb40acd259427e2e8a878b4553717503e95086aa31e762f9beb02363ef73b", kill_on_drop: false }`
[INFO] [stdout] ececb40acd259427e2e8a878b4553717503e95086aa31e762f9beb02363ef73b
