[INFO] fetching crate rust_search_fork 2.1.3...
[INFO] testing rust_search_fork-2.1.3 against nightly-2024-10-28 for randomize-layout
[INFO] extracting crate rust_search_fork 2.1.3 into /workspace/builds/worker-7-tc1/source
[INFO] validating manifest of crates.io crate rust_search_fork 2.1.3 on toolchain nightly-2024-10-28
[INFO] running `Command { std: CARGO_HOME="/workspace/cargo-home" RUSTUP_HOME="/workspace/rustup-home" "/workspace/cargo-home/bin/cargo" "+nightly-2024-10-28" "metadata" "--manifest-path" "Cargo.toml" "--no-deps", kill_on_drop: false }`
[INFO] started tweaking crates.io crate rust_search_fork 2.1.3
[INFO] finished tweaking crates.io crate rust_search_fork 2.1.3
[INFO] tweaked toml for crates.io crate rust_search_fork 2.1.3 written to /workspace/builds/worker-7-tc1/source/Cargo.toml
[INFO] running `Command { std: CARGO_HOME="/workspace/cargo-home" RUSTUP_HOME="/workspace/rustup-home" "/workspace/cargo-home/bin/cargo" "+nightly-2024-10-28" "generate-lockfile" "--manifest-path" "Cargo.toml", kill_on_drop: false }`
[INFO] [stderr]     Updating crates.io index
[INFO] [stderr]      Locking 48 packages to latest compatible versions
[INFO] [stderr]       Adding dirs v4.0.0 (available: v5.0.1)
[INFO] [stderr]       Adding strsim v0.10.0 (available: v0.11.1)
[INFO] running `Command { std: CARGO_HOME="/workspace/cargo-home" RUSTUP_HOME="/workspace/rustup-home" "/workspace/cargo-home/bin/cargo" "+nightly-2024-10-28" "fetch" "--manifest-path" "Cargo.toml", kill_on_drop: false }`
[INFO] running `Command { std: "docker" "create" "-v" "/var/lib/crater-agent-workspace/builds/worker-7-tc1/target:/opt/rustwide/target:rw,Z" "-v" "/var/lib/crater-agent-workspace/builds/worker-7-tc1/source:/opt/rustwide/workdir:ro,Z" "-v" "/var/lib/crater-agent-workspace/cargo-home:/opt/rustwide/cargo-home:ro,Z" "-v" "/var/lib/crater-agent-workspace/rustup-home:/opt/rustwide/rustup-home:ro,Z" "-e" "SOURCE_DIR=/opt/rustwide/workdir" "-e" "CARGO_TARGET_DIR=/opt/rustwide/target" "-e" "CARGO_HOME=/opt/rustwide/cargo-home" "-e" "RUSTUP_HOME=/opt/rustwide/rustup-home" "-w" "/opt/rustwide/workdir" "-m" "1610612736" "--user" "0:0" "--network" "none" "ghcr.io/rust-lang/crates-build-env/linux@sha256:4a844ea9eb2546a2d2c7022eacef16ef2e8229c7fbb2c7d4d55a9ceca922f72d" "/opt/rustwide/cargo-home/bin/cargo" "+nightly-2024-10-28" "metadata" "--no-deps" "--format-version=1", kill_on_drop: false }`
[INFO] [stdout] fa1c4e4bf8a4fca7ee0c26b42377fbdeabb16188001e894a007a62d0fcce02a9
[INFO] running `Command { std: "docker" "start" "-a" "fa1c4e4bf8a4fca7ee0c26b42377fbdeabb16188001e894a007a62d0fcce02a9", kill_on_drop: false }`
[INFO] running `Command { std: "docker" "inspect" "fa1c4e4bf8a4fca7ee0c26b42377fbdeabb16188001e894a007a62d0fcce02a9", kill_on_drop: false }`
[INFO] running `Command { std: "docker" "rm" "-f" "fa1c4e4bf8a4fca7ee0c26b42377fbdeabb16188001e894a007a62d0fcce02a9", kill_on_drop: false }`
[INFO] [stdout] fa1c4e4bf8a4fca7ee0c26b42377fbdeabb16188001e894a007a62d0fcce02a9
[INFO] running `Command { std: "docker" "create" "-v" "/var/lib/crater-agent-workspace/builds/worker-7-tc1/target:/opt/rustwide/target:rw,Z" "-v" "/var/lib/crater-agent-workspace/builds/worker-7-tc1/source:/opt/rustwide/workdir:ro,Z" "-v" "/var/lib/crater-agent-workspace/cargo-home:/opt/rustwide/cargo-home:ro,Z" "-v" "/var/lib/crater-agent-workspace/rustup-home:/opt/rustwide/rustup-home:ro,Z" "-e" "SOURCE_DIR=/opt/rustwide/workdir" "-e" "CARGO_TARGET_DIR=/opt/rustwide/target" "-e" "CARGO_INCREMENTAL=0" "-e" "RUST_BACKTRACE=full" "-e" "RUSTFLAGS=--cap-lints=forbid" "-e" "RUSTDOCFLAGS=--cap-lints=forbid" "-e" "CARGO_HOME=/opt/rustwide/cargo-home" "-e" "RUSTUP_HOME=/opt/rustwide/rustup-home" "-w" "/opt/rustwide/workdir" "-m" "1610612736" "--user" "0:0" "--network" "none" "ghcr.io/rust-lang/crates-build-env/linux@sha256:4a844ea9eb2546a2d2c7022eacef16ef2e8229c7fbb2c7d4d55a9ceca922f72d" "/opt/rustwide/cargo-home/bin/cargo" "+nightly-2024-10-28" "build" "--frozen" "--message-format=json", kill_on_drop: false }`
[INFO] [stdout] 1efff0ae1fc52b86abcd428912854996394731afd0ba361bb4dc357ead231b6a
[INFO] running `Command { std: "docker" "start" "-a" "1efff0ae1fc52b86abcd428912854996394731afd0ba361bb4dc357ead231b6a", kill_on_drop: false }`
[INFO] [stderr]    Compiling libc v0.2.161
[INFO] [stderr]    Compiling crossbeam-utils v0.8.20
[INFO] [stderr]    Compiling aho-corasick v1.1.3
[INFO] [stderr]    Compiling regex-syntax v0.8.5
[INFO] [stderr]    Compiling bstr v1.10.0
[INFO] [stderr]    Compiling same-file v1.0.6
[INFO] [stderr]    Compiling strsim v0.10.0
[INFO] [stderr]    Compiling walkdir v2.5.0
[INFO] [stderr]    Compiling crossbeam-epoch v0.9.18
[INFO] [stderr]    Compiling crossbeam-deque v0.8.5
[INFO] [stderr]    Compiling dirs-sys v0.3.7
[INFO] [stderr]    Compiling num_cpus v1.16.0
[INFO] [stderr]    Compiling dirs v4.0.0
[INFO] [stderr]    Compiling regex-automata v0.4.8
[INFO] [stderr]    Compiling globset v0.4.15
[INFO] [stderr]    Compiling regex v1.11.1
[INFO] [stderr]    Compiling ignore v0.4.23
[INFO] [stderr]    Compiling rust_search_fork v2.1.3 (/opt/rustwide/workdir)
[INFO] [stdout] warning: unused variable: `file_name`
[INFO] [stdout]    --> src/search.rs:120:33
[INFO] [stdout]     |
[INFO] [stdout] 120 |                     if let Some(file_name) = path.file_name() {
[INFO] [stdout]     |                                 ^^^^^^^^^ help: if this is intentional, prefix it with an underscore: `_file_name`
[INFO] [stdout]     |
[INFO] [stdout]     = note: `#[warn(unused_variables)]` on by default
[INFO] [stdout] 
[INFO] [stdout] 
[INFO] [stderr]     Finished `dev` profile [unoptimized + debuginfo] target(s) in 12.59s
[INFO] running `Command { std: "docker" "inspect" "1efff0ae1fc52b86abcd428912854996394731afd0ba361bb4dc357ead231b6a", kill_on_drop: false }`
[INFO] running `Command { std: "docker" "rm" "-f" "1efff0ae1fc52b86abcd428912854996394731afd0ba361bb4dc357ead231b6a", kill_on_drop: false }`
[INFO] [stdout] 1efff0ae1fc52b86abcd428912854996394731afd0ba361bb4dc357ead231b6a
[INFO] running `Command { std: "docker" "create" "-v" "/var/lib/crater-agent-workspace/builds/worker-7-tc1/target:/opt/rustwide/target:rw,Z" "-v" "/var/lib/crater-agent-workspace/builds/worker-7-tc1/source:/opt/rustwide/workdir:ro,Z" "-v" "/var/lib/crater-agent-workspace/cargo-home:/opt/rustwide/cargo-home:ro,Z" "-v" "/var/lib/crater-agent-workspace/rustup-home:/opt/rustwide/rustup-home:ro,Z" "-e" "SOURCE_DIR=/opt/rustwide/workdir" "-e" "CARGO_TARGET_DIR=/opt/rustwide/target" "-e" "CARGO_INCREMENTAL=0" "-e" "RUST_BACKTRACE=full" "-e" "RUSTFLAGS=--cap-lints=forbid" "-e" "RUSTDOCFLAGS=--cap-lints=forbid" "-e" "CARGO_HOME=/opt/rustwide/cargo-home" "-e" "RUSTUP_HOME=/opt/rustwide/rustup-home" "-w" "/opt/rustwide/workdir" "-m" "1610612736" "--user" "0:0" "--network" "none" "ghcr.io/rust-lang/crates-build-env/linux@sha256:4a844ea9eb2546a2d2c7022eacef16ef2e8229c7fbb2c7d4d55a9ceca922f72d" "/opt/rustwide/cargo-home/bin/cargo" "+nightly-2024-10-28" "test" "--frozen" "--no-run" "--message-format=json", kill_on_drop: false }`
[INFO] [stdout] caaf3c3b5cb60523d8810b89aa3a487aa7fbf32369351ce5fb57679a14dd602c
[INFO] running `Command { std: "docker" "start" "-a" "caaf3c3b5cb60523d8810b89aa3a487aa7fbf32369351ce5fb57679a14dd602c", kill_on_drop: false }`
[INFO] [stdout] warning: unused variable: `file_name`
[INFO] [stdout]    --> src/search.rs:120:33
[INFO] [stdout]     |
[INFO] [stdout] 120 |                     if let Some(file_name) = path.file_name() {
[INFO] [stdout]     |                                 ^^^^^^^^^ help: if this is intentional, prefix it with an underscore: `_file_name`
[INFO] [stdout]     |
[INFO] [stdout]     = note: `#[warn(unused_variables)]` on by default
[INFO] [stdout] 
[INFO] [stdout] 
[INFO] [stderr]    Compiling rust_search_fork v2.1.3 (/opt/rustwide/workdir)
[INFO] [stdout] warning: unused variable: `file_name`
[INFO] [stdout]    --> src/search.rs:120:33
[INFO] [stdout]     |
[INFO] [stdout] 120 |                     if let Some(file_name) = path.file_name() {
[INFO] [stdout]     |                                 ^^^^^^^^^ help: if this is intentional, prefix it with an underscore: `_file_name`
[INFO] [stdout]     |
[INFO] [stdout]     = note: `#[warn(unused_variables)]` on by default
[INFO] [stdout] 
[INFO] [stdout] 
[INFO] [stderr]     Finished `test` profile [unoptimized + debuginfo] target(s) in 0.36s
[INFO] running `Command { std: "docker" "inspect" "caaf3c3b5cb60523d8810b89aa3a487aa7fbf32369351ce5fb57679a14dd602c", kill_on_drop: false }`
[INFO] running `Command { std: "docker" "rm" "-f" "caaf3c3b5cb60523d8810b89aa3a487aa7fbf32369351ce5fb57679a14dd602c", kill_on_drop: false }`
[INFO] [stdout] caaf3c3b5cb60523d8810b89aa3a487aa7fbf32369351ce5fb57679a14dd602c
[INFO] running `Command { std: "docker" "create" "-v" "/var/lib/crater-agent-workspace/builds/worker-7-tc1/target:/opt/rustwide/target:rw,Z" "-v" "/var/lib/crater-agent-workspace/builds/worker-7-tc1/source:/opt/rustwide/workdir:ro,Z" "-v" "/var/lib/crater-agent-workspace/cargo-home:/opt/rustwide/cargo-home:ro,Z" "-v" "/var/lib/crater-agent-workspace/rustup-home:/opt/rustwide/rustup-home:ro,Z" "-e" "SOURCE_DIR=/opt/rustwide/workdir" "-e" "CARGO_TARGET_DIR=/opt/rustwide/target" "-e" "CARGO_INCREMENTAL=0" "-e" "RUST_BACKTRACE=full" "-e" "RUSTFLAGS=--cap-lints=forbid" "-e" "RUSTDOCFLAGS=--cap-lints=forbid" "-e" "CARGO_HOME=/opt/rustwide/cargo-home" "-e" "RUSTUP_HOME=/opt/rustwide/rustup-home" "-w" "/opt/rustwide/workdir" "-m" "1610612736" "--user" "0:0" "--network" "none" "ghcr.io/rust-lang/crates-build-env/linux@sha256:4a844ea9eb2546a2d2c7022eacef16ef2e8229c7fbb2c7d4d55a9ceca922f72d" "/opt/rustwide/cargo-home/bin/cargo" "+nightly-2024-10-28" "test" "--frozen", kill_on_drop: false }`
[INFO] [stdout] b7d1ce80df89ca567afed9ba119c4d56e46fa666d5f77fefd21276ca5197f1e5
[INFO] running `Command { std: "docker" "start" "-a" "b7d1ce80df89ca567afed9ba119c4d56e46fa666d5f77fefd21276ca5197f1e5", kill_on_drop: false }`
[INFO] [stderr] warning: unused variable: `file_name`
[INFO] [stderr]    --> src/search.rs:120:33
[INFO] [stderr]     |
[INFO] [stderr] 120 |                     if let Some(file_name) = path.file_name() {
[INFO] [stderr]     |                                 ^^^^^^^^^ help: if this is intentional, prefix it with an underscore: `_file_name`
[INFO] [stderr]     |
[INFO] [stderr]     = note: `#[warn(unused_variables)]` on by default
[INFO] [stderr] 
[INFO] [stderr] warning: `rust_search_fork` (lib) generated 1 warning
[INFO] [stderr] warning: `rust_search_fork` (lib test) generated 1 warning (1 duplicate)
[INFO] [stderr]     Finished `test` profile [unoptimized + debuginfo] target(s) in 0.03s
[INFO] [stderr]      Running unittests src/lib.rs (/opt/rustwide/target/debug/deps/rust_search_fork-e4890d5248e90f9a)
[INFO] [stdout] 
[INFO] [stdout] running 0 tests
[INFO] [stdout] 
[INFO] [stdout] test result: ok. 0 passed; 0 failed; 0 ignored; 0 measured; 0 filtered out; finished in 0.00s
[INFO] [stdout] 
[INFO] [stderr]    Doc-tests rust_search_fork
[INFO] [stdout] 
[INFO] [stdout] running 21 tests
[INFO] [stdout] test src/builder.rs - builder::SearchBuilder::depth (line 138) ... FAILED
[INFO] [stdout] test src/builder.rs - builder::SearchBuilder::dirs (line 247) ... FAILED
[INFO] [stdout] test src/../README.md - (line 53) ... FAILED
[INFO] [stdout] test src/../README.md - (line 92) ... FAILED
[INFO] [stdout] test src/builder.rs - builder::SearchBuilder::ignore_case (line 190) ... FAILED
[INFO] [stdout] test src/../README.md - (line 103) ... FAILED
[INFO] [stdout] test src/builder.rs - builder::SearchBuilder::ext (line 94) ... FAILED
[INFO] [stdout] test src/../README.md - (line 80) ... FAILED
[INFO] [stdout] test src/../README.md - (line 28) ... FAILED
[INFO] [stdout] test src/builder.rs - builder::SearchBuilder::hidden (line 206) ... FAILED
[INFO] [stdout] test src/builder.rs - builder::SearchBuilder::filter (line 113) ... FAILED
[INFO] [stdout] test src/search.rs - search::Search (line 19) ... ignored
[INFO] [stdout] test src/search.rs - search::Search (line 31) ... ignored
[INFO] [stdout] test src/builder.rs - builder::SearchBuilder::location (line 60) ... FAILED
[INFO] [stdout] test src/builder.rs - builder::SearchBuilder::threads (line 264) ... FAILED
[INFO] [stdout] test src/builder.rs - builder::SearchBuilder::strict (line 172) ... FAILED
[INFO] [stdout] test src/builder.rs - builder::SearchBuilder::limit (line 155) ... FAILED
[INFO] [stdout] test src/builder.rs - builder::SearchBuilder::more_locations (line 225) ... FAILED
[INFO] [stdout] test src/builder.rs - builder::SearchBuilder::search_input (line 77) ... FAILED
[INFO] [stdout] test src/utils.rs - utils::similarity_sort (line 57) ... FAILED
[INFO] [stdout] test src/filter.rs - filter::FilterExt::custom_filter (line 99) ... FAILED
[INFO] [stdout] 
[INFO] [stdout] failures:
[INFO] [stdout] 
[INFO] [stdout] ---- src/builder.rs - builder::SearchBuilder::depth (line 138) stdout ----
[INFO] [stdout] error[E0432]: unresolved import `rust_search`
[INFO] [stdout]  --> src/builder.rs:139:5
[INFO] [stdout]   |
[INFO] [stdout] 3 | use rust_search::SearchBuilder;
[INFO] [stdout]   |     ^^^^^^^^^^^ use of undeclared crate or module `rust_search`
[INFO] [stdout] 
[INFO] [stdout] error: aborting due to 1 previous error
[INFO] [stdout] 
[INFO] [stdout] For more information about this error, try `rustc --explain E0432`.
[INFO] [stdout] Couldn't compile the test.
[INFO] [stdout] ---- src/builder.rs - builder::SearchBuilder::dirs (line 247) stdout ----
[INFO] [stdout] error[E0432]: unresolved import `rust_search`
[INFO] [stdout]  --> src/builder.rs:248:5
[INFO] [stdout]   |
[INFO] [stdout] 3 | use rust_search::SearchBuilder;
[INFO] [stdout]   |     ^^^^^^^^^^^ use of undeclared crate or module `rust_search`
[INFO] [stdout] 
[INFO] [stdout] error: aborting due to 1 previous error
[INFO] [stdout] 
[INFO] [stdout] For more information about this error, try `rustc --explain E0432`.
[INFO] [stdout] Couldn't compile the test.
[INFO] [stdout] ---- src/../README.md - (line 53) stdout ----
[INFO] [stdout] error[E0432]: unresolved import `rust_search`
[INFO] [stdout]  --> src/../README.md:54:5
[INFO] [stdout]   |
[INFO] [stdout] 2 | use rust_search::{SearchBuilder, similarity_sort};
[INFO] [stdout]   |     ^^^^^^^^^^^ use of undeclared crate or module `rust_search`
[INFO] [stdout] 
[INFO] [stdout] error: aborting due to 1 previous error
[INFO] [stdout] 
[INFO] [stdout] For more information about this error, try `rustc --explain E0432`.
[INFO] [stdout] Couldn't compile the test.
[INFO] [stdout] ---- src/../README.md - (line 92) stdout ----
[INFO] [stdout] error[E0432]: unresolved import `rust_search`
[INFO] [stdout]  --> src/../README.md:93:5
[INFO] [stdout]   |
[INFO] [stdout] 3 | use rust_search::SearchBuilder;
[INFO] [stdout]   |     ^^^^^^^^^^^ use of undeclared crate or module `rust_search`
[INFO] [stdout] 
[INFO] [stdout] error: aborting due to 1 previous error
[INFO] [stdout] 
[INFO] [stdout] For more information about this error, try `rustc --explain E0432`.
[INFO] [stdout] Couldn't compile the test.
[INFO] [stdout] ---- src/builder.rs - builder::SearchBuilder::ignore_case (line 190) stdout ----
[INFO] [stdout] error[E0432]: unresolved import `rust_search`
[INFO] [stdout]  --> src/builder.rs:191:5
[INFO] [stdout]   |
[INFO] [stdout] 3 | use rust_search::SearchBuilder;
[INFO] [stdout]   |     ^^^^^^^^^^^ use of undeclared crate or module `rust_search`
[INFO] [stdout] 
[INFO] [stdout] error: aborting due to 1 previous error
[INFO] [stdout] 
[INFO] [stdout] For more information about this error, try `rustc --explain E0432`.
[INFO] [stdout] Couldn't compile the test.
[INFO] [stdout] ---- src/../README.md - (line 103) stdout ----
[INFO] [stdout] error[E0432]: unresolved import `rust_search`
[INFO] [stdout]  --> src/../README.md:104:5
[INFO] [stdout]   |
[INFO] [stdout] 3 | use rust_search::{FileSize, FilterExt, SearchBuilder};
[INFO] [stdout]   |     ^^^^^^^^^^^ use of undeclared crate or module `rust_search`
[INFO] [stdout] 
[INFO] [stdout] error: aborting due to 1 previous error
[INFO] [stdout] 
[INFO] [stdout] For more information about this error, try `rustc --explain E0432`.
[INFO] [stdout] Couldn't compile the test.
[INFO] [stdout] ---- src/builder.rs - builder::SearchBuilder::ext (line 94) stdout ----
[INFO] [stdout] error[E0432]: unresolved import `rust_search`
[INFO] [stdout]  --> src/builder.rs:95:5
[INFO] [stdout]   |
[INFO] [stdout] 3 | use rust_search::SearchBuilder;
[INFO] [stdout]   |     ^^^^^^^^^^^ use of undeclared crate or module `rust_search`
[INFO] [stdout] 
[INFO] [stdout] error: aborting due to 1 previous error
[INFO] [stdout] 
[INFO] [stdout] For more information about this error, try `rustc --explain E0432`.
[INFO] [stdout] Couldn't compile the test.
[INFO] [stdout] ---- src/../README.md - (line 80) stdout ----
[INFO] [stdout] error[E0432]: unresolved import `rust_search`
[INFO] [stdout]  --> src/../README.md:81:5
[INFO] [stdout]   |
[INFO] [stdout] 3 | use rust_search::SearchBuilder;
[INFO] [stdout]   |     ^^^^^^^^^^^ use of undeclared crate or module `rust_search`
[INFO] [stdout] 
[INFO] [stdout] error: aborting due to 1 previous error
[INFO] [stdout] 
[INFO] [stdout] For more information about this error, try `rustc --explain E0432`.
[INFO] [stdout] Couldn't compile the test.
[INFO] [stdout] ---- src/../README.md - (line 28) stdout ----
[INFO] [stdout] error[E0432]: unresolved import `rust_search`
[INFO] [stdout]  --> src/../README.md:29:5
[INFO] [stdout]   |
[INFO] [stdout] 2 | use rust_search::SearchBuilder;
[INFO] [stdout]   |     ^^^^^^^^^^^ use of undeclared crate or module `rust_search`
[INFO] [stdout] 
[INFO] [stdout] error: aborting due to 1 previous error
[INFO] [stdout] 
[INFO] [stdout] For more information about this error, try `rustc --explain E0432`.
[INFO] [stdout] Couldn't compile the test.
[INFO] [stdout] ---- src/builder.rs - builder::SearchBuilder::hidden (line 206) stdout ----
[INFO] [stdout] error[E0432]: unresolved import `rust_search`
[INFO] [stdout]  --> src/builder.rs:207:5
[INFO] [stdout]   |
[INFO] [stdout] 3 | use rust_search::SearchBuilder;
[INFO] [stdout]   |     ^^^^^^^^^^^ use of undeclared crate or module `rust_search`
[INFO] [stdout] 
[INFO] [stdout] error: aborting due to 1 previous error
[INFO] [stdout] 
[INFO] [stdout] For more information about this error, try `rustc --explain E0432`.
[INFO] [stdout] Couldn't compile the test.
[INFO] [stdout] ---- src/builder.rs - builder::SearchBuilder::filter (line 113) stdout ----
[INFO] [stdout] error[E0432]: unresolved import `rust_search`
[INFO] [stdout]  --> src/builder.rs:114:5
[INFO] [stdout]   |
[INFO] [stdout] 3 | use rust_search::{FileSize, FilterExt, SearchBuilder};
[INFO] [stdout]   |     ^^^^^^^^^^^ use of undeclared crate or module `rust_search`
[INFO] [stdout] 
[INFO] [stdout] error: aborting due to 1 previous error
[INFO] [stdout] 
[INFO] [stdout] For more information about this error, try `rustc --explain E0432`.
[INFO] [stdout] Couldn't compile the test.
[INFO] [stdout] ---- src/builder.rs - builder::SearchBuilder::location (line 60) stdout ----
[INFO] [stdout] error[E0432]: unresolved import `rust_search`
[INFO] [stdout]  --> src/builder.rs:61:5
[INFO] [stdout]   |
[INFO] [stdout] 3 | use rust_search::SearchBuilder;
[INFO] [stdout]   |     ^^^^^^^^^^^ use of undeclared crate or module `rust_search`
[INFO] [stdout] 
[INFO] [stdout] error: aborting due to 1 previous error
[INFO] [stdout] 
[INFO] [stdout] For more information about this error, try `rustc --explain E0432`.
[INFO] [stdout] Couldn't compile the test.
[INFO] [stdout] ---- src/builder.rs - builder::SearchBuilder::threads (line 264) stdout ----
[INFO] [stdout] error[E0432]: unresolved import `rust_search`
[INFO] [stdout]  --> src/builder.rs:265:5
[INFO] [stdout]   |
[INFO] [stdout] 3 | use rust_search::SearchBuilder;
[INFO] [stdout]   |     ^^^^^^^^^^^ use of undeclared crate or module `rust_search`
[INFO] [stdout] 
[INFO] [stdout] error: aborting due to 1 previous error
[INFO] [stdout] 
[INFO] [stdout] For more information about this error, try `rustc --explain E0432`.
[INFO] [stdout] Couldn't compile the test.
[INFO] [stdout] ---- src/builder.rs - builder::SearchBuilder::strict (line 172) stdout ----
[INFO] [stdout] error[E0432]: unresolved import `rust_search`
[INFO] [stdout]  --> src/builder.rs:173:5
[INFO] [stdout]   |
[INFO] [stdout] 3 | use rust_search::SearchBuilder;
[INFO] [stdout]   |     ^^^^^^^^^^^ use of undeclared crate or module `rust_search`
[INFO] [stdout] 
[INFO] [stdout] error: aborting due to 1 previous error
[INFO] [stdout] 
[INFO] [stdout] For more information about this error, try `rustc --explain E0432`.
[INFO] [stdout] Couldn't compile the test.
[INFO] [stdout] ---- src/builder.rs - builder::SearchBuilder::limit (line 155) stdout ----
[INFO] [stdout] error[E0432]: unresolved import `rust_search`
[INFO] [stdout]  --> src/builder.rs:156:5
[INFO] [stdout]   |
[INFO] [stdout] 3 | use rust_search::SearchBuilder;
[INFO] [stdout]   |     ^^^^^^^^^^^ use of undeclared crate or module `rust_search`
[INFO] [stdout] 
[INFO] [stdout] error: aborting due to 1 previous error
[INFO] [stdout] 
[INFO] [stdout] For more information about this error, try `rustc --explain E0432`.
[INFO] [stdout] Couldn't compile the test.
[INFO] [stdout] ---- src/builder.rs - builder::SearchBuilder::more_locations (line 225) stdout ----
[INFO] [stdout] error[E0432]: unresolved import `rust_search`
[INFO] [stdout]  --> src/builder.rs:226:5
[INFO] [stdout]   |
[INFO] [stdout] 3 | use rust_search::SearchBuilder;
[INFO] [stdout]   |     ^^^^^^^^^^^ use of undeclared crate or module `rust_search`
[INFO] [stdout] 
[INFO] [stdout] error: aborting due to 1 previous error
[INFO] [stdout] 
[INFO] [stdout] For more information about this error, try `rustc --explain E0432`.
[INFO] [stdout] Couldn't compile the test.
[INFO] [stdout] ---- src/builder.rs - builder::SearchBuilder::search_input (line 77) stdout ----
[INFO] [stdout] error[E0432]: unresolved import `rust_search`
[INFO] [stdout]  --> src/builder.rs:78:5
[INFO] [stdout]   |
[INFO] [stdout] 3 | use rust_search::SearchBuilder;
[INFO] [stdout]   |     ^^^^^^^^^^^ use of undeclared crate or module `rust_search`
[INFO] [stdout] 
[INFO] [stdout] error: aborting due to 1 previous error
[INFO] [stdout] 
[INFO] [stdout] For more information about this error, try `rustc --explain E0432`.
[INFO] [stdout] Couldn't compile the test.
[INFO] [stdout] ---- src/utils.rs - utils::similarity_sort (line 57) stdout ----
[INFO] [stdout] error[E0432]: unresolved import `rust_search`
[INFO] [stdout]  --> src/utils.rs:58:5
[INFO] [stdout]   |
[INFO] [stdout] 3 | use rust_search::{SearchBuilder, similarity_sort};
[INFO] [stdout]   |     ^^^^^^^^^^^ use of undeclared crate or module `rust_search`
[INFO] [stdout] 
[INFO] [stdout] error: aborting due to 1 previous error
[INFO] [stdout] 
[INFO] [stdout] For more information about this error, try `rustc --explain E0432`.
[INFO] [stdout] Couldn't compile the test.
[INFO] [stdout] ---- src/filter.rs - filter::FilterExt::custom_filter (line 99) stdout ----
[INFO] [stdout] error[E0432]: unresolved import `rust_search`
[INFO] [stdout]  --> src/filter.rs:100:5
[INFO] [stdout]   |
[INFO] [stdout] 3 | use rust_search::FilterExt;
[INFO] [stdout]   |     ^^^^^^^^^^^ use of undeclared crate or module `rust_search`
[INFO] [stdout] 
[INFO] [stdout] error[E0433]: failed to resolve: use of undeclared crate or module `rust_search`
[INFO] [stdout]  --> src/filter.rs:101:15
[INFO] [stdout]   |
[INFO] [stdout] 4 | let builder = rust_search::SearchBuilder::default();
[INFO] [stdout]   |               ^^^^^^^^^^^ use of undeclared crate or module `rust_search`
[INFO] [stdout]   |
[INFO] [stdout] help: consider importing this struct
[INFO] [stdout]   |
[INFO] [stdout] 2 + use rust_search_fork::SearchBuilder;
[INFO] [stdout]   |
[INFO] [stdout] help: if you import `SearchBuilder`, refer to it directly
[INFO] [stdout]   |
[INFO] [stdout] 4 - let builder = rust_search::SearchBuilder::default();
[INFO] [stdout] 4 + let builder = SearchBuilder::default();
[INFO] [stdout]   |
[INFO] [stdout] 
[INFO] [stdout] error: aborting due to 2 previous errors
[INFO] [stdout] 
[INFO] [stdout] Some errors have detailed explanations: E0432, E0433.
[INFO] [stdout] For more information about an error, try `rustc --explain E0432`.
[INFO] [stdout] Couldn't compile the test.
[INFO] [stdout] 
[INFO] [stdout] failures:
[INFO] [stdout]     src/../README.md - (line 103)
[INFO] [stdout]     src/../README.md - (line 28)
[INFO] [stdout]     src/../README.md - (line 53)
[INFO] [stdout]     src/../README.md - (line 80)
[INFO] [stdout]     src/../README.md - (line 92)
[INFO] [stdout]     src/builder.rs - builder::SearchBuilder::depth (line 138)
[INFO] [stdout]     src/builder.rs - builder::SearchBuilder::dirs (line 247)
[INFO] [stdout]     src/builder.rs - builder::SearchBuilder::ext (line 94)
[INFO] [stdout]     src/builder.rs - builder::SearchBuilder::filter (line 113)
[INFO] [stdout]     src/builder.rs - builder::SearchBuilder::hidden (line 206)
[INFO] [stdout]     src/builder.rs - builder::SearchBuilder::ignore_case (line 190)
[INFO] [stdout]     src/builder.rs - builder::SearchBuilder::limit (line 155)
[INFO] [stdout]     src/builder.rs - builder::SearchBuilder::location (line 60)
[INFO] [stdout]     src/builder.rs - builder::SearchBuilder::more_locations (line 225)
[INFO] [stdout]     src/builder.rs - builder::SearchBuilder::search_input (line 77)
[INFO] [stdout]     src/builder.rs - builder::SearchBuilder::strict (line 172)
[INFO] [stdout]     src/builder.rs - builder::SearchBuilder::threads (line 264)
[INFO] [stdout]     src/filter.rs - filter::FilterExt::custom_filter (line 99)
[INFO] [stdout]     src/utils.rs - utils::similarity_sort (line 57)
[INFO] [stdout] 
[INFO] [stdout] test result: FAILED. 0 passed; 19 failed; 2 ignored; 0 measured; 0 filtered out; finished in 0.38s
[INFO] [stdout] 
[INFO] [stderr] error: doctest failed, to rerun pass `--doc`
[INFO] running `Command { std: "docker" "inspect" "b7d1ce80df89ca567afed9ba119c4d56e46fa666d5f77fefd21276ca5197f1e5", kill_on_drop: false }`
[INFO] running `Command { std: "docker" "rm" "-f" "b7d1ce80df89ca567afed9ba119c4d56e46fa666d5f77fefd21276ca5197f1e5", kill_on_drop: false }`
[INFO] [stdout] b7d1ce80df89ca567afed9ba119c4d56e46fa666d5f77fefd21276ca5197f1e5
