[INFO] fetching crate rust_pixel 0.5.6...
[INFO] testing rust_pixel-0.5.6 against nightly-2024-10-28 for randomize-layout
[INFO] extracting crate rust_pixel 0.5.6 into /workspace/builds/worker-3-tc1/source
[INFO] validating manifest of crates.io crate rust_pixel 0.5.6 on toolchain nightly-2024-10-28
[INFO] running `Command { std: CARGO_HOME="/workspace/cargo-home" RUSTUP_HOME="/workspace/rustup-home" "/workspace/cargo-home/bin/cargo" "+nightly-2024-10-28" "metadata" "--manifest-path" "Cargo.toml" "--no-deps", kill_on_drop: false }`
[INFO] started tweaking crates.io crate rust_pixel 0.5.6
[INFO] finished tweaking crates.io crate rust_pixel 0.5.6
[INFO] tweaked toml for crates.io crate rust_pixel 0.5.6 written to /workspace/builds/worker-3-tc1/source/Cargo.toml
[INFO] crate crates.io crate rust_pixel 0.5.6 already has a lockfile, it will not be regenerated
[INFO] running `Command { std: CARGO_HOME="/workspace/cargo-home" RUSTUP_HOME="/workspace/rustup-home" "/workspace/cargo-home/bin/cargo" "+nightly-2024-10-28" "fetch" "--manifest-path" "Cargo.toml", kill_on_drop: false }`
[INFO] [stderr]     Updating crates.io index
[INFO] [stderr]  Downloading crates ...
[INFO] [stderr]   Downloaded pixel_macro v0.1.0
[INFO] [stderr]   Downloaded keyframe v1.1.1
[INFO] [stderr]   Downloaded keyframe_derive v1.0.0
[INFO] [stderr]   Downloaded c_vec v2.0.0
[INFO] [stderr]   Downloaded crossterm v0.22.1
[INFO] [stderr]   Downloaded glow v0.14.2
[INFO] [stderr]   Downloaded sdl2 v0.36.0
[INFO] [stderr]   Downloaded deltae v0.3.2
[INFO] [stderr]   Downloaded sdl2-sys v0.36.0
[INFO] running `Command { std: "docker" "create" "-v" "/var/lib/crater-agent-workspace/builds/worker-3-tc1/target:/opt/rustwide/target:rw,Z" "-v" "/var/lib/crater-agent-workspace/builds/worker-3-tc1/source:/opt/rustwide/workdir:ro,Z" "-v" "/var/lib/crater-agent-workspace/cargo-home:/opt/rustwide/cargo-home:ro,Z" "-v" "/var/lib/crater-agent-workspace/rustup-home:/opt/rustwide/rustup-home:ro,Z" "-e" "SOURCE_DIR=/opt/rustwide/workdir" "-e" "CARGO_TARGET_DIR=/opt/rustwide/target" "-e" "CARGO_HOME=/opt/rustwide/cargo-home" "-e" "RUSTUP_HOME=/opt/rustwide/rustup-home" "-w" "/opt/rustwide/workdir" "-m" "1610612736" "--user" "0:0" "--network" "none" "ghcr.io/rust-lang/crates-build-env/linux@sha256:4a844ea9eb2546a2d2c7022eacef16ef2e8229c7fbb2c7d4d55a9ceca922f72d" "/opt/rustwide/cargo-home/bin/cargo" "+nightly-2024-10-28" "metadata" "--no-deps" "--format-version=1", kill_on_drop: false }`
[INFO] [stdout] 20386346ab598385197267ce628e064c9b3df124a851aa0ed2e8d4ecb9621164
[INFO] running `Command { std: "docker" "start" "-a" "20386346ab598385197267ce628e064c9b3df124a851aa0ed2e8d4ecb9621164", kill_on_drop: false }`
[INFO] running `Command { std: "docker" "inspect" "20386346ab598385197267ce628e064c9b3df124a851aa0ed2e8d4ecb9621164", kill_on_drop: false }`
[INFO] running `Command { std: "docker" "rm" "-f" "20386346ab598385197267ce628e064c9b3df124a851aa0ed2e8d4ecb9621164", kill_on_drop: false }`
[INFO] [stdout] 20386346ab598385197267ce628e064c9b3df124a851aa0ed2e8d4ecb9621164
[INFO] running `Command { std: "docker" "create" "-v" "/var/lib/crater-agent-workspace/builds/worker-3-tc1/target:/opt/rustwide/target:rw,Z" "-v" "/var/lib/crater-agent-workspace/builds/worker-3-tc1/source:/opt/rustwide/workdir:ro,Z" "-v" "/var/lib/crater-agent-workspace/cargo-home:/opt/rustwide/cargo-home:ro,Z" "-v" "/var/lib/crater-agent-workspace/rustup-home:/opt/rustwide/rustup-home:ro,Z" "-e" "SOURCE_DIR=/opt/rustwide/workdir" "-e" "CARGO_TARGET_DIR=/opt/rustwide/target" "-e" "CARGO_INCREMENTAL=0" "-e" "RUST_BACKTRACE=full" "-e" "RUSTFLAGS=--cap-lints=forbid" "-e" "RUSTDOCFLAGS=--cap-lints=forbid" "-e" "CARGO_HOME=/opt/rustwide/cargo-home" "-e" "RUSTUP_HOME=/opt/rustwide/rustup-home" "-w" "/opt/rustwide/workdir" "-m" "1610612736" "--user" "0:0" "--network" "none" "ghcr.io/rust-lang/crates-build-env/linux@sha256:4a844ea9eb2546a2d2c7022eacef16ef2e8229c7fbb2c7d4d55a9ceca922f72d" "/opt/rustwide/cargo-home/bin/cargo" "+nightly-2024-10-28" "build" "--frozen" "--message-format=json", kill_on_drop: false }`
[INFO] [stdout] 1958fe31a218695d8e1d1b32e08bba474d9da7a77e34382655d2eb8286762bbf
[INFO] running `Command { std: "docker" "start" "-a" "1958fe31a218695d8e1d1b32e08bba474d9da7a77e34382655d2eb8286762bbf", kill_on_drop: false }`
[INFO] [stderr]    Compiling proc-macro2 v1.0.88
[INFO] [stderr]    Compiling serde v1.0.210
[INFO] [stderr]    Compiling crossbeam-utils v0.8.20
[INFO] [stderr]    Compiling libm v0.2.8
[INFO] [stderr]    Compiling lock_api v0.4.12
[INFO] [stderr]    Compiling syn v1.0.109
[INFO] [stderr]    Compiling num-traits v0.2.19
[INFO] [stderr]    Compiling simd-adler32 v0.3.7
[INFO] [stderr]    Compiling wasm-bindgen-shared v0.2.95
[INFO] [stderr]    Compiling bytemuck v1.19.0
[INFO] [stderr]    Compiling rayon-core v1.12.1
[INFO] [stderr]    Compiling log v0.4.22
[INFO] [stderr]    Compiling bumpalo v3.16.0
[INFO] [stderr]    Compiling alsa-sys v0.3.1
[INFO] [stderr]    Compiling proc-macro-error-attr v1.0.4
[INFO] [stderr]    Compiling getrandom v0.2.15
[INFO] [stderr]    Compiling adler2 v2.0.0
[INFO] [stderr]    Compiling arrayvec v0.7.6
[INFO] [stderr]    Compiling either v1.13.0
[INFO] [stderr]    Compiling miniz_oxide v0.8.0
[INFO] [stderr]    Compiling crossbeam-epoch v0.9.18
[INFO] [stderr]    Compiling quote v1.0.37
[INFO] [stderr]    Compiling rand_core v0.6.4
[INFO] [stderr]    Compiling syn v2.0.79
[INFO] [stderr]    Compiling crossbeam-deque v0.8.5
[INFO] [stderr]    Compiling proc-macro-error v1.0.4
[INFO] [stderr]    Compiling encoding_rs v0.8.34
[INFO] [stderr]    Compiling parking_lot_core v0.8.6
[INFO] [stderr]    Compiling signal-hook v0.3.17
[INFO] [stderr]    Compiling thiserror v1.0.64
[INFO] [stderr]    Compiling wasm-bindgen v0.2.95
[INFO] [stderr]    Compiling parking_lot_core v0.9.10
[INFO] [stderr]    Compiling flate2 v1.0.34
[INFO] [stderr]    Compiling rayon v1.10.0
[INFO] [stderr]    Compiling spin v0.9.8
[INFO] [stderr]    Compiling signal-hook-registry v1.4.2
[INFO] [stderr]    Compiling indexmap v1.9.3
[INFO] [stderr]    Compiling instant v0.1.13
[INFO] [stderr]    Compiling anyhow v1.0.90
[INFO] [stderr]    Compiling destructure_traitobject v0.2.0
[INFO] [stderr]    Compiling syn v0.15.44
[INFO] [stderr]    Compiling cpal v0.15.3
[INFO] [stderr]    Compiling serde_json v1.0.131
[INFO] [stderr]    Compiling weezl v0.1.8
[INFO] [stderr]    Compiling unsafe-any-ors v1.0.0
[INFO] [stderr]    Compiling miniz_oxide v0.7.4
[INFO] [stderr]    Compiling flume v0.11.0
[INFO] [stderr]    Compiling ordered-float v2.10.1
[INFO] [stderr]    Compiling quote v0.6.13
[INFO] [stderr]    Compiling aho-corasick v1.1.3
[INFO] [stderr]    Compiling zune-inflate v0.2.54
[INFO] [stderr]    Compiling fdeflate v0.3.5
[INFO] [stderr]    Compiling ogg v0.8.0
[INFO] [stderr]    Compiling half v2.4.1
[INFO] [stderr]    Compiling regex-syntax v0.8.5
[INFO] [stderr]    Compiling color_quant v1.1.0
[INFO] [stderr]    Compiling jpeg-decoder v0.3.1
[INFO] [stderr]    Compiling num-derive v0.2.5
[INFO] [stderr]    Compiling wasm-bindgen-backend v0.2.95
[INFO] [stderr]    Compiling dasp_sample v0.11.0
[INFO] [stderr]    Compiling bit_field v0.10.2
[INFO] [stderr]    Compiling os_str_bytes v6.6.1
[INFO] [stderr]    Compiling lebe v0.5.2
[INFO] [stderr]    Compiling exr v1.72.0
[INFO] [stderr]    Compiling tiff v0.9.1
[INFO] [stderr]    Compiling wasm-bindgen-macro-support v0.2.95
[INFO] [stderr]    Compiling regex-automata v0.4.8
[INFO] [stderr]    Compiling serde_derive v1.0.210
[INFO] [stderr]    Compiling zerocopy-derive v0.7.35
[INFO] [stderr]    Compiling thiserror-impl v1.0.64
[INFO] [stderr]    Compiling wasm-bindgen-macro v0.2.95
[INFO] [stderr]    Compiling derivative v2.2.0
[INFO] [stderr]    Compiling zerocopy v0.7.35
[INFO] [stderr]    Compiling clap_derive v3.2.25
[INFO] [stderr]    Compiling ppv-lite86 v0.2.20
[INFO] [stderr]    Compiling clap_lex v0.2.4
[INFO] [stderr]    Compiling js-sys v0.3.72
[INFO] [stderr]    Compiling chrono v0.4.38
[INFO] [stderr]    Compiling rand_chacha v0.3.1
[INFO] [stderr]    Compiling rand v0.8.5
[INFO] [stderr]    Compiling gif v0.13.1
[INFO] [stderr]    Compiling png v0.17.14
[INFO] [stderr]    Compiling lewton v0.10.2
[INFO] [stderr]    Compiling parking_lot v0.12.3
[INFO] [stderr]    Compiling parking_lot v0.11.2
[INFO] [stderr]    Compiling typemap-ors v1.0.0
[INFO] [stderr]    Compiling qoi v0.4.1
[INFO] [stderr]    Compiling atty v0.2.14
[INFO] [stderr]    Compiling thread-id v4.2.2
[INFO] [stderr]    Compiling dirs-sys-next v0.1.2
[INFO] [stderr]    Compiling arc-swap v1.7.1
[INFO] [stderr]    Compiling log-mdc v0.1.0
[INFO] [stderr]    Compiling claxon v0.4.3
[INFO] [stderr]    Compiling hound v3.5.1
[INFO] [stderr]    Compiling textwrap v0.16.1
[INFO] [stderr]    Compiling mint v0.5.9
[INFO] [stderr]    Compiling dirs-next v2.0.0
[INFO] [stderr]    Compiling image v0.24.9
[INFO] [stderr]    Compiling web-sys v0.3.72
[INFO] [stderr]    Compiling clap v3.2.25
[INFO] [stderr]    Compiling keyframe v1.1.1
[INFO] [stderr]    Compiling regex v1.11.0
[INFO] [stderr]    Compiling keyframe_derive v1.0.0
[INFO] [stderr]    Compiling pixel_macro v0.1.0
[INFO] [stderr]    Compiling rand_xoshiro v0.6.0
[INFO] [stderr]    Compiling itertools v0.13.0
[INFO] [stderr]    Compiling deltae v0.3.2
[INFO] [stderr]    Compiling unicode-width v0.1.14
[INFO] [stderr]    Compiling glow v0.14.2
[INFO] [stderr]    Compiling lab v0.11.0
[INFO] [stderr]    Compiling bitflags v2.6.0
[INFO] [stderr]    Compiling symphonia-core v0.5.4
[INFO] [stderr]    Compiling alsa v0.9.1
[INFO] [stderr]    Compiling mio v0.7.14
[INFO] [stderr]    Compiling signal-hook-mio v0.2.4
[INFO] [stderr]    Compiling symphonia-metadata v0.5.4
[INFO] [stderr]    Compiling symphonia-bundle-mp3 v0.5.4
[INFO] [stderr]    Compiling serde_yaml v0.9.34+deprecated
[INFO] [stderr]    Compiling serde-value v0.7.0
[INFO] [stderr]    Compiling symphonia v0.5.4
[INFO] [stderr]    Compiling crossterm v0.22.1
[INFO] [stderr]    Compiling rodio v0.18.1
[INFO] [stderr]    Compiling bincode v1.3.3
[INFO] [stderr]    Compiling toml v0.5.11
[INFO] [stderr]    Compiling log4rs v1.3.0
[INFO] [stderr]    Compiling unicode-segmentation v1.12.0
[INFO] [stderr]    Compiling rust_pixel v0.5.6 (/opt/rustwide/workdir)
[INFO] [stdout] warning: non-local `impl` definition, `impl` blocks should be written at the same level as their item
[INFO] [stdout]   --> src/render/style/color_pro.rs:90:30
[INFO] [stdout]    |
[INFO] [stdout] 90 | #[derive(Debug, Clone, Copy, FromPrimitive)]
[INFO] [stdout]    |                              ^------------
[INFO] [stdout]    |                              |
[INFO] [stdout]    |                              `FromPrimitive` is not local
[INFO] [stdout]    |                              move the `impl` block outside of this constant `_IMPL_NUM_FromPrimitive_FOR_ColorSpace`
[INFO] [stdout] 91 | pub enum ColorSpace {
[INFO] [stdout]    |          ---------- `ColorSpace` is not local
[INFO] [stdout]    |
[INFO] [stdout]    = note: the derive macro `FromPrimitive` defines the non-local `impl`, and may need to be changed
[INFO] [stdout]    = note: the derive macro `FromPrimitive` may come from an old version of the `num_derive` crate, try updating your dependency with `cargo update -p num_derive`
[INFO] [stdout]    = note: an `impl` is never scoped, even when it is nested inside an item, as it may impact type checking outside of that item, which can be the case if neither the trait or the self type are at the same nesting level as the `impl`
[INFO] [stdout]    = note: items in an anonymous const item (`const _: () = { ... }`) are treated as in the same scope as the anonymous const's declaration for the purpose of this lint
[INFO] [stdout]    = note: `#[warn(non_local_definitions)]` on by default
[INFO] [stdout]    = note: this warning originates in the derive macro `FromPrimitive` (in Nightly builds, run with -Z macro-backtrace for more info)
[INFO] [stdout] 
[INFO] [stdout] 
[INFO] [stderr]     Finished `dev` profile [unoptimized + debuginfo] target(s) in 20.51s
[INFO] running `Command { std: "docker" "inspect" "1958fe31a218695d8e1d1b32e08bba474d9da7a77e34382655d2eb8286762bbf", kill_on_drop: false }`
[INFO] running `Command { std: "docker" "rm" "-f" "1958fe31a218695d8e1d1b32e08bba474d9da7a77e34382655d2eb8286762bbf", kill_on_drop: false }`
[INFO] [stdout] 1958fe31a218695d8e1d1b32e08bba474d9da7a77e34382655d2eb8286762bbf
[INFO] running `Command { std: "docker" "create" "-v" "/var/lib/crater-agent-workspace/builds/worker-3-tc1/target:/opt/rustwide/target:rw,Z" "-v" "/var/lib/crater-agent-workspace/builds/worker-3-tc1/source:/opt/rustwide/workdir:ro,Z" "-v" "/var/lib/crater-agent-workspace/cargo-home:/opt/rustwide/cargo-home:ro,Z" "-v" "/var/lib/crater-agent-workspace/rustup-home:/opt/rustwide/rustup-home:ro,Z" "-e" "SOURCE_DIR=/opt/rustwide/workdir" "-e" "CARGO_TARGET_DIR=/opt/rustwide/target" "-e" "CARGO_INCREMENTAL=0" "-e" "RUST_BACKTRACE=full" "-e" "RUSTFLAGS=--cap-lints=forbid" "-e" "RUSTDOCFLAGS=--cap-lints=forbid" "-e" "CARGO_HOME=/opt/rustwide/cargo-home" "-e" "RUSTUP_HOME=/opt/rustwide/rustup-home" "-w" "/opt/rustwide/workdir" "-m" "1610612736" "--user" "0:0" "--network" "none" "ghcr.io/rust-lang/crates-build-env/linux@sha256:4a844ea9eb2546a2d2c7022eacef16ef2e8229c7fbb2c7d4d55a9ceca922f72d" "/opt/rustwide/cargo-home/bin/cargo" "+nightly-2024-10-28" "test" "--frozen" "--no-run" "--message-format=json", kill_on_drop: false }`
[INFO] [stdout] 2074b8c30e72a18578062400d73751583e2a738164fe56f55ab61620e2b571ac
[INFO] running `Command { std: "docker" "start" "-a" "2074b8c30e72a18578062400d73751583e2a738164fe56f55ab61620e2b571ac", kill_on_drop: false }`
[INFO] [stderr]    Compiling rust_pixel v0.5.6 (/opt/rustwide/workdir)
[INFO] [stdout] warning: non-local `impl` definition, `impl` blocks should be written at the same level as their item
[INFO] [stdout]   --> src/render/style/color_pro.rs:90:30
[INFO] [stdout]    |
[INFO] [stdout] 90 | #[derive(Debug, Clone, Copy, FromPrimitive)]
[INFO] [stdout]    |                              ^------------
[INFO] [stdout]    |                              |
[INFO] [stdout]    |                              `FromPrimitive` is not local
[INFO] [stdout]    |                              move the `impl` block outside of this constant `_IMPL_NUM_FromPrimitive_FOR_ColorSpace`
[INFO] [stdout] 91 | pub enum ColorSpace {
[INFO] [stdout]    |          ---------- `ColorSpace` is not local
[INFO] [stdout]    |
[INFO] [stdout]    = note: the derive macro `FromPrimitive` defines the non-local `impl`, and may need to be changed
[INFO] [stdout]    = note: the derive macro `FromPrimitive` may come from an old version of the `num_derive` crate, try updating your dependency with `cargo update -p num_derive`
[INFO] [stdout]    = note: an `impl` is never scoped, even when it is nested inside an item, as it may impact type checking outside of that item, which can be the case if neither the trait or the self type are at the same nesting level as the `impl`
[INFO] [stdout]    = note: items in an anonymous const item (`const _: () = { ... }`) are treated as in the same scope as the anonymous const's declaration for the purpose of this lint
[INFO] [stdout]    = note: `#[warn(non_local_definitions)]` on by default
[INFO] [stdout]    = note: this warning originates in the derive macro `FromPrimitive` (in Nightly builds, run with -Z macro-backtrace for more info)
[INFO] [stdout] 
[INFO] [stdout] 
[INFO] [stdout] warning: non-local `impl` definition, `impl` blocks should be written at the same level as their item
[INFO] [stdout]   --> src/render/style/color_pro.rs:90:30
[INFO] [stdout]    |
[INFO] [stdout] 90 | #[derive(Debug, Clone, Copy, FromPrimitive)]
[INFO] [stdout]    |                              ^------------
[INFO] [stdout]    |                              |
[INFO] [stdout]    |                              `FromPrimitive` is not local
[INFO] [stdout]    |                              move the `impl` block outside of this constant `_IMPL_NUM_FromPrimitive_FOR_ColorSpace`
[INFO] [stdout] 91 | pub enum ColorSpace {
[INFO] [stdout]    |          ---------- `ColorSpace` is not local
[INFO] [stdout]    |
[INFO] [stdout]    = note: the derive macro `FromPrimitive` defines the non-local `impl`, and may need to be changed
[INFO] [stdout]    = note: the derive macro `FromPrimitive` may come from an old version of the `num_derive` crate, try updating your dependency with `cargo update -p num_derive`
[INFO] [stdout]    = note: an `impl` is never scoped, even when it is nested inside an item, as it may impact type checking outside of that item, which can be the case if neither the trait or the self type are at the same nesting level as the `impl`
[INFO] [stdout]    = note: items in an anonymous const item (`const _: () = { ... }`) are treated as in the same scope as the anonymous const's declaration for the purpose of this lint
[INFO] [stdout]    = note: `#[warn(non_local_definitions)]` on by default
[INFO] [stdout]    = note: this warning originates in the derive macro `FromPrimitive` (in Nightly builds, run with -Z macro-backtrace for more info)
[INFO] [stdout] 
[INFO] [stdout] 
[INFO] [stderr]     Finished `test` profile [unoptimized + debuginfo] target(s) in 1.42s
[INFO] running `Command { std: "docker" "inspect" "2074b8c30e72a18578062400d73751583e2a738164fe56f55ab61620e2b571ac", kill_on_drop: false }`
[INFO] running `Command { std: "docker" "rm" "-f" "2074b8c30e72a18578062400d73751583e2a738164fe56f55ab61620e2b571ac", kill_on_drop: false }`
[INFO] [stdout] 2074b8c30e72a18578062400d73751583e2a738164fe56f55ab61620e2b571ac
[INFO] running `Command { std: "docker" "create" "-v" "/var/lib/crater-agent-workspace/builds/worker-3-tc1/target:/opt/rustwide/target:rw,Z" "-v" "/var/lib/crater-agent-workspace/builds/worker-3-tc1/source:/opt/rustwide/workdir:ro,Z" "-v" "/var/lib/crater-agent-workspace/cargo-home:/opt/rustwide/cargo-home:ro,Z" "-v" "/var/lib/crater-agent-workspace/rustup-home:/opt/rustwide/rustup-home:ro,Z" "-e" "SOURCE_DIR=/opt/rustwide/workdir" "-e" "CARGO_TARGET_DIR=/opt/rustwide/target" "-e" "CARGO_INCREMENTAL=0" "-e" "RUST_BACKTRACE=full" "-e" "RUSTFLAGS=--cap-lints=forbid" "-e" "RUSTDOCFLAGS=--cap-lints=forbid" "-e" "CARGO_HOME=/opt/rustwide/cargo-home" "-e" "RUSTUP_HOME=/opt/rustwide/rustup-home" "-w" "/opt/rustwide/workdir" "-m" "1610612736" "--user" "0:0" "--network" "none" "ghcr.io/rust-lang/crates-build-env/linux@sha256:4a844ea9eb2546a2d2c7022eacef16ef2e8229c7fbb2c7d4d55a9ceca922f72d" "/opt/rustwide/cargo-home/bin/cargo" "+nightly-2024-10-28" "test" "--frozen", kill_on_drop: false }`
[INFO] [stdout] 1edba9e125174a30804e80fc68ab49508aad14bc011bc6575eb54e8b78e82aea
[INFO] running `Command { std: "docker" "start" "-a" "1edba9e125174a30804e80fc68ab49508aad14bc011bc6575eb54e8b78e82aea", kill_on_drop: false }`
[INFO] [stderr] warning: non-local `impl` definition, `impl` blocks should be written at the same level as their item
[INFO] [stderr]   --> src/render/style/color_pro.rs:90:30
[INFO] [stderr]    |
[INFO] [stderr] 90 | #[derive(Debug, Clone, Copy, FromPrimitive)]
[INFO] [stderr]    |                              ^------------
[INFO] [stderr]    |                              |
[INFO] [stderr]    |                              `FromPrimitive` is not local
[INFO] [stderr]    |                              move the `impl` block outside of this constant `_IMPL_NUM_FromPrimitive_FOR_ColorSpace`
[INFO] [stderr] 91 | pub enum ColorSpace {
[INFO] [stderr]    |          ---------- `ColorSpace` is not local
[INFO] [stderr]    |
[INFO] [stderr]    = note: the derive macro `FromPrimitive` defines the non-local `impl`, and may need to be changed
[INFO] [stderr]    = note: the derive macro `FromPrimitive` may come from an old version of the `num_derive` crate, try updating your dependency with `cargo update -p num_derive`
[INFO] [stderr]    = note: an `impl` is never scoped, even when it is nested inside an item, as it may impact type checking outside of that item, which can be the case if neither the trait or the self type are at the same nesting level as the `impl`
[INFO] [stderr]    = note: items in an anonymous const item (`const _: () = { ... }`) are treated as in the same scope as the anonymous const's declaration for the purpose of this lint
[INFO] [stderr]    = note: `#[warn(non_local_definitions)]` on by default
[INFO] [stderr]    = note: this warning originates in the derive macro `FromPrimitive` (in Nightly builds, run with -Z macro-backtrace for more info)
[INFO] [stderr] 
[INFO] [stderr] warning: `rust_pixel` (lib) generated 1 warning
[INFO] [stderr] warning: `rust_pixel` (lib test) generated 1 warning (1 duplicate)
[INFO] [stderr]     Finished `test` profile [unoptimized + debuginfo] target(s) in 0.11s
[INFO] [stderr]      Running unittests src/lib.rs (/opt/rustwide/target/debug/deps/rust_pixel-2a3c3ae356caf1e0)
[INFO] [stdout] 
[INFO] [stdout] running 3 tests
[INFO] [stdout] test algorithm::tests::test_remove_nv ... ok
[INFO] [stdout] test render::buffer::tests::it_translates_to_and_from_coordinates ... ok
[INFO] [stdout] test render::style::tests::combined_patch_gives_same_result_as_individual_patch ... ok
[INFO] [stdout] 
[INFO] [stdout] test result: ok. 3 passed; 0 failed; 0 ignored; 0 measured; 0 filtered out; finished in 0.01s
[INFO] [stdout] 
[INFO] [stderr]      Running unittests tools/cargo-pixel/src/main.rs (/opt/rustwide/target/debug/deps/cargo_pixel-44a6446a54a372a1)
[INFO] [stdout] 
[INFO] [stdout] running 0 tests
[INFO] [stdout] 
[INFO] [stdout] test result: ok. 0 passed; 0 failed; 0 ignored; 0 measured; 0 filtered out; finished in 0.00s
[INFO] [stdout] 
[INFO] [stderr]    Doc-tests rust_pixel
[INFO] [stdout] 
[INFO] [stdout] running 6 tests
[INFO] [stdout] test src/algorithm/astar.rs - algorithm::astar (line 7) - compile ... ok
[INFO] [stdout] test src/render.rs - render::buffer (line 53) ... FAILED
[INFO] [stdout] test src/render.rs - render::buffer (line 21) ... FAILED
[INFO] [stdout] test src/render/style/color_pro.rs - render::style::color_pro::FromPrimitive (line 24) ... FAILED
[INFO] [stdout] test src/render/style/color_pro.rs - render::style::color_pro::FromPrimitive (line 37) ... FAILED
[INFO] [stdout] test src/render.rs - render::buffer (line 43) ... FAILED
[INFO] [stdout] 
[INFO] [stdout] failures:
[INFO] [stdout] 
[INFO] [stdout] ---- src/render.rs - render::buffer (line 53) stdout ----
[INFO] [stdout] error[E0425]: cannot find value `my_buffer` in this scope
[INFO] [stdout]  --> src/render.rs:54:1
[INFO] [stdout]   |
[INFO] [stdout] 3 | my_buffer.set_str_tex(0, 0, "Hello world.",
[INFO] [stdout]   | ^^^^^^^^^ not found in this scope
[INFO] [stdout] 
[INFO] [stdout] error[E0433]: failed to resolve: use of undeclared type `Style`
[INFO] [stdout]  --> src/render.rs:55:5
[INFO] [stdout]   |
[INFO] [stdout] 4 |     Style::default().fg(Color::Red), 0)
[INFO] [stdout]   |     ^^^^^ use of undeclared type `Style`
[INFO] [stdout]   |
[INFO] [stdout] help: consider importing one of these structs
[INFO] [stdout]   |
[INFO] [stdout] 2 + use log4rs::encode::Style;
[INFO] [stdout]   |
[INFO] [stdout] 2 + use rust_pixel::render::style::Style;
[INFO] [stdout]   |
[INFO] [stdout] 
[INFO] [stdout] error[E0433]: failed to resolve: use of undeclared type `Color`
[INFO] [stdout]  --> src/render.rs:55:25
[INFO] [stdout]   |
[INFO] [stdout] 4 |     Style::default().fg(Color::Red), 0)
[INFO] [stdout]   |                         ^^^^^ use of undeclared type `Color`
[INFO] [stdout]   |
[INFO] [stdout] help: consider importing one of these enums
[INFO] [stdout]   |
[INFO] [stdout] 2 + use crossterm::style::Color;
[INFO] [stdout]   |
[INFO] [stdout] 2 + use log4rs::encode::Color;
[INFO] [stdout]   |
[INFO] [stdout] 2 + use rust_pixel::render::style::Color;
[INFO] [stdout]   |
[INFO] [stdout] 
[INFO] [stdout] error: aborting due to 3 previous errors
[INFO] [stdout] 
[INFO] [stdout] Some errors have detailed explanations: E0425, E0433.
[INFO] [stdout] For more information about an error, try `rustc --explain E0425`.
[INFO] [stdout] Couldn't compile the test.
[INFO] [stdout] ---- src/render.rs - render::buffer (line 21) stdout ----
[INFO] [stdout] error[E0425]: cannot find value `my_buffer` in this scope
[INFO] [stdout]  --> src/render.rs:22:1
[INFO] [stdout]   |
[INFO] [stdout] 3 | my_buffer.set_str(0, 0, "Hello world 😃.",
[INFO] [stdout]   | ^^^^^^^^^ not found in this scope
[INFO] [stdout] 
[INFO] [stdout] error[E0433]: failed to resolve: use of undeclared type `Style`
[INFO] [stdout]  --> src/render.rs:23:5
[INFO] [stdout]   |
[INFO] [stdout] 4 |     Style::default().fg(Color::Red).bg(Color::Reset))
[INFO] [stdout]   |     ^^^^^ use of undeclared type `Style`
[INFO] [stdout]   |
[INFO] [stdout] help: consider importing one of these structs
[INFO] [stdout]   |
[INFO] [stdout] 2 + use log4rs::encode::Style;
[INFO] [stdout]   |
[INFO] [stdout] 2 + use rust_pixel::render::style::Style;
[INFO] [stdout]   |
[INFO] [stdout] 
[INFO] [stdout] error[E0433]: failed to resolve: use of undeclared type `Color`
[INFO] [stdout]  --> src/render.rs:23:25
[INFO] [stdout]   |
[INFO] [stdout] 4 |     Style::default().fg(Color::Red).bg(Color::Reset))
[INFO] [stdout]   |                         ^^^^^ use of undeclared type `Color`
[INFO] [stdout]   |
[INFO] [stdout] help: consider importing one of these enums
[INFO] [stdout]   |
[INFO] [stdout] 2 + use crossterm::style::Color;
[INFO] [stdout]   |
[INFO] [stdout] 2 + use log4rs::encode::Color;
[INFO] [stdout]   |
[INFO] [stdout] 2 + use rust_pixel::render::style::Color;
[INFO] [stdout]   |
[INFO] [stdout] 
[INFO] [stdout] error[E0433]: failed to resolve: use of undeclared type `Color`
[INFO] [stdout]  --> src/render.rs:23:40
[INFO] [stdout]   |
[INFO] [stdout] 4 |     Style::default().fg(Color::Red).bg(Color::Reset))
[INFO] [stdout]   |                                        ^^^^^ use of undeclared type `Color`
[INFO] [stdout]   |
[INFO] [stdout] help: consider importing one of these enums
[INFO] [stdout]   |
[INFO] [stdout] 2 + use crossterm::style::Color;
[INFO] [stdout]   |
[INFO] [stdout] 2 + use log4rs::encode::Color;
[INFO] [stdout]   |
[INFO] [stdout] 2 + use rust_pixel::render::style::Color;
[INFO] [stdout]   |
[INFO] [stdout] 
[INFO] [stdout] error: aborting due to 4 previous errors
[INFO] [stdout] 
[INFO] [stdout] Some errors have detailed explanations: E0425, E0433.
[INFO] [stdout] For more information about an error, try `rustc --explain E0425`.
[INFO] [stdout] Couldn't compile the test.
[INFO] [stdout] ---- src/render/style/color_pro.rs - render::style::color_pro::FromPrimitive (line 24) stdout ----
[INFO] [stdout] error: cannot find macro `info` in this scope
[INFO] [stdout]  --> src/render/style/color_pro.rs:28:5
[INFO] [stdout]   |
[INFO] [stdout] 6 |     info!(
[INFO] [stdout]   |     ^^^^
[INFO] [stdout]   |
[INFO] [stdout] help: consider importing this macro
[INFO] [stdout]   |
[INFO] [stdout] 3 + use log::info;
[INFO] [stdout]   |
[INFO] [stdout] 
[INFO] [stdout] error[E0433]: failed to resolve: use of undeclared type `ColorPro`
[INFO] [stdout]  --> src/render/style/color_pro.rs:26:13
[INFO] [stdout]   |
[INFO] [stdout] 4 | let color = ColorPro::from_space_f64(SRGBA, 1.0, 0.0, 0.0, 1.0);
[INFO] [stdout]   |             ^^^^^^^^ use of undeclared type `ColorPro`
[INFO] [stdout]   |
[INFO] [stdout] help: consider importing this struct
[INFO] [stdout]   |
[INFO] [stdout] 3 + use rust_pixel::render::style::ColorPro;
[INFO] [stdout]   |
[INFO] [stdout] 
[INFO] [stdout] error[E0425]: cannot find value `SRGBA` in this scope
[INFO] [stdout]  --> src/render/style/color_pro.rs:26:38
[INFO] [stdout]   |
[INFO] [stdout] 4 | let color = ColorPro::from_space_f64(SRGBA, 1.0, 0.0, 0.0, 1.0);
[INFO] [stdout]   |                                      ^^^^^ not found in this scope
[INFO] [stdout]   |
[INFO] [stdout] help: consider importing this unit variant
[INFO] [stdout]   |
[INFO] [stdout] 3 + use rust_pixel::render::style::ColorSpace::SRGBA;
[INFO] [stdout]   |
[INFO] [stdout] 
[INFO] [stdout] error[E0425]: cannot find value `COLOR_SPACE_COUNT` in this scope
[INFO] [stdout]  --> src/render/style/color_pro.rs:27:13
[INFO] [stdout]   |
[INFO] [stdout] 5 | for i in 0..COLOR_SPACE_COUNT {
[INFO] [stdout]   |             ^^^^^^^^^^^^^^^^^ not found in this scope
[INFO] [stdout]   |
[INFO] [stdout] help: consider importing this constant
[INFO] [stdout]   |
[INFO] [stdout] 3 + use rust_pixel::render::style::COLOR_SPACE_COUNT;
[INFO] [stdout]   |
[INFO] [stdout] 
[INFO] [stdout] error: aborting due to 4 previous errors
[INFO] [stdout] 
[INFO] [stdout] Some errors have detailed explanations: E0425, E0433.
[INFO] [stdout] For more information about an error, try `rustc --explain E0425`.
[INFO] [stdout] Couldn't compile the test.
[INFO] [stdout] ---- src/render/style/color_pro.rs - render::style::color_pro::FromPrimitive (line 37) stdout ----
[INFO] [stdout] error: cannot find macro `info` in this scope
[INFO] [stdout]  --> src/render/style/color_pro.rs:43:1
[INFO] [stdout]   |
[INFO] [stdout] 8 | info!("d76...{}, d2000...{}", d1, d2);
[INFO] [stdout]   | ^^^^
[INFO] [stdout]   |
[INFO] [stdout] help: consider importing this macro
[INFO] [stdout]   |
[INFO] [stdout] 3 + use log::info;
[INFO] [stdout]   |
[INFO] [stdout] 
[INFO] [stdout] error[E0433]: failed to resolve: use of undeclared type `ColorPro`
[INFO] [stdout]  --> src/render/style/color_pro.rs:39:10
[INFO] [stdout]   |
[INFO] [stdout] 4 | let c1 = ColorPro::from_space_f64(LabA, 50.0, 0.8, -80.0, 1.0);
[INFO] [stdout]   |          ^^^^^^^^ use of undeclared type `ColorPro`
[INFO] [stdout]   |
[INFO] [stdout] help: consider importing this struct
[INFO] [stdout]   |
[INFO] [stdout] 3 + use rust_pixel::render::style::ColorPro;
[INFO] [stdout]   |
[INFO] [stdout] 
[INFO] [stdout] error[E0425]: cannot find value `LabA` in this scope
[INFO] [stdout]  --> src/render/style/color_pro.rs:39:35
[INFO] [stdout]   |
[INFO] [stdout] 4 | let c1 = ColorPro::from_space_f64(LabA, 50.0, 0.8, -80.0, 1.0);
[INFO] [stdout]   |                                   ^^^^ not found in this scope
[INFO] [stdout]   |
[INFO] [stdout] help: consider importing this unit variant
[INFO] [stdout]   |
[INFO] [stdout] 3 + use rust_pixel::render::style::ColorSpace::LabA;
[INFO] [stdout]   |
[INFO] [stdout] 
[INFO] [stdout] error[E0433]: failed to resolve: use of undeclared type `ColorPro`
[INFO] [stdout]  --> src/render/style/color_pro.rs:40:10
[INFO] [stdout]   |
[INFO] [stdout] 5 | let c2 = ColorPro::from_space_f64(LabA, 100.0, 1.2, 90.0, 1.0);
[INFO] [stdout]   |          ^^^^^^^^ use of undeclared type `ColorPro`
[INFO] [stdout]   |
[INFO] [stdout] help: consider importing this struct
[INFO] [stdout]   |
[INFO] [stdout] 3 + use rust_pixel::render::style::ColorPro;
[INFO] [stdout]   |
[INFO] [stdout] 
[INFO] [stdout] error[E0425]: cannot find value `LabA` in this scope
[INFO] [stdout]  --> src/render/style/color_pro.rs:40:35
[INFO] [stdout]   |
[INFO] [stdout] 5 | let c2 = ColorPro::from_space_f64(LabA, 100.0, 1.2, 90.0, 1.0);
[INFO] [stdout]   |                                   ^^^^ not found in this scope
[INFO] [stdout]   |
[INFO] [stdout] help: consider importing this unit variant
[INFO] [stdout]   |
[INFO] [stdout] 3 + use rust_pixel::render::style::ColorSpace::LabA;
[INFO] [stdout]   |
[INFO] [stdout] 
[INFO] [stdout] error[E0425]: cannot find function `delta_e_cie76` in this scope
[INFO] [stdout]  --> src/render/style/color_pro.rs:41:10
[INFO] [stdout]   |
[INFO] [stdout] 6 | let d1 = delta_e_cie76(c1[LabA].unwrap(), c2[LabA].unwrap());
[INFO] [stdout]   |          ^^^^^^^^^^^^^ not found in this scope
[INFO] [stdout]   |
[INFO] [stdout] help: consider importing this function
[INFO] [stdout]   |
[INFO] [stdout] 3 + use rust_pixel::render::style::delta_e_cie76;
[INFO] [stdout]   |
[INFO] [stdout] 
[INFO] [stdout] error[E0425]: cannot find value `LabA` in this scope
[INFO] [stdout]  --> src/render/style/color_pro.rs:41:27
[INFO] [stdout]   |
[INFO] [stdout] 6 | let d1 = delta_e_cie76(c1[LabA].unwrap(), c2[LabA].unwrap());
[INFO] [stdout]   |                           ^^^^ not found in this scope
[INFO] [stdout]   |
[INFO] [stdout] help: consider importing this unit variant
[INFO] [stdout]   |
[INFO] [stdout] 3 + use rust_pixel::render::style::ColorSpace::LabA;
[INFO] [stdout]   |
[INFO] [stdout] 
[INFO] [stdout] error[E0425]: cannot find value `LabA` in this scope
[INFO] [stdout]  --> src/render/style/color_pro.rs:41:46
[INFO] [stdout]   |
[INFO] [stdout] 6 | let d1 = delta_e_cie76(c1[LabA].unwrap(), c2[LabA].unwrap());
[INFO] [stdout]   |                                              ^^^^ not found in this scope
[INFO] [stdout]   |
[INFO] [stdout] help: consider importing this unit variant
[INFO] [stdout]   |
[INFO] [stdout] 3 + use rust_pixel::render::style::ColorSpace::LabA;
[INFO] [stdout]   |
[INFO] [stdout] 
[INFO] [stdout] error[E0425]: cannot find function `delta_e_ciede2000` in this scope
[INFO] [stdout]  --> src/render/style/color_pro.rs:42:10
[INFO] [stdout]   |
[INFO] [stdout] 7 | let d2 = delta_e_ciede2000(c1[LabA].unwrap(), c2[LabA].unwrap());
[INFO] [stdout]   |          ^^^^^^^^^^^^^^^^^ not found in this scope
[INFO] [stdout]   |
[INFO] [stdout] help: consider importing this function
[INFO] [stdout]   |
[INFO] [stdout] 3 + use rust_pixel::render::style::delta_e_ciede2000;
[INFO] [stdout]   |
[INFO] [stdout] 
[INFO] [stdout] error[E0425]: cannot find value `LabA` in this scope
[INFO] [stdout]  --> src/render/style/color_pro.rs:42:31
[INFO] [stdout]   |
[INFO] [stdout] 7 | let d2 = delta_e_ciede2000(c1[LabA].unwrap(), c2[LabA].unwrap());
[INFO] [stdout]   |                               ^^^^ not found in this scope
[INFO] [stdout]   |
[INFO] [stdout] help: consider importing this unit variant
[INFO] [stdout]   |
[INFO] [stdout] 3 + use rust_pixel::render::style::ColorSpace::LabA;
[INFO] [stdout]   |
[INFO] [stdout] 
[INFO] [stdout] error[E0425]: cannot find value `LabA` in this scope
[INFO] [stdout]  --> src/render/style/color_pro.rs:42:50
[INFO] [stdout]   |
[INFO] [stdout] 7 | let d2 = delta_e_ciede2000(c1[LabA].unwrap(), c2[LabA].unwrap());
[INFO] [stdout]   |                                                  ^^^^ not found in this scope
[INFO] [stdout]   |
[INFO] [stdout] help: consider importing this unit variant
[INFO] [stdout]   |
[INFO] [stdout] 3 + use rust_pixel::render::style::ColorSpace::LabA;
[INFO] [stdout]   |
[INFO] [stdout] 
[INFO] [stdout] error: aborting due to 11 previous errors
[INFO] [stdout] 
[INFO] [stdout] Some errors have detailed explanations: E0425, E0433.
[INFO] [stdout] For more information about an error, try `rustc --explain E0425`.
[INFO] [stdout] Couldn't compile the test.
[INFO] [stdout] ---- src/render.rs - render::buffer (line 43) stdout ----
[INFO] [stdout] error[E0425]: cannot find value `my_buffer` in this scope
[INFO] [stdout]  --> src/render.rs:44:1
[INFO] [stdout]   |
[INFO] [stdout] 3 | my_buffer.set_str_tex(0, 0, sdlsym(0), Style::default().fg(Color::Red), 1)
[INFO] [stdout]   | ^^^^^^^^^ not found in this scope
[INFO] [stdout] 
[INFO] [stdout] error[E0433]: failed to resolve: use of undeclared type `Style`
[INFO] [stdout]  --> src/render.rs:44:40
[INFO] [stdout]   |
[INFO] [stdout] 3 | my_buffer.set_str_tex(0, 0, sdlsym(0), Style::default().fg(Color::Red), 1)
[INFO] [stdout]   |                                        ^^^^^ use of undeclared type `Style`
[INFO] [stdout]   |
[INFO] [stdout] help: consider importing one of these structs
[INFO] [stdout]   |
[INFO] [stdout] 2 + use log4rs::encode::Style;
[INFO] [stdout]   |
[INFO] [stdout] 2 + use rust_pixel::render::style::Style;
[INFO] [stdout]   |
[INFO] [stdout] 
[INFO] [stdout] error[E0433]: failed to resolve: use of undeclared type `Color`
[INFO] [stdout]  --> src/render.rs:44:60
[INFO] [stdout]   |
[INFO] [stdout] 3 | my_buffer.set_str_tex(0, 0, sdlsym(0), Style::default().fg(Color::Red), 1)
[INFO] [stdout]   |                                                            ^^^^^ use of undeclared type `Color`
[INFO] [stdout]   |
[INFO] [stdout] help: consider importing one of these enums
[INFO] [stdout]   |
[INFO] [stdout] 2 + use crossterm::style::Color;
[INFO] [stdout]   |
[INFO] [stdout] 2 + use log4rs::encode::Color;
[INFO] [stdout]   |
[INFO] [stdout] 2 + use rust_pixel::render::style::Color;
[INFO] [stdout]   |
[INFO] [stdout] 
[INFO] [stdout] error[E0425]: cannot find function `sdlsym` in this scope
[INFO] [stdout]  --> src/render.rs:44:29
[INFO] [stdout]   |
[INFO] [stdout] 3 | my_buffer.set_str_tex(0, 0, sdlsym(0), Style::default().fg(Color::Red), 1)
[INFO] [stdout]   |                             ^^^^^^ not found in this scope
[INFO] [stdout] 
[INFO] [stdout] error: aborting due to 4 previous errors
[INFO] [stdout] 
[INFO] [stdout] Some errors have detailed explanations: E0425, E0433.
[INFO] [stdout] For more information about an error, try `rustc --explain E0425`.
[INFO] [stdout] Couldn't compile the test.
[INFO] [stdout] 
[INFO] [stdout] failures:
[INFO] [stdout]     src/render.rs - render::buffer (line 21)
[INFO] [stdout]     src/render.rs - render::buffer (line 43)
[INFO] [stdout]     src/render.rs - render::buffer (line 53)
[INFO] [stdout]     src/render/style/color_pro.rs - render::style::color_pro::FromPrimitive (line 24)
[INFO] [stdout]     src/render/style/color_pro.rs - render::style::color_pro::FromPrimitive (line 37)
[INFO] [stdout] 
[INFO] [stdout] test result: FAILED. 1 passed; 5 failed; 0 ignored; 0 measured; 0 filtered out; finished in 0.20s
[INFO] [stdout] 
[INFO] [stderr] error: doctest failed, to rerun pass `--doc`
[INFO] running `Command { std: "docker" "inspect" "1edba9e125174a30804e80fc68ab49508aad14bc011bc6575eb54e8b78e82aea", kill_on_drop: false }`
[INFO] running `Command { std: "docker" "rm" "-f" "1edba9e125174a30804e80fc68ab49508aad14bc011bc6575eb54e8b78e82aea", kill_on_drop: false }`
[INFO] [stdout] 1edba9e125174a30804e80fc68ab49508aad14bc011bc6575eb54e8b78e82aea
