[INFO] fetching crate rust_keylock 0.15.1...
[INFO] testing rust_keylock-0.15.1 against nightly-2024-10-28+rustflags=-Zrandomize-layout for randomize-layout
[INFO] extracting crate rust_keylock 0.15.1 into /workspace/builds/worker-0-tc2/source
[INFO] validating manifest of crates.io crate rust_keylock 0.15.1 on toolchain nightly-2024-10-28
[INFO] running `Command { std: CARGO_HOME="/workspace/cargo-home" RUSTUP_HOME="/workspace/rustup-home" "/workspace/cargo-home/bin/cargo" "+nightly-2024-10-28" "metadata" "--manifest-path" "Cargo.toml" "--no-deps", kill_on_drop: false }`
[INFO] started tweaking crates.io crate rust_keylock 0.15.1
[INFO] finished tweaking crates.io crate rust_keylock 0.15.1
[INFO] tweaked toml for crates.io crate rust_keylock 0.15.1 written to /workspace/builds/worker-0-tc2/source/Cargo.toml
[INFO] running `Command { std: CARGO_HOME="/workspace/cargo-home" RUSTUP_HOME="/workspace/rustup-home" "/workspace/cargo-home/bin/cargo" "+nightly-2024-10-28" "generate-lockfile" "--manifest-path" "Cargo.toml", kill_on_drop: false }`
[INFO] [stderr]     Updating crates.io index
[INFO] [stderr]      Locking 211 packages to latest compatible versions
[INFO] [stderr]       Adding base64 v0.21.7 (available: v0.22.1)
[INFO] [stderr]       Adding dirs v3.0.2 (available: v5.0.1)
[INFO] [stderr]       Adding http v0.2.12 (available: v1.1.0)
[INFO] [stderr]       Adding hyper v0.14.31 (available: v1.5.0)
[INFO] [stderr]       Adding hyper-tls v0.5.0 (available: v0.6.0)
[INFO] [stderr]       Adding reqwest v0.11.27 (available: v0.12.9)
[INFO] running `Command { std: CARGO_HOME="/workspace/cargo-home" RUSTUP_HOME="/workspace/rustup-home" "/workspace/cargo-home/bin/cargo" "+nightly-2024-10-28" "fetch" "--manifest-path" "Cargo.toml", kill_on_drop: false }`
[INFO] running `Command { std: "docker" "create" "-v" "/var/lib/crater-agent-workspace/builds/worker-0-tc2/target:/opt/rustwide/target:rw,Z" "-v" "/var/lib/crater-agent-workspace/builds/worker-0-tc2/source:/opt/rustwide/workdir:ro,Z" "-v" "/var/lib/crater-agent-workspace/cargo-home:/opt/rustwide/cargo-home:ro,Z" "-v" "/var/lib/crater-agent-workspace/rustup-home:/opt/rustwide/rustup-home:ro,Z" "-e" "SOURCE_DIR=/opt/rustwide/workdir" "-e" "CARGO_TARGET_DIR=/opt/rustwide/target" "-e" "CARGO_HOME=/opt/rustwide/cargo-home" "-e" "RUSTUP_HOME=/opt/rustwide/rustup-home" "-w" "/opt/rustwide/workdir" "-m" "1610612736" "--user" "0:0" "--network" "none" "ghcr.io/rust-lang/crates-build-env/linux@sha256:4a844ea9eb2546a2d2c7022eacef16ef2e8229c7fbb2c7d4d55a9ceca922f72d" "/opt/rustwide/cargo-home/bin/cargo" "+nightly-2024-10-28" "metadata" "--no-deps" "--format-version=1", kill_on_drop: false }`
[INFO] [stdout] eeac30834cc292e850c6b39d0c3160fc953d4b9d61c6b05c276eac5b963bc8ed
[INFO] running `Command { std: "docker" "start" "-a" "eeac30834cc292e850c6b39d0c3160fc953d4b9d61c6b05c276eac5b963bc8ed", kill_on_drop: false }`
[INFO] running `Command { std: "docker" "inspect" "eeac30834cc292e850c6b39d0c3160fc953d4b9d61c6b05c276eac5b963bc8ed", kill_on_drop: false }`
[INFO] running `Command { std: "docker" "rm" "-f" "eeac30834cc292e850c6b39d0c3160fc953d4b9d61c6b05c276eac5b963bc8ed", kill_on_drop: false }`
[INFO] [stdout] eeac30834cc292e850c6b39d0c3160fc953d4b9d61c6b05c276eac5b963bc8ed
[INFO] running `Command { std: "docker" "create" "-v" "/var/lib/crater-agent-workspace/builds/worker-0-tc2/target:/opt/rustwide/target:rw,Z" "-v" "/var/lib/crater-agent-workspace/builds/worker-0-tc2/source:/opt/rustwide/workdir:ro,Z" "-v" "/var/lib/crater-agent-workspace/cargo-home:/opt/rustwide/cargo-home:ro,Z" "-v" "/var/lib/crater-agent-workspace/rustup-home:/opt/rustwide/rustup-home:ro,Z" "-e" "SOURCE_DIR=/opt/rustwide/workdir" "-e" "CARGO_TARGET_DIR=/opt/rustwide/target" "-e" "CARGO_INCREMENTAL=0" "-e" "RUST_BACKTRACE=full" "-e" "RUSTFLAGS=--cap-lints=forbid -Zrandomize-layout" "-e" "RUSTDOCFLAGS=--cap-lints=forbid" "-e" "CARGO_HOME=/opt/rustwide/cargo-home" "-e" "RUSTUP_HOME=/opt/rustwide/rustup-home" "-w" "/opt/rustwide/workdir" "-m" "1610612736" "--user" "0:0" "--network" "none" "ghcr.io/rust-lang/crates-build-env/linux@sha256:4a844ea9eb2546a2d2c7022eacef16ef2e8229c7fbb2c7d4d55a9ceca922f72d" "/opt/rustwide/cargo-home/bin/cargo" "+nightly-2024-10-28" "build" "--frozen" "--message-format=json", kill_on_drop: false }`
[INFO] [stdout] 1ee60a58552162b66ff36fa1caadfe7553c56c1edef1bb0a0c4bf1e74629b01f
[INFO] running `Command { std: "docker" "start" "-a" "1ee60a58552162b66ff36fa1caadfe7553c56c1edef1bb0a0c4bf1e74629b01f", kill_on_drop: false }`
[INFO] [stderr]    Compiling generic-array v0.14.7
[INFO] [stderr]    Compiling subtle v2.6.1
[INFO] [stderr]    Compiling memoffset v0.7.1
[INFO] [stderr]    Compiling tokio-macros v2.4.0
[INFO] [stderr]    Compiling futures-macro v0.3.31
[INFO] [stderr]    Compiling openssl-sys v0.9.104
[INFO] [stderr]    Compiling openssl-macros v0.1.1
[INFO] [stderr]    Compiling zerocopy-derive v0.7.35
[INFO] [stderr]    Compiling getrandom v0.2.15
[INFO] [stderr]    Compiling x11rb v0.12.0
[INFO] [stderr]    Compiling gethostname v0.3.0
[INFO] [stderr]    Compiling zeroize_derive v1.4.2
[INFO] [stderr]    Compiling base64 v0.21.7
[INFO] [stderr]    Compiling serde_urlencoded v0.7.1
[INFO] [stderr]    Compiling dirs-sys v0.3.7
[INFO] [stderr]    Compiling base64 v0.22.1
[INFO] [stderr]    Compiling sync_wrapper v0.1.2
[INFO] [stderr]    Compiling keccak v0.1.5
[INFO] [stderr]    Compiling nix v0.26.4
[INFO] [stderr]    Compiling rand_core v0.6.4
[INFO] [stderr]    Compiling dirs v3.0.2
[INFO] [stderr]    Compiling rustls-pemfile v1.0.4
[INFO] [stderr]    Compiling serde_json v1.0.132
[INFO] [stderr]    Compiling toml v0.8.19
[INFO] [stderr]    Compiling secstr v0.5.1
[INFO] [stderr]    Compiling tokio v1.41.0
[INFO] [stderr]    Compiling zeroize v1.8.1
[INFO] [stderr]    Compiling futures-util v0.3.31
[INFO] [stderr]    Compiling zerocopy v0.7.35
[INFO] [stderr]    Compiling crypto-common v0.1.6
[INFO] [stderr]    Compiling block-buffer v0.10.4
[INFO] [stderr]    Compiling inout v0.1.3
[INFO] [stderr]    Compiling digest v0.10.7
[INFO] [stderr]    Compiling cipher v0.4.4
[INFO] [stderr]    Compiling sha-1 v0.10.1
[INFO] [stderr]    Compiling hmac v0.12.1
[INFO] [stderr]    Compiling sha2 v0.10.8
[INFO] [stderr]    Compiling sha3 v0.10.8
[INFO] [stderr]    Compiling blowfish v0.9.1
[INFO] [stderr]    Compiling ctr v0.9.2
[INFO] [stderr]    Compiling aes v0.8.4
[INFO] [stderr]    Compiling hkdf v0.12.4
[INFO] [stderr]    Compiling bcrypt v0.15.1
[INFO] [stderr]    Compiling openssl v0.10.68
[INFO] [stderr]    Compiling ppv-lite86 v0.2.20
[INFO] [stderr]    Compiling x11rb-protocol v0.12.0
[INFO] [stderr]    Compiling rand_chacha v0.3.1
[INFO] [stderr]    Compiling rand v0.8.5
[INFO] [stderr]    Compiling futures-executor v0.3.31
[INFO] [stderr]    Compiling futures v0.3.31
[INFO] [stderr]    Compiling native-tls v0.2.12
[INFO] [stderr]    Compiling tokio-util v0.7.12
[INFO] [stderr]    Compiling tokio-native-tls v0.3.1
[INFO] [stderr]    Compiling h2 v0.3.26
[INFO] [stderr]    Compiling hyper v0.14.31
[INFO] [stderr]    Compiling x11-clipboard v0.8.1
[INFO] [stderr]    Compiling terminal-clipboard v0.4.1
[INFO] [stderr]    Compiling hyper-tls v0.5.0
[INFO] [stderr]    Compiling rs-password-utils v0.2.0
[INFO] [stderr]    Compiling reqwest v0.11.27
[INFO] [stderr]    Compiling rust_keylock v0.15.1 (/opt/rustwide/workdir)
[INFO] [stdout] warning: method `get` is never used
[INFO] [stdout]    --> src/asynch/mod.rs:491:14
[INFO] [stdout]     |
[INFO] [stdout] 488 | pub(crate) trait RklHttpAsyncClient: Send {
[INFO] [stdout]     |                  ------------------ method in this trait
[INFO] [stdout] ...
[INFO] [stdout] 491 |     async fn get(&mut self, uri: &str, additional_headers: &[(&str, &str)]) -> errors::Result<Self::ResType>;
[INFO] [stdout]     |              ^^^
[INFO] [stdout]     |
[INFO] [stdout]     = note: `#[warn(dead_code)]` on by default
[INFO] [stdout] 
[INFO] [stdout] 
[INFO] [stdout] warning: method `init_factory` is never used
[INFO] [stdout]    --> src/asynch/mod.rs:587:8
[INFO] [stdout]     |
[INFO] [stdout] 585 | pub(crate) trait RklHttpAsyncFactory: Send + Sync {
[INFO] [stdout]     |                  ------------------- method in this trait
[INFO] [stdout] 586 |     type ClientResType;
[INFO] [stdout] 587 |     fn init_factory(&mut self);
[INFO] [stdout]     |        ^^^^^^^^^^^^
[INFO] [stdout] 
[INFO] [stdout] 
[INFO] [stderr]     Finished `dev` profile [unoptimized + debuginfo] target(s) in 24.85s
[INFO] running `Command { std: "docker" "inspect" "1ee60a58552162b66ff36fa1caadfe7553c56c1edef1bb0a0c4bf1e74629b01f", kill_on_drop: false }`
[INFO] running `Command { std: "docker" "rm" "-f" "1ee60a58552162b66ff36fa1caadfe7553c56c1edef1bb0a0c4bf1e74629b01f", kill_on_drop: false }`
[INFO] [stdout] 1ee60a58552162b66ff36fa1caadfe7553c56c1edef1bb0a0c4bf1e74629b01f
[INFO] running `Command { std: "docker" "create" "-v" "/var/lib/crater-agent-workspace/builds/worker-0-tc2/target:/opt/rustwide/target:rw,Z" "-v" "/var/lib/crater-agent-workspace/builds/worker-0-tc2/source:/opt/rustwide/workdir:ro,Z" "-v" "/var/lib/crater-agent-workspace/cargo-home:/opt/rustwide/cargo-home:ro,Z" "-v" "/var/lib/crater-agent-workspace/rustup-home:/opt/rustwide/rustup-home:ro,Z" "-e" "SOURCE_DIR=/opt/rustwide/workdir" "-e" "CARGO_TARGET_DIR=/opt/rustwide/target" "-e" "CARGO_INCREMENTAL=0" "-e" "RUST_BACKTRACE=full" "-e" "RUSTFLAGS=--cap-lints=forbid -Zrandomize-layout" "-e" "RUSTDOCFLAGS=--cap-lints=forbid" "-e" "CARGO_HOME=/opt/rustwide/cargo-home" "-e" "RUSTUP_HOME=/opt/rustwide/rustup-home" "-w" "/opt/rustwide/workdir" "-m" "1610612736" "--user" "0:0" "--network" "none" "ghcr.io/rust-lang/crates-build-env/linux@sha256:4a844ea9eb2546a2d2c7022eacef16ef2e8229c7fbb2c7d4d55a9ceca922f72d" "/opt/rustwide/cargo-home/bin/cargo" "+nightly-2024-10-28" "test" "--frozen" "--no-run" "--message-format=json", kill_on_drop: false }`
[INFO] [stdout] 2ca9dbaecb5ffe2be9498f442707458f4a4f863a510cc94ff282510e98b39486
[INFO] running `Command { std: "docker" "start" "-a" "2ca9dbaecb5ffe2be9498f442707458f4a4f863a510cc94ff282510e98b39486", kill_on_drop: false }`
[INFO] [stdout] warning: method `get` is never used
[INFO] [stdout]    --> src/asynch/mod.rs:491:14
[INFO] [stdout]     |
[INFO] [stdout] 488 | pub(crate) trait RklHttpAsyncClient: Send {
[INFO] [stdout]     |                  ------------------ method in this trait
[INFO] [stdout] ...
[INFO] [stdout] 491 |     async fn get(&mut self, uri: &str, additional_headers: &[(&str, &str)]) -> errors::Result<Self::ResType>;
[INFO] [stdout]     |              ^^^
[INFO] [stdout]     |
[INFO] [stdout]     = note: `#[warn(dead_code)]` on by default
[INFO] [stdout] 
[INFO] [stdout] 
[INFO] [stdout] warning: method `init_factory` is never used
[INFO] [stdout]    --> src/asynch/mod.rs:587:8
[INFO] [stdout]     |
[INFO] [stdout] 585 | pub(crate) trait RklHttpAsyncFactory: Send + Sync {
[INFO] [stdout]     |                  ------------------- method in this trait
[INFO] [stdout] 586 |     type ClientResType;
[INFO] [stdout] 587 |     fn init_factory(&mut self);
[INFO] [stdout]     |        ^^^^^^^^^^^^
[INFO] [stdout] 
[INFO] [stdout] 
[INFO] [stderr]    Compiling rust_keylock v0.15.1 (/opt/rustwide/workdir)
[INFO] [stdout] warning: method `get` is never used
[INFO] [stdout]    --> src/asynch/mod.rs:491:14
[INFO] [stdout]     |
[INFO] [stdout] 488 | pub(crate) trait RklHttpAsyncClient: Send {
[INFO] [stdout]     |                  ------------------ method in this trait
[INFO] [stdout] ...
[INFO] [stdout] 491 |     async fn get(&mut self, uri: &str, additional_headers: &[(&str, &str)]) -> errors::Result<Self::ResType>;
[INFO] [stdout]     |              ^^^
[INFO] [stdout]     |
[INFO] [stdout]     = note: `#[warn(dead_code)]` on by default
[INFO] [stdout] 
[INFO] [stdout] 
[INFO] [stdout] warning: method `init_factory` is never used
[INFO] [stdout]    --> src/asynch/mod.rs:587:8
[INFO] [stdout]     |
[INFO] [stdout] 585 | pub(crate) trait RklHttpAsyncFactory: Send + Sync {
[INFO] [stdout]     |                  ------------------- method in this trait
[INFO] [stdout] 586 |     type ClientResType;
[INFO] [stdout] 587 |     fn init_factory(&mut self);
[INFO] [stdout]     |        ^^^^^^^^^^^^
[INFO] [stdout] 
[INFO] [stdout] 
[INFO] [stderr]     Finished `test` profile [unoptimized + debuginfo] target(s) in 6.35s
[INFO] running `Command { std: "docker" "inspect" "2ca9dbaecb5ffe2be9498f442707458f4a4f863a510cc94ff282510e98b39486", kill_on_drop: false }`
[INFO] running `Command { std: "docker" "rm" "-f" "2ca9dbaecb5ffe2be9498f442707458f4a4f863a510cc94ff282510e98b39486", kill_on_drop: false }`
[INFO] [stdout] 2ca9dbaecb5ffe2be9498f442707458f4a4f863a510cc94ff282510e98b39486
[INFO] running `Command { std: "docker" "create" "-v" "/var/lib/crater-agent-workspace/builds/worker-0-tc2/target:/opt/rustwide/target:rw,Z" "-v" "/var/lib/crater-agent-workspace/builds/worker-0-tc2/source:/opt/rustwide/workdir:ro,Z" "-v" "/var/lib/crater-agent-workspace/cargo-home:/opt/rustwide/cargo-home:ro,Z" "-v" "/var/lib/crater-agent-workspace/rustup-home:/opt/rustwide/rustup-home:ro,Z" "-e" "SOURCE_DIR=/opt/rustwide/workdir" "-e" "CARGO_TARGET_DIR=/opt/rustwide/target" "-e" "CARGO_INCREMENTAL=0" "-e" "RUST_BACKTRACE=full" "-e" "RUSTFLAGS=--cap-lints=forbid -Zrandomize-layout" "-e" "RUSTDOCFLAGS=--cap-lints=forbid" "-e" "CARGO_HOME=/opt/rustwide/cargo-home" "-e" "RUSTUP_HOME=/opt/rustwide/rustup-home" "-w" "/opt/rustwide/workdir" "-m" "1610612736" "--user" "0:0" "--network" "none" "ghcr.io/rust-lang/crates-build-env/linux@sha256:4a844ea9eb2546a2d2c7022eacef16ef2e8229c7fbb2c7d4d55a9ceca922f72d" "/opt/rustwide/cargo-home/bin/cargo" "+nightly-2024-10-28" "test" "--frozen", kill_on_drop: false }`
[INFO] [stdout] 6588778cee2fdf290d03a19f0165bfe732a368b319608da4e3b9c6cdf19c3f51
[INFO] running `Command { std: "docker" "start" "-a" "6588778cee2fdf290d03a19f0165bfe732a368b319608da4e3b9c6cdf19c3f51", kill_on_drop: false }`
[INFO] [stderr] warning: method `get` is never used
[INFO] [stderr]    --> src/asynch/mod.rs:491:14
[INFO] [stderr]     |
[INFO] [stderr] 488 | pub(crate) trait RklHttpAsyncClient: Send {
[INFO] [stderr]     |                  ------------------ method in this trait
[INFO] [stderr] ...
[INFO] [stderr] 491 |     async fn get(&mut self, uri: &str, additional_headers: &[(&str, &str)]) -> errors::Result<Self::ResType>;
[INFO] [stderr]     |              ^^^
[INFO] [stderr]     |
[INFO] [stderr]     = note: `#[warn(dead_code)]` on by default
[INFO] [stderr] 
[INFO] [stderr] warning: method `init_factory` is never used
[INFO] [stderr]    --> src/asynch/mod.rs:587:8
[INFO] [stderr]     |
[INFO] [stderr] 585 | pub(crate) trait RklHttpAsyncFactory: Send + Sync {
[INFO] [stderr]     |                  ------------------- method in this trait
[INFO] [stderr] 586 |     type ClientResType;
[INFO] [stderr] 587 |     fn init_factory(&mut self);
[INFO] [stderr]     |        ^^^^^^^^^^^^
[INFO] [stderr] 
[INFO] [stderr] warning: `rust_keylock` (lib) generated 2 warnings
[INFO] [stderr] warning: `rust_keylock` (lib test) generated 2 warnings (2 duplicates)
[INFO] [stderr]     Finished `test` profile [unoptimized + debuginfo] target(s) in 0.13s
[INFO] [stderr]      Running unittests src/lib.rs (/opt/rustwide/target/debug/deps/rust_keylock-67f62144d2e96c0b)
[INFO] [stdout] 
[INFO] [stdout] running 124 tests
[INFO] [stdout] test api::api_unit_tests::entry_from_table_failure_wrong_value ... ok
[INFO] [stdout] test api::api_unit_tests::entry_from_table_failure_wrong_key ... ok
[INFO] [stdout] test api::api_unit_tests::entry_from_table_success ... ok
[INFO] [stdout] test api::api_unit_tests::entry_from_table_success_no_meta ... ok
[INFO] [stdout] test api::api_unit_tests::is_same_variant_with ... ok
[INFO] [stdout] test api::api_unit_tests::props_from_table_failure_wrong_key ... ok
[INFO] [stdout] test api::api_unit_tests::entry_to_table ... ok
[INFO] [stdout] test api::api_unit_tests::props_from_table_failure_wrong_value ... ok
[INFO] [stdout] test api::api_unit_tests::props_from_table_not_all_elements ... ok
[INFO] [stdout] test api::api_unit_tests::props_from_table_success ... ok
[INFO] [stdout] test api::api_unit_tests::props_to_table ... ok
[INFO] [stdout] test api::api_unit_tests::system_configuration_from_table_success ... ok
[INFO] [stdout] test api::api_unit_tests::system_configuration_to_table ... ok
[INFO] [stdout] test api::api_unit_tests::user_option_constructors ... ok
[INFO] [stdout] test api::api_unit_tests::user_option_type_to_string_from_string ... ok
[INFO] [stdout] test api::api_unit_tests::user_option_type_extract_value_from_string ... ok
[INFO] [stdout] test api::api_unit_tests::user_option_type_from_string ... ok
[INFO] [stdout] test api::api_unit_tests::entry_to_encrypted ... ok
[INFO] [stdout] test api::api_unit_tests::entry_to_encrypted_encryption_may_fail ... ok
[INFO] [stdout] test api::safe::safe_unit_tests::replace_entry_after_filter ... ok
[INFO] [stdout] test api::safe::safe_unit_tests::remove_entry_after_filter ... ok
[INFO] [stdout] test api::safe::safe_unit_tests::add_entry ... ok
[INFO] [stdout] test api::safe::safe_unit_tests::get_filter ... ok
[INFO] [stdout] test api::safe::safe_unit_tests::clear ... ok
[INFO] [stdout] test api::safe::safe_unit_tests::get_entries ... ok
[INFO] [stdout] test api::safe::safe_unit_tests::get_entry ... ok
[INFO] [stdout] test api::safe::safe_unit_tests::remove_entry ... ok
[INFO] [stdout] test asynch::async_tests::parse_web_dav_response ... ok
[INFO] [stdout] test api::safe::safe_unit_tests::set_filter ... ok
[INFO] [stdout] test asynch::async_tests::user_selection_after_idle_check_not_timed_out ... ok
[INFO] [stdout] test api::safe::safe_unit_tests::replace_entry ... ok
[INFO] [stdout] test api::api_unit_tests::user_selection_ordinal ... ok
[INFO] [stdout] test api::safe::safe_unit_tests::get_entry_decrypted ... ok
[INFO] [stdout] test asynch::dropbox::dropbox_tests::dbx_url ... ok
[INFO] [stdout] test asynch::dropbox::dropbox_tests::parse_a_get_uri ... ok
[INFO] [stdout] test asynch::dropbox::dropbox_tests::parse_a_url ... ok
[INFO] [stdout] test api::safe::safe_unit_tests::add_all ... ok
[INFO] [stdout] test api::safe::safe_unit_tests::merge_entries ... ok
[INFO] [stdout] test api::safe::safe_unit_tests::get_entries_decrypted ... ok
[INFO] [stdout] test asynch::dropbox::dropbox_tests::dbx_configuration_to_table ... ok
[INFO] [stdout] test asynch::dropbox::dropbox_tests::dbx_configuration_from_table_success ... ok
[INFO] [stdout] test asynch::dropbox::dropbox_tests::test_parse_version_str ... ok
[INFO] [stdout] test asynch::dropbox::dropbox_tests::dbx_configuration_is_filled ... ok
[INFO] [stdout] test asynch::async_tests::facade_show_message ... ok
[INFO] [stdout] test asynch::async_tests::facade_show_change_password ... ok
[INFO] [stdout] test asynch::async_tests::facade_show_password_enter ... ok
[INFO] [stdout] test asynch::dropbox::dropbox_tests::get_version ... ok
[INFO] [stdout] test asynch::dropbox::dropbox_tests::download ... ok
[INFO] [stdout] test asynch::dropbox::dropbox_tests::use_the_token_derypted ... ok
[INFO] [stdout] test asynch::dropbox::dropbox_tests::parse_synchronizer_action_ignore ... ok
[INFO] [stdout] test asynch::dropbox::dropbox_tests::parse_synchronizer_action_download ... ok
[INFO] [stdout] test asynch::dropbox::dropbox_tests::test_handle_get_failure_on_dbx_token_api_call ... ok
[INFO] [stdout] test asynch::async_tests::facade_show_message_waits_only_for_user_options ... ok
[INFO] [stdout] test asynch::dropbox::dropbox_tests::upload ... ok
[INFO] [stdout] test asynch::dropbox::dropbox_tests::test_handle_get_success ... ok
[INFO] [stdout] test asynch::dropbox::dropbox_tests::parse_synchronizer_action_download_merge_and_upload ... ok
[INFO] [stdout] test asynch::dropbox::dropbox_tests::parse_synchronizer_action_upload ... ok
[INFO] [stdout] test asynch::nextcloud::nextcloud_tests::parse_xml_error_no_file_is_present ... ok
[INFO] [stdout] test asynch::nextcloud::nextcloud_tests::parse_xml_error_in_web_dav_response ... ok
[INFO] [stdout] test asynch::nextcloud::nextcloud_tests::parse_xml_error_not_all_elements_are_present ... ok
[INFO] [stdout] test asynch::nextcloud::nextcloud_tests::parse_xml_success ... ok
[INFO] [stdout] test asynch::nextcloud::nextcloud_tests::nextcloud_configuration_to_table ... ok
[INFO] [stdout] test asynch::nextcloud::nextcloud_tests::nextcloud_configuration_from_table_success ... ok
[INFO] [stdout] test datacrypt::test_crypt::compose_bytes_to_save_salt_position_0 ... ok
[INFO] [stdout] test datacrypt::test_crypt::compose_bytes_to_save_salt_position_0_and_no_real_data ... ok
[INFO] [stdout] test asynch::nextcloud::nextcloud_tests::nextcloud_configuration_stores_encrypted_password ... ok
[INFO] [stdout] test datacrypt::test_crypt::compose_bytes_to_save_salt_position_bigger_than_data_length_no_real_data ... ok
[INFO] [stdout] test datacrypt::test_crypt::compose_bytes_to_save_salt_position_bigger_than_data_length ... ok
[INFO] [stdout] test datacrypt::test_crypt::compose_bytes_to_save_salt_position_equal_to_data_length ... ok
[INFO] [stdout] test datacrypt::test_crypt::compose_bytes_to_save_salt_position_smaller_than_data_length ... ok
[INFO] [stdout] test datacrypt::test_crypt::compose_bytes_to_save_salt_position_equal_to_data_length_no_real_data ... ok
[INFO] [stdout] test datacrypt::test_crypt::compose_bytes_to_save_salt_position_smaller_than_data_length_and_no_real_data ... ok
[INFO] [stdout] test asynch::nextcloud::nextcloud_tests::nextcloud_configuration_is_filled ... ok
[INFO] [stdout] test datacrypt::test_crypt::extract_bytes_to_decrypt_salt_position_0 ... ok
[INFO] [stdout] test datacrypt::test_crypt::extract_bytes_to_decrypt_salt_position_0_no_real_data ... ok
[INFO] [stdout] test datacrypt::test_crypt::extract_bytes_to_decrypt_salt_position_bigger_than_data_length ... ok
[INFO] [stdout] test datacrypt::test_crypt::extract_bytes_to_decrypt_salt_position_bigger_than_data_length_no_real_data ... ok
[INFO] [stdout] test datacrypt::test_crypt::extract_bytes_to_decrypt_salt_position_equal_to_data_length ... ok
[INFO] [stdout] test datacrypt::test_crypt::extract_bytes_to_decrypt_salt_position_smaller_than_data_length ... ok
[INFO] [stdout] test datacrypt::test_crypt::hash ... ok
[INFO] [stdout] test asynch::nextcloud::nextcloud_tests::synchronizer_stores_encrypted_password ... ok
[INFO] [stdout] test datacrypt::test_crypt::password_string_encryption ... ok
[INFO] [stdout] test datacrypt::test_crypt::password_encryption ... ok
[INFO] [stdout] test asynch::nextcloud::nextcloud_tests::create_file_if_collection_not_exists ... ok
[INFO] [stdout] test asynch::nextcloud::nextcloud_tests::download_a_file_from_the_server ... ok
[INFO] [stdout] test datacrypt::test_crypt::create_random ... ok
[INFO] [stdout] test asynch::nextcloud::nextcloud_tests::http_error_response_on_mkcol ... ok
[INFO] [stdout] test asynch::nextcloud::nextcloud_tests::server_not_found ... ok
[INFO] [stdout] test asynch::nextcloud::nextcloud_tests::http_error_response_on_put ... ok
[INFO] [stdout] test file_handler::test_file_handler::delete ... ok
[INFO] [stdout] test file_handler::test_file_handler::exists ... ok
[INFO] [stdout] test file_handler::test_file_handler::create_new_properties_file ... ok
[INFO] [stdout] test file_handler::test_file_handler::replace ... ok
[INFO] [stdout] test file_handler::test_file_handler::is_first_run ... ok
[INFO] [stdout] test asynch::nextcloud::nextcloud_tests::http_error_response_on_propfind ... ok
[INFO] [stdout] test file_handler::test_file_handler::save_toml_to_properties_file ... ok
[INFO] [stdout] test file_handler::test_file_handler::toml_path ... ok
[INFO] [stdout] test file_handler::test_file_handler::transform_to_dtos_failure ... ok
[INFO] [stdout] test file_handler::test_file_handler::transform_to_dtos_recover_success ... ok
[INFO] [stdout] test file_handler::test_file_handler::transform_to_dtos_success ... ok
[INFO] [stdout] test file_handler::test_file_handler::use_existing_file ... ok
[INFO] [stdout] test file_handler::test_file_handler::save_toml_to_file ... ok
[INFO] [stdout] test file_handler::test_file_handler::use_existing_properties_file ... ok
[INFO] [stdout] test datacrypt::test_crypt::bcrypt_key_creation ... ok
[INFO] [stdout] test unit_tests::try_recv_from_vec ... ok
[INFO] [stdout] test selection_handling::selection_handling_unit_tests::add_to_clipboard_success ... ok
[INFO] [stdout] test unit_tests::test_handle_check_passwords ... ok
[INFO] [stdout] test utils::utils_unit_tests::retrieve_boolean_value ... ok
[INFO] [stdout] test utils::utils_unit_tests::retrieve_number_value ... ok
[INFO] [stdout] test utils::utils_unit_tests::test_to_result ... ok
[INFO] [stdout] test utils::utils_unit_tests::retrieve_value_from_inside_list ... ok
[INFO] [stdout] test datacrypt::test_crypt::integrity_failure_on_bcrypt_aes ... ok
[INFO] [stdout] test datacrypt::test_crypt::new_bcryptor_checks ... ok
[INFO] [stdout] test file_handler::test_file_handler::integrity_error ... ok
[INFO] [stdout] test file_handler::test_file_handler::create_encrypt_and_then_decrypt ... ok
[INFO] [stdout] test file_handler::test_file_handler::create_encrypt_and_then_decrypt_no_data ... ok
[INFO] [stdout] test file_handler::test_file_handler::create_encrypt_and_then_decrypt_only_sync_conf_and_system_data ... ok
[INFO] [stdout] test file_handler::test_file_handler::create_encrypt_and_then_decrypt_big_salt_position ... ok
[INFO] [stdout] test file_handler::test_file_handler::create_encrypt_and_import ... ok
[INFO] [stdout] test asynch::dropbox::dropbox_tests::token_retrieval_success ... ok
[INFO] [stdout] test asynch::async_tests::async_execution ... ok
[INFO] [stdout] test asynch::async_tests::user_selection_after_idle_check_timed_out ... ok
[INFO] [stdout] test asynch::nextcloud::nextcloud_tests::http_error_response_on_get ... FAILED
[INFO] [stdout] test file_handler::test_file_handler::save_bytes_and_backup ... ok
[INFO] [stdout] 
[INFO] [stdout] failures:
[INFO] [stdout] 
[INFO] [stdout] ---- asynch::nextcloud::nextcloud_tests::http_error_response_on_get stdout ----
[INFO] [stdout] thread 'asynch::nextcloud::nextcloud_tests::http_error_response_on_get' panicked at src/asynch/nextcloud.rs:971:49:
[INFO] [stdout] called `Result::unwrap()` on an `Err` value: Timeout
[INFO] [stdout] stack backtrace:
[INFO] [stdout]    0:     0x60c8dfbdde1a - std::backtrace_rs::backtrace::libunwind::trace::h207520d6e9873551
[INFO] [stdout]                                at /rustc/df4ca44d3fbc9301ee17f30f4d474e6ae4b05252/library/std/src/../../backtrace/src/backtrace/libunwind.rs:116:5
[INFO] [stdout]    1:     0x60c8dfbdde1a - std::backtrace_rs::backtrace::trace_unsynchronized::h2ed7433f370e3eca
[INFO] [stdout]                                at /rustc/df4ca44d3fbc9301ee17f30f4d474e6ae4b05252/library/std/src/../../backtrace/src/backtrace/mod.rs:66:5
[INFO] [stdout]    2:     0x60c8dfbdde1a - std::sys::backtrace::_print_fmt::h916fac51166b18d7
[INFO] [stdout]                                at /rustc/df4ca44d3fbc9301ee17f30f4d474e6ae4b05252/library/std/src/sys/backtrace.rs:66:9
[INFO] [stdout]    3:     0x60c8dfbdde1a - <std::sys::backtrace::BacktraceLock::print::DisplayBacktrace as core::fmt::Display>::fmt::ha0a4c9b8ce3802e6
[INFO] [stdout]                                at /rustc/df4ca44d3fbc9301ee17f30f4d474e6ae4b05252/library/std/src/sys/backtrace.rs:39:26
[INFO] [stdout]    4:     0x60c8dfc0b053 - core::fmt::rt::Argument::fmt::h4cfc8587d52b3eb5
[INFO] [stdout]                                at /rustc/df4ca44d3fbc9301ee17f30f4d474e6ae4b05252/library/core/src/fmt/rt.rs:177:76
[INFO] [stdout]    5:     0x60c8dfc0b053 - core::fmt::write::h522cc39e5b36ae9f
[INFO] [stdout]                                at /rustc/df4ca44d3fbc9301ee17f30f4d474e6ae4b05252/library/core/src/fmt/mod.rs:1190:21
[INFO] [stdout]    6:     0x60c8dfbd9ad3 - std::io::Write::write_fmt::h7d3c26752da97734
[INFO] [stdout]                                at /rustc/df4ca44d3fbc9301ee17f30f4d474e6ae4b05252/library/std/src/io/mod.rs:1839:15
[INFO] [stdout]    7:     0x60c8dfbddc62 - std::sys::backtrace::BacktraceLock::print::h4b9e00b29e9c0942
[INFO] [stdout]                                at /rustc/df4ca44d3fbc9301ee17f30f4d474e6ae4b05252/library/std/src/sys/backtrace.rs:42:9
[INFO] [stdout]    8:     0x60c8dfbdf2aa - std::panicking::default_hook::{{closure}}::hb59b88280d0324d9
[INFO] [stdout]                                at /rustc/df4ca44d3fbc9301ee17f30f4d474e6ae4b05252/library/std/src/panicking.rs:268:22
[INFO] [stdout]    9:     0x60c8dfbdf0b4 - std::panicking::default_hook::he1dd496665be4a29
[INFO] [stdout]                                at /rustc/df4ca44d3fbc9301ee17f30f4d474e6ae4b05252/library/std/src/panicking.rs:292:9
[INFO] [stdout]   10:     0x60c8df3b94a9 - <alloc::boxed::Box<F,A> as core::ops::function::Fn<Args>>::call::h4ff71de18744e1dc
[INFO] [stdout]                                at /rustc/df4ca44d3fbc9301ee17f30f4d474e6ae4b05252/library/alloc/src/boxed.rs:2468:9
[INFO] [stdout]   11:     0x60c8df3b94a9 - test::test_main::{{closure}}::hcf7c055ce117aa81
[INFO] [stdout]                                at /rustc/df4ca44d3fbc9301ee17f30f4d474e6ae4b05252/library/test/src/lib.rs:133:21
[INFO] [stdout]   12:     0x60c8dfbdf9a8 - <alloc::boxed::Box<F,A> as core::ops::function::Fn<Args>>::call::h1d66c6bbd60c9692
[INFO] [stdout]                                at /rustc/df4ca44d3fbc9301ee17f30f4d474e6ae4b05252/library/alloc/src/boxed.rs:2468:9
[INFO] [stdout]   13:     0x60c8dfbdf9a8 - std::panicking::rust_panic_with_hook::h2ff17fe8f26dfcf8
[INFO] [stdout]                                at /rustc/df4ca44d3fbc9301ee17f30f4d474e6ae4b05252/library/std/src/panicking.rs:809:13
[INFO] [stdout]   14:     0x60c8dfbdf76a - std::panicking::begin_panic_handler::{{closure}}::h4fad77951c07e101
[INFO] [stdout]                                at /rustc/df4ca44d3fbc9301ee17f30f4d474e6ae4b05252/library/std/src/panicking.rs:674:13
[INFO] [stdout]   15:     0x60c8dfbde2f9 - std::sys::backtrace::__rust_end_short_backtrace::hb1a25b3da5d0ea08
[INFO] [stdout]                                at /rustc/df4ca44d3fbc9301ee17f30f4d474e6ae4b05252/library/std/src/sys/backtrace.rs:170:18
[INFO] [stdout]   16:     0x60c8dfbdf3fc - rust_begin_unwind
[INFO] [stdout]                                at /rustc/df4ca44d3fbc9301ee17f30f4d474e6ae4b05252/library/std/src/panicking.rs:665:5
[INFO] [stdout]   17:     0x60c8dfc08f40 - core::panicking::panic_fmt::ha9db07b529f9b256
[INFO] [stdout]                                at /rustc/df4ca44d3fbc9301ee17f30f4d474e6ae4b05252/library/core/src/panicking.rs:75:14
[INFO] [stdout]   18:     0x60c8dfc09426 - core::result::unwrap_failed::h5e8218e4d4338b8a
[INFO] [stdout]                                at /rustc/df4ca44d3fbc9301ee17f30f4d474e6ae4b05252/library/core/src/result.rs:1698:5
[INFO] [stdout]   19:     0x60c8df1dda4e - core::result::Result<T,E>::unwrap::h5cbde0f7366f7b9b
[INFO] [stdout]                                at /rustc/df4ca44d3fbc9301ee17f30f4d474e6ae4b05252/library/core/src/result.rs:1103:23
[INFO] [stdout]   20:     0x60c8df1dda4e - rust_keylock::asynch::nextcloud::nextcloud_tests::http_error_response_on_get::hbdae5a70a436bf67
[INFO] [stdout]                                at /opt/rustwide/workdir/src/asynch/nextcloud.rs:971:17
[INFO] [stdout]   21:     0x60c8df1dd487 - rust_keylock::asynch::nextcloud::nextcloud_tests::http_error_response_on_get::{{closure}}::h55c4a92a1c1a17e4
[INFO] [stdout]                                at /opt/rustwide/workdir/src/asynch/nextcloud.rs:944:36
[INFO] [stdout]   22:     0x60c8df2b2586 - core::ops::function::FnOnce::call_once::hb8b73da08fe23d27
[INFO] [stdout]                                at /rustc/df4ca44d3fbc9301ee17f30f4d474e6ae4b05252/library/core/src/ops/function.rs:250:5
[INFO] [stdout]   23:     0x60c8df3bdd7b - core::ops::function::FnOnce::call_once::h22c3ba5715e93f05
[INFO] [stdout]                                at /rustc/df4ca44d3fbc9301ee17f30f4d474e6ae4b05252/library/core/src/ops/function.rs:250:5
[INFO] [stdout]   24:     0x60c8df3bdd7b - test::__rust_begin_short_backtrace::h8e82d8113d0da17f
[INFO] [stdout]                                at /rustc/df4ca44d3fbc9301ee17f30f4d474e6ae4b05252/library/test/src/lib.rs:621:18
[INFO] [stdout]   25:     0x60c8df3bd6f7 - test::run_test_in_process::{{closure}}::h33235f4f20b7b7c7
[INFO] [stdout]                                at /rustc/df4ca44d3fbc9301ee17f30f4d474e6ae4b05252/library/test/src/lib.rs:644:60
[INFO] [stdout]   26:     0x60c8df3bd6f7 - <core::panic::unwind_safe::AssertUnwindSafe<F> as core::ops::function::FnOnce<()>>::call_once::hb5043206310c586f
[INFO] [stdout]                                at /rustc/df4ca44d3fbc9301ee17f30f4d474e6ae4b05252/library/core/src/panic/unwind_safe.rs:272:9
[INFO] [stdout]   27:     0x60c8df3bd6f7 - std::panicking::try::do_call::h9ad4731a60ab23e2
[INFO] [stdout]                                at /rustc/df4ca44d3fbc9301ee17f30f4d474e6ae4b05252/library/std/src/panicking.rs:557:40
[INFO] [stdout]   28:     0x60c8df3bd6f7 - std::panicking::try::h3824d23db772a716
[INFO] [stdout]                                at /rustc/df4ca44d3fbc9301ee17f30f4d474e6ae4b05252/library/std/src/panicking.rs:520:19
[INFO] [stdout]   29:     0x60c8df3bd6f7 - std::panic::catch_unwind::h5afd514605fde46b
[INFO] [stdout]                                at /rustc/df4ca44d3fbc9301ee17f30f4d474e6ae4b05252/library/std/src/panic.rs:358:14
[INFO] [stdout]   30:     0x60c8df3bd6f7 - test::run_test_in_process::h0d5cbfa7067d1720
[INFO] [stdout]                                at /rustc/df4ca44d3fbc9301ee17f30f4d474e6ae4b05252/library/test/src/lib.rs:644:27
[INFO] [stdout]   31:     0x60c8df3bd6f7 - test::run_test::{{closure}}::h708eb8872708115d
[INFO] [stdout]                                at /rustc/df4ca44d3fbc9301ee17f30f4d474e6ae4b05252/library/test/src/lib.rs:565:43
[INFO] [stdout]   32:     0x60c8df380e14 - test::run_test::{{closure}}::h392c51cee94713ab
[INFO] [stdout]                                at /rustc/df4ca44d3fbc9301ee17f30f4d474e6ae4b05252/library/test/src/lib.rs:595:41
[INFO] [stdout]   33:     0x60c8df380e14 - std::sys::backtrace::__rust_begin_short_backtrace::h2f40290710935a8b
[INFO] [stdout]                                at /rustc/df4ca44d3fbc9301ee17f30f4d474e6ae4b05252/library/std/src/sys/backtrace.rs:154:18
[INFO] [stdout]   34:     0x60c8df3845be - std::thread::Builder::spawn_unchecked_::{{closure}}::{{closure}}::h3fd968d89053a903
[INFO] [stdout]                                at /rustc/df4ca44d3fbc9301ee17f30f4d474e6ae4b05252/library/std/src/thread/mod.rs:541:17
[INFO] [stdout]   35:     0x60c8df3845be - <core::panic::unwind_safe::AssertUnwindSafe<F> as core::ops::function::FnOnce<()>>::call_once::h743f637ba4229880
[INFO] [stdout]                                at /rustc/df4ca44d3fbc9301ee17f30f4d474e6ae4b05252/library/core/src/panic/unwind_safe.rs:272:9
[INFO] [stdout]   36:     0x60c8df3845be - std::panicking::try::do_call::h07440897322525a6
[INFO] [stdout]                                at /rustc/df4ca44d3fbc9301ee17f30f4d474e6ae4b05252/library/std/src/panicking.rs:557:40
[INFO] [stdout]   37:     0x60c8df3845be - std::panicking::try::he5a2e00188156637
[INFO] [stdout]                                at /rustc/df4ca44d3fbc9301ee17f30f4d474e6ae4b05252/library/std/src/panicking.rs:520:19
[INFO] [stdout]   38:     0x60c8df3845be - std::panic::catch_unwind::hbaf3cae49b3c6433
[INFO] [stdout]                                at /rustc/df4ca44d3fbc9301ee17f30f4d474e6ae4b05252/library/std/src/panic.rs:358:14
[INFO] [stdout]   39:     0x60c8df3845be - std::thread::Builder::spawn_unchecked_::{{closure}}::h8e141ea224820bce
[INFO] [stdout]                                at /rustc/df4ca44d3fbc9301ee17f30f4d474e6ae4b05252/library/std/src/thread/mod.rs:540:30
[INFO] [stdout]   40:     0x60c8df3845be - core::ops::function::FnOnce::call_once{{vtable.shim}}::h90d312fedd7b8ea8
[INFO] [stdout]                                at /rustc/df4ca44d3fbc9301ee17f30f4d474e6ae4b05252/library/core/src/ops/function.rs:250:5
[INFO] [stdout]   41:     0x60c8dfbe42bb - <alloc::boxed::Box<F,A> as core::ops::function::FnOnce<Args>>::call_once::h69aa08ddb6adb8b6
[INFO] [stdout]                                at /rustc/df4ca44d3fbc9301ee17f30f4d474e6ae4b05252/library/alloc/src/boxed.rs:2454:9
[INFO] [stdout]   42:     0x60c8dfbe42bb - <alloc::boxed::Box<F,A> as core::ops::function::FnOnce<Args>>::call_once::h5aa36efdb79c806f
[INFO] [stdout]                                at /rustc/df4ca44d3fbc9301ee17f30f4d474e6ae4b05252/library/alloc/src/boxed.rs:2454:9
[INFO] [stdout]   43:     0x60c8dfbe42bb - std::sys::pal::unix::thread::Thread::new::thread_start::h6cd80a1b4be5158d
[INFO] [stdout]                                at /rustc/df4ca44d3fbc9301ee17f30f4d474e6ae4b05252/library/std/src/sys/pal/unix/thread.rs:105:17
[INFO] [stdout]   44:     0x754191c41ac3 - <unknown>
[INFO] [stdout]   45:     0x754191cd2a04 - clone
[INFO] [stdout]   46:                0x0 - <unknown>
[INFO] [stdout] 
[INFO] [stdout] 
[INFO] [stdout] failures:
[INFO] [stdout]     asynch::nextcloud::nextcloud_tests::http_error_response_on_get
[INFO] [stdout] 
[INFO] [stdout] test result: FAILED. 123 passed; 1 failed; 0 ignored; 0 measured; 0 filtered out; finished in 12.27s
[INFO] [stdout] 
[INFO] [stderr] error: test failed, to rerun pass `--lib`
[INFO] running `Command { std: "docker" "inspect" "6588778cee2fdf290d03a19f0165bfe732a368b319608da4e3b9c6cdf19c3f51", kill_on_drop: false }`
[INFO] running `Command { std: "docker" "rm" "-f" "6588778cee2fdf290d03a19f0165bfe732a368b319608da4e3b9c6cdf19c3f51", kill_on_drop: false }`
[INFO] [stdout] 6588778cee2fdf290d03a19f0165bfe732a368b319608da4e3b9c6cdf19c3f51
