[INFO] fetching crate rust-regex-dsl-creator 0.1.8...
[INFO] testing rust-regex-dsl-creator-0.1.8 against nightly-2024-10-28 for randomize-layout
[INFO] extracting crate rust-regex-dsl-creator 0.1.8 into /workspace/builds/worker-0-tc1/source
[INFO] validating manifest of crates.io crate rust-regex-dsl-creator 0.1.8 on toolchain nightly-2024-10-28
[INFO] running `Command { std: CARGO_HOME="/workspace/cargo-home" RUSTUP_HOME="/workspace/rustup-home" "/workspace/cargo-home/bin/cargo" "+nightly-2024-10-28" "metadata" "--manifest-path" "Cargo.toml" "--no-deps", kill_on_drop: false }`
[INFO] started tweaking crates.io crate rust-regex-dsl-creator 0.1.8
[INFO] removed 0 missing tests
[INFO] finished tweaking crates.io crate rust-regex-dsl-creator 0.1.8
[INFO] tweaked toml for crates.io crate rust-regex-dsl-creator 0.1.8 written to /workspace/builds/worker-0-tc1/source/Cargo.toml
[INFO] crate crates.io crate rust-regex-dsl-creator 0.1.8 already has a lockfile, it will not be regenerated
[INFO] running `Command { std: CARGO_HOME="/workspace/cargo-home" RUSTUP_HOME="/workspace/rustup-home" "/workspace/cargo-home/bin/cargo" "+nightly-2024-10-28" "fetch" "--manifest-path" "Cargo.toml", kill_on_drop: false }`
[INFO] running `Command { std: "docker" "create" "-v" "/var/lib/crater-agent-workspace/builds/worker-0-tc1/target:/opt/rustwide/target:rw,Z" "-v" "/var/lib/crater-agent-workspace/builds/worker-0-tc1/source:/opt/rustwide/workdir:ro,Z" "-v" "/var/lib/crater-agent-workspace/cargo-home:/opt/rustwide/cargo-home:ro,Z" "-v" "/var/lib/crater-agent-workspace/rustup-home:/opt/rustwide/rustup-home:ro,Z" "-e" "SOURCE_DIR=/opt/rustwide/workdir" "-e" "CARGO_TARGET_DIR=/opt/rustwide/target" "-e" "CARGO_HOME=/opt/rustwide/cargo-home" "-e" "RUSTUP_HOME=/opt/rustwide/rustup-home" "-w" "/opt/rustwide/workdir" "-m" "1610612736" "--user" "0:0" "--network" "none" "ghcr.io/rust-lang/crates-build-env/linux@sha256:4a844ea9eb2546a2d2c7022eacef16ef2e8229c7fbb2c7d4d55a9ceca922f72d" "/opt/rustwide/cargo-home/bin/cargo" "+nightly-2024-10-28" "metadata" "--no-deps" "--format-version=1", kill_on_drop: false }`
[INFO] [stdout] 0b6bd8fc199145daaae408d12a34b9be6d4952ad3485cc6acea6d9a697e4eb55
[INFO] running `Command { std: "docker" "start" "-a" "0b6bd8fc199145daaae408d12a34b9be6d4952ad3485cc6acea6d9a697e4eb55", kill_on_drop: false }`
[INFO] running `Command { std: "docker" "inspect" "0b6bd8fc199145daaae408d12a34b9be6d4952ad3485cc6acea6d9a697e4eb55", kill_on_drop: false }`
[INFO] running `Command { std: "docker" "rm" "-f" "0b6bd8fc199145daaae408d12a34b9be6d4952ad3485cc6acea6d9a697e4eb55", kill_on_drop: false }`
[INFO] [stdout] 0b6bd8fc199145daaae408d12a34b9be6d4952ad3485cc6acea6d9a697e4eb55
[INFO] running `Command { std: "docker" "create" "-v" "/var/lib/crater-agent-workspace/builds/worker-0-tc1/target:/opt/rustwide/target:rw,Z" "-v" "/var/lib/crater-agent-workspace/builds/worker-0-tc1/source:/opt/rustwide/workdir:ro,Z" "-v" "/var/lib/crater-agent-workspace/cargo-home:/opt/rustwide/cargo-home:ro,Z" "-v" "/var/lib/crater-agent-workspace/rustup-home:/opt/rustwide/rustup-home:ro,Z" "-e" "SOURCE_DIR=/opt/rustwide/workdir" "-e" "CARGO_TARGET_DIR=/opt/rustwide/target" "-e" "CARGO_INCREMENTAL=0" "-e" "RUST_BACKTRACE=full" "-e" "RUSTFLAGS=--cap-lints=forbid" "-e" "RUSTDOCFLAGS=--cap-lints=forbid" "-e" "CARGO_HOME=/opt/rustwide/cargo-home" "-e" "RUSTUP_HOME=/opt/rustwide/rustup-home" "-w" "/opt/rustwide/workdir" "-m" "1610612736" "--user" "0:0" "--network" "none" "ghcr.io/rust-lang/crates-build-env/linux@sha256:4a844ea9eb2546a2d2c7022eacef16ef2e8229c7fbb2c7d4d55a9ceca922f72d" "/opt/rustwide/cargo-home/bin/cargo" "+nightly-2024-10-28" "build" "--frozen" "--message-format=json", kill_on_drop: false }`
[INFO] [stdout] 9e907479d341b3fc737c564302c954b405a9e14514c22a9346ebbac8ca323b63
[INFO] running `Command { std: "docker" "start" "-a" "9e907479d341b3fc737c564302c954b405a9e14514c22a9346ebbac8ca323b63", kill_on_drop: false }`
[INFO] [stderr]    Compiling regex-syntax v0.8.4
[INFO] [stderr]    Compiling regex-automata v0.4.7
[INFO] [stderr]    Compiling regex v1.10.5
[INFO] [stderr]    Compiling rust-regex-dsl-creator v0.1.8 (/opt/rustwide/workdir)
[INFO] [stderr]     Finished `dev` profile [unoptimized + debuginfo] target(s) in 3.24s
[INFO] running `Command { std: "docker" "inspect" "9e907479d341b3fc737c564302c954b405a9e14514c22a9346ebbac8ca323b63", kill_on_drop: false }`
[INFO] running `Command { std: "docker" "rm" "-f" "9e907479d341b3fc737c564302c954b405a9e14514c22a9346ebbac8ca323b63", kill_on_drop: false }`
[INFO] [stdout] 9e907479d341b3fc737c564302c954b405a9e14514c22a9346ebbac8ca323b63
[INFO] running `Command { std: "docker" "create" "-v" "/var/lib/crater-agent-workspace/builds/worker-0-tc1/target:/opt/rustwide/target:rw,Z" "-v" "/var/lib/crater-agent-workspace/builds/worker-0-tc1/source:/opt/rustwide/workdir:ro,Z" "-v" "/var/lib/crater-agent-workspace/cargo-home:/opt/rustwide/cargo-home:ro,Z" "-v" "/var/lib/crater-agent-workspace/rustup-home:/opt/rustwide/rustup-home:ro,Z" "-e" "SOURCE_DIR=/opt/rustwide/workdir" "-e" "CARGO_TARGET_DIR=/opt/rustwide/target" "-e" "CARGO_INCREMENTAL=0" "-e" "RUST_BACKTRACE=full" "-e" "RUSTFLAGS=--cap-lints=forbid" "-e" "RUSTDOCFLAGS=--cap-lints=forbid" "-e" "CARGO_HOME=/opt/rustwide/cargo-home" "-e" "RUSTUP_HOME=/opt/rustwide/rustup-home" "-w" "/opt/rustwide/workdir" "-m" "1610612736" "--user" "0:0" "--network" "none" "ghcr.io/rust-lang/crates-build-env/linux@sha256:4a844ea9eb2546a2d2c7022eacef16ef2e8229c7fbb2c7d4d55a9ceca922f72d" "/opt/rustwide/cargo-home/bin/cargo" "+nightly-2024-10-28" "test" "--frozen" "--no-run" "--message-format=json", kill_on_drop: false }`
[INFO] [stdout] fffd22cf8118c631d33c36f511a782be2072b9bf97bf032e8efed07ac0bf291e
[INFO] running `Command { std: "docker" "start" "-a" "fffd22cf8118c631d33c36f511a782be2072b9bf97bf032e8efed07ac0bf291e", kill_on_drop: false }`
[INFO] [stderr]    Compiling proc-macro2 v1.0.86
[INFO] [stderr]    Compiling unicode-ident v1.0.12
[INFO] [stderr]    Compiling serde v1.0.204
[INFO] [stderr]    Compiling libc v0.2.155
[INFO] [stderr]    Compiling hashbrown v0.14.5
[INFO] [stderr]    Compiling winnow v0.6.16
[INFO] [stderr]    Compiling either v1.13.0
[INFO] [stderr]    Compiling remove_dir_all v0.5.3
[INFO] [stderr]    Compiling itertools v0.13.0
[INFO] [stderr]    Compiling quote v1.0.36
[INFO] [stderr]    Compiling indexmap v2.2.6
[INFO] [stderr]    Compiling rand v0.4.6
[INFO] [stderr]    Compiling syn v2.0.72
[INFO] [stderr]    Compiling tempdir v0.3.7
[INFO] [stderr]    Compiling serde_derive v1.0.204
[INFO] [stderr]    Compiling serde_spanned v0.6.7
[INFO] [stderr]    Compiling toml_datetime v0.6.7
[INFO] [stderr]    Compiling toml_edit v0.22.17
[INFO] [stderr]    Compiling toml v0.8.16
[INFO] [stderr]    Compiling rust-regex-dsl-creator v0.1.8 (/opt/rustwide/workdir)
[INFO] [stderr]     Finished `test` profile [unoptimized + debuginfo] target(s) in 7.07s
[INFO] running `Command { std: "docker" "inspect" "fffd22cf8118c631d33c36f511a782be2072b9bf97bf032e8efed07ac0bf291e", kill_on_drop: false }`
[INFO] running `Command { std: "docker" "rm" "-f" "fffd22cf8118c631d33c36f511a782be2072b9bf97bf032e8efed07ac0bf291e", kill_on_drop: false }`
[INFO] [stdout] fffd22cf8118c631d33c36f511a782be2072b9bf97bf032e8efed07ac0bf291e
[INFO] running `Command { std: "docker" "create" "-v" "/var/lib/crater-agent-workspace/builds/worker-0-tc1/target:/opt/rustwide/target:rw,Z" "-v" "/var/lib/crater-agent-workspace/builds/worker-0-tc1/source:/opt/rustwide/workdir:ro,Z" "-v" "/var/lib/crater-agent-workspace/cargo-home:/opt/rustwide/cargo-home:ro,Z" "-v" "/var/lib/crater-agent-workspace/rustup-home:/opt/rustwide/rustup-home:ro,Z" "-e" "SOURCE_DIR=/opt/rustwide/workdir" "-e" "CARGO_TARGET_DIR=/opt/rustwide/target" "-e" "CARGO_INCREMENTAL=0" "-e" "RUST_BACKTRACE=full" "-e" "RUSTFLAGS=--cap-lints=forbid" "-e" "RUSTDOCFLAGS=--cap-lints=forbid" "-e" "CARGO_HOME=/opt/rustwide/cargo-home" "-e" "RUSTUP_HOME=/opt/rustwide/rustup-home" "-w" "/opt/rustwide/workdir" "-m" "1610612736" "--user" "0:0" "--network" "none" "ghcr.io/rust-lang/crates-build-env/linux@sha256:4a844ea9eb2546a2d2c7022eacef16ef2e8229c7fbb2c7d4d55a9ceca922f72d" "/opt/rustwide/cargo-home/bin/cargo" "+nightly-2024-10-28" "test" "--frozen", kill_on_drop: false }`
[INFO] [stdout] b2c9371f1c6d2a79b24b0686424a5987912936d7636f42198e8b2c4dd488bda4
[INFO] running `Command { std: "docker" "start" "-a" "b2c9371f1c6d2a79b24b0686424a5987912936d7636f42198e8b2c4dd488bda4", kill_on_drop: false }`
[INFO] [stderr]     Finished `test` profile [unoptimized + debuginfo] target(s) in 0.02s
[INFO] [stderr]      Running unittests src/lib.rs (/opt/rustwide/target/debug/deps/rust_regex_dsl_creator-4c10adcbe59d232d)
[INFO] [stdout] 
[INFO] [stdout] running 0 tests
[INFO] [stdout] 
[INFO] [stdout] test result: ok. 0 passed; 0 failed; 0 ignored; 0 measured; 0 filtered out; finished in 0.00s
[INFO] [stdout] 
[INFO] [stderr]      Running unittests src/main.rs (/opt/rustwide/target/debug/deps/rust_regex_dsl_creator-be8e5aebec5721e0)
[INFO] [stdout] 
[INFO] [stdout] running 0 tests
[INFO] [stdout] 
[INFO] [stdout] test result: ok. 0 passed; 0 failed; 0 ignored; 0 measured; 0 filtered out; finished in 0.00s
[INFO] [stdout] 
[INFO] [stderr]      Running tests/test_builder.rs (/opt/rustwide/target/debug/deps/test_builder-18b970d3354bae71)
[INFO] [stdout] 
[INFO] [stdout] running 1 test
[INFO] [stdout] test test_use_cases ... FAILED
[INFO] [stdout] 
[INFO] [stdout] failures:
[INFO] [stdout] 
[INFO] [stdout] ---- test_use_cases stdout ----
[INFO] [stdout] For maybe_repeat which is \|\d*\| the DSL would look like:
[INFO] [stdout] concat {
[INFO] [stdout]   eq("|"),
[INFO] [stdout]   maybe_repeat {
[INFO] [stdout]     digit,
[INFO] [stdout]   },
[INFO] [stdout]   eq("|"),
[INFO] [stdout] }
[INFO] [stdout] 
[INFO] [stdout] For maybe_repeat which is \|\d*?\| the DSL would look like:
[INFO] [stdout] concat {
[INFO] [stdout]   eq("|"),
[INFO] [stdout]   maybe_repeat {
[INFO] [stdout]     lazy,
[INFO] [stdout]     digit,
[INFO] [stdout]   },
[INFO] [stdout]   eq("|"),
[INFO] [stdout] }
[INFO] [stdout] 
[INFO] [stdout] For perls which is \d\s\w\D\S\W the DSL would look like:
[INFO] [stdout] concat {
[INFO] [stdout]   digit,
[INFO] [stdout]   white_space,
[INFO] [stdout]   word_character,
[INFO] [stdout]   not_digit,
[INFO] [stdout]   not_white_space,
[INFO] [stdout]   not_word_character,
[INFO] [stdout] }
[INFO] [stdout] 
[INFO] [stdout] For assertions which is \A^\b{start}hell\Bo\b world$\z the DSL would look like:
[INFO] [stdout] concat {
[INFO] [stdout]   beginning_of_input,
[INFO] [stdout]   beginning_of_line,
[INFO] [stdout]   regex("\\b{start}"),
[INFO] [stdout]   eq("hell"),
[INFO] [stdout]   not_word_boundary,
[INFO] [stdout]   eq("o"),
[INFO] [stdout]   word_boundary,
[INFO] [stdout]   eq(" world"),
[INFO] [stdout]   end_of_line,
[INFO] [stdout]   end_of_input,
[INFO] [stdout] }
[INFO] [stdout] 
[INFO] [stdout] For exactly which is -(ABC){3}- the DSL would look like:
[INFO] [stdout] concat {
[INFO] [stdout]   eq("-"),
[INFO] [stdout]   times {
[INFO] [stdout]     exactly: 3,
[INFO] [stdout]     group {
[INFO] [stdout]       eq("ABC"),
[INFO] [stdout]     },
[INFO] [stdout]   },
[INFO] [stdout]   eq("-"),
[INFO] [stdout] }
[INFO] [stdout] 
[INFO] [stdout] For non_capture_group which is ((?:\d+)(?:\p{letter}+)) the DSL would look like:
[INFO] [stdout] group {
[INFO] [stdout]   concat {
[INFO] [stdout]     repeat {
[INFO] [stdout]       digit,
[INFO] [stdout]     },
[INFO] [stdout]     repeat {
[INFO] [stdout]       #letter,
[INFO] [stdout]     },
[INFO] [stdout]   },
[INFO] [stdout] }
[INFO] [stdout] 
[INFO] [stdout] For predefine_class which is \pN\p{letter}\PN\P{letter} the DSL would look like:
[INFO] [stdout] concat {
[INFO] [stdout]   #N,
[INFO] [stdout]   #letter,
[INFO] [stdout]   ~N,
[INFO] [stdout]   ~letter,
[INFO] [stdout] }
[INFO] [stdout] 
[INFO] [stdout] For repeat which is \|\d+\| the DSL would look like:
[INFO] [stdout] concat {
[INFO] [stdout]   eq("|"),
[INFO] [stdout]   repeat {
[INFO] [stdout]     digit,
[INFO] [stdout]   },
[INFO] [stdout]   eq("|"),
[INFO] [stdout] }
[INFO] [stdout] 
[INFO] [stdout] For range which is [2-46-7] the DSL would look like:
[INFO] [stdout] any_of {
[INFO] [stdout]   from: '2', to: '4',
[INFO] [stdout]   from: '6', to: '7',
[INFO] [stdout] }
[INFO] [stdout] 
[INFO] [stdout] For group_names which is ((?<digits>\d+)(?P<letters>\p{letter}+)) the DSL would look like:
[INFO] [stdout] group {
[INFO] [stdout]   concat {
[INFO] [stdout]     group {
[INFO] [stdout]       name: digits,
[INFO] [stdout]       repeat {
[INFO] [stdout]         digit,
[INFO] [stdout]       },
[INFO] [stdout]     },
[INFO] [stdout]     group {
[INFO] [stdout]       name: letters,
[INFO] [stdout]       repeat {
[INFO] [stdout]         #letter,
[INFO] [stdout]       },
[INFO] [stdout]     },
[INFO] [stdout]   },
[INFO] [stdout] }
[INFO] [stdout] 
[INFO] [stdout] For xor which is [0-4~~3-6] the DSL would look like:
[INFO] [stdout] any_of {
[INFO] [stdout]   from: '0', to: '4',
[INFO] [stdout]   xor {
[INFO] [stdout]     from: '3', to: '6',
[INFO] [stdout]   },
[INFO] [stdout] }
[INFO] [stdout] 
[INFO] [stdout] For apply which is (?i)a(?-i)b(?i:c)d the DSL would look like:
[INFO] [stdout] concat {
[INFO] [stdout]   apply {
[INFO] [stdout]     +case_insensitive,
[INFO] [stdout]   },
[INFO] [stdout]   eq("a"),
[INFO] [stdout]   apply {
[INFO] [stdout]     -case_insensitive,
[INFO] [stdout]   },
[INFO] [stdout]   eq("b"),
[INFO] [stdout]   apply {
[INFO] [stdout]     +case_insensitive,
[INFO] [stdout]     eq("c"),
[INFO] [stdout]   },
[INFO] [stdout]   eq("d"),
[INFO] [stdout] }
[INFO] [stdout] 
[INFO] [stdout] For intersection which is [0-4&&3-6] the DSL would look like:
[INFO] [stdout] any_of {
[INFO] [stdout]   from: '0', to: '4',
[INFO] [stdout]   intersect {
[INFO] [stdout]     from: '3', to: '6',
[INFO] [stdout]   },
[INFO] [stdout] }
[INFO] [stdout] 
[INFO] [stdout] For group_number_test which is ((\d+)(\p{letter}+)) the DSL would look like:
[INFO] [stdout] group {
[INFO] [stdout]   concat {
[INFO] [stdout]     group {
[INFO] [stdout]       repeat {
[INFO] [stdout]         digit,
[INFO] [stdout]       },
[INFO] [stdout]     },
[INFO] [stdout]     group {
[INFO] [stdout]       repeat {
[INFO] [stdout]         #letter,
[INFO] [stdout]       },
[INFO] [stdout]     },
[INFO] [stdout]   },
[INFO] [stdout] }
[INFO] [stdout] 
[INFO] [stdout] For subtraction which is [0-9--4] the DSL would look like:
[INFO] [stdout] any_of {
[INFO] [stdout]   from: '0', to: '9',
[INFO] [stdout]   subtract {
[INFO] [stdout]     '4',
[INFO] [stdout]   },
[INFO] [stdout] }
[INFO] [stdout] 
[INFO] [stdout] For escaped_literals which is \n\\ the DSL would look like:
[INFO] [stdout] eq("\n\\")
[INFO] [stdout] 
[INFO] [stdout] For simple_concat which is abc.d the DSL would look like:
[INFO] [stdout] concat {
[INFO] [stdout]   eq("abc"),
[INFO] [stdout]   any_character,
[INFO] [stdout]   eq("d"),
[INFO] [stdout] }
[INFO] [stdout] 
[INFO] [stdout] For simple_eq which is abcd the DSL would look like:
[INFO] [stdout] eq("abcd")
[INFO] [stdout] 
[INFO] [stdout] For bounded which is T\d{2,5}T the DSL would look like:
[INFO] [stdout] concat {
[INFO] [stdout]   eq("T"),
[INFO] [stdout]   times {
[INFO] [stdout]     at_least: 2, at_most: 5,
[INFO] [stdout]     digit,
[INFO] [stdout]   },
[INFO] [stdout]   eq("T"),
[INFO] [stdout] }
[INFO] [stdout] 
[INFO] [stdout] For any_of_ascii which is [[:alnum:]] the DSL would look like:
[INFO] [stdout] regex("[[:alnum:]]")
[INFO] [stdout] 
[INFO] [stdout] For unsupported_predefine_class which is 1\p{General_Category=Letter}2 the DSL would look like:
[INFO] [stdout] concat {
[INFO] [stdout]   eq("1"),
[INFO] [stdout]   regex("\\p{General_Category=Letter}"),
[INFO] [stdout]   eq("2"),
[INFO] [stdout] }
[INFO] [stdout] 
[INFO] [stdout] For at_least which is -(ABC){2,}- the DSL would look like:
[INFO] [stdout] concat {
[INFO] [stdout]   eq("-"),
[INFO] [stdout]   times {
[INFO] [stdout]     at_least: 2,
[INFO] [stdout]     group {
[INFO] [stdout]       eq("ABC"),
[INFO] [stdout]     },
[INFO] [stdout]   },
[INFO] [stdout]   eq("-"),
[INFO] [stdout] }
[INFO] [stdout] 
[INFO] [stdout] For not_any_of_literals which is [^abc] the DSL would look like:
[INFO] [stdout] not_any_of {
[INFO] [stdout]   'a',
[INFO] [stdout]   'b',
[INFO] [stdout]   'c',
[INFO] [stdout] }
[INFO] [stdout] 
[INFO] [stdout] For maybe which is \|\d?\| the DSL would look like:
[INFO] [stdout] concat {
[INFO] [stdout]   eq("|"),
[INFO] [stdout]   maybe {
[INFO] [stdout]     digit,
[INFO] [stdout]   },
[INFO] [stdout]   eq("|"),
[INFO] [stdout] }
[INFO] [stdout] 
[INFO] [stdout] For simple_literal which is A the DSL would look like:
[INFO] [stdout] eq("A")
[INFO] [stdout] 
[INFO] [stdout] For negative_subtraction which is [0-9&&[^4]] the DSL would look like:
[INFO] [stdout] regex("[0-9&&[^4]]")
[INFO] [stdout] 
[INFO] [stdout] For any_of_unicode_perl which is [\d\p{letter}] the DSL would look like:
[INFO] [stdout] any_of {
[INFO] [stdout]   digit,
[INFO] [stdout]   #letter,
[INFO] [stdout] }
[INFO] [stdout] 
[INFO] [stdout] For any which is bar|foo the DSL would look like:
[INFO] [stdout] any {
[INFO] [stdout]   eq("bar"),
[INFO] [stdout]   eq("foo"),
[INFO] [stdout] }
[INFO] [stdout] 
[INFO] [stdout] thread 'test_use_cases' panicked at tests/test_builder.rs:132:9:
[INFO] [stdout] assertion failed: status.success()
[INFO] [stdout] stack backtrace:
[INFO] [stdout]    0:     0x60c4ede0c7fa - std::backtrace_rs::backtrace::libunwind::trace::h207520d6e9873551
[INFO] [stdout]                                at /rustc/df4ca44d3fbc9301ee17f30f4d474e6ae4b05252/library/std/src/../../backtrace/src/backtrace/libunwind.rs:116:5
[INFO] [stdout]    1:     0x60c4ede0c7fa - std::backtrace_rs::backtrace::trace_unsynchronized::h2ed7433f370e3eca
[INFO] [stdout]                                at /rustc/df4ca44d3fbc9301ee17f30f4d474e6ae4b05252/library/std/src/../../backtrace/src/backtrace/mod.rs:66:5
[INFO] [stdout]    2:     0x60c4ede0c7fa - std::sys::backtrace::_print_fmt::h916fac51166b18d7
[INFO] [stdout]                                at /rustc/df4ca44d3fbc9301ee17f30f4d474e6ae4b05252/library/std/src/sys/backtrace.rs:66:9
[INFO] [stdout]    3:     0x60c4ede0c7fa - <std::sys::backtrace::BacktraceLock::print::DisplayBacktrace as core::fmt::Display>::fmt::ha0a4c9b8ce3802e6
[INFO] [stdout]                                at /rustc/df4ca44d3fbc9301ee17f30f4d474e6ae4b05252/library/std/src/sys/backtrace.rs:39:26
[INFO] [stdout]    4:     0x60c4ede35cc3 - core::fmt::rt::Argument::fmt::h4cfc8587d52b3eb5
[INFO] [stdout]                                at /rustc/df4ca44d3fbc9301ee17f30f4d474e6ae4b05252/library/core/src/fmt/rt.rs:177:76
[INFO] [stdout]    5:     0x60c4ede35cc3 - core::fmt::write::h522cc39e5b36ae9f
[INFO] [stdout]                                at /rustc/df4ca44d3fbc9301ee17f30f4d474e6ae4b05252/library/core/src/fmt/mod.rs:1190:21
[INFO] [stdout]    6:     0x60c4ede08f53 - std::io::Write::write_fmt::h7d3c26752da97734
[INFO] [stdout]                                at /rustc/df4ca44d3fbc9301ee17f30f4d474e6ae4b05252/library/std/src/io/mod.rs:1839:15
[INFO] [stdout]    7:     0x60c4ede0c642 - std::sys::backtrace::BacktraceLock::print::h4b9e00b29e9c0942
[INFO] [stdout]                                at /rustc/df4ca44d3fbc9301ee17f30f4d474e6ae4b05252/library/std/src/sys/backtrace.rs:42:9
[INFO] [stdout]    8:     0x60c4ede0dc8a - std::panicking::default_hook::{{closure}}::hb59b88280d0324d9
[INFO] [stdout]                                at /rustc/df4ca44d3fbc9301ee17f30f4d474e6ae4b05252/library/std/src/panicking.rs:268:22
[INFO] [stdout]    9:     0x60c4ede0da94 - std::panicking::default_hook::he1dd496665be4a29
[INFO] [stdout]                                at /rustc/df4ca44d3fbc9301ee17f30f4d474e6ae4b05252/library/std/src/panicking.rs:292:9
[INFO] [stdout]   10:     0x60c4eda0fff9 - <alloc::boxed::Box<F,A> as core::ops::function::Fn<Args>>::call::h4ff71de18744e1dc
[INFO] [stdout]                                at /rustc/df4ca44d3fbc9301ee17f30f4d474e6ae4b05252/library/alloc/src/boxed.rs:2468:9
[INFO] [stdout]   11:     0x60c4eda0fff9 - test::test_main::{{closure}}::hcf7c055ce117aa81
[INFO] [stdout]                                at /rustc/df4ca44d3fbc9301ee17f30f4d474e6ae4b05252/library/test/src/lib.rs:133:21
[INFO] [stdout]   12:     0x60c4ede0e388 - <alloc::boxed::Box<F,A> as core::ops::function::Fn<Args>>::call::h1d66c6bbd60c9692
[INFO] [stdout]                                at /rustc/df4ca44d3fbc9301ee17f30f4d474e6ae4b05252/library/alloc/src/boxed.rs:2468:9
[INFO] [stdout]   13:     0x60c4ede0e388 - std::panicking::rust_panic_with_hook::h2ff17fe8f26dfcf8
[INFO] [stdout]                                at /rustc/df4ca44d3fbc9301ee17f30f4d474e6ae4b05252/library/std/src/panicking.rs:809:13
[INFO] [stdout]   14:     0x60c4ede0e116 - std::panicking::begin_panic_handler::{{closure}}::h4fad77951c07e101
[INFO] [stdout]                                at /rustc/df4ca44d3fbc9301ee17f30f4d474e6ae4b05252/library/std/src/panicking.rs:667:13
[INFO] [stdout]   15:     0x60c4ede0ccd9 - std::sys::backtrace::__rust_end_short_backtrace::hb1a25b3da5d0ea08
[INFO] [stdout]                                at /rustc/df4ca44d3fbc9301ee17f30f4d474e6ae4b05252/library/std/src/sys/backtrace.rs:170:18
[INFO] [stdout]   16:     0x60c4ede0dddc - rust_begin_unwind
[INFO] [stdout]                                at /rustc/df4ca44d3fbc9301ee17f30f4d474e6ae4b05252/library/std/src/panicking.rs:665:5
[INFO] [stdout]   17:     0x60c4ede34030 - core::panicking::panic_fmt::ha9db07b529f9b256
[INFO] [stdout]                                at /rustc/df4ca44d3fbc9301ee17f30f4d474e6ae4b05252/library/core/src/panicking.rs:75:14
[INFO] [stdout]   18:     0x60c4ede340bc - core::panicking::panic::h993086813d94accc
[INFO] [stdout]                                at /rustc/df4ca44d3fbc9301ee17f30f4d474e6ae4b05252/library/core/src/panicking.rs:152:5
[INFO] [stdout]   19:     0x60c4ed9ae126 - test_builder::TestSuite::prepare_code::h070f1ffadf401e46
[INFO] [stdout]                                at /opt/rustwide/workdir/tests/test_builder.rs:132:9
[INFO] [stdout]   20:     0x60c4ed9acfc3 - test_builder::TestSuite::test_all::h402b71b8213eaee9
[INFO] [stdout]                                at /opt/rustwide/workdir/tests/test_builder.rs:41:9
[INFO] [stdout]   21:     0x60c4ed9bba40 - test_builder::test_use_cases::h94f8c572a302ac11
[INFO] [stdout]                                at /opt/rustwide/workdir/tests/test_builder.rs:225:5
[INFO] [stdout]   22:     0x60c4ed9bb447 - test_builder::test_use_cases::{{closure}}::h57d590e229349e38
[INFO] [stdout]                                at /opt/rustwide/workdir/tests/test_builder.rs:210:24
[INFO] [stdout]   23:     0x60c4ed9a4c46 - core::ops::function::FnOnce::call_once::hf76321b0aaa9338c
[INFO] [stdout]                                at /rustc/df4ca44d3fbc9301ee17f30f4d474e6ae4b05252/library/core/src/ops/function.rs:250:5
[INFO] [stdout]   24:     0x60c4eda148cb - core::ops::function::FnOnce::call_once::h22c3ba5715e93f05
[INFO] [stdout]                                at /rustc/df4ca44d3fbc9301ee17f30f4d474e6ae4b05252/library/core/src/ops/function.rs:250:5
[INFO] [stdout]   25:     0x60c4eda148cb - test::__rust_begin_short_backtrace::h8e82d8113d0da17f
[INFO] [stdout]                                at /rustc/df4ca44d3fbc9301ee17f30f4d474e6ae4b05252/library/test/src/lib.rs:621:18
[INFO] [stdout]   26:     0x60c4eda14247 - test::run_test_in_process::{{closure}}::h33235f4f20b7b7c7
[INFO] [stdout]                                at /rustc/df4ca44d3fbc9301ee17f30f4d474e6ae4b05252/library/test/src/lib.rs:644:60
[INFO] [stdout]   27:     0x60c4eda14247 - <core::panic::unwind_safe::AssertUnwindSafe<F> as core::ops::function::FnOnce<()>>::call_once::hb5043206310c586f
[INFO] [stdout]                                at /rustc/df4ca44d3fbc9301ee17f30f4d474e6ae4b05252/library/core/src/panic/unwind_safe.rs:272:9
[INFO] [stdout]   28:     0x60c4eda14247 - std::panicking::try::do_call::h9ad4731a60ab23e2
[INFO] [stdout]                                at /rustc/df4ca44d3fbc9301ee17f30f4d474e6ae4b05252/library/std/src/panicking.rs:557:40
[INFO] [stdout]   29:     0x60c4eda14247 - std::panicking::try::h3824d23db772a716
[INFO] [stdout]                                at /rustc/df4ca44d3fbc9301ee17f30f4d474e6ae4b05252/library/std/src/panicking.rs:520:19
[INFO] [stdout]   30:     0x60c4eda14247 - std::panic::catch_unwind::h5afd514605fde46b
[INFO] [stdout]                                at /rustc/df4ca44d3fbc9301ee17f30f4d474e6ae4b05252/library/std/src/panic.rs:358:14
[INFO] [stdout]   31:     0x60c4eda14247 - test::run_test_in_process::h0d5cbfa7067d1720
[INFO] [stdout]                                at /rustc/df4ca44d3fbc9301ee17f30f4d474e6ae4b05252/library/test/src/lib.rs:644:27
[INFO] [stdout]   32:     0x60c4eda14247 - test::run_test::{{closure}}::h708eb8872708115d
[INFO] [stdout]                                at /rustc/df4ca44d3fbc9301ee17f30f4d474e6ae4b05252/library/test/src/lib.rs:565:43
[INFO] [stdout]   33:     0x60c4ed9d7964 - test::run_test::{{closure}}::h392c51cee94713ab
[INFO] [stdout]                                at /rustc/df4ca44d3fbc9301ee17f30f4d474e6ae4b05252/library/test/src/lib.rs:595:41
[INFO] [stdout]   34:     0x60c4ed9d7964 - std::sys::backtrace::__rust_begin_short_backtrace::h2f40290710935a8b
[INFO] [stdout]                                at /rustc/df4ca44d3fbc9301ee17f30f4d474e6ae4b05252/library/std/src/sys/backtrace.rs:154:18
[INFO] [stdout]   35:     0x60c4ed9db10e - std::thread::Builder::spawn_unchecked_::{{closure}}::{{closure}}::h3fd968d89053a903
[INFO] [stdout]                                at /rustc/df4ca44d3fbc9301ee17f30f4d474e6ae4b05252/library/std/src/thread/mod.rs:541:17
[INFO] [stdout]   36:     0x60c4ed9db10e - <core::panic::unwind_safe::AssertUnwindSafe<F> as core::ops::function::FnOnce<()>>::call_once::h743f637ba4229880
[INFO] [stdout]                                at /rustc/df4ca44d3fbc9301ee17f30f4d474e6ae4b05252/library/core/src/panic/unwind_safe.rs:272:9
[INFO] [stdout]   37:     0x60c4ed9db10e - std::panicking::try::do_call::h07440897322525a6
[INFO] [stdout]                                at /rustc/df4ca44d3fbc9301ee17f30f4d474e6ae4b05252/library/std/src/panicking.rs:557:40
[INFO] [stdout]   38:     0x60c4ed9db10e - std::panicking::try::he5a2e00188156637
[INFO] [stdout]                                at /rustc/df4ca44d3fbc9301ee17f30f4d474e6ae4b05252/library/std/src/panicking.rs:520:19
[INFO] [stdout]   39:     0x60c4ed9db10e - std::panic::catch_unwind::hbaf3cae49b3c6433
[INFO] [stdout]                                at /rustc/df4ca44d3fbc9301ee17f30f4d474e6ae4b05252/library/std/src/panic.rs:358:14
[INFO] [stdout]   40:     0x60c4ed9db10e - std::thread::Builder::spawn_unchecked_::{{closure}}::h8e141ea224820bce
[INFO] [stdout]                                at /rustc/df4ca44d3fbc9301ee17f30f4d474e6ae4b05252/library/std/src/thread/mod.rs:540:30
[INFO] [stdout]   41:     0x60c4ed9db10e - core::ops::function::FnOnce::call_once{{vtable.shim}}::h90d312fedd7b8ea8
[INFO] [stdout]                                at /rustc/df4ca44d3fbc9301ee17f30f4d474e6ae4b05252/library/core/src/ops/function.rs:250:5
[INFO] [stdout]   42:     0x60c4ede12fcb - <alloc::boxed::Box<F,A> as core::ops::function::FnOnce<Args>>::call_once::h69aa08ddb6adb8b6
[INFO] [stdout]                                at /rustc/df4ca44d3fbc9301ee17f30f4d474e6ae4b05252/library/alloc/src/boxed.rs:2454:9
[INFO] [stdout]   43:     0x60c4ede12fcb - <alloc::boxed::Box<F,A> as core::ops::function::FnOnce<Args>>::call_once::h5aa36efdb79c806f
[INFO] [stdout]                                at /rustc/df4ca44d3fbc9301ee17f30f4d474e6ae4b05252/library/alloc/src/boxed.rs:2454:9
[INFO] [stdout]   44:     0x60c4ede12fcb - std::sys::pal::unix::thread::Thread::new::thread_start::h6cd80a1b4be5158d
[INFO] [stdout]                                at /rustc/df4ca44d3fbc9301ee17f30f4d474e6ae4b05252/library/std/src/sys/pal/unix/thread.rs:105:17
[INFO] [stdout]   45:     0x7b31f4fdaac3 - <unknown>
[INFO] [stdout]   46:     0x7b31f506ba04 - clone
[INFO] [stdout]   47:                0x0 - <unknown>
[INFO] [stdout] 
[INFO] [stdout] 
[INFO] [stdout] failures:
[INFO] [stdout]     test_use_cases
[INFO] [stdout] 
[INFO] [stdout] test result: FAILED. 0 passed; 1 failed; 0 ignored; 0 measured; 0 filtered out; finished in 0.80s
[INFO] [stdout] 
[INFO] [stderr] error: test failed, to rerun pass `--test test_builder`
[INFO] running `Command { std: "docker" "inspect" "b2c9371f1c6d2a79b24b0686424a5987912936d7636f42198e8b2c4dd488bda4", kill_on_drop: false }`
[INFO] running `Command { std: "docker" "rm" "-f" "b2c9371f1c6d2a79b24b0686424a5987912936d7636f42198e8b2c4dd488bda4", kill_on_drop: false }`
[INFO] [stdout] b2c9371f1c6d2a79b24b0686424a5987912936d7636f42198e8b2c4dd488bda4
