[INFO] fetching crate rust-query-macros 0.2.0...
[INFO] testing rust-query-macros-0.2.0 against nightly-2024-10-28+rustflags=-Zrandomize-layout for randomize-layout
[INFO] extracting crate rust-query-macros 0.2.0 into /workspace/builds/worker-6-tc2/source
[INFO] validating manifest of crates.io crate rust-query-macros 0.2.0 on toolchain nightly-2024-10-28
[INFO] running `Command { std: CARGO_HOME="/workspace/cargo-home" RUSTUP_HOME="/workspace/rustup-home" "/workspace/cargo-home/bin/cargo" "+nightly-2024-10-28" "metadata" "--manifest-path" "Cargo.toml" "--no-deps", kill_on_drop: false }`
[INFO] started tweaking crates.io crate rust-query-macros 0.2.0
[INFO] finished tweaking crates.io crate rust-query-macros 0.2.0
[INFO] tweaked toml for crates.io crate rust-query-macros 0.2.0 written to /workspace/builds/worker-6-tc2/source/Cargo.toml
[INFO] running `Command { std: CARGO_HOME="/workspace/cargo-home" RUSTUP_HOME="/workspace/rustup-home" "/workspace/cargo-home/bin/cargo" "+nightly-2024-10-28" "generate-lockfile" "--manifest-path" "Cargo.toml", kill_on_drop: false }`
[INFO] [stderr]     Updating crates.io index
[INFO] [stderr]      Locking 7 packages to latest compatible versions
[INFO] running `Command { std: CARGO_HOME="/workspace/cargo-home" RUSTUP_HOME="/workspace/rustup-home" "/workspace/cargo-home/bin/cargo" "+nightly-2024-10-28" "fetch" "--manifest-path" "Cargo.toml", kill_on_drop: false }`
[INFO] running `Command { std: "docker" "create" "-v" "/var/lib/crater-agent-workspace/builds/worker-6-tc2/target:/opt/rustwide/target:rw,Z" "-v" "/var/lib/crater-agent-workspace/builds/worker-6-tc2/source:/opt/rustwide/workdir:ro,Z" "-v" "/var/lib/crater-agent-workspace/cargo-home:/opt/rustwide/cargo-home:ro,Z" "-v" "/var/lib/crater-agent-workspace/rustup-home:/opt/rustwide/rustup-home:ro,Z" "-e" "SOURCE_DIR=/opt/rustwide/workdir" "-e" "CARGO_TARGET_DIR=/opt/rustwide/target" "-e" "CARGO_HOME=/opt/rustwide/cargo-home" "-e" "RUSTUP_HOME=/opt/rustwide/rustup-home" "-w" "/opt/rustwide/workdir" "-m" "1610612736" "--user" "0:0" "--network" "none" "ghcr.io/rust-lang/crates-build-env/linux@sha256:4a844ea9eb2546a2d2c7022eacef16ef2e8229c7fbb2c7d4d55a9ceca922f72d" "/opt/rustwide/cargo-home/bin/cargo" "+nightly-2024-10-28" "metadata" "--no-deps" "--format-version=1", kill_on_drop: false }`
[INFO] [stdout] 181910853cc145278511d56a239571b8bd1dc86740707afb66ef46fc6e9239f2
[INFO] running `Command { std: "docker" "start" "-a" "181910853cc145278511d56a239571b8bd1dc86740707afb66ef46fc6e9239f2", kill_on_drop: false }`
[INFO] running `Command { std: "docker" "inspect" "181910853cc145278511d56a239571b8bd1dc86740707afb66ef46fc6e9239f2", kill_on_drop: false }`
[INFO] running `Command { std: "docker" "rm" "-f" "181910853cc145278511d56a239571b8bd1dc86740707afb66ef46fc6e9239f2", kill_on_drop: false }`
[INFO] [stdout] 181910853cc145278511d56a239571b8bd1dc86740707afb66ef46fc6e9239f2
[INFO] running `Command { std: "docker" "create" "-v" "/var/lib/crater-agent-workspace/builds/worker-6-tc2/target:/opt/rustwide/target:rw,Z" "-v" "/var/lib/crater-agent-workspace/builds/worker-6-tc2/source:/opt/rustwide/workdir:ro,Z" "-v" "/var/lib/crater-agent-workspace/cargo-home:/opt/rustwide/cargo-home:ro,Z" "-v" "/var/lib/crater-agent-workspace/rustup-home:/opt/rustwide/rustup-home:ro,Z" "-e" "SOURCE_DIR=/opt/rustwide/workdir" "-e" "CARGO_TARGET_DIR=/opt/rustwide/target" "-e" "CARGO_INCREMENTAL=0" "-e" "RUST_BACKTRACE=full" "-e" "RUSTFLAGS=--cap-lints=forbid -Zrandomize-layout" "-e" "RUSTDOCFLAGS=--cap-lints=forbid" "-e" "CARGO_HOME=/opt/rustwide/cargo-home" "-e" "RUSTUP_HOME=/opt/rustwide/rustup-home" "-w" "/opt/rustwide/workdir" "-m" "1610612736" "--user" "0:0" "--network" "none" "ghcr.io/rust-lang/crates-build-env/linux@sha256:4a844ea9eb2546a2d2c7022eacef16ef2e8229c7fbb2c7d4d55a9ceca922f72d" "/opt/rustwide/cargo-home/bin/cargo" "+nightly-2024-10-28" "build" "--frozen" "--message-format=json", kill_on_drop: false }`
[INFO] [stdout] 4f2b4c520df98a1143a04ea787aaa84169c166007f136318160f92ac71b439fa
[INFO] running `Command { std: "docker" "start" "-a" "4f2b4c520df98a1143a04ea787aaa84169c166007f136318160f92ac71b439fa", kill_on_drop: false }`
[INFO] [stderr]    Compiling proc-macro2 v1.0.89
[INFO] [stderr]    Compiling unicode-ident v1.0.13
[INFO] [stderr]    Compiling heck v0.5.0
[INFO] [stderr]    Compiling quote v1.0.37
[INFO] [stderr]    Compiling syn v2.0.86
[INFO] [stderr]    Compiling rust-query-macros v0.2.0 (/opt/rustwide/workdir)
[INFO] [stderr]     Finished `dev` profile [unoptimized + debuginfo] target(s) in 3.63s
[INFO] running `Command { std: "docker" "inspect" "4f2b4c520df98a1143a04ea787aaa84169c166007f136318160f92ac71b439fa", kill_on_drop: false }`
[INFO] running `Command { std: "docker" "rm" "-f" "4f2b4c520df98a1143a04ea787aaa84169c166007f136318160f92ac71b439fa", kill_on_drop: false }`
[INFO] [stdout] 4f2b4c520df98a1143a04ea787aaa84169c166007f136318160f92ac71b439fa
[INFO] running `Command { std: "docker" "create" "-v" "/var/lib/crater-agent-workspace/builds/worker-6-tc2/target:/opt/rustwide/target:rw,Z" "-v" "/var/lib/crater-agent-workspace/builds/worker-6-tc2/source:/opt/rustwide/workdir:ro,Z" "-v" "/var/lib/crater-agent-workspace/cargo-home:/opt/rustwide/cargo-home:ro,Z" "-v" "/var/lib/crater-agent-workspace/rustup-home:/opt/rustwide/rustup-home:ro,Z" "-e" "SOURCE_DIR=/opt/rustwide/workdir" "-e" "CARGO_TARGET_DIR=/opt/rustwide/target" "-e" "CARGO_INCREMENTAL=0" "-e" "RUST_BACKTRACE=full" "-e" "RUSTFLAGS=--cap-lints=forbid -Zrandomize-layout" "-e" "RUSTDOCFLAGS=--cap-lints=forbid" "-e" "CARGO_HOME=/opt/rustwide/cargo-home" "-e" "RUSTUP_HOME=/opt/rustwide/rustup-home" "-w" "/opt/rustwide/workdir" "-m" "1610612736" "--user" "0:0" "--network" "none" "ghcr.io/rust-lang/crates-build-env/linux@sha256:4a844ea9eb2546a2d2c7022eacef16ef2e8229c7fbb2c7d4d55a9ceca922f72d" "/opt/rustwide/cargo-home/bin/cargo" "+nightly-2024-10-28" "test" "--frozen" "--no-run" "--message-format=json", kill_on_drop: false }`
[INFO] [stdout] ae25d9591c03a0b5d108dffd4ce195d10dd21b258ad47a5ccec634a9b2119920
[INFO] running `Command { std: "docker" "start" "-a" "ae25d9591c03a0b5d108dffd4ce195d10dd21b258ad47a5ccec634a9b2119920", kill_on_drop: false }`
[INFO] [stderr]    Compiling ref-cast v1.0.23
[INFO] [stderr]    Compiling ref-cast-impl v1.0.23
[INFO] [stderr]    Compiling rust-query-macros v0.2.0 (/opt/rustwide/workdir)
[INFO] [stderr]     Finished `test` profile [unoptimized + debuginfo] target(s) in 0.56s
[INFO] running `Command { std: "docker" "inspect" "ae25d9591c03a0b5d108dffd4ce195d10dd21b258ad47a5ccec634a9b2119920", kill_on_drop: false }`
[INFO] running `Command { std: "docker" "rm" "-f" "ae25d9591c03a0b5d108dffd4ce195d10dd21b258ad47a5ccec634a9b2119920", kill_on_drop: false }`
[INFO] [stdout] ae25d9591c03a0b5d108dffd4ce195d10dd21b258ad47a5ccec634a9b2119920
[INFO] running `Command { std: "docker" "create" "-v" "/var/lib/crater-agent-workspace/builds/worker-6-tc2/target:/opt/rustwide/target:rw,Z" "-v" "/var/lib/crater-agent-workspace/builds/worker-6-tc2/source:/opt/rustwide/workdir:ro,Z" "-v" "/var/lib/crater-agent-workspace/cargo-home:/opt/rustwide/cargo-home:ro,Z" "-v" "/var/lib/crater-agent-workspace/rustup-home:/opt/rustwide/rustup-home:ro,Z" "-e" "SOURCE_DIR=/opt/rustwide/workdir" "-e" "CARGO_TARGET_DIR=/opt/rustwide/target" "-e" "CARGO_INCREMENTAL=0" "-e" "RUST_BACKTRACE=full" "-e" "RUSTFLAGS=--cap-lints=forbid -Zrandomize-layout" "-e" "RUSTDOCFLAGS=--cap-lints=forbid" "-e" "CARGO_HOME=/opt/rustwide/cargo-home" "-e" "RUSTUP_HOME=/opt/rustwide/rustup-home" "-w" "/opt/rustwide/workdir" "-m" "1610612736" "--user" "0:0" "--network" "none" "ghcr.io/rust-lang/crates-build-env/linux@sha256:4a844ea9eb2546a2d2c7022eacef16ef2e8229c7fbb2c7d4d55a9ceca922f72d" "/opt/rustwide/cargo-home/bin/cargo" "+nightly-2024-10-28" "test" "--frozen", kill_on_drop: false }`
[INFO] [stdout] 20981d317daf6534ee8f91717eb4d4181949e8922c1f78a1ce29d96d660848db
[INFO] running `Command { std: "docker" "start" "-a" "20981d317daf6534ee8f91717eb4d4181949e8922c1f78a1ce29d96d660848db", kill_on_drop: false }`
[INFO] [stderr]     Finished `test` profile [unoptimized + debuginfo] target(s) in 0.01s
[INFO] [stderr]      Running unittests src/lib.rs (/opt/rustwide/target/debug/deps/rust_query_macros-f6df3485778aef61)
[INFO] [stdout] 
[INFO] [stdout] running 0 tests
[INFO] [stdout] 
[INFO] [stdout] test result: ok. 0 passed; 0 failed; 0 ignored; 0 measured; 0 filtered out; finished in 0.00s
[INFO] [stdout] 
[INFO] [stderr]    Doc-tests rust_query_macros
[INFO] [stdout] 
[INFO] [stdout] running 8 tests
[INFO] [stdout] test src/lib.rs - schema (line 128) ... ignored
[INFO] [stdout] test src/lib.rs - schema (line 132) ... ignored
[INFO] [stdout] test src/lib.rs - schema (line 49) ... ignored
[INFO] [stdout] test src/lib.rs - schema (line 78) ... ignored
[INFO] [stdout] test src/lib.rs - from_row (line 161) ... FAILED
[INFO] [stdout] test src/lib.rs - schema (line 58) ... FAILED
[INFO] [stdout] test src/lib.rs - schema (line 28) ... FAILED
[INFO] [stdout] test src/lib.rs - schema (line 92) ... FAILED
[INFO] [stdout] 
[INFO] [stdout] failures:
[INFO] [stdout] 
[INFO] [stdout] ---- src/lib.rs - from_row (line 161) stdout ----
[INFO] [stdout] error[E0432]: unresolved import `v0`
[INFO] [stdout]   --> src/lib.rs:173:5
[INFO] [stdout]    |
[INFO] [stdout] 14 | use v0::*;
[INFO] [stdout]    |     ^^ use of undeclared crate or module `v0`
[INFO] [stdout] 
[INFO] [stdout] error[E0432]: unresolved import `rust_query`
[INFO] [stdout]   --> src/lib.rs:174:5
[INFO] [stdout]    |
[INFO] [stdout] 15 | use rust_query::{Table, FromDummy, Transaction};
[INFO] [stdout]    |     ^^^^^^^^^^ use of undeclared crate or module `rust_query`
[INFO] [stdout] 
[INFO] [stdout] error[E0433]: failed to resolve: use of undeclared crate or module `rust_query`
[INFO] [stdout]  --> src/lib.rs:162:3
[INFO] [stdout]   |
[INFO] [stdout] 3 | #[rust_query::migration::schema]
[INFO] [stdout]   |   ^^^^^^^^^^ use of undeclared crate or module `rust_query`
[INFO] [stdout] 
[INFO] [stdout] error: aborting due to 3 previous errors
[INFO] [stdout] 
[INFO] [stdout] Some errors have detailed explanations: E0432, E0433.
[INFO] [stdout] For more information about an error, try `rustc --explain E0432`.
[INFO] [stdout] Couldn't compile the test.
[INFO] [stdout] ---- src/lib.rs - schema (line 58) stdout ----
[INFO] [stdout] error[E0433]: failed to resolve: use of undeclared crate or module `rust_query`
[INFO] [stdout]  --> src/lib.rs:59:3
[INFO] [stdout]   |
[INFO] [stdout] 2 | #[rust_query::migration::schema]
[INFO] [stdout]   |   ^^^^^^^^^^ use of undeclared crate or module `rust_query`
[INFO] [stdout] 
[INFO] [stdout] error: cannot find attribute `version` in this scope
[INFO] [stdout]  --> src/lib.rs:60:3
[INFO] [stdout]   |
[INFO] [stdout] 3 | #[version(0..=1)]
[INFO] [stdout]   |   ^^^^^^^
[INFO] [stdout] 
[INFO] [stdout] error: cannot find attribute `unique_email` in this scope
[INFO] [stdout]  --> src/lib.rs:63:11
[INFO] [stdout]   |
[INFO] [stdout] 6 |         #[unique_email]
[INFO] [stdout]   |           ^^^^^^^^^^^^
[INFO] [stdout] 
[INFO] [stdout] error: cannot find attribute `unique_username` in this scope
[INFO] [stdout]  --> src/lib.rs:65:11
[INFO] [stdout]   |
[INFO] [stdout] 8 |         #[unique_username]
[INFO] [stdout]   |           ^^^^^^^^^^^^^^^
[INFO] [stdout] 
[INFO] [stdout] error: cannot find attribute `version` in this scope
[INFO] [stdout]   --> src/lib.rs:68:7
[INFO] [stdout]    |
[INFO] [stdout] 11 |     #[version(1..)] // <-- note that `Game`` has a version range
[INFO] [stdout]    |       ^^^^^^^
[INFO] [stdout] 
[INFO] [stdout] error: aborting due to 5 previous errors
[INFO] [stdout] 
[INFO] [stdout] For more information about this error, try `rustc --explain E0433`.
[INFO] [stdout] Couldn't compile the test.
[INFO] [stdout] ---- src/lib.rs - schema (line 28) stdout ----
[INFO] [stdout] error[E0433]: failed to resolve: use of undeclared crate or module `rust_query`
[INFO] [stdout]  --> src/lib.rs:29:3
[INFO] [stdout]   |
[INFO] [stdout] 2 | #[rust_query::migration::schema]
[INFO] [stdout]   |   ^^^^^^^^^^ use of undeclared crate or module `rust_query`
[INFO] [stdout] 
[INFO] [stdout] error: cannot find attribute `version` in this scope
[INFO] [stdout]  --> src/lib.rs:30:3
[INFO] [stdout]   |
[INFO] [stdout] 3 | #[version(0..=0)]
[INFO] [stdout]   |   ^^^^^^^
[INFO] [stdout] 
[INFO] [stdout] error: cannot find attribute `unique_email` in this scope
[INFO] [stdout]  --> src/lib.rs:33:11
[INFO] [stdout]   |
[INFO] [stdout] 6 |         #[unique_email]
[INFO] [stdout]   |           ^^^^^^^^^^^^
[INFO] [stdout] 
[INFO] [stdout] error: cannot find attribute `unique_username` in this scope
[INFO] [stdout]  --> src/lib.rs:35:11
[INFO] [stdout]   |
[INFO] [stdout] 8 |         #[unique_username]
[INFO] [stdout]   |           ^^^^^^^^^^^^^^^
[INFO] [stdout] 
[INFO] [stdout] error: aborting due to 4 previous errors
[INFO] [stdout] 
[INFO] [stdout] For more information about this error, try `rustc --explain E0433`.
[INFO] [stdout] Couldn't compile the test.
[INFO] [stdout] ---- src/lib.rs - schema (line 92) stdout ----
[INFO] [stdout] error[E0433]: failed to resolve: use of undeclared crate or module `rust_query`
[INFO] [stdout]  --> src/lib.rs:93:5
[INFO] [stdout]   |
[INFO] [stdout] 2 | use rust_query::migration::{schema, Prepare, Alter};
[INFO] [stdout]   |     ^^^^^^^^^^ use of undeclared crate or module `rust_query`
[INFO] [stdout] 
[INFO] [stdout] error[E0432]: unresolved import `rust_query`
[INFO] [stdout]  --> src/lib.rs:94:5
[INFO] [stdout]   |
[INFO] [stdout] 3 | use rust_query::{Dummy, ThreadToken, Database};
[INFO] [stdout]   |     ^^^^^^^^^^ use of undeclared crate or module `rust_query`
[INFO] [stdout] 
[INFO] [stdout] error: cannot find attribute `version` in this scope
[INFO] [stdout]  --> src/lib.rs:96:3
[INFO] [stdout]   |
[INFO] [stdout] 5 | #[version(0..=1)]
[INFO] [stdout]   |   ^^^^^^^
[INFO] [stdout] 
[INFO] [stdout] error: cannot find attribute `unique_email` in this scope
[INFO] [stdout]  --> src/lib.rs:99:11
[INFO] [stdout]   |
[INFO] [stdout] 8 |         #[unique_email]
[INFO] [stdout]   |           ^^^^^^^^^^^^
[INFO] [stdout] 
[INFO] [stdout] error: cannot find attribute `unique_username` in this scope
[INFO] [stdout]   --> src/lib.rs:101:11
[INFO] [stdout]    |
[INFO] [stdout] 10 |         #[unique_username]
[INFO] [stdout]    |           ^^^^^^^^^^^^^^^
[INFO] [stdout] 
[INFO] [stdout] error: cannot find attribute `version` in this scope
[INFO] [stdout]   --> src/lib.rs:103:11
[INFO] [stdout]    |
[INFO] [stdout] 12 |         #[version(1..)] // <-- here
[INFO] [stdout]    |           ^^^^^^^
[INFO] [stdout] 
[INFO] [stdout] error[E0433]: failed to resolve: use of undeclared crate or module `v1`
[INFO] [stdout]   --> src/lib.rs:112:31
[INFO] [stdout]    |
[INFO] [stdout] 21 |     let m = m.migrate(t, |db| v1::update::Schema {
[INFO] [stdout]    |                               ^^ use of undeclared crate or module `v1`
[INFO] [stdout] 
[INFO] [stdout] error[E0433]: failed to resolve: use of undeclared crate or module `v1`
[INFO] [stdout]   --> src/lib.rs:114:24
[INFO] [stdout]    |
[INFO] [stdout] 23 |             Alter::new(v1::update::UserMigration {
[INFO] [stdout]    |                        ^^ use of undeclared crate or module `v1`
[INFO] [stdout] 
[INFO] [stdout] error[E0433]: failed to resolve: use of undeclared crate or module `v1`
[INFO] [stdout]   --> src/lib.rs:109:49
[INFO] [stdout]    |
[INFO] [stdout] 18 | pub fn migrate(t: &mut ThreadToken) -> Database<v1::Schema> {
[INFO] [stdout]    |                                                 ^^ use of undeclared crate or module `v1`
[INFO] [stdout] 
[INFO] [stdout] error: aborting due to 9 previous errors
[INFO] [stdout] 
[INFO] [stdout] Some errors have detailed explanations: E0432, E0433.
[INFO] [stdout] For more information about an error, try `rustc --explain E0432`.
[INFO] [stdout] Couldn't compile the test.
[INFO] [stdout] 
[INFO] [stdout] failures:
[INFO] [stdout]     src/lib.rs - from_row (line 161)
[INFO] [stdout]     src/lib.rs - schema (line 28)
[INFO] [stdout]     src/lib.rs - schema (line 58)
[INFO] [stdout]     src/lib.rs - schema (line 92)
[INFO] [stdout] 
[INFO] [stdout] test result: FAILED. 0 passed; 4 failed; 4 ignored; 0 measured; 0 filtered out; finished in 0.05s
[INFO] [stdout] 
[INFO] [stderr] error: doctest failed, to rerun pass `--doc`
[INFO] running `Command { std: "docker" "inspect" "20981d317daf6534ee8f91717eb4d4181949e8922c1f78a1ce29d96d660848db", kill_on_drop: false }`
[INFO] running `Command { std: "docker" "rm" "-f" "20981d317daf6534ee8f91717eb4d4181949e8922c1f78a1ce29d96d660848db", kill_on_drop: false }`
[INFO] [stdout] 20981d317daf6534ee8f91717eb4d4181949e8922c1f78a1ce29d96d660848db
