[INFO] fetching crate rust-parser 0.1.2...
[INFO] testing rust-parser-0.1.2 against nightly-2024-10-28 for randomize-layout
[INFO] extracting crate rust-parser 0.1.2 into /workspace/builds/worker-1-tc1/source
[INFO] validating manifest of crates.io crate rust-parser 0.1.2 on toolchain nightly-2024-10-28
[INFO] running `Command { std: CARGO_HOME="/workspace/cargo-home" RUSTUP_HOME="/workspace/rustup-home" "/workspace/cargo-home/bin/cargo" "+nightly-2024-10-28" "metadata" "--manifest-path" "Cargo.toml" "--no-deps", kill_on_drop: false }`
[INFO] started tweaking crates.io crate rust-parser 0.1.2
[INFO] finished tweaking crates.io crate rust-parser 0.1.2
[INFO] tweaked toml for crates.io crate rust-parser 0.1.2 written to /workspace/builds/worker-1-tc1/source/Cargo.toml
[INFO] running `Command { std: CARGO_HOME="/workspace/cargo-home" RUSTUP_HOME="/workspace/rustup-home" "/workspace/cargo-home/bin/cargo" "+nightly-2024-10-28" "generate-lockfile" "--manifest-path" "Cargo.toml", kill_on_drop: false }`
[INFO] running `Command { std: CARGO_HOME="/workspace/cargo-home" RUSTUP_HOME="/workspace/rustup-home" "/workspace/cargo-home/bin/cargo" "+nightly-2024-10-28" "fetch" "--manifest-path" "Cargo.toml", kill_on_drop: false }`
[INFO] running `Command { std: "docker" "create" "-v" "/var/lib/crater-agent-workspace/builds/worker-1-tc1/target:/opt/rustwide/target:rw,Z" "-v" "/var/lib/crater-agent-workspace/builds/worker-1-tc1/source:/opt/rustwide/workdir:ro,Z" "-v" "/var/lib/crater-agent-workspace/cargo-home:/opt/rustwide/cargo-home:ro,Z" "-v" "/var/lib/crater-agent-workspace/rustup-home:/opt/rustwide/rustup-home:ro,Z" "-e" "SOURCE_DIR=/opt/rustwide/workdir" "-e" "CARGO_TARGET_DIR=/opt/rustwide/target" "-e" "CARGO_HOME=/opt/rustwide/cargo-home" "-e" "RUSTUP_HOME=/opt/rustwide/rustup-home" "-w" "/opt/rustwide/workdir" "-m" "1610612736" "--user" "0:0" "--network" "none" "ghcr.io/rust-lang/crates-build-env/linux@sha256:4a844ea9eb2546a2d2c7022eacef16ef2e8229c7fbb2c7d4d55a9ceca922f72d" "/opt/rustwide/cargo-home/bin/cargo" "+nightly-2024-10-28" "metadata" "--no-deps" "--format-version=1", kill_on_drop: false }`
[INFO] [stdout] cc06ab775712d2b99649a0e867d494d267814f8087e28472f89a185a98ce0f39
[INFO] running `Command { std: "docker" "start" "-a" "cc06ab775712d2b99649a0e867d494d267814f8087e28472f89a185a98ce0f39", kill_on_drop: false }`
[INFO] running `Command { std: "docker" "inspect" "cc06ab775712d2b99649a0e867d494d267814f8087e28472f89a185a98ce0f39", kill_on_drop: false }`
[INFO] running `Command { std: "docker" "rm" "-f" "cc06ab775712d2b99649a0e867d494d267814f8087e28472f89a185a98ce0f39", kill_on_drop: false }`
[INFO] [stdout] cc06ab775712d2b99649a0e867d494d267814f8087e28472f89a185a98ce0f39
[INFO] running `Command { std: "docker" "create" "-v" "/var/lib/crater-agent-workspace/builds/worker-1-tc1/target:/opt/rustwide/target:rw,Z" "-v" "/var/lib/crater-agent-workspace/builds/worker-1-tc1/source:/opt/rustwide/workdir:ro,Z" "-v" "/var/lib/crater-agent-workspace/cargo-home:/opt/rustwide/cargo-home:ro,Z" "-v" "/var/lib/crater-agent-workspace/rustup-home:/opt/rustwide/rustup-home:ro,Z" "-e" "SOURCE_DIR=/opt/rustwide/workdir" "-e" "CARGO_TARGET_DIR=/opt/rustwide/target" "-e" "CARGO_INCREMENTAL=0" "-e" "RUST_BACKTRACE=full" "-e" "RUSTFLAGS=--cap-lints=forbid" "-e" "RUSTDOCFLAGS=--cap-lints=forbid" "-e" "CARGO_HOME=/opt/rustwide/cargo-home" "-e" "RUSTUP_HOME=/opt/rustwide/rustup-home" "-w" "/opt/rustwide/workdir" "-m" "1610612736" "--user" "0:0" "--network" "none" "ghcr.io/rust-lang/crates-build-env/linux@sha256:4a844ea9eb2546a2d2c7022eacef16ef2e8229c7fbb2c7d4d55a9ceca922f72d" "/opt/rustwide/cargo-home/bin/cargo" "+nightly-2024-10-28" "build" "--frozen" "--message-format=json", kill_on_drop: false }`
[INFO] [stdout] 1c2064503e8077cc67f10c0189a973ba33845f572bacb0d93b95ccb3f1527e44
[INFO] running `Command { std: "docker" "start" "-a" "1c2064503e8077cc67f10c0189a973ba33845f572bacb0d93b95ccb3f1527e44", kill_on_drop: false }`
[INFO] [stderr]    Compiling rust-parser v0.1.2 (/opt/rustwide/workdir)
[INFO] [stdout] warning: elided lifetime has a name
[INFO] [stdout]   --> src/ber_tlv/mod.rs:38:41
[INFO] [stdout]    |
[INFO] [stdout] 37 | impl<'a> BerTlv<'a> {
[INFO] [stdout]    |      -- lifetime `'a` declared here
[INFO] [stdout] 38 |     pub(crate) fn new(file: &'a str) -> BerTlv {
[INFO] [stdout]    |                                         ^^^^^^ this elided lifetime gets resolved as `'a`
[INFO] [stdout]    |
[INFO] [stdout]    = note: `#[warn(elided_named_lifetimes)]` on by default
[INFO] [stdout] 
[INFO] [stdout] 
[INFO] [stdout] warning: unused variable: `file`
[INFO] [stdout]   --> src/lib.rs:13:21
[INFO] [stdout]    |
[INFO] [stdout] 13 |     fn get_abs_path(file: &str) {
[INFO] [stdout]    |                     ^^^^ help: if this is intentional, prefix it with an underscore: `_file`
[INFO] [stdout]    |
[INFO] [stdout]    = note: `#[warn(unused_variables)]` on by default
[INFO] [stdout] 
[INFO] [stdout] 
[INFO] [stdout] warning: associated function `get_abs_path` is never used
[INFO] [stdout]   --> src/lib.rs:13:8
[INFO] [stdout]    |
[INFO] [stdout] 11 | impl RustParser {
[INFO] [stdout]    | --------------- associated function in this implementation
[INFO] [stdout] 12 |     /// Get Absolute path from a relative one
[INFO] [stdout] 13 |     fn get_abs_path(file: &str) {
[INFO] [stdout]    |        ^^^^^^^^^^^^
[INFO] [stdout]    |
[INFO] [stdout]    = note: `#[warn(dead_code)]` on by default
[INFO] [stdout] 
[INFO] [stdout] 
[INFO] [stderr]     Finished `dev` profile [unoptimized + debuginfo] target(s) in 0.11s
[INFO] running `Command { std: "docker" "inspect" "1c2064503e8077cc67f10c0189a973ba33845f572bacb0d93b95ccb3f1527e44", kill_on_drop: false }`
[INFO] running `Command { std: "docker" "rm" "-f" "1c2064503e8077cc67f10c0189a973ba33845f572bacb0d93b95ccb3f1527e44", kill_on_drop: false }`
[INFO] [stdout] 1c2064503e8077cc67f10c0189a973ba33845f572bacb0d93b95ccb3f1527e44
[INFO] running `Command { std: "docker" "create" "-v" "/var/lib/crater-agent-workspace/builds/worker-1-tc1/target:/opt/rustwide/target:rw,Z" "-v" "/var/lib/crater-agent-workspace/builds/worker-1-tc1/source:/opt/rustwide/workdir:ro,Z" "-v" "/var/lib/crater-agent-workspace/cargo-home:/opt/rustwide/cargo-home:ro,Z" "-v" "/var/lib/crater-agent-workspace/rustup-home:/opt/rustwide/rustup-home:ro,Z" "-e" "SOURCE_DIR=/opt/rustwide/workdir" "-e" "CARGO_TARGET_DIR=/opt/rustwide/target" "-e" "CARGO_INCREMENTAL=0" "-e" "RUST_BACKTRACE=full" "-e" "RUSTFLAGS=--cap-lints=forbid" "-e" "RUSTDOCFLAGS=--cap-lints=forbid" "-e" "CARGO_HOME=/opt/rustwide/cargo-home" "-e" "RUSTUP_HOME=/opt/rustwide/rustup-home" "-w" "/opt/rustwide/workdir" "-m" "1610612736" "--user" "0:0" "--network" "none" "ghcr.io/rust-lang/crates-build-env/linux@sha256:4a844ea9eb2546a2d2c7022eacef16ef2e8229c7fbb2c7d4d55a9ceca922f72d" "/opt/rustwide/cargo-home/bin/cargo" "+nightly-2024-10-28" "test" "--frozen" "--no-run" "--message-format=json", kill_on_drop: false }`
[INFO] [stdout] f95f7ac980719f8d175678dac26939a30781d2055669a24bbd63f93a463d06ce
[INFO] running `Command { std: "docker" "start" "-a" "f95f7ac980719f8d175678dac26939a30781d2055669a24bbd63f93a463d06ce", kill_on_drop: false }`
[INFO] [stdout] warning: elided lifetime has a name
[INFO] [stdout]   --> src/ber_tlv/mod.rs:38:41
[INFO] [stdout]    |
[INFO] [stdout] 37 | impl<'a> BerTlv<'a> {
[INFO] [stdout]    |      -- lifetime `'a` declared here
[INFO] [stdout] 38 |     pub(crate) fn new(file: &'a str) -> BerTlv {
[INFO] [stdout]    |                                         ^^^^^^ this elided lifetime gets resolved as `'a`
[INFO] [stdout]    |
[INFO] [stdout]    = note: `#[warn(elided_named_lifetimes)]` on by default
[INFO] [stdout] 
[INFO] [stdout] 
[INFO] [stdout] warning: unused variable: `file`
[INFO] [stdout]   --> src/lib.rs:13:21
[INFO] [stdout]    |
[INFO] [stdout] 13 |     fn get_abs_path(file: &str) {
[INFO] [stdout]    |                     ^^^^ help: if this is intentional, prefix it with an underscore: `_file`
[INFO] [stdout]    |
[INFO] [stdout]    = note: `#[warn(unused_variables)]` on by default
[INFO] [stdout] 
[INFO] [stdout] 
[INFO] [stderr]    Compiling rust-parser v0.1.2 (/opt/rustwide/workdir)
[INFO] [stdout] warning: associated function `get_abs_path` is never used
[INFO] [stdout]   --> src/lib.rs:13:8
[INFO] [stdout]    |
[INFO] [stdout] 11 | impl RustParser {
[INFO] [stdout]    | --------------- associated function in this implementation
[INFO] [stdout] 12 |     /// Get Absolute path from a relative one
[INFO] [stdout] 13 |     fn get_abs_path(file: &str) {
[INFO] [stdout]    |        ^^^^^^^^^^^^
[INFO] [stdout]    |
[INFO] [stdout]    = note: `#[warn(dead_code)]` on by default
[INFO] [stdout] 
[INFO] [stdout] 
[INFO] [stdout] warning: elided lifetime has a name
[INFO] [stdout]   --> src/ber_tlv/mod.rs:38:41
[INFO] [stdout]    |
[INFO] [stdout] 37 | impl<'a> BerTlv<'a> {
[INFO] [stdout]    |      -- lifetime `'a` declared here
[INFO] [stdout] 38 |     pub(crate) fn new(file: &'a str) -> BerTlv {
[INFO] [stdout]    |                                         ^^^^^^ this elided lifetime gets resolved as `'a`
[INFO] [stdout]    |
[INFO] [stdout]    = note: `#[warn(elided_named_lifetimes)]` on by default
[INFO] [stdout] 
[INFO] [stdout] 
[INFO] [stdout] warning: unused variable: `file`
[INFO] [stdout]   --> src/lib.rs:13:21
[INFO] [stdout]    |
[INFO] [stdout] 13 |     fn get_abs_path(file: &str) {
[INFO] [stdout]    |                     ^^^^ help: if this is intentional, prefix it with an underscore: `_file`
[INFO] [stdout]    |
[INFO] [stdout]    = note: `#[warn(unused_variables)]` on by default
[INFO] [stdout] 
[INFO] [stdout] 
[INFO] [stdout] warning: associated function `get_abs_path` is never used
[INFO] [stdout]   --> src/lib.rs:13:8
[INFO] [stdout]    |
[INFO] [stdout] 11 | impl RustParser {
[INFO] [stdout]    | --------------- associated function in this implementation
[INFO] [stdout] 12 |     /// Get Absolute path from a relative one
[INFO] [stdout] 13 |     fn get_abs_path(file: &str) {
[INFO] [stdout]    |        ^^^^^^^^^^^^
[INFO] [stdout]    |
[INFO] [stdout]    = note: `#[warn(dead_code)]` on by default
[INFO] [stdout] 
[INFO] [stdout] 
[INFO] [stderr]     Finished `test` profile [unoptimized + debuginfo] target(s) in 0.12s
[INFO] running `Command { std: "docker" "inspect" "f95f7ac980719f8d175678dac26939a30781d2055669a24bbd63f93a463d06ce", kill_on_drop: false }`
[INFO] running `Command { std: "docker" "rm" "-f" "f95f7ac980719f8d175678dac26939a30781d2055669a24bbd63f93a463d06ce", kill_on_drop: false }`
[INFO] [stdout] f95f7ac980719f8d175678dac26939a30781d2055669a24bbd63f93a463d06ce
[INFO] running `Command { std: "docker" "create" "-v" "/var/lib/crater-agent-workspace/builds/worker-1-tc1/target:/opt/rustwide/target:rw,Z" "-v" "/var/lib/crater-agent-workspace/builds/worker-1-tc1/source:/opt/rustwide/workdir:ro,Z" "-v" "/var/lib/crater-agent-workspace/cargo-home:/opt/rustwide/cargo-home:ro,Z" "-v" "/var/lib/crater-agent-workspace/rustup-home:/opt/rustwide/rustup-home:ro,Z" "-e" "SOURCE_DIR=/opt/rustwide/workdir" "-e" "CARGO_TARGET_DIR=/opt/rustwide/target" "-e" "CARGO_INCREMENTAL=0" "-e" "RUST_BACKTRACE=full" "-e" "RUSTFLAGS=--cap-lints=forbid" "-e" "RUSTDOCFLAGS=--cap-lints=forbid" "-e" "CARGO_HOME=/opt/rustwide/cargo-home" "-e" "RUSTUP_HOME=/opt/rustwide/rustup-home" "-w" "/opt/rustwide/workdir" "-m" "1610612736" "--user" "0:0" "--network" "none" "ghcr.io/rust-lang/crates-build-env/linux@sha256:4a844ea9eb2546a2d2c7022eacef16ef2e8229c7fbb2c7d4d55a9ceca922f72d" "/opt/rustwide/cargo-home/bin/cargo" "+nightly-2024-10-28" "test" "--frozen", kill_on_drop: false }`
[INFO] [stdout] 478da945093fe3d78dcf37fb8d6813c34fabc7d31742cd4e77e670c52c46de5b
[INFO] running `Command { std: "docker" "start" "-a" "478da945093fe3d78dcf37fb8d6813c34fabc7d31742cd4e77e670c52c46de5b", kill_on_drop: false }`
[INFO] [stderr] warning: elided lifetime has a name
[INFO] [stderr]   --> src/ber_tlv/mod.rs:38:41
[INFO] [stderr]    |
[INFO] [stderr] 37 | impl<'a> BerTlv<'a> {
[INFO] [stderr]    |      -- lifetime `'a` declared here
[INFO] [stderr] 38 |     pub(crate) fn new(file: &'a str) -> BerTlv {
[INFO] [stderr]    |                                         ^^^^^^ this elided lifetime gets resolved as `'a`
[INFO] [stderr]    |
[INFO] [stderr]    = note: `#[warn(elided_named_lifetimes)]` on by default
[INFO] [stderr] 
[INFO] [stderr] warning: unused variable: `file`
[INFO] [stderr]   --> src/lib.rs:13:21
[INFO] [stderr]    |
[INFO] [stderr] 13 |     fn get_abs_path(file: &str) {
[INFO] [stderr]    |                     ^^^^ help: if this is intentional, prefix it with an underscore: `_file`
[INFO] [stderr]    |
[INFO] [stderr]    = note: `#[warn(unused_variables)]` on by default
[INFO] [stderr] 
[INFO] [stderr] warning: associated function `get_abs_path` is never used
[INFO] [stderr]   --> src/lib.rs:13:8
[INFO] [stderr]    |
[INFO] [stderr] 11 | impl RustParser {
[INFO] [stderr]    | --------------- associated function in this implementation
[INFO] [stderr] 12 |     /// Get Absolute path from a relative one
[INFO] [stderr] 13 |     fn get_abs_path(file: &str) {
[INFO] [stderr]    |        ^^^^^^^^^^^^
[INFO] [stderr]    |
[INFO] [stderr]    = note: `#[warn(dead_code)]` on by default
[INFO] [stderr] 
[INFO] [stderr] warning: `rust-parser` (lib) generated 3 warnings
[INFO] [stderr] warning: `rust-parser` (lib test) generated 3 warnings (3 duplicates)
[INFO] [stderr]     Finished `test` profile [unoptimized + debuginfo] target(s) in 0.00s
[INFO] [stderr]      Running unittests src/lib.rs (/opt/rustwide/target/debug/deps/rust_parser-cdeaf4ce77127bec)
[INFO] [stdout] 
[INFO] [stdout] running 0 tests
[INFO] [stdout] 
[INFO] [stdout] test result: ok. 0 passed; 0 failed; 0 ignored; 0 measured; 0 filtered out; finished in 0.00s
[INFO] [stdout] 
[INFO] [stderr]    Doc-tests rust_parser
[INFO] [stdout] 
[INFO] [stdout] running 2 tests
[INFO] [stdout] test src/lib.rs - RustParser::get_kdump_parser (line 37) ... FAILED
[INFO] [stdout] test src/lib.rs - RustParser::get_ber_tlv_parser (line 19) ... FAILED
[INFO] [stdout] 
[INFO] [stdout] failures:
[INFO] [stdout] 
[INFO] [stdout] ---- src/lib.rs - RustParser::get_kdump_parser (line 37) stdout ----
[INFO] [stdout] error[E0308]: mismatched types
[INFO] [stdout]   --> src/lib.rs:43:38
[INFO] [stdout]    |
[INFO] [stdout] 9  |         RustParser::get_kdump_parser(&file);
[INFO] [stdout]    |         ---------------------------- ^^^^^ expected `&str`, found `&File`
[INFO] [stdout]    |         |
[INFO] [stdout]    |         arguments to this function are incorrect
[INFO] [stdout]    |
[INFO] [stdout]    = note: expected reference `&str`
[INFO] [stdout]               found reference `&File`
[INFO] [stdout] note: associated function defined here
[INFO] [stdout]   --> /opt/rustwide/workdir/src/lib.rs:49:12
[INFO] [stdout]    |
[INFO] [stdout] 49 |     pub fn get_kdump_parser(file: &str) -> Kdump {
[INFO] [stdout]    |            ^^^^^^^^^^^^^^^^
[INFO] [stdout] 
[INFO] [stdout] error: aborting due to 1 previous error
[INFO] [stdout] 
[INFO] [stdout] For more information about this error, try `rustc --explain E0308`.
[INFO] [stdout] Couldn't compile the test.
[INFO] [stdout] ---- src/lib.rs - RustParser::get_ber_tlv_parser (line 19) stdout ----
[INFO] [stdout] error[E0308]: mismatched types
[INFO] [stdout]   --> src/lib.rs:25:40
[INFO] [stdout]    |
[INFO] [stdout] 9  |         RustParser::get_ber_tlv_parser(&file);
[INFO] [stdout]    |         ------------------------------ ^^^^^ expected `&str`, found `&File`
[INFO] [stdout]    |         |
[INFO] [stdout]    |         arguments to this function are incorrect
[INFO] [stdout]    |
[INFO] [stdout]    = note: expected reference `&str`
[INFO] [stdout]               found reference `&File`
[INFO] [stdout] note: associated function defined here
[INFO] [stdout]   --> /opt/rustwide/workdir/src/lib.rs:31:12
[INFO] [stdout]    |
[INFO] [stdout] 31 |     pub fn get_ber_tlv_parser(file: &str) -> BerTlv {
[INFO] [stdout]    |            ^^^^^^^^^^^^^^^^^^
[INFO] [stdout] 
[INFO] [stdout] error: aborting due to 1 previous error
[INFO] [stdout] 
[INFO] [stdout] For more information about this error, try `rustc --explain E0308`.
[INFO] [stdout] Couldn't compile the test.
[INFO] [stdout] 
[INFO] [stdout] failures:
[INFO] [stdout]     src/lib.rs - RustParser::get_ber_tlv_parser (line 19)
[INFO] [stdout]     src/lib.rs - RustParser::get_kdump_parser (line 37)
[INFO] [stdout] 
[INFO] [stdout] test result: FAILED. 0 passed; 2 failed; 0 ignored; 0 measured; 0 filtered out; finished in 0.04s
[INFO] [stdout] 
[INFO] [stderr] error: doctest failed, to rerun pass `--doc`
[INFO] running `Command { std: "docker" "inspect" "478da945093fe3d78dcf37fb8d6813c34fabc7d31742cd4e77e670c52c46de5b", kill_on_drop: false }`
[INFO] running `Command { std: "docker" "rm" "-f" "478da945093fe3d78dcf37fb8d6813c34fabc7d31742cd4e77e670c52c46de5b", kill_on_drop: false }`
[INFO] [stdout] 478da945093fe3d78dcf37fb8d6813c34fabc7d31742cd4e77e670c52c46de5b
