[INFO] fetching crate rust-oop 0.1.2...
[INFO] testing rust-oop-0.1.2 against nightly-2024-10-28 for randomize-layout
[INFO] extracting crate rust-oop 0.1.2 into /workspace/builds/worker-4-tc1/source
[INFO] validating manifest of crates.io crate rust-oop 0.1.2 on toolchain nightly-2024-10-28
[INFO] running `Command { std: CARGO_HOME="/workspace/cargo-home" RUSTUP_HOME="/workspace/rustup-home" "/workspace/cargo-home/bin/cargo" "+nightly-2024-10-28" "metadata" "--manifest-path" "Cargo.toml" "--no-deps", kill_on_drop: false }`
[INFO] started tweaking crates.io crate rust-oop 0.1.2
[INFO] finished tweaking crates.io crate rust-oop 0.1.2
[INFO] tweaked toml for crates.io crate rust-oop 0.1.2 written to /workspace/builds/worker-4-tc1/source/Cargo.toml
[INFO] running `Command { std: CARGO_HOME="/workspace/cargo-home" RUSTUP_HOME="/workspace/rustup-home" "/workspace/cargo-home/bin/cargo" "+nightly-2024-10-28" "generate-lockfile" "--manifest-path" "Cargo.toml", kill_on_drop: false }`
[INFO] [stderr]     Updating crates.io index
[INFO] [stderr]      Locking 5 packages to latest compatible versions
[INFO] [stderr]       Adding syn v1.0.109 (available: v2.0.86)
[INFO] running `Command { std: CARGO_HOME="/workspace/cargo-home" RUSTUP_HOME="/workspace/rustup-home" "/workspace/cargo-home/bin/cargo" "+nightly-2024-10-28" "fetch" "--manifest-path" "Cargo.toml", kill_on_drop: false }`
[INFO] running `Command { std: "docker" "create" "-v" "/var/lib/crater-agent-workspace/builds/worker-4-tc1/target:/opt/rustwide/target:rw,Z" "-v" "/var/lib/crater-agent-workspace/builds/worker-4-tc1/source:/opt/rustwide/workdir:ro,Z" "-v" "/var/lib/crater-agent-workspace/cargo-home:/opt/rustwide/cargo-home:ro,Z" "-v" "/var/lib/crater-agent-workspace/rustup-home:/opt/rustwide/rustup-home:ro,Z" "-e" "SOURCE_DIR=/opt/rustwide/workdir" "-e" "CARGO_TARGET_DIR=/opt/rustwide/target" "-e" "CARGO_HOME=/opt/rustwide/cargo-home" "-e" "RUSTUP_HOME=/opt/rustwide/rustup-home" "-w" "/opt/rustwide/workdir" "-m" "1610612736" "--user" "0:0" "--network" "none" "ghcr.io/rust-lang/crates-build-env/linux@sha256:4a844ea9eb2546a2d2c7022eacef16ef2e8229c7fbb2c7d4d55a9ceca922f72d" "/opt/rustwide/cargo-home/bin/cargo" "+nightly-2024-10-28" "metadata" "--no-deps" "--format-version=1", kill_on_drop: false }`
[INFO] [stdout] 719d2ed7fefa2a13125d8425dffa292b433cb2662a39d00dfe1396d898ab14ac
[INFO] running `Command { std: "docker" "start" "-a" "719d2ed7fefa2a13125d8425dffa292b433cb2662a39d00dfe1396d898ab14ac", kill_on_drop: false }`
[INFO] running `Command { std: "docker" "inspect" "719d2ed7fefa2a13125d8425dffa292b433cb2662a39d00dfe1396d898ab14ac", kill_on_drop: false }`
[INFO] running `Command { std: "docker" "rm" "-f" "719d2ed7fefa2a13125d8425dffa292b433cb2662a39d00dfe1396d898ab14ac", kill_on_drop: false }`
[INFO] [stdout] 719d2ed7fefa2a13125d8425dffa292b433cb2662a39d00dfe1396d898ab14ac
[INFO] running `Command { std: "docker" "create" "-v" "/var/lib/crater-agent-workspace/builds/worker-4-tc1/target:/opt/rustwide/target:rw,Z" "-v" "/var/lib/crater-agent-workspace/builds/worker-4-tc1/source:/opt/rustwide/workdir:ro,Z" "-v" "/var/lib/crater-agent-workspace/cargo-home:/opt/rustwide/cargo-home:ro,Z" "-v" "/var/lib/crater-agent-workspace/rustup-home:/opt/rustwide/rustup-home:ro,Z" "-e" "SOURCE_DIR=/opt/rustwide/workdir" "-e" "CARGO_TARGET_DIR=/opt/rustwide/target" "-e" "CARGO_INCREMENTAL=0" "-e" "RUST_BACKTRACE=full" "-e" "RUSTFLAGS=--cap-lints=forbid" "-e" "RUSTDOCFLAGS=--cap-lints=forbid" "-e" "CARGO_HOME=/opt/rustwide/cargo-home" "-e" "RUSTUP_HOME=/opt/rustwide/rustup-home" "-w" "/opt/rustwide/workdir" "-m" "1610612736" "--user" "0:0" "--network" "none" "ghcr.io/rust-lang/crates-build-env/linux@sha256:4a844ea9eb2546a2d2c7022eacef16ef2e8229c7fbb2c7d4d55a9ceca922f72d" "/opt/rustwide/cargo-home/bin/cargo" "+nightly-2024-10-28" "build" "--frozen" "--message-format=json", kill_on_drop: false }`
[INFO] [stdout] fda109890e4a79960e7687d711c12c1f8c44302a3d95788ebb1935c32aad9003
[INFO] running `Command { std: "docker" "start" "-a" "fda109890e4a79960e7687d711c12c1f8c44302a3d95788ebb1935c32aad9003", kill_on_drop: false }`
[INFO] [stderr]    Compiling syn v1.0.109
[INFO] [stderr]    Compiling lazy_static v1.5.0
[INFO] [stderr]    Compiling rust-oop v0.1.2 (/opt/rustwide/workdir)
[INFO] [stderr]     Finished `dev` profile [unoptimized + debuginfo] target(s) in 4.23s
[INFO] running `Command { std: "docker" "inspect" "fda109890e4a79960e7687d711c12c1f8c44302a3d95788ebb1935c32aad9003", kill_on_drop: false }`
[INFO] running `Command { std: "docker" "rm" "-f" "fda109890e4a79960e7687d711c12c1f8c44302a3d95788ebb1935c32aad9003", kill_on_drop: false }`
[INFO] [stdout] fda109890e4a79960e7687d711c12c1f8c44302a3d95788ebb1935c32aad9003
[INFO] running `Command { std: "docker" "create" "-v" "/var/lib/crater-agent-workspace/builds/worker-4-tc1/target:/opt/rustwide/target:rw,Z" "-v" "/var/lib/crater-agent-workspace/builds/worker-4-tc1/source:/opt/rustwide/workdir:ro,Z" "-v" "/var/lib/crater-agent-workspace/cargo-home:/opt/rustwide/cargo-home:ro,Z" "-v" "/var/lib/crater-agent-workspace/rustup-home:/opt/rustwide/rustup-home:ro,Z" "-e" "SOURCE_DIR=/opt/rustwide/workdir" "-e" "CARGO_TARGET_DIR=/opt/rustwide/target" "-e" "CARGO_INCREMENTAL=0" "-e" "RUST_BACKTRACE=full" "-e" "RUSTFLAGS=--cap-lints=forbid" "-e" "RUSTDOCFLAGS=--cap-lints=forbid" "-e" "CARGO_HOME=/opt/rustwide/cargo-home" "-e" "RUSTUP_HOME=/opt/rustwide/rustup-home" "-w" "/opt/rustwide/workdir" "-m" "1610612736" "--user" "0:0" "--network" "none" "ghcr.io/rust-lang/crates-build-env/linux@sha256:4a844ea9eb2546a2d2c7022eacef16ef2e8229c7fbb2c7d4d55a9ceca922f72d" "/opt/rustwide/cargo-home/bin/cargo" "+nightly-2024-10-28" "test" "--frozen" "--no-run" "--message-format=json", kill_on_drop: false }`
[INFO] [stdout] eedd0013cfb4efed9cbd2c752cccbe19b69acb90461a18441fbb59076177dffd
[INFO] running `Command { std: "docker" "start" "-a" "eedd0013cfb4efed9cbd2c752cccbe19b69acb90461a18441fbb59076177dffd", kill_on_drop: false }`
[INFO] [stderr]    Compiling proc-macro2 v1.0.89
[INFO] [stderr]    Compiling unicode-ident v1.0.13
[INFO] [stderr]    Compiling syn v1.0.109
[INFO] [stderr]    Compiling quote v1.0.37
[INFO] [stderr]    Compiling rust-oop v0.1.2 (/opt/rustwide/workdir)
[INFO] [stdout] warning: associated function `with` is never used
[INFO] [stdout]   --> tests/test_basic.rs:16:8
[INFO] [stdout]    |
[INFO] [stdout] 15 | trait RealTest {
[INFO] [stdout]    |       -------- associated function in this trait
[INFO] [stdout] 16 |     fn with() -> Pin<Box<Self>> where Self : Sized;
[INFO] [stdout]    |        ^^^^
[INFO] [stdout]    |
[INFO] [stdout]    = note: `#[warn(dead_code)]` on by default
[INFO] [stdout] 
[INFO] [stdout] 
[INFO] [stdout] warning: trait `Something` is never used
[INFO] [stdout]   --> tests/test_example.rs:13:7
[INFO] [stdout]    |
[INFO] [stdout] 13 | trait Something {
[INFO] [stdout]    |       ^^^^^^^^^
[INFO] [stdout]    |
[INFO] [stdout]    = note: `#[warn(dead_code)]` on by default
[INFO] [stdout] 
[INFO] [stdout] 
[INFO] [stderr]     Finished `test` profile [unoptimized + debuginfo] target(s) in 5.64s
[INFO] running `Command { std: "docker" "inspect" "eedd0013cfb4efed9cbd2c752cccbe19b69acb90461a18441fbb59076177dffd", kill_on_drop: false }`
[INFO] running `Command { std: "docker" "rm" "-f" "eedd0013cfb4efed9cbd2c752cccbe19b69acb90461a18441fbb59076177dffd", kill_on_drop: false }`
[INFO] [stdout] eedd0013cfb4efed9cbd2c752cccbe19b69acb90461a18441fbb59076177dffd
[INFO] running `Command { std: "docker" "create" "-v" "/var/lib/crater-agent-workspace/builds/worker-4-tc1/target:/opt/rustwide/target:rw,Z" "-v" "/var/lib/crater-agent-workspace/builds/worker-4-tc1/source:/opt/rustwide/workdir:ro,Z" "-v" "/var/lib/crater-agent-workspace/cargo-home:/opt/rustwide/cargo-home:ro,Z" "-v" "/var/lib/crater-agent-workspace/rustup-home:/opt/rustwide/rustup-home:ro,Z" "-e" "SOURCE_DIR=/opt/rustwide/workdir" "-e" "CARGO_TARGET_DIR=/opt/rustwide/target" "-e" "CARGO_INCREMENTAL=0" "-e" "RUST_BACKTRACE=full" "-e" "RUSTFLAGS=--cap-lints=forbid" "-e" "RUSTDOCFLAGS=--cap-lints=forbid" "-e" "CARGO_HOME=/opt/rustwide/cargo-home" "-e" "RUSTUP_HOME=/opt/rustwide/rustup-home" "-w" "/opt/rustwide/workdir" "-m" "1610612736" "--user" "0:0" "--network" "none" "ghcr.io/rust-lang/crates-build-env/linux@sha256:4a844ea9eb2546a2d2c7022eacef16ef2e8229c7fbb2c7d4d55a9ceca922f72d" "/opt/rustwide/cargo-home/bin/cargo" "+nightly-2024-10-28" "test" "--frozen", kill_on_drop: false }`
[INFO] [stdout] 0f3ab9cfeef65807414434244c68d09d4683bc98a31af1253194c5a802a410b7
[INFO] running `Command { std: "docker" "start" "-a" "0f3ab9cfeef65807414434244c68d09d4683bc98a31af1253194c5a802a410b7", kill_on_drop: false }`
[INFO] [stderr] warning: trait `Something` is never used
[INFO] [stderr]   --> tests/test_example.rs:13:7
[INFO] [stderr]    |
[INFO] [stderr] 13 | trait Something {
[INFO] [stderr]    |       ^^^^^^^^^
[INFO] [stderr]    |
[INFO] [stderr]    = note: `#[warn(dead_code)]` on by default
[INFO] [stderr] 
[INFO] [stderr] warning: associated function `with` is never used
[INFO] [stderr]   --> tests/test_basic.rs:16:8
[INFO] [stderr]    |
[INFO] [stderr] 15 | trait RealTest {
[INFO] [stderr]    |       -------- associated function in this trait
[INFO] [stderr] 16 |     fn with() -> Pin<Box<Self>> where Self : Sized;
[INFO] [stderr]    |        ^^^^
[INFO] [stderr]    |
[INFO] [stderr]    = note: `#[warn(dead_code)]` on by default
[INFO] [stderr] 
[INFO] [stderr] warning: `rust-oop` (test "test_example") generated 1 warning
[INFO] [stderr] warning: `rust-oop` (test "test_basic") generated 1 warning
[INFO] [stderr]     Finished `test` profile [unoptimized + debuginfo] target(s) in 0.02s
[INFO] [stderr]      Running unittests src/lib.rs (/opt/rustwide/target/debug/deps/rust_oop-4f755ef7c3bf32fd)
[INFO] [stdout] 
[INFO] [stdout] running 0 tests
[INFO] [stdout] 
[INFO] [stdout] test result: ok. 0 passed; 0 failed; 0 ignored; 0 measured; 0 filtered out; finished in 0.00s
[INFO] [stdout] 
[INFO] [stderr]      Running tests/test_basic.rs (/opt/rustwide/target/debug/deps/test_basic-c392dba1fd208c68)
[INFO] [stdout] 
[INFO] [stdout] running 1 test
[INFO] [stdout] test main_test ... ok
[INFO] [stdout] 
[INFO] [stdout] test result: ok. 1 passed; 0 failed; 0 ignored; 0 measured; 0 filtered out; finished in 0.00s
[INFO] [stdout] 
[INFO] [stderr]      Running tests/test_example.rs (/opt/rustwide/target/debug/deps/test_example-8cb85edf3456da6d)
[INFO] [stdout] 
[INFO] [stdout] running 1 test
[INFO] [stdout] test test ... ok
[INFO] [stdout] 
[INFO] [stdout] test result: ok. 1 passed; 0 failed; 0 ignored; 0 measured; 0 filtered out; finished in 0.00s
[INFO] [stdout] 
[INFO] [stderr]      Running tests/test_shape.rs (/opt/rustwide/target/debug/deps/test_shape-fb732c31df5b792e)
[INFO] [stdout] 
[INFO] [stdout] running 1 test
[INFO] [stdout] test main_test ... ok
[INFO] [stdout] 
[INFO] [stdout] test result: ok. 1 passed; 0 failed; 0 ignored; 0 measured; 0 filtered out; finished in 0.00s
[INFO] [stdout] 
[INFO] [stderr]      Running tests/test_vehicle.rs (/opt/rustwide/target/debug/deps/test_vehicle-fd4009aca747b9c5)
[INFO] [stdout] 
[INFO] [stdout] running 1 test
[INFO] [stdout] test test ... ok
[INFO] [stdout] 
[INFO] [stdout] test result: ok. 1 passed; 0 failed; 0 ignored; 0 measured; 0 filtered out; finished in 0.00s
[INFO] [stdout] 
[INFO] [stderr]    Doc-tests rust_oop
[INFO] [stdout] 
[INFO] [stdout] running 3 tests
[INFO] [stdout] test src/lib.rs - class (line 77) ... FAILED
[INFO] [stdout] test src/lib.rs - class (line 47) ... FAILED
[INFO] [stdout] test src/lib.rs - def_as_mut (line 125) ... FAILED
[INFO] [stdout] 
[INFO] [stdout] failures:
[INFO] [stdout] 
[INFO] [stdout] ---- src/lib.rs - class (line 77) stdout ----
[INFO] [stdout] error: expected `,`, or `}`, found `__real__`
[INFO] [stdout]  --> src/lib.rs:84:49
[INFO] [stdout]   |
[INFO] [stdout] 9 |     __prototype__: ::std::pin::Pin<Box<Example>>
[INFO] [stdout]   |                                                 ^ help: try adding a comma: `,`
[INFO] [stdout] 
[INFO] [stdout] error[E0405]: cannot find trait `__Example__` in this scope
[INFO] [stdout]  --> src/lib.rs:79:24
[INFO] [stdout]   |
[INFO] [stdout] 4 |     __real__: *mut dyn __Example__,
[INFO] [stdout]   |                        ^^^^^^^^^^^ not found in this scope
[INFO] [stdout] 
[INFO] [stdout] error[E0405]: cannot find trait `__Sub__` in this scope
[INFO] [stdout]   --> src/lib.rs:85:24
[INFO] [stdout]    |
[INFO] [stdout] 10 |     __real__: *mut dyn __Sub__,
[INFO] [stdout]    |                        ^^^^^^^ not found in this scope
[INFO] [stdout] 
[INFO] [stdout] error: aborting due to 3 previous errors
[INFO] [stdout] 
[INFO] [stdout] For more information about this error, try `rustc --explain E0405`.
[INFO] [stdout] Couldn't compile the test.
[INFO] [stdout] ---- src/lib.rs - class (line 47) stdout ----
[INFO] [stdout] error: cannot find macro `class` in this scope
[INFO] [stdout]   --> src/lib.rs:70:1
[INFO] [stdout]    |
[INFO] [stdout] 25 | class! {
[INFO] [stdout]    | ^^^^^
[INFO] [stdout]    |
[INFO] [stdout] help: consider importing this macro
[INFO] [stdout]    |
[INFO] [stdout] 2  + use rust_oop::class;
[INFO] [stdout]    |
[INFO] [stdout] 
[INFO] [stdout] error: cannot find macro `class` in this scope
[INFO] [stdout]  --> src/lib.rs:48:1
[INFO] [stdout]   |
[INFO] [stdout] 3 | class! {
[INFO] [stdout]   | ^^^^^
[INFO] [stdout]   |
[INFO] [stdout] help: consider importing this macro
[INFO] [stdout]   |
[INFO] [stdout] 2 + use rust_oop::class;
[INFO] [stdout]   |
[INFO] [stdout] 
[INFO] [stdout] error: aborting due to 2 previous errors
[INFO] [stdout] 
[INFO] [stdout] Couldn't compile the test.
[INFO] [stdout] ---- src/lib.rs - def_as_mut (line 125) stdout ----
[INFO] [stdout] error: cannot find macro `def_as_mut` in this scope
[INFO] [stdout]  --> src/lib.rs:126:1
[INFO] [stdout]   |
[INFO] [stdout] 2 | def_as_mut!();
[INFO] [stdout]   | ^^^^^^^^^^
[INFO] [stdout]   |
[INFO] [stdout] help: consider importing this macro
[INFO] [stdout]   |
[INFO] [stdout] 2 + use rust_oop::def_as_mut;
[INFO] [stdout]   |
[INFO] [stdout] 
[INFO] [stdout] error: cannot find macro `as_mut` in this scope
[INFO] [stdout]  --> src/lib.rs:130:5
[INFO] [stdout]   |
[INFO] [stdout] 6 |     as_mut!(example).set_data("modified".to_string());
[INFO] [stdout]   |     ^^^^^^
[INFO] [stdout] 
[INFO] [stdout] error[E0433]: failed to resolve: use of undeclared type `Sub`
[INFO] [stdout]  --> src/lib.rs:129:23
[INFO] [stdout]   |
[INFO] [stdout] 5 |     let mut example = Sub::new("data".to_string());
[INFO] [stdout]   |                       ^^^ use of undeclared type `Sub`
[INFO] [stdout]   |
[INFO] [stdout] help: consider importing one of these items
[INFO] [stdout]   |
[INFO] [stdout] 2 + use std::ops::Sub;
[INFO] [stdout]   |
[INFO] [stdout] 2 + use syn::token::Sub;
[INFO] [stdout]   |
[INFO] [stdout] 
[INFO] [stdout] error: aborting due to 3 previous errors
[INFO] [stdout] 
[INFO] [stdout] For more information about this error, try `rustc --explain E0433`.
[INFO] [stdout] Couldn't compile the test.
[INFO] [stdout] 
[INFO] [stdout] failures:
[INFO] [stdout]     src/lib.rs - class (line 47)
[INFO] [stdout]     src/lib.rs - class (line 77)
[INFO] [stdout]     src/lib.rs - def_as_mut (line 125)
[INFO] [stdout] 
[INFO] [stdout] test result: FAILED. 0 passed; 3 failed; 0 ignored; 0 measured; 0 filtered out; finished in 0.09s
[INFO] [stdout] 
[INFO] [stderr] error: doctest failed, to rerun pass `--doc`
[INFO] running `Command { std: "docker" "inspect" "0f3ab9cfeef65807414434244c68d09d4683bc98a31af1253194c5a802a410b7", kill_on_drop: false }`
[INFO] running `Command { std: "docker" "rm" "-f" "0f3ab9cfeef65807414434244c68d09d4683bc98a31af1253194c5a802a410b7", kill_on_drop: false }`
[INFO] [stdout] 0f3ab9cfeef65807414434244c68d09d4683bc98a31af1253194c5a802a410b7
