[INFO] fetching crate rust-multipart-rfc7578_2 0.6.1...
[INFO] testing rust-multipart-rfc7578_2-0.6.1 against nightly-2024-10-28 for randomize-layout
[INFO] extracting crate rust-multipart-rfc7578_2 0.6.1 into /workspace/builds/worker-4-tc1/source
[INFO] validating manifest of crates.io crate rust-multipart-rfc7578_2 0.6.1 on toolchain nightly-2024-10-28
[INFO] running `Command { std: CARGO_HOME="/workspace/cargo-home" RUSTUP_HOME="/workspace/rustup-home" "/workspace/cargo-home/bin/cargo" "+nightly-2024-10-28" "metadata" "--manifest-path" "Cargo.toml" "--no-deps", kill_on_drop: false }`
[INFO] started tweaking crates.io crate rust-multipart-rfc7578_2 0.6.1
[INFO] finished tweaking crates.io crate rust-multipart-rfc7578_2 0.6.1
[INFO] tweaked toml for crates.io crate rust-multipart-rfc7578_2 0.6.1 written to /workspace/builds/worker-4-tc1/source/Cargo.toml
[INFO] running `Command { std: CARGO_HOME="/workspace/cargo-home" RUSTUP_HOME="/workspace/rustup-home" "/workspace/cargo-home/bin/cargo" "+nightly-2024-10-28" "generate-lockfile" "--manifest-path" "Cargo.toml", kill_on_drop: false }`
[INFO] [stderr]     Updating crates.io index
[INFO] [stderr]      Locking 62 packages to latest compatible versions
[INFO] [stderr]       Adding http v0.2.12 (available: v1.1.0)
[INFO] [stderr]       Adding hyper v0.14.31 (available: v1.5.0)
[INFO] running `Command { std: CARGO_HOME="/workspace/cargo-home" RUSTUP_HOME="/workspace/rustup-home" "/workspace/cargo-home/bin/cargo" "+nightly-2024-10-28" "fetch" "--manifest-path" "Cargo.toml", kill_on_drop: false }`
[INFO] running `Command { std: "docker" "create" "-v" "/var/lib/crater-agent-workspace/builds/worker-4-tc1/target:/opt/rustwide/target:rw,Z" "-v" "/var/lib/crater-agent-workspace/builds/worker-4-tc1/source:/opt/rustwide/workdir:ro,Z" "-v" "/var/lib/crater-agent-workspace/cargo-home:/opt/rustwide/cargo-home:ro,Z" "-v" "/var/lib/crater-agent-workspace/rustup-home:/opt/rustwide/rustup-home:ro,Z" "-e" "SOURCE_DIR=/opt/rustwide/workdir" "-e" "CARGO_TARGET_DIR=/opt/rustwide/target" "-e" "CARGO_HOME=/opt/rustwide/cargo-home" "-e" "RUSTUP_HOME=/opt/rustwide/rustup-home" "-w" "/opt/rustwide/workdir" "-m" "1610612736" "--user" "0:0" "--network" "none" "ghcr.io/rust-lang/crates-build-env/linux@sha256:4a844ea9eb2546a2d2c7022eacef16ef2e8229c7fbb2c7d4d55a9ceca922f72d" "/opt/rustwide/cargo-home/bin/cargo" "+nightly-2024-10-28" "metadata" "--no-deps" "--format-version=1", kill_on_drop: false }`
[INFO] [stdout] 66a0cb0939a8e6dd37b1d089f56c98c4b286a888aa6a4c0a1c838831a16b544b
[INFO] running `Command { std: "docker" "start" "-a" "66a0cb0939a8e6dd37b1d089f56c98c4b286a888aa6a4c0a1c838831a16b544b", kill_on_drop: false }`
[INFO] running `Command { std: "docker" "inspect" "66a0cb0939a8e6dd37b1d089f56c98c4b286a888aa6a4c0a1c838831a16b544b", kill_on_drop: false }`
[INFO] running `Command { std: "docker" "rm" "-f" "66a0cb0939a8e6dd37b1d089f56c98c4b286a888aa6a4c0a1c838831a16b544b", kill_on_drop: false }`
[INFO] [stdout] 66a0cb0939a8e6dd37b1d089f56c98c4b286a888aa6a4c0a1c838831a16b544b
[INFO] running `Command { std: "docker" "create" "-v" "/var/lib/crater-agent-workspace/builds/worker-4-tc1/target:/opt/rustwide/target:rw,Z" "-v" "/var/lib/crater-agent-workspace/builds/worker-4-tc1/source:/opt/rustwide/workdir:ro,Z" "-v" "/var/lib/crater-agent-workspace/cargo-home:/opt/rustwide/cargo-home:ro,Z" "-v" "/var/lib/crater-agent-workspace/rustup-home:/opt/rustwide/rustup-home:ro,Z" "-e" "SOURCE_DIR=/opt/rustwide/workdir" "-e" "CARGO_TARGET_DIR=/opt/rustwide/target" "-e" "CARGO_INCREMENTAL=0" "-e" "RUST_BACKTRACE=full" "-e" "RUSTFLAGS=--cap-lints=forbid" "-e" "RUSTDOCFLAGS=--cap-lints=forbid" "-e" "CARGO_HOME=/opt/rustwide/cargo-home" "-e" "RUSTUP_HOME=/opt/rustwide/rustup-home" "-w" "/opt/rustwide/workdir" "-m" "1610612736" "--user" "0:0" "--network" "none" "ghcr.io/rust-lang/crates-build-env/linux@sha256:4a844ea9eb2546a2d2c7022eacef16ef2e8229c7fbb2c7d4d55a9ceca922f72d" "/opt/rustwide/cargo-home/bin/cargo" "+nightly-2024-10-28" "build" "--frozen" "--message-format=json", kill_on_drop: false }`
[INFO] [stdout] 15a8e2700689b6f7a12373a1af7c2f10749d886f125b15f7db6fb2d82ac2602f
[INFO] running `Command { std: "docker" "start" "-a" "15a8e2700689b6f7a12373a1af7c2f10749d886f125b15f7db6fb2d82ac2602f", kill_on_drop: false }`
[INFO] [stderr]    Compiling syn v2.0.86
[INFO] [stderr]    Compiling futures-util v0.3.31
[INFO] [stderr]    Compiling zerocopy-derive v0.7.35
[INFO] [stderr]    Compiling thiserror-impl v1.0.66
[INFO] [stderr]    Compiling zerocopy v0.7.35
[INFO] [stderr]    Compiling thiserror v1.0.66
[INFO] [stderr]    Compiling ppv-lite86 v0.2.20
[INFO] [stderr]    Compiling rand_chacha v0.3.1
[INFO] [stderr]    Compiling rand v0.8.5
[INFO] [stderr]    Compiling rust-multipart-rfc7578_2 v0.6.1 (/opt/rustwide/workdir)
[INFO] [stdout] warning: field `1` is never read
[INFO] [stdout]    --> src/client_.rs:677:52
[INFO] [stdout]     |
[INFO] [stdout] 677 |     Read(Box<dyn 'a + Read + Send + Sync + Unpin>, Option<u64>),
[INFO] [stdout]     |     ---- field in this variant                     ^^^^^^^^^^^
[INFO] [stdout]     |
[INFO] [stdout]     = note: `#[warn(dead_code)]` on by default
[INFO] [stdout] help: consider changing the field to be of unit type to suppress this warning while preserving the field numbering, or remove the field
[INFO] [stdout]     |
[INFO] [stdout] 677 |     Read(Box<dyn 'a + Read + Send + Sync + Unpin>, ()),
[INFO] [stdout]     |                                                    ~~
[INFO] [stdout] 
[INFO] [stdout] 
[INFO] [stderr]     Finished `dev` profile [unoptimized + debuginfo] target(s) in 6.05s
[INFO] running `Command { std: "docker" "inspect" "15a8e2700689b6f7a12373a1af7c2f10749d886f125b15f7db6fb2d82ac2602f", kill_on_drop: false }`
[INFO] running `Command { std: "docker" "rm" "-f" "15a8e2700689b6f7a12373a1af7c2f10749d886f125b15f7db6fb2d82ac2602f", kill_on_drop: false }`
[INFO] [stdout] 15a8e2700689b6f7a12373a1af7c2f10749d886f125b15f7db6fb2d82ac2602f
[INFO] running `Command { std: "docker" "create" "-v" "/var/lib/crater-agent-workspace/builds/worker-4-tc1/target:/opt/rustwide/target:rw,Z" "-v" "/var/lib/crater-agent-workspace/builds/worker-4-tc1/source:/opt/rustwide/workdir:ro,Z" "-v" "/var/lib/crater-agent-workspace/cargo-home:/opt/rustwide/cargo-home:ro,Z" "-v" "/var/lib/crater-agent-workspace/rustup-home:/opt/rustwide/rustup-home:ro,Z" "-e" "SOURCE_DIR=/opt/rustwide/workdir" "-e" "CARGO_TARGET_DIR=/opt/rustwide/target" "-e" "CARGO_INCREMENTAL=0" "-e" "RUST_BACKTRACE=full" "-e" "RUSTFLAGS=--cap-lints=forbid" "-e" "RUSTDOCFLAGS=--cap-lints=forbid" "-e" "CARGO_HOME=/opt/rustwide/cargo-home" "-e" "RUSTUP_HOME=/opt/rustwide/rustup-home" "-w" "/opt/rustwide/workdir" "-m" "1610612736" "--user" "0:0" "--network" "none" "ghcr.io/rust-lang/crates-build-env/linux@sha256:4a844ea9eb2546a2d2c7022eacef16ef2e8229c7fbb2c7d4d55a9ceca922f72d" "/opt/rustwide/cargo-home/bin/cargo" "+nightly-2024-10-28" "test" "--frozen" "--no-run" "--message-format=json", kill_on_drop: false }`
[INFO] [stdout] ef15d5dfef85b14d75ab4b0ba4ee1142e2602a3dafea67ffce87a58324fe734e
[INFO] running `Command { std: "docker" "start" "-a" "ef15d5dfef85b14d75ab4b0ba4ee1142e2602a3dafea67ffce87a58324fe734e", kill_on_drop: false }`
[INFO] [stderr]    Compiling syn v2.0.86
[INFO] [stderr]    Compiling zerocopy-derive v0.7.35
[INFO] [stderr]    Compiling tokio-macros v2.4.0
[INFO] [stderr]    Compiling thiserror-impl v1.0.66
[INFO] [stderr]    Compiling tokio v1.41.0
[INFO] [stderr]    Compiling zerocopy v0.7.35
[INFO] [stderr]    Compiling thiserror v1.0.66
[INFO] [stderr]    Compiling ppv-lite86 v0.2.20
[INFO] [stderr]    Compiling rand_chacha v0.3.1
[INFO] [stderr]    Compiling rand v0.8.5
[INFO] [stderr]    Compiling rust-multipart-rfc7578_2 v0.6.1 (/opt/rustwide/workdir)
[INFO] [stderr]    Compiling hyper v0.14.31
[INFO] [stdout] warning: field `1` is never read
[INFO] [stdout]    --> src/client_.rs:677:52
[INFO] [stdout]     |
[INFO] [stdout] 677 |     Read(Box<dyn 'a + Read + Send + Sync + Unpin>, Option<u64>),
[INFO] [stdout]     |     ---- field in this variant                     ^^^^^^^^^^^
[INFO] [stdout]     |
[INFO] [stdout]     = note: `#[warn(dead_code)]` on by default
[INFO] [stdout] help: consider changing the field to be of unit type to suppress this warning while preserving the field numbering, or remove the field
[INFO] [stdout]     |
[INFO] [stdout] 677 |     Read(Box<dyn 'a + Read + Send + Sync + Unpin>, ()),
[INFO] [stdout]     |                                                    ~~
[INFO] [stdout] 
[INFO] [stdout] 
[INFO] [stdout] warning: field `1` is never read
[INFO] [stdout]    --> src/client_.rs:677:52
[INFO] [stdout]     |
[INFO] [stdout] 677 |     Read(Box<dyn 'a + Read + Send + Sync + Unpin>, Option<u64>),
[INFO] [stdout]     |     ---- field in this variant                     ^^^^^^^^^^^
[INFO] [stdout]     |
[INFO] [stdout]     = note: `#[warn(dead_code)]` on by default
[INFO] [stdout] help: consider changing the field to be of unit type to suppress this warning while preserving the field numbering, or remove the field
[INFO] [stdout]     |
[INFO] [stdout] 677 |     Read(Box<dyn 'a + Read + Send + Sync + Unpin>, ()),
[INFO] [stdout]     |                                                    ~~
[INFO] [stdout] 
[INFO] [stdout] 
[INFO] [stderr]     Finished `test` profile [unoptimized + debuginfo] target(s) in 5.29s
[INFO] running `Command { std: "docker" "inspect" "ef15d5dfef85b14d75ab4b0ba4ee1142e2602a3dafea67ffce87a58324fe734e", kill_on_drop: false }`
[INFO] running `Command { std: "docker" "rm" "-f" "ef15d5dfef85b14d75ab4b0ba4ee1142e2602a3dafea67ffce87a58324fe734e", kill_on_drop: false }`
[INFO] [stdout] ef15d5dfef85b14d75ab4b0ba4ee1142e2602a3dafea67ffce87a58324fe734e
[INFO] running `Command { std: "docker" "create" "-v" "/var/lib/crater-agent-workspace/builds/worker-4-tc1/target:/opt/rustwide/target:rw,Z" "-v" "/var/lib/crater-agent-workspace/builds/worker-4-tc1/source:/opt/rustwide/workdir:ro,Z" "-v" "/var/lib/crater-agent-workspace/cargo-home:/opt/rustwide/cargo-home:ro,Z" "-v" "/var/lib/crater-agent-workspace/rustup-home:/opt/rustwide/rustup-home:ro,Z" "-e" "SOURCE_DIR=/opt/rustwide/workdir" "-e" "CARGO_TARGET_DIR=/opt/rustwide/target" "-e" "CARGO_INCREMENTAL=0" "-e" "RUST_BACKTRACE=full" "-e" "RUSTFLAGS=--cap-lints=forbid" "-e" "RUSTDOCFLAGS=--cap-lints=forbid" "-e" "CARGO_HOME=/opt/rustwide/cargo-home" "-e" "RUSTUP_HOME=/opt/rustwide/rustup-home" "-w" "/opt/rustwide/workdir" "-m" "1610612736" "--user" "0:0" "--network" "none" "ghcr.io/rust-lang/crates-build-env/linux@sha256:4a844ea9eb2546a2d2c7022eacef16ef2e8229c7fbb2c7d4d55a9ceca922f72d" "/opt/rustwide/cargo-home/bin/cargo" "+nightly-2024-10-28" "test" "--frozen", kill_on_drop: false }`
[INFO] [stdout] f9570cdf8e193727746c267b4f80202f3ef58836afc62664157f3185c6bbc213
[INFO] running `Command { std: "docker" "start" "-a" "f9570cdf8e193727746c267b4f80202f3ef58836afc62664157f3185c6bbc213", kill_on_drop: false }`
[INFO] [stderr] warning: field `1` is never read
[INFO] [stderr]    --> src/client_.rs:677:52
[INFO] [stderr]     |
[INFO] [stderr] 677 |     Read(Box<dyn 'a + Read + Send + Sync + Unpin>, Option<u64>),
[INFO] [stderr]     |     ---- field in this variant                     ^^^^^^^^^^^
[INFO] [stderr]     |
[INFO] [stderr]     = note: `#[warn(dead_code)]` on by default
[INFO] [stderr] help: consider changing the field to be of unit type to suppress this warning while preserving the field numbering, or remove the field
[INFO] [stderr]     |
[INFO] [stderr] 677 |     Read(Box<dyn 'a + Read + Send + Sync + Unpin>, ()),
[INFO] [stderr]     |                                                    ~~
[INFO] [stderr] 
[INFO] [stderr] warning: `rust-multipart-rfc7578_2` (lib) generated 1 warning
[INFO] [stderr] warning: `rust-multipart-rfc7578_2` (lib test) generated 1 warning (1 duplicate)
[INFO] [stderr]     Finished `test` profile [unoptimized + debuginfo] target(s) in 0.04s
[INFO] [stderr]      Running unittests src/lib.rs (/opt/rustwide/target/debug/deps/rust_multipart_rfc7578_2-2757f34804afdbda)
[INFO] [stdout] 
[INFO] [stdout] running 8 tests
[INFO] [stdout] test boundary::tests::generate_random_boundary_different_each_time ... ok
[INFO] [stdout] test boundary::tests::generate_random_boundary_not_empty ... ok
[INFO] [stdout] test client_::tests::add_reader_returns_expected_result ... ok
[INFO] [stdout] test client_::tests::add_file_returns_expected_result ... ok
[INFO] [stdout] test client_::tests::add_text_returns_expected_result ... ok
[INFO] [stdout] test client_::tests::test_content_type_header_format ... ok
[INFO] [stdout] test client_::tests::add_file_with_mime_returns_expected_result ... ok
[INFO] [stdout] test client_::tests::test_form_body_stream ... ok
[INFO] [stdout] 
[INFO] [stdout] test result: ok. 8 passed; 0 failed; 0 ignored; 0 measured; 0 filtered out; finished in 0.00s
[INFO] [stdout] 
[INFO] [stderr]    Doc-tests rust_multipart_rfc7578_2
[INFO] [stdout] 
[INFO] [stdout] running 15 tests
[INFO] [stdout] test src/client_.rs - client_::Form<'a>::add_reader_file_with_mime (line 476) ... FAILED
[INFO] [stdout] test src/client_.rs - client_::Form<'a>::new (line 201) ... FAILED
[INFO] [stdout] test src/client_.rs - client_::Form<'a>::add_async_reader_file (line 431) ... FAILED
[INFO] [stdout] test src/client_.rs - client_::Form<'a>::add_file (line 317) ... FAILED
[INFO] [stdout] test src/client_.rs - client_::Form<'a>::add_reader (line 259) ... FAILED
[INFO] [stdout] test src/boundary.rs - boundary::BoundaryGenerator (line 20) ... FAILED
[INFO] [stdout] test src/client_.rs - client_::Form<'a>::add_async_reader_file_with_mime (line 506) ... FAILED
[INFO] [stdout] test src/client_.rs - client_::Form<'a>::add_file_with_mime (line 339) ... FAILED
[INFO] [stdout] test src/client_.rs - client_::Form<'a>::add_async_reader (line 288) ... FAILED
[INFO] [stdout] test src/lib.rs - (line 26) ... FAILED
[INFO] [stdout] test src/client_.rs - client_::Form<'a>::add_reader_file (line 401) ... FAILED
[INFO] [stdout] test src/client_.rs - client_::Form<'a>::add_text (line 233) ... FAILED
[INFO] [stdout] test src/lib.rs - (line 39) ... FAILED
[INFO] [stdout] test src/client_.rs - client_::Form<'a>::set_body_convert (line 567) ... FAILED
[INFO] [stdout] test src/client_.rs - client_::Form<'a>::set_body (line 542) ... FAILED
[INFO] [stdout] 
[INFO] [stdout] failures:
[INFO] [stdout] 
[INFO] [stdout] ---- src/client_.rs - client_::Form<'a>::add_reader_file_with_mime (line 476) stdout ----
[INFO] [stdout] error[E0433]: failed to resolve: use of undeclared crate or module `common_multipart_rfc7578`
[INFO] [stdout]  --> src/client_.rs:477:5
[INFO] [stdout]   |
[INFO] [stdout] 3 | use common_multipart_rfc7578::client::multipart;
[INFO] [stdout]   |     ^^^^^^^^^^^^^^^^^^^^^^^^ use of undeclared crate or module `common_multipart_rfc7578`
[INFO] [stdout]   |
[INFO] [stdout] help: there is a crate or module with a similar name
[INFO] [stdout]   |
[INFO] [stdout] 3 | use rust_multipart_rfc7578_2::client::multipart;
[INFO] [stdout]   |     ~~~~~~~~~~~~~~~~~~~~~~~~
[INFO] [stdout] 
[INFO] [stdout] error: aborting due to 1 previous error
[INFO] [stdout] 
[INFO] [stdout] For more information about this error, try `rustc --explain E0433`.
[INFO] [stdout] Couldn't compile the test.
[INFO] [stdout] ---- src/client_.rs - client_::Form<'a>::new (line 201) stdout ----
[INFO] [stdout] error[E0433]: failed to resolve: use of undeclared crate or module `common_multipart_rfc7578`
[INFO] [stdout]  --> src/client_.rs:202:5
[INFO] [stdout]   |
[INFO] [stdout] 3 | use common_multipart_rfc7578::client::multipart::{
[INFO] [stdout]   |     ^^^^^^^^^^^^^^^^^^^^^^^^ use of undeclared crate or module `common_multipart_rfc7578`
[INFO] [stdout]   |
[INFO] [stdout] help: there is a crate or module with a similar name
[INFO] [stdout]   |
[INFO] [stdout] 3 | use rust_multipart_rfc7578_2::client::multipart::{
[INFO] [stdout]   |     ~~~~~~~~~~~~~~~~~~~~~~~~
[INFO] [stdout] 
[INFO] [stdout] error: aborting due to 1 previous error
[INFO] [stdout] 
[INFO] [stdout] For more information about this error, try `rustc --explain E0433`.
[INFO] [stdout] Couldn't compile the test.
[INFO] [stdout] ---- src/client_.rs - client_::Form<'a>::add_async_reader_file (line 431) stdout ----
[INFO] [stdout] error[E0433]: failed to resolve: use of undeclared crate or module `common_multipart_rfc7578`
[INFO] [stdout]  --> src/client_.rs:432:5
[INFO] [stdout]   |
[INFO] [stdout] 3 | use common_multipart_rfc7578::client::multipart;
[INFO] [stdout]   |     ^^^^^^^^^^^^^^^^^^^^^^^^ use of undeclared crate or module `common_multipart_rfc7578`
[INFO] [stdout]   |
[INFO] [stdout] help: there is a crate or module with a similar name
[INFO] [stdout]   |
[INFO] [stdout] 3 | use rust_multipart_rfc7578_2::client::multipart;
[INFO] [stdout]   |     ~~~~~~~~~~~~~~~~~~~~~~~~
[INFO] [stdout] 
[INFO] [stdout] error: aborting due to 1 previous error
[INFO] [stdout] 
[INFO] [stdout] For more information about this error, try `rustc --explain E0433`.
[INFO] [stdout] Couldn't compile the test.
[INFO] [stdout] ---- src/client_.rs - client_::Form<'a>::add_file (line 317) stdout ----
[INFO] [stdout] error[E0433]: failed to resolve: use of undeclared crate or module `common_multipart_rfc7578`
[INFO] [stdout]  --> src/client_.rs:318:5
[INFO] [stdout]   |
[INFO] [stdout] 3 | use common_multipart_rfc7578::client::multipart;
[INFO] [stdout]   |     ^^^^^^^^^^^^^^^^^^^^^^^^ use of undeclared crate or module `common_multipart_rfc7578`
[INFO] [stdout]   |
[INFO] [stdout] help: there is a crate or module with a similar name
[INFO] [stdout]   |
[INFO] [stdout] 3 | use rust_multipart_rfc7578_2::client::multipart;
[INFO] [stdout]   |     ~~~~~~~~~~~~~~~~~~~~~~~~
[INFO] [stdout] 
[INFO] [stdout] error: aborting due to 1 previous error
[INFO] [stdout] 
[INFO] [stdout] For more information about this error, try `rustc --explain E0433`.
[INFO] [stdout] Couldn't compile the test.
[INFO] [stdout] ---- src/client_.rs - client_::Form<'a>::add_reader (line 259) stdout ----
[INFO] [stdout] error[E0433]: failed to resolve: use of undeclared crate or module `common_multipart_rfc7578`
[INFO] [stdout]  --> src/client_.rs:260:5
[INFO] [stdout]   |
[INFO] [stdout] 3 | use common_multipart_rfc7578::client::multipart;
[INFO] [stdout]   |     ^^^^^^^^^^^^^^^^^^^^^^^^ use of undeclared crate or module `common_multipart_rfc7578`
[INFO] [stdout]   |
[INFO] [stdout] help: there is a crate or module with a similar name
[INFO] [stdout]   |
[INFO] [stdout] 3 | use rust_multipart_rfc7578_2::client::multipart;
[INFO] [stdout]   |     ~~~~~~~~~~~~~~~~~~~~~~~~
[INFO] [stdout] 
[INFO] [stdout] error: aborting due to 1 previous error
[INFO] [stdout] 
[INFO] [stdout] For more information about this error, try `rustc --explain E0433`.
[INFO] [stdout] Couldn't compile the test.
[INFO] [stdout] ---- src/boundary.rs - boundary::BoundaryGenerator (line 20) stdout ----
[INFO] [stdout] error[E0433]: failed to resolve: use of undeclared crate or module `common_multipart_rfc7578`
[INFO] [stdout]  --> src/boundary.rs:21:5
[INFO] [stdout]   |
[INFO] [stdout] 3 | use common_multipart_rfc7578::client::multipart::BoundaryGenerator;
[INFO] [stdout]   |     ^^^^^^^^^^^^^^^^^^^^^^^^ use of undeclared crate or module `common_multipart_rfc7578`
[INFO] [stdout]   |
[INFO] [stdout] help: there is a crate or module with a similar name
[INFO] [stdout]   |
[INFO] [stdout] 3 | use rust_multipart_rfc7578_2::client::multipart::BoundaryGenerator;
[INFO] [stdout]   |     ~~~~~~~~~~~~~~~~~~~~~~~~
[INFO] [stdout] 
[INFO] [stdout] error: aborting due to 1 previous error
[INFO] [stdout] 
[INFO] [stdout] For more information about this error, try `rustc --explain E0433`.
[INFO] [stdout] Couldn't compile the test.
[INFO] [stdout] ---- src/client_.rs - client_::Form<'a>::add_async_reader_file_with_mime (line 506) stdout ----
[INFO] [stdout] error[E0433]: failed to resolve: use of undeclared crate or module `common_multipart_rfc7578`
[INFO] [stdout]  --> src/client_.rs:507:5
[INFO] [stdout]   |
[INFO] [stdout] 3 | use common_multipart_rfc7578::client::multipart;
[INFO] [stdout]   |     ^^^^^^^^^^^^^^^^^^^^^^^^ use of undeclared crate or module `common_multipart_rfc7578`
[INFO] [stdout]   |
[INFO] [stdout] help: there is a crate or module with a similar name
[INFO] [stdout]   |
[INFO] [stdout] 3 | use rust_multipart_rfc7578_2::client::multipart;
[INFO] [stdout]   |     ~~~~~~~~~~~~~~~~~~~~~~~~
[INFO] [stdout] 
[INFO] [stdout] error: aborting due to 1 previous error
[INFO] [stdout] 
[INFO] [stdout] For more information about this error, try `rustc --explain E0433`.
[INFO] [stdout] Couldn't compile the test.
[INFO] [stdout] ---- src/client_.rs - client_::Form<'a>::add_file_with_mime (line 339) stdout ----
[INFO] [stdout] error[E0433]: failed to resolve: use of undeclared crate or module `common_multipart_rfc7578`
[INFO] [stdout]  --> src/client_.rs:340:5
[INFO] [stdout]   |
[INFO] [stdout] 3 | use common_multipart_rfc7578::client::multipart;
[INFO] [stdout]   |     ^^^^^^^^^^^^^^^^^^^^^^^^ use of undeclared crate or module `common_multipart_rfc7578`
[INFO] [stdout]   |
[INFO] [stdout] help: there is a crate or module with a similar name
[INFO] [stdout]   |
[INFO] [stdout] 3 | use rust_multipart_rfc7578_2::client::multipart;
[INFO] [stdout]   |     ~~~~~~~~~~~~~~~~~~~~~~~~
[INFO] [stdout] 
[INFO] [stdout] error: aborting due to 1 previous error
[INFO] [stdout] 
[INFO] [stdout] For more information about this error, try `rustc --explain E0433`.
[INFO] [stdout] Couldn't compile the test.
[INFO] [stdout] ---- src/client_.rs - client_::Form<'a>::add_async_reader (line 288) stdout ----
[INFO] [stdout] error[E0433]: failed to resolve: use of undeclared crate or module `common_multipart_rfc7578`
[INFO] [stdout]  --> src/client_.rs:289:5
[INFO] [stdout]   |
[INFO] [stdout] 3 | use common_multipart_rfc7578::client::multipart;
[INFO] [stdout]   |     ^^^^^^^^^^^^^^^^^^^^^^^^ use of undeclared crate or module `common_multipart_rfc7578`
[INFO] [stdout]   |
[INFO] [stdout] help: there is a crate or module with a similar name
[INFO] [stdout]   |
[INFO] [stdout] 3 | use rust_multipart_rfc7578_2::client::multipart;
[INFO] [stdout]   |     ~~~~~~~~~~~~~~~~~~~~~~~~
[INFO] [stdout] 
[INFO] [stdout] error: aborting due to 1 previous error
[INFO] [stdout] 
[INFO] [stdout] For more information about this error, try `rustc --explain E0433`.
[INFO] [stdout] Couldn't compile the test.
[INFO] [stdout] ---- src/lib.rs - (line 26) stdout ----
[INFO] [stdout] error[E0463]: can't find crate for `actix_multipart_rfc7578`
[INFO] [stdout]  --> src/lib.rs:26:1
[INFO] [stdout]   |
[INFO] [stdout] 2 | extern crate actix_multipart_rfc7578 as multipart;
[INFO] [stdout]   | ^^^^^^^^^^^^^^^^^^^^^^^^^^^^^^^^^^^^^^^^^^^^^^^^^^ can't find crate
[INFO] [stdout] 
[INFO] [stdout] error: aborting due to 1 previous error
[INFO] [stdout] 
[INFO] [stdout] For more information about this error, try `rustc --explain E0463`.
[INFO] [stdout] Couldn't compile the test.
[INFO] [stdout] ---- src/client_.rs - client_::Form<'a>::add_reader_file (line 401) stdout ----
[INFO] [stdout] error[E0433]: failed to resolve: use of undeclared crate or module `common_multipart_rfc7578`
[INFO] [stdout]  --> src/client_.rs:402:5
[INFO] [stdout]   |
[INFO] [stdout] 3 | use common_multipart_rfc7578::client::multipart;
[INFO] [stdout]   |     ^^^^^^^^^^^^^^^^^^^^^^^^ use of undeclared crate or module `common_multipart_rfc7578`
[INFO] [stdout]   |
[INFO] [stdout] help: there is a crate or module with a similar name
[INFO] [stdout]   |
[INFO] [stdout] 3 | use rust_multipart_rfc7578_2::client::multipart;
[INFO] [stdout]   |     ~~~~~~~~~~~~~~~~~~~~~~~~
[INFO] [stdout] 
[INFO] [stdout] error: aborting due to 1 previous error
[INFO] [stdout] 
[INFO] [stdout] For more information about this error, try `rustc --explain E0433`.
[INFO] [stdout] Couldn't compile the test.
[INFO] [stdout] ---- src/client_.rs - client_::Form<'a>::add_text (line 233) stdout ----
[INFO] [stdout] error[E0433]: failed to resolve: use of undeclared crate or module `common_multipart_rfc7578`
[INFO] [stdout]  --> src/client_.rs:234:5
[INFO] [stdout]   |
[INFO] [stdout] 3 | use common_multipart_rfc7578::client::multipart;
[INFO] [stdout]   |     ^^^^^^^^^^^^^^^^^^^^^^^^ use of undeclared crate or module `common_multipart_rfc7578`
[INFO] [stdout]   |
[INFO] [stdout] help: there is a crate or module with a similar name
[INFO] [stdout]   |
[INFO] [stdout] 3 | use rust_multipart_rfc7578_2::client::multipart;
[INFO] [stdout]   |     ~~~~~~~~~~~~~~~~~~~~~~~~
[INFO] [stdout] 
[INFO] [stdout] error: aborting due to 1 previous error
[INFO] [stdout] 
[INFO] [stdout] For more information about this error, try `rustc --explain E0433`.
[INFO] [stdout] Couldn't compile the test.
[INFO] [stdout] ---- src/lib.rs - (line 39) stdout ----
[INFO] [stdout] error[E0463]: can't find crate for `hyper_multipart_rfc7578`
[INFO] [stdout]  --> src/lib.rs:39:1
[INFO] [stdout]   |
[INFO] [stdout] 2 | extern crate hyper_multipart_rfc7578 as multipart;
[INFO] [stdout]   | ^^^^^^^^^^^^^^^^^^^^^^^^^^^^^^^^^^^^^^^^^^^^^^^^^^ can't find crate
[INFO] [stdout] 
[INFO] [stdout] error: aborting due to 1 previous error
[INFO] [stdout] 
[INFO] [stdout] For more information about this error, try `rustc --explain E0463`.
[INFO] [stdout] Couldn't compile the test.
[INFO] [stdout] ---- src/client_.rs - client_::Form<'a>::set_body_convert (line 567) stdout ----
[INFO] [stdout] error[E0433]: failed to resolve: use of undeclared crate or module `hyper_multipart_rfc7578`
[INFO] [stdout]  --> src/client_.rs:569:5
[INFO] [stdout]   |
[INFO] [stdout] 4 | use hyper_multipart_rfc7578::client::multipart;
[INFO] [stdout]   |     ^^^^^^^^^^^^^^^^^^^^^^^ use of undeclared crate or module `hyper_multipart_rfc7578`
[INFO] [stdout]   |
[INFO] [stdout] help: there is a crate or module with a similar name
[INFO] [stdout]   |
[INFO] [stdout] 4 | use rust_multipart_rfc7578_2::client::multipart;
[INFO] [stdout]   |     ~~~~~~~~~~~~~~~~~~~~~~~~
[INFO] [stdout] 
[INFO] [stdout] error: aborting due to 1 previous error
[INFO] [stdout] 
[INFO] [stdout] For more information about this error, try `rustc --explain E0433`.
[INFO] [stdout] Couldn't compile the test.
[INFO] [stdout] ---- src/client_.rs - client_::Form<'a>::set_body (line 542) stdout ----
[INFO] [stdout] error[E0433]: failed to resolve: use of undeclared crate or module `hyper_multipart_rfc7578`
[INFO] [stdout]  --> src/client_.rs:544:5
[INFO] [stdout]   |
[INFO] [stdout] 4 | use hyper_multipart_rfc7578::client::multipart;
[INFO] [stdout]   |     ^^^^^^^^^^^^^^^^^^^^^^^ use of undeclared crate or module `hyper_multipart_rfc7578`
[INFO] [stdout]   |
[INFO] [stdout] help: there is a crate or module with a similar name
[INFO] [stdout]   |
[INFO] [stdout] 4 | use rust_multipart_rfc7578_2::client::multipart;
[INFO] [stdout]   |     ~~~~~~~~~~~~~~~~~~~~~~~~
[INFO] [stdout] 
[INFO] [stdout] error: aborting due to 1 previous error
[INFO] [stdout] 
[INFO] [stdout] For more information about this error, try `rustc --explain E0433`.
[INFO] [stdout] Couldn't compile the test.
[INFO] [stdout] 
[INFO] [stdout] failures:
[INFO] [stdout]     src/boundary.rs - boundary::BoundaryGenerator (line 20)
[INFO] [stdout]     src/client_.rs - client_::Form<'a>::add_async_reader (line 288)
[INFO] [stdout]     src/client_.rs - client_::Form<'a>::add_async_reader_file (line 431)
[INFO] [stdout]     src/client_.rs - client_::Form<'a>::add_async_reader_file_with_mime (line 506)
[INFO] [stdout]     src/client_.rs - client_::Form<'a>::add_file (line 317)
[INFO] [stdout]     src/client_.rs - client_::Form<'a>::add_file_with_mime (line 339)
[INFO] [stdout]     src/client_.rs - client_::Form<'a>::add_reader (line 259)
[INFO] [stdout]     src/client_.rs - client_::Form<'a>::add_reader_file (line 401)
[INFO] [stdout]     src/client_.rs - client_::Form<'a>::add_reader_file_with_mime (line 476)
[INFO] [stdout]     src/client_.rs - client_::Form<'a>::add_text (line 233)
[INFO] [stdout]     src/client_.rs - client_::Form<'a>::new (line 201)
[INFO] [stdout]     src/client_.rs - client_::Form<'a>::set_body (line 542)
[INFO] [stdout]     src/client_.rs - client_::Form<'a>::set_body_convert (line 567)
[INFO] [stdout]     src/lib.rs - (line 26)
[INFO] [stdout]     src/lib.rs - (line 39)
[INFO] [stdout] 
[INFO] [stdout] test result: FAILED. 0 passed; 15 failed; 0 ignored; 0 measured; 0 filtered out; finished in 0.06s
[INFO] [stdout] 
[INFO] [stderr] error: doctest failed, to rerun pass `--doc`
[INFO] running `Command { std: "docker" "inspect" "f9570cdf8e193727746c267b4f80202f3ef58836afc62664157f3185c6bbc213", kill_on_drop: false }`
[INFO] running `Command { std: "docker" "rm" "-f" "f9570cdf8e193727746c267b4f80202f3ef58836afc62664157f3185c6bbc213", kill_on_drop: false }`
[INFO] [stdout] f9570cdf8e193727746c267b4f80202f3ef58836afc62664157f3185c6bbc213
