[INFO] fetching crate rust-discord-activity 0.3.1...
[INFO] testing rust-discord-activity-0.3.1 against nightly-2024-10-28+rustflags=-Zrandomize-layout for randomize-layout
[INFO] extracting crate rust-discord-activity 0.3.1 into /workspace/builds/worker-7-tc2/source
[INFO] validating manifest of crates.io crate rust-discord-activity 0.3.1 on toolchain nightly-2024-10-28
[INFO] running `Command { std: CARGO_HOME="/workspace/cargo-home" RUSTUP_HOME="/workspace/rustup-home" "/workspace/cargo-home/bin/cargo" "+nightly-2024-10-28" "metadata" "--manifest-path" "Cargo.toml" "--no-deps", kill_on_drop: false }`
[INFO] started tweaking crates.io crate rust-discord-activity 0.3.1
[INFO] finished tweaking crates.io crate rust-discord-activity 0.3.1
[INFO] tweaked toml for crates.io crate rust-discord-activity 0.3.1 written to /workspace/builds/worker-7-tc2/source/Cargo.toml
[INFO] running `Command { std: CARGO_HOME="/workspace/cargo-home" RUSTUP_HOME="/workspace/rustup-home" "/workspace/cargo-home/bin/cargo" "+nightly-2024-10-28" "generate-lockfile" "--manifest-path" "Cargo.toml", kill_on_drop: false }`
[INFO] [stderr]     Updating crates.io index
[INFO] [stderr]      Locking 17 packages to latest compatible versions
[INFO] running `Command { std: CARGO_HOME="/workspace/cargo-home" RUSTUP_HOME="/workspace/rustup-home" "/workspace/cargo-home/bin/cargo" "+nightly-2024-10-28" "fetch" "--manifest-path" "Cargo.toml", kill_on_drop: false }`
[INFO] running `Command { std: "docker" "create" "-v" "/var/lib/crater-agent-workspace/builds/worker-7-tc2/target:/opt/rustwide/target:rw,Z" "-v" "/var/lib/crater-agent-workspace/builds/worker-7-tc2/source:/opt/rustwide/workdir:ro,Z" "-v" "/var/lib/crater-agent-workspace/cargo-home:/opt/rustwide/cargo-home:ro,Z" "-v" "/var/lib/crater-agent-workspace/rustup-home:/opt/rustwide/rustup-home:ro,Z" "-e" "SOURCE_DIR=/opt/rustwide/workdir" "-e" "CARGO_TARGET_DIR=/opt/rustwide/target" "-e" "CARGO_HOME=/opt/rustwide/cargo-home" "-e" "RUSTUP_HOME=/opt/rustwide/rustup-home" "-w" "/opt/rustwide/workdir" "-m" "1610612736" "--user" "0:0" "--network" "none" "ghcr.io/rust-lang/crates-build-env/linux@sha256:4a844ea9eb2546a2d2c7022eacef16ef2e8229c7fbb2c7d4d55a9ceca922f72d" "/opt/rustwide/cargo-home/bin/cargo" "+nightly-2024-10-28" "metadata" "--no-deps" "--format-version=1", kill_on_drop: false }`
[INFO] [stdout] 005f61fe2747ecd0f8173bf8f0845e4bc00fb06a0aa4ac1192fb327d72f3cb43
[INFO] running `Command { std: "docker" "start" "-a" "005f61fe2747ecd0f8173bf8f0845e4bc00fb06a0aa4ac1192fb327d72f3cb43", kill_on_drop: false }`
[INFO] running `Command { std: "docker" "inspect" "005f61fe2747ecd0f8173bf8f0845e4bc00fb06a0aa4ac1192fb327d72f3cb43", kill_on_drop: false }`
[INFO] running `Command { std: "docker" "rm" "-f" "005f61fe2747ecd0f8173bf8f0845e4bc00fb06a0aa4ac1192fb327d72f3cb43", kill_on_drop: false }`
[INFO] [stdout] 005f61fe2747ecd0f8173bf8f0845e4bc00fb06a0aa4ac1192fb327d72f3cb43
[INFO] running `Command { std: "docker" "create" "-v" "/var/lib/crater-agent-workspace/builds/worker-7-tc2/target:/opt/rustwide/target:rw,Z" "-v" "/var/lib/crater-agent-workspace/builds/worker-7-tc2/source:/opt/rustwide/workdir:ro,Z" "-v" "/var/lib/crater-agent-workspace/cargo-home:/opt/rustwide/cargo-home:ro,Z" "-v" "/var/lib/crater-agent-workspace/rustup-home:/opt/rustwide/rustup-home:ro,Z" "-e" "SOURCE_DIR=/opt/rustwide/workdir" "-e" "CARGO_TARGET_DIR=/opt/rustwide/target" "-e" "CARGO_INCREMENTAL=0" "-e" "RUST_BACKTRACE=full" "-e" "RUSTFLAGS=--cap-lints=forbid -Zrandomize-layout" "-e" "RUSTDOCFLAGS=--cap-lints=forbid" "-e" "CARGO_HOME=/opt/rustwide/cargo-home" "-e" "RUSTUP_HOME=/opt/rustwide/rustup-home" "-w" "/opt/rustwide/workdir" "-m" "1610612736" "--user" "0:0" "--network" "none" "ghcr.io/rust-lang/crates-build-env/linux@sha256:4a844ea9eb2546a2d2c7022eacef16ef2e8229c7fbb2c7d4d55a9ceca922f72d" "/opt/rustwide/cargo-home/bin/cargo" "+nightly-2024-10-28" "build" "--frozen" "--message-format=json", kill_on_drop: false }`
[INFO] [stdout] dca5c7423801e093d1ec9f1423dc2b3e76bd776cffe9c3f6e2ef88da0e01e16c
[INFO] running `Command { std: "docker" "start" "-a" "dca5c7423801e093d1ec9f1423dc2b3e76bd776cffe9c3f6e2ef88da0e01e16c", kill_on_drop: false }`
[INFO] [stderr]    Compiling proc-macro2 v1.0.89
[INFO] [stderr]    Compiling libc v0.2.161
[INFO] [stderr]    Compiling memchr v2.7.4
[INFO] [stderr]    Compiling byteorder v1.5.0
[INFO] [stderr]    Compiling quote v1.0.37
[INFO] [stderr]    Compiling syn v2.0.86
[INFO] [stderr]    Compiling getrandom v0.2.15
[INFO] [stderr]    Compiling uuid v1.11.0
[INFO] [stderr]    Compiling serde_derive v1.0.214
[INFO] [stderr]    Compiling serde v1.0.214
[INFO] [stderr]    Compiling serde_json v1.0.132
[INFO] [stderr]    Compiling rust-discord-activity v0.3.1 (/opt/rustwide/workdir)
[INFO] [stderr]     Finished `dev` profile [unoptimized + debuginfo] target(s) in 13.44s
[INFO] running `Command { std: "docker" "inspect" "dca5c7423801e093d1ec9f1423dc2b3e76bd776cffe9c3f6e2ef88da0e01e16c", kill_on_drop: false }`
[INFO] running `Command { std: "docker" "rm" "-f" "dca5c7423801e093d1ec9f1423dc2b3e76bd776cffe9c3f6e2ef88da0e01e16c", kill_on_drop: false }`
[INFO] [stdout] dca5c7423801e093d1ec9f1423dc2b3e76bd776cffe9c3f6e2ef88da0e01e16c
[INFO] running `Command { std: "docker" "create" "-v" "/var/lib/crater-agent-workspace/builds/worker-7-tc2/target:/opt/rustwide/target:rw,Z" "-v" "/var/lib/crater-agent-workspace/builds/worker-7-tc2/source:/opt/rustwide/workdir:ro,Z" "-v" "/var/lib/crater-agent-workspace/cargo-home:/opt/rustwide/cargo-home:ro,Z" "-v" "/var/lib/crater-agent-workspace/rustup-home:/opt/rustwide/rustup-home:ro,Z" "-e" "SOURCE_DIR=/opt/rustwide/workdir" "-e" "CARGO_TARGET_DIR=/opt/rustwide/target" "-e" "CARGO_INCREMENTAL=0" "-e" "RUST_BACKTRACE=full" "-e" "RUSTFLAGS=--cap-lints=forbid -Zrandomize-layout" "-e" "RUSTDOCFLAGS=--cap-lints=forbid" "-e" "CARGO_HOME=/opt/rustwide/cargo-home" "-e" "RUSTUP_HOME=/opt/rustwide/rustup-home" "-w" "/opt/rustwide/workdir" "-m" "1610612736" "--user" "0:0" "--network" "none" "ghcr.io/rust-lang/crates-build-env/linux@sha256:4a844ea9eb2546a2d2c7022eacef16ef2e8229c7fbb2c7d4d55a9ceca922f72d" "/opt/rustwide/cargo-home/bin/cargo" "+nightly-2024-10-28" "test" "--frozen" "--no-run" "--message-format=json", kill_on_drop: false }`
[INFO] [stdout] 8126e435283a9e936a7ade70fcd00f3a24bbb790333a7853f53b6d431d942325
[INFO] running `Command { std: "docker" "start" "-a" "8126e435283a9e936a7ade70fcd00f3a24bbb790333a7853f53b6d431d942325", kill_on_drop: false }`
[INFO] [stderr]    Compiling rust-discord-activity v0.3.1 (/opt/rustwide/workdir)
[INFO] [stderr]     Finished `test` profile [unoptimized + debuginfo] target(s) in 0.54s
[INFO] running `Command { std: "docker" "inspect" "8126e435283a9e936a7ade70fcd00f3a24bbb790333a7853f53b6d431d942325", kill_on_drop: false }`
[INFO] running `Command { std: "docker" "rm" "-f" "8126e435283a9e936a7ade70fcd00f3a24bbb790333a7853f53b6d431d942325", kill_on_drop: false }`
[INFO] [stdout] 8126e435283a9e936a7ade70fcd00f3a24bbb790333a7853f53b6d431d942325
[INFO] running `Command { std: "docker" "create" "-v" "/var/lib/crater-agent-workspace/builds/worker-7-tc2/target:/opt/rustwide/target:rw,Z" "-v" "/var/lib/crater-agent-workspace/builds/worker-7-tc2/source:/opt/rustwide/workdir:ro,Z" "-v" "/var/lib/crater-agent-workspace/cargo-home:/opt/rustwide/cargo-home:ro,Z" "-v" "/var/lib/crater-agent-workspace/rustup-home:/opt/rustwide/rustup-home:ro,Z" "-e" "SOURCE_DIR=/opt/rustwide/workdir" "-e" "CARGO_TARGET_DIR=/opt/rustwide/target" "-e" "CARGO_INCREMENTAL=0" "-e" "RUST_BACKTRACE=full" "-e" "RUSTFLAGS=--cap-lints=forbid -Zrandomize-layout" "-e" "RUSTDOCFLAGS=--cap-lints=forbid" "-e" "CARGO_HOME=/opt/rustwide/cargo-home" "-e" "RUSTUP_HOME=/opt/rustwide/rustup-home" "-w" "/opt/rustwide/workdir" "-m" "1610612736" "--user" "0:0" "--network" "none" "ghcr.io/rust-lang/crates-build-env/linux@sha256:4a844ea9eb2546a2d2c7022eacef16ef2e8229c7fbb2c7d4d55a9ceca922f72d" "/opt/rustwide/cargo-home/bin/cargo" "+nightly-2024-10-28" "test" "--frozen", kill_on_drop: false }`
[INFO] [stdout] a789e1edc2001a9851c6025661f934415f6e463170d3be4ed30b0620207c4199
[INFO] running `Command { std: "docker" "start" "-a" "a789e1edc2001a9851c6025661f934415f6e463170d3be4ed30b0620207c4199", kill_on_drop: false }`
[INFO] [stderr]     Finished `test` profile [unoptimized + debuginfo] target(s) in 0.06s
[INFO] [stderr]      Running unittests src/lib.rs (/opt/rustwide/target/debug/deps/rust_discord_activity-cbe10543a88c4cbe)
[INFO] [stdout] 
[INFO] [stdout] running 0 tests
[INFO] [stdout] 
[INFO] [stdout] test result: ok. 0 passed; 0 failed; 0 ignored; 0 measured; 0 filtered out; finished in 0.00s
[INFO] [stdout] 
[INFO] [stderr]    Doc-tests rust_discord_activity
[INFO] [stdout] 
[INFO] [stdout] running 1 test
[INFO] [stdout] test src/lib.rs - (line 17) ... FAILED
[INFO] [stdout] 
[INFO] [stdout] failures:
[INFO] [stdout] 
[INFO] [stdout] ---- src/lib.rs - (line 17) stdout ----
[INFO] [stdout] error[E0433]: failed to resolve: use of undeclared type `DiscordClient`
[INFO] [stdout]  --> src/lib.rs:18:18
[INFO] [stdout]   |
[INFO] [stdout] 3 | let mut client = DiscordClient::new("<application_id>");
[INFO] [stdout]   |                  ^^^^^^^^^^^^^ use of undeclared type `DiscordClient`
[INFO] [stdout]   |
[INFO] [stdout] help: consider importing this struct
[INFO] [stdout]   |
[INFO] [stdout] 2 + use rust_discord_activity::DiscordClient;
[INFO] [stdout]   |
[INFO] [stdout] 
[INFO] [stdout] error[E0433]: failed to resolve: use of undeclared type `Asset`
[INFO] [stdout]  --> src/lib.rs:22:13
[INFO] [stdout]   |
[INFO] [stdout] 7 | let asset = Asset::new(limg, None, simg, None);
[INFO] [stdout]   |             ^^^^^ use of undeclared type `Asset`
[INFO] [stdout]   |
[INFO] [stdout] help: consider importing this struct
[INFO] [stdout]   |
[INFO] [stdout] 2 + use rust_discord_activity::Asset;
[INFO] [stdout]   |
[INFO] [stdout] 
[INFO] [stdout] error[E0433]: failed to resolve: use of undeclared type `SystemTime`
[INFO] [stdout]  --> src/lib.rs:23:21
[INFO] [stdout]   |
[INFO] [stdout] 8 | let now_in_millis = SystemTime::now().duration_since(UNIX_EPOCH).unwrap().as_millis();
[INFO] [stdout]   |                     ^^^^^^^^^^ use of undeclared type `SystemTime`
[INFO] [stdout]   |
[INFO] [stdout] help: consider importing this struct
[INFO] [stdout]   |
[INFO] [stdout] 2 + use std::time::SystemTime;
[INFO] [stdout]   |
[INFO] [stdout] 
[INFO] [stdout] error[E0425]: cannot find value `UNIX_EPOCH` in this scope
[INFO] [stdout]  --> src/lib.rs:23:54
[INFO] [stdout]   |
[INFO] [stdout] 8 | let now_in_millis = SystemTime::now().duration_since(UNIX_EPOCH).unwrap().as_millis();
[INFO] [stdout]   |                                                      ^^^^^^^^^^ not found in this scope
[INFO] [stdout]   |
[INFO] [stdout] help: consider importing this constant
[INFO] [stdout]   |
[INFO] [stdout] 2 + use std::time::UNIX_EPOCH;
[INFO] [stdout]   |
[INFO] [stdout] 
[INFO] [stdout] error[E0433]: failed to resolve: use of undeclared type `Timestamp`
[INFO] [stdout]  --> src/lib.rs:24:17
[INFO] [stdout]   |
[INFO] [stdout] 9 | let timestamp = Timestamp::new(Some(now_in_millis - 10000), None);
[INFO] [stdout]   |                 ^^^^^^^^^ use of undeclared type `Timestamp`
[INFO] [stdout]   |
[INFO] [stdout] help: consider importing one of these structs
[INFO] [stdout]   |
[INFO] [stdout] 2 + use rust_discord_activity::Timestamp;
[INFO] [stdout]   |
[INFO] [stdout] 2 + use uuid::Timestamp;
[INFO] [stdout]   |
[INFO] [stdout] 
[INFO] [stdout] error[E0433]: failed to resolve: use of undeclared type `Party`
[INFO] [stdout]   --> src/lib.rs:26:13
[INFO] [stdout]    |
[INFO] [stdout] 11 | let party = Party::new(None, Some((2, 4)));
[INFO] [stdout]    |             ^^^^^ use of undeclared type `Party`
[INFO] [stdout]    |
[INFO] [stdout] help: consider importing this struct
[INFO] [stdout]    |
[INFO] [stdout] 2  + use rust_discord_activity::Party;
[INFO] [stdout]    |
[INFO] [stdout] 
[INFO] [stdout] error[E0433]: failed to resolve: use of undeclared type `Button`
[INFO] [stdout]   --> src/lib.rs:28:17
[INFO] [stdout]    |
[INFO] [stdout] 13 | button_vec.push(Button::new("First Button".into(), "https://google.com".into()));
[INFO] [stdout]    |                 ^^^^^^ use of undeclared type `Button`
[INFO] [stdout]    |
[INFO] [stdout] help: consider importing this struct
[INFO] [stdout]    |
[INFO] [stdout] 2  + use rust_discord_activity::Button;
[INFO] [stdout]    |
[INFO] [stdout] 
[INFO] [stdout] error[E0433]: failed to resolve: use of undeclared type `Button`
[INFO] [stdout]   --> src/lib.rs:29:17
[INFO] [stdout]    |
[INFO] [stdout] 14 | button_vec.push(Button::new("Second Button".into(), "https://yahoo.com".into()));
[INFO] [stdout]    |                 ^^^^^^ use of undeclared type `Button`
[INFO] [stdout]    |
[INFO] [stdout] help: consider importing this struct
[INFO] [stdout]    |
[INFO] [stdout] 2  + use rust_discord_activity::Button;
[INFO] [stdout]    |
[INFO] [stdout] 
[INFO] [stdout] error[E0433]: failed to resolve: use of undeclared type `Activity`
[INFO] [stdout]   --> src/lib.rs:31:20
[INFO] [stdout]    |
[INFO] [stdout] 16 | let mut activity = Activity::new();
[INFO] [stdout]    |                    ^^^^^^^^ use of undeclared type `Activity`
[INFO] [stdout]    |
[INFO] [stdout] help: consider importing this struct
[INFO] [stdout]    |
[INFO] [stdout] 2  + use rust_discord_activity::Activity;
[INFO] [stdout]    |
[INFO] [stdout] 
[INFO] [stdout] error[E0433]: failed to resolve: use of undeclared type `ActivityType`
[INFO] [stdout]   --> src/lib.rs:35:29
[INFO] [stdout]    |
[INFO] [stdout] 20 |     .set_activity_type(Some(ActivityType::LISTENING))
[INFO] [stdout]    |                             ^^^^^^^^^^^^ use of undeclared type `ActivityType`
[INFO] [stdout]    |
[INFO] [stdout] help: consider importing this enum
[INFO] [stdout]    |
[INFO] [stdout] 2  + use rust_discord_activity::ActivityType;
[INFO] [stdout]    |
[INFO] [stdout] 
[INFO] [stdout] error[E0433]: failed to resolve: use of undeclared type `Payload`
[INFO] [stdout]   --> src/lib.rs:43:15
[INFO] [stdout]    |
[INFO] [stdout] 28 | let payload = Payload::new(EventName::Activity, EventData::Activity(activity));
[INFO] [stdout]    |               ^^^^^^^ use of undeclared type `Payload`
[INFO] [stdout]    |
[INFO] [stdout] help: consider importing this struct
[INFO] [stdout]    |
[INFO] [stdout] 2  + use rust_discord_activity::Payload;
[INFO] [stdout]    |
[INFO] [stdout] 
[INFO] [stdout] error[E0433]: failed to resolve: use of undeclared type `EventName`
[INFO] [stdout]   --> src/lib.rs:43:28
[INFO] [stdout]    |
[INFO] [stdout] 28 | let payload = Payload::new(EventName::Activity, EventData::Activity(activity));
[INFO] [stdout]    |                            ^^^^^^^^^ use of undeclared type `EventName`
[INFO] [stdout]    |
[INFO] [stdout] help: consider importing this enum
[INFO] [stdout]    |
[INFO] [stdout] 2  + use rust_discord_activity::EventName;
[INFO] [stdout]    |
[INFO] [stdout] 
[INFO] [stdout] error[E0433]: failed to resolve: use of undeclared type `EventData`
[INFO] [stdout]   --> src/lib.rs:43:49
[INFO] [stdout]    |
[INFO] [stdout] 28 | let payload = Payload::new(EventName::Activity, EventData::Activity(activity));
[INFO] [stdout]    |                                                 ^^^^^^^^^ use of undeclared type `EventData`
[INFO] [stdout]    |
[INFO] [stdout] help: consider importing this enum
[INFO] [stdout]    |
[INFO] [stdout] 2  + use rust_discord_activity::EventData;
[INFO] [stdout]    |
[INFO] [stdout] 
[INFO] [stdout] error: aborting due to 13 previous errors
[INFO] [stdout] 
[INFO] [stdout] Some errors have detailed explanations: E0425, E0433.
[INFO] [stdout] For more information about an error, try `rustc --explain E0425`.
[INFO] [stdout] Couldn't compile the test.
[INFO] [stdout] 
[INFO] [stdout] failures:
[INFO] [stdout]     src/lib.rs - (line 17)
[INFO] [stdout] 
[INFO] [stdout] test result: FAILED. 0 passed; 1 failed; 0 ignored; 0 measured; 0 filtered out; finished in 0.11s
[INFO] [stdout] 
[INFO] [stderr] error: doctest failed, to rerun pass `--doc`
[INFO] running `Command { std: "docker" "inspect" "a789e1edc2001a9851c6025661f934415f6e463170d3be4ed30b0620207c4199", kill_on_drop: false }`
[INFO] running `Command { std: "docker" "rm" "-f" "a789e1edc2001a9851c6025661f934415f6e463170d3be4ed30b0620207c4199", kill_on_drop: false }`
[INFO] [stdout] a789e1edc2001a9851c6025661f934415f6e463170d3be4ed30b0620207c4199
