[INFO] fetching crate russenger_macro 0.1.0...
[INFO] testing russenger_macro-0.1.0 against nightly-2024-10-28+rustflags=-Zrandomize-layout for randomize-layout
[INFO] extracting crate russenger_macro 0.1.0 into /workspace/builds/worker-5-tc2/source
[INFO] validating manifest of crates.io crate russenger_macro 0.1.0 on toolchain nightly-2024-10-28
[INFO] running `Command { std: CARGO_HOME="/workspace/cargo-home" RUSTUP_HOME="/workspace/rustup-home" "/workspace/cargo-home/bin/cargo" "+nightly-2024-10-28" "metadata" "--manifest-path" "Cargo.toml" "--no-deps", kill_on_drop: false }`
[INFO] started tweaking crates.io crate russenger_macro 0.1.0
[INFO] finished tweaking crates.io crate russenger_macro 0.1.0
[INFO] tweaked toml for crates.io crate russenger_macro 0.1.0 written to /workspace/builds/worker-5-tc2/source/Cargo.toml
[INFO] running `Command { std: CARGO_HOME="/workspace/cargo-home" RUSTUP_HOME="/workspace/rustup-home" "/workspace/cargo-home/bin/cargo" "+nightly-2024-10-28" "generate-lockfile" "--manifest-path" "Cargo.toml", kill_on_drop: false }`
[INFO] [stderr]     Updating crates.io index
[INFO] [stderr]      Locking 4 packages to latest compatible versions
[INFO] running `Command { std: CARGO_HOME="/workspace/cargo-home" RUSTUP_HOME="/workspace/rustup-home" "/workspace/cargo-home/bin/cargo" "+nightly-2024-10-28" "fetch" "--manifest-path" "Cargo.toml", kill_on_drop: false }`
[INFO] running `Command { std: "docker" "create" "-v" "/var/lib/crater-agent-workspace/builds/worker-5-tc2/target:/opt/rustwide/target:rw,Z" "-v" "/var/lib/crater-agent-workspace/builds/worker-5-tc2/source:/opt/rustwide/workdir:ro,Z" "-v" "/var/lib/crater-agent-workspace/cargo-home:/opt/rustwide/cargo-home:ro,Z" "-v" "/var/lib/crater-agent-workspace/rustup-home:/opt/rustwide/rustup-home:ro,Z" "-e" "SOURCE_DIR=/opt/rustwide/workdir" "-e" "CARGO_TARGET_DIR=/opt/rustwide/target" "-e" "CARGO_HOME=/opt/rustwide/cargo-home" "-e" "RUSTUP_HOME=/opt/rustwide/rustup-home" "-w" "/opt/rustwide/workdir" "-m" "1610612736" "--user" "0:0" "--network" "none" "ghcr.io/rust-lang/crates-build-env/linux@sha256:4a844ea9eb2546a2d2c7022eacef16ef2e8229c7fbb2c7d4d55a9ceca922f72d" "/opt/rustwide/cargo-home/bin/cargo" "+nightly-2024-10-28" "metadata" "--no-deps" "--format-version=1", kill_on_drop: false }`
[INFO] [stdout] 18a51c3a4428f280fc9702d333120ad097c1b1ecbb276f3a0c73a75fe6a61a1e
[INFO] running `Command { std: "docker" "start" "-a" "18a51c3a4428f280fc9702d333120ad097c1b1ecbb276f3a0c73a75fe6a61a1e", kill_on_drop: false }`
[INFO] running `Command { std: "docker" "inspect" "18a51c3a4428f280fc9702d333120ad097c1b1ecbb276f3a0c73a75fe6a61a1e", kill_on_drop: false }`
[INFO] running `Command { std: "docker" "rm" "-f" "18a51c3a4428f280fc9702d333120ad097c1b1ecbb276f3a0c73a75fe6a61a1e", kill_on_drop: false }`
[INFO] [stdout] 18a51c3a4428f280fc9702d333120ad097c1b1ecbb276f3a0c73a75fe6a61a1e
[INFO] running `Command { std: "docker" "create" "-v" "/var/lib/crater-agent-workspace/builds/worker-5-tc2/target:/opt/rustwide/target:rw,Z" "-v" "/var/lib/crater-agent-workspace/builds/worker-5-tc2/source:/opt/rustwide/workdir:ro,Z" "-v" "/var/lib/crater-agent-workspace/cargo-home:/opt/rustwide/cargo-home:ro,Z" "-v" "/var/lib/crater-agent-workspace/rustup-home:/opt/rustwide/rustup-home:ro,Z" "-e" "SOURCE_DIR=/opt/rustwide/workdir" "-e" "CARGO_TARGET_DIR=/opt/rustwide/target" "-e" "CARGO_INCREMENTAL=0" "-e" "RUST_BACKTRACE=full" "-e" "RUSTFLAGS=--cap-lints=forbid -Zrandomize-layout" "-e" "RUSTDOCFLAGS=--cap-lints=forbid" "-e" "CARGO_HOME=/opt/rustwide/cargo-home" "-e" "RUSTUP_HOME=/opt/rustwide/rustup-home" "-w" "/opt/rustwide/workdir" "-m" "1610612736" "--user" "0:0" "--network" "none" "ghcr.io/rust-lang/crates-build-env/linux@sha256:4a844ea9eb2546a2d2c7022eacef16ef2e8229c7fbb2c7d4d55a9ceca922f72d" "/opt/rustwide/cargo-home/bin/cargo" "+nightly-2024-10-28" "build" "--frozen" "--message-format=json", kill_on_drop: false }`
[INFO] [stdout] 766d14fd83cb9acdbb9a8937cc8fcee5c75b980dcb44fa9489cdff6c310e667f
[INFO] running `Command { std: "docker" "start" "-a" "766d14fd83cb9acdbb9a8937cc8fcee5c75b980dcb44fa9489cdff6c310e667f", kill_on_drop: false }`
[INFO] [stderr]    Compiling syn v2.0.86
[INFO] [stderr]    Compiling russenger_macro v0.1.0 (/opt/rustwide/workdir)
[INFO] [stderr]     Finished `dev` profile [unoptimized + debuginfo] target(s) in 2.12s
[INFO] running `Command { std: "docker" "inspect" "766d14fd83cb9acdbb9a8937cc8fcee5c75b980dcb44fa9489cdff6c310e667f", kill_on_drop: false }`
[INFO] running `Command { std: "docker" "rm" "-f" "766d14fd83cb9acdbb9a8937cc8fcee5c75b980dcb44fa9489cdff6c310e667f", kill_on_drop: false }`
[INFO] [stdout] 766d14fd83cb9acdbb9a8937cc8fcee5c75b980dcb44fa9489cdff6c310e667f
[INFO] running `Command { std: "docker" "create" "-v" "/var/lib/crater-agent-workspace/builds/worker-5-tc2/target:/opt/rustwide/target:rw,Z" "-v" "/var/lib/crater-agent-workspace/builds/worker-5-tc2/source:/opt/rustwide/workdir:ro,Z" "-v" "/var/lib/crater-agent-workspace/cargo-home:/opt/rustwide/cargo-home:ro,Z" "-v" "/var/lib/crater-agent-workspace/rustup-home:/opt/rustwide/rustup-home:ro,Z" "-e" "SOURCE_DIR=/opt/rustwide/workdir" "-e" "CARGO_TARGET_DIR=/opt/rustwide/target" "-e" "CARGO_INCREMENTAL=0" "-e" "RUST_BACKTRACE=full" "-e" "RUSTFLAGS=--cap-lints=forbid -Zrandomize-layout" "-e" "RUSTDOCFLAGS=--cap-lints=forbid" "-e" "CARGO_HOME=/opt/rustwide/cargo-home" "-e" "RUSTUP_HOME=/opt/rustwide/rustup-home" "-w" "/opt/rustwide/workdir" "-m" "1610612736" "--user" "0:0" "--network" "none" "ghcr.io/rust-lang/crates-build-env/linux@sha256:4a844ea9eb2546a2d2c7022eacef16ef2e8229c7fbb2c7d4d55a9ceca922f72d" "/opt/rustwide/cargo-home/bin/cargo" "+nightly-2024-10-28" "test" "--frozen" "--no-run" "--message-format=json", kill_on_drop: false }`
[INFO] [stdout] dea6570e64a0e05e64c0c56d30549f05652b31b0b1d5d45cfaf5e20ef48b0f34
[INFO] running `Command { std: "docker" "start" "-a" "dea6570e64a0e05e64c0c56d30549f05652b31b0b1d5d45cfaf5e20ef48b0f34", kill_on_drop: false }`
[INFO] [stderr]    Compiling russenger_macro v0.1.0 (/opt/rustwide/workdir)
[INFO] [stderr]     Finished `test` profile [unoptimized + debuginfo] target(s) in 0.15s
[INFO] running `Command { std: "docker" "inspect" "dea6570e64a0e05e64c0c56d30549f05652b31b0b1d5d45cfaf5e20ef48b0f34", kill_on_drop: false }`
[INFO] running `Command { std: "docker" "rm" "-f" "dea6570e64a0e05e64c0c56d30549f05652b31b0b1d5d45cfaf5e20ef48b0f34", kill_on_drop: false }`
[INFO] [stdout] dea6570e64a0e05e64c0c56d30549f05652b31b0b1d5d45cfaf5e20ef48b0f34
[INFO] running `Command { std: "docker" "create" "-v" "/var/lib/crater-agent-workspace/builds/worker-5-tc2/target:/opt/rustwide/target:rw,Z" "-v" "/var/lib/crater-agent-workspace/builds/worker-5-tc2/source:/opt/rustwide/workdir:ro,Z" "-v" "/var/lib/crater-agent-workspace/cargo-home:/opt/rustwide/cargo-home:ro,Z" "-v" "/var/lib/crater-agent-workspace/rustup-home:/opt/rustwide/rustup-home:ro,Z" "-e" "SOURCE_DIR=/opt/rustwide/workdir" "-e" "CARGO_TARGET_DIR=/opt/rustwide/target" "-e" "CARGO_INCREMENTAL=0" "-e" "RUST_BACKTRACE=full" "-e" "RUSTFLAGS=--cap-lints=forbid -Zrandomize-layout" "-e" "RUSTDOCFLAGS=--cap-lints=forbid" "-e" "CARGO_HOME=/opt/rustwide/cargo-home" "-e" "RUSTUP_HOME=/opt/rustwide/rustup-home" "-w" "/opt/rustwide/workdir" "-m" "1610612736" "--user" "0:0" "--network" "none" "ghcr.io/rust-lang/crates-build-env/linux@sha256:4a844ea9eb2546a2d2c7022eacef16ef2e8229c7fbb2c7d4d55a9ceca922f72d" "/opt/rustwide/cargo-home/bin/cargo" "+nightly-2024-10-28" "test" "--frozen", kill_on_drop: false }`
[INFO] [stdout] 783249c60892b802dc3c7c0c27122c54972df59c4fa407dbd4fbfb8b39a78160
[INFO] running `Command { std: "docker" "start" "-a" "783249c60892b802dc3c7c0c27122c54972df59c4fa407dbd4fbfb8b39a78160", kill_on_drop: false }`
[INFO] [stderr]     Finished `test` profile [unoptimized + debuginfo] target(s) in 0.01s
[INFO] [stderr]      Running unittests src/lib.rs (/opt/rustwide/target/debug/deps/russenger_macro-173d0b4f5076df91)
[INFO] [stdout] 
[INFO] [stdout] running 0 tests
[INFO] [stdout] 
[INFO] [stdout] test result: ok. 0 passed; 0 failed; 0 ignored; 0 measured; 0 filtered out; finished in 0.00s
[INFO] [stdout] 
[INFO] [stderr]    Doc-tests russenger_macro
[INFO] [stdout] 
[INFO] [stdout] running 1 test
[INFO] [stdout] test src/lib.rs - action (line 19) ... FAILED
[INFO] [stdout] 
[INFO] [stdout] failures:
[INFO] [stdout] 
[INFO] [stdout] ---- src/lib.rs - action (line 19) stdout ----
[INFO] [stdout] error[E0433]: failed to resolve: use of undeclared crate or module `russenger`
[INFO] [stdout]  --> src/lib.rs:20:5
[INFO] [stdout]   |
[INFO] [stdout] 3 | use russenger::prelude::*;
[INFO] [stdout]   |     ^^^^^^^^^ use of undeclared crate or module `russenger`
[INFO] [stdout] 
[INFO] [stdout] error: cannot find attribute `action` in this scope
[INFO] [stdout]  --> src/lib.rs:22:3
[INFO] [stdout]   |
[INFO] [stdout] 5 | #[action]
[INFO] [stdout]   |   ^^^^^^
[INFO] [stdout]   |
[INFO] [stdout] help: consider importing this attribute macro
[INFO] [stdout]   |
[INFO] [stdout] 2 + use russenger_macro::action;
[INFO] [stdout]   |
[INFO] [stdout] 
[INFO] [stdout] error[E0433]: failed to resolve: use of undeclared crate or module `russenger`
[INFO] [stdout]  --> src/lib.rs:23:20
[INFO] [stdout]   |
[INFO] [stdout] 6 | async fn Main(res: russenger::prelude::Res, req: russenger::prelude::Req) {
[INFO] [stdout]   |                    ^^^^^^^^^ use of undeclared crate or module `russenger`
[INFO] [stdout] 
[INFO] [stdout] error[E0433]: failed to resolve: use of undeclared crate or module `russenger`
[INFO] [stdout]  --> src/lib.rs:23:50
[INFO] [stdout]   |
[INFO] [stdout] 6 | async fn Main(res: russenger::prelude::Res, req: russenger::prelude::Req) {
[INFO] [stdout]   |                                                  ^^^^^^^^^ use of undeclared crate or module `russenger`
[INFO] [stdout] 
[INFO] [stdout] error[E0433]: failed to resolve: use of undeclared type `TextModel`
[INFO] [stdout]  --> src/lib.rs:26:18
[INFO] [stdout]   |
[INFO] [stdout] 9 |         res.send(TextModel::new(&req.user, "Hello, welcome to our bot!")).await;
[INFO] [stdout]   |                  ^^^^^^^^^ use of undeclared type `TextModel`
[INFO] [stdout] 
[INFO] [stdout] error: aborting due to 5 previous errors
[INFO] [stdout] 
[INFO] [stdout] For more information about this error, try `rustc --explain E0433`.
[INFO] [stdout] Couldn't compile the test.
[INFO] [stdout] 
[INFO] [stdout] failures:
[INFO] [stdout]     src/lib.rs - action (line 19)
[INFO] [stdout] 
[INFO] [stdout] test result: FAILED. 0 passed; 1 failed; 0 ignored; 0 measured; 0 filtered out; finished in 0.06s
[INFO] [stdout] 
[INFO] [stderr] error: doctest failed, to rerun pass `--doc`
[INFO] running `Command { std: "docker" "inspect" "783249c60892b802dc3c7c0c27122c54972df59c4fa407dbd4fbfb8b39a78160", kill_on_drop: false }`
[INFO] running `Command { std: "docker" "rm" "-f" "783249c60892b802dc3c7c0c27122c54972df59c4fa407dbd4fbfb8b39a78160", kill_on_drop: false }`
[INFO] [stdout] 783249c60892b802dc3c7c0c27122c54972df59c4fa407dbd4fbfb8b39a78160
