[INFO] fetching crate rusql-alchemy 0.3.0...
[INFO] testing rusql-alchemy-0.3.0 against nightly-2024-10-28 for randomize-layout
[INFO] extracting crate rusql-alchemy 0.3.0 into /workspace/builds/worker-6-tc1/source
[INFO] validating manifest of crates.io crate rusql-alchemy 0.3.0 on toolchain nightly-2024-10-28
[INFO] running `Command { std: CARGO_HOME="/workspace/cargo-home" RUSTUP_HOME="/workspace/rustup-home" "/workspace/cargo-home/bin/cargo" "+nightly-2024-10-28" "metadata" "--manifest-path" "Cargo.toml" "--no-deps", kill_on_drop: false }`
[INFO] started tweaking crates.io crate rusql-alchemy 0.3.0
[INFO] finished tweaking crates.io crate rusql-alchemy 0.3.0
[INFO] tweaked toml for crates.io crate rusql-alchemy 0.3.0 written to /workspace/builds/worker-6-tc1/source/Cargo.toml
[INFO] running `Command { std: CARGO_HOME="/workspace/cargo-home" RUSTUP_HOME="/workspace/rustup-home" "/workspace/cargo-home/bin/cargo" "+nightly-2024-10-28" "generate-lockfile" "--manifest-path" "Cargo.toml", kill_on_drop: false }`
[INFO] [stderr]     Updating crates.io index
[INFO] [stderr]      Locking 180 packages to latest compatible versions
[INFO] running `Command { std: CARGO_HOME="/workspace/cargo-home" RUSTUP_HOME="/workspace/rustup-home" "/workspace/cargo-home/bin/cargo" "+nightly-2024-10-28" "fetch" "--manifest-path" "Cargo.toml", kill_on_drop: false }`
[INFO] [stderr]  Downloading crates ...
[INFO] [stderr]   Downloaded rusql-alchemy-macro v0.3.0
[INFO] running `Command { std: "docker" "create" "-v" "/var/lib/crater-agent-workspace/builds/worker-6-tc1/target:/opt/rustwide/target:rw,Z" "-v" "/var/lib/crater-agent-workspace/builds/worker-6-tc1/source:/opt/rustwide/workdir:ro,Z" "-v" "/var/lib/crater-agent-workspace/cargo-home:/opt/rustwide/cargo-home:ro,Z" "-v" "/var/lib/crater-agent-workspace/rustup-home:/opt/rustwide/rustup-home:ro,Z" "-e" "SOURCE_DIR=/opt/rustwide/workdir" "-e" "CARGO_TARGET_DIR=/opt/rustwide/target" "-e" "CARGO_HOME=/opt/rustwide/cargo-home" "-e" "RUSTUP_HOME=/opt/rustwide/rustup-home" "-w" "/opt/rustwide/workdir" "-m" "1610612736" "--user" "0:0" "--network" "none" "ghcr.io/rust-lang/crates-build-env/linux@sha256:4a844ea9eb2546a2d2c7022eacef16ef2e8229c7fbb2c7d4d55a9ceca922f72d" "/opt/rustwide/cargo-home/bin/cargo" "+nightly-2024-10-28" "metadata" "--no-deps" "--format-version=1", kill_on_drop: false }`
[INFO] [stdout] 36fb2e88bfbac9dd660e59e65d5a4cb741a8ef56e35cc72a14bc8586edc7d64b
[INFO] running `Command { std: "docker" "start" "-a" "36fb2e88bfbac9dd660e59e65d5a4cb741a8ef56e35cc72a14bc8586edc7d64b", kill_on_drop: false }`
[INFO] running `Command { std: "docker" "inspect" "36fb2e88bfbac9dd660e59e65d5a4cb741a8ef56e35cc72a14bc8586edc7d64b", kill_on_drop: false }`
[INFO] running `Command { std: "docker" "rm" "-f" "36fb2e88bfbac9dd660e59e65d5a4cb741a8ef56e35cc72a14bc8586edc7d64b", kill_on_drop: false }`
[INFO] [stdout] 36fb2e88bfbac9dd660e59e65d5a4cb741a8ef56e35cc72a14bc8586edc7d64b
[INFO] running `Command { std: "docker" "create" "-v" "/var/lib/crater-agent-workspace/builds/worker-6-tc1/target:/opt/rustwide/target:rw,Z" "-v" "/var/lib/crater-agent-workspace/builds/worker-6-tc1/source:/opt/rustwide/workdir:ro,Z" "-v" "/var/lib/crater-agent-workspace/cargo-home:/opt/rustwide/cargo-home:ro,Z" "-v" "/var/lib/crater-agent-workspace/rustup-home:/opt/rustwide/rustup-home:ro,Z" "-e" "SOURCE_DIR=/opt/rustwide/workdir" "-e" "CARGO_TARGET_DIR=/opt/rustwide/target" "-e" "CARGO_INCREMENTAL=0" "-e" "RUST_BACKTRACE=full" "-e" "RUSTFLAGS=--cap-lints=forbid" "-e" "RUSTDOCFLAGS=--cap-lints=forbid" "-e" "CARGO_HOME=/opt/rustwide/cargo-home" "-e" "RUSTUP_HOME=/opt/rustwide/rustup-home" "-w" "/opt/rustwide/workdir" "-m" "1610612736" "--user" "0:0" "--network" "none" "ghcr.io/rust-lang/crates-build-env/linux@sha256:4a844ea9eb2546a2d2c7022eacef16ef2e8229c7fbb2c7d4d55a9ceca922f72d" "/opt/rustwide/cargo-home/bin/cargo" "+nightly-2024-10-28" "build" "--frozen" "--message-format=json", kill_on_drop: false }`
[INFO] [stdout] a26cd7c34ad6dccd34250f6f85572d432fc30465c73e51e41d90c32e89a54108
[INFO] running `Command { std: "docker" "start" "-a" "a26cd7c34ad6dccd34250f6f85572d432fc30465c73e51e41d90c32e89a54108", kill_on_drop: false }`
[INFO] [stderr]    Compiling serde v1.0.214
[INFO] [stderr]    Compiling crossbeam-utils v0.8.20
[INFO] [stderr]    Compiling futures-sink v0.3.31
[INFO] [stderr]    Compiling lock_api v0.4.12
[INFO] [stderr]    Compiling generic-array v0.14.7
[INFO] [stderr]    Compiling ahash v0.8.11
[INFO] [stderr]    Compiling rustls-pki-types v1.10.0
[INFO] [stderr]    Compiling num-traits v0.2.19
[INFO] [stderr]    Compiling ring v0.17.8
[INFO] [stderr]    Compiling tinyvec v1.8.0
[INFO] [stderr]    Compiling syn v2.0.86
[INFO] [stderr]    Compiling mio v1.0.2
[INFO] [stderr]    Compiling socket2 v0.5.7
[INFO] [stderr]    Compiling getrandom v0.2.15
[INFO] [stderr]    Compiling zerocopy v0.7.35
[INFO] [stderr]    Compiling untrusted v0.9.0
[INFO] [stderr]    Compiling form_urlencoded v1.2.1
[INFO] [stderr]    Compiling parking_lot_core v0.9.10
[INFO] [stderr]    Compiling thiserror v1.0.66
[INFO] [stderr]    Compiling serde_json v1.0.132
[INFO] [stderr]    Compiling unicode-bidi v0.3.17
[INFO] [stderr]    Compiling rustls v0.23.16
[INFO] [stderr]    Compiling allocator-api2 v0.2.18
[INFO] [stderr]    Compiling nom v7.1.3
[INFO] [stderr]    Compiling futures-util v0.3.31
[INFO] [stderr]    Compiling crc-catalog v2.4.0
[INFO] [stderr]    Compiling subtle v2.6.1
[INFO] [stderr]    Compiling spin v0.9.8
[INFO] [stderr]    Compiling parking_lot v0.12.3
[INFO] [stderr]    Compiling unicode_categories v0.1.1
[INFO] [stderr]    Compiling hashbrown v0.14.5
[INFO] [stderr]    Compiling parking v2.2.1
[INFO] [stderr]    Compiling crc v3.2.1
[INFO] [stderr]    Compiling libsqlite3-sys v0.30.1
[INFO] [stderr]    Compiling futures-intrusive v0.5.0
[INFO] [stderr]    Compiling concurrent-queue v2.5.0
[INFO] [stderr]    Compiling crossbeam-queue v0.3.11
[INFO] [stderr]    Compiling webpki-roots v0.26.6
[INFO] [stderr]    Compiling rustls-pemfile v2.2.0
[INFO] [stderr]    Compiling event-listener v5.3.1
[INFO] [stderr]    Compiling futures-channel v0.3.31
[INFO] [stderr]    Compiling block-buffer v0.10.4
[INFO] [stderr]    Compiling crypto-common v0.1.6
[INFO] [stderr]    Compiling byteorder v1.5.0
[INFO] [stderr]    Compiling digest v0.10.7
[INFO] [stderr]    Compiling unicode-normalization v0.1.24
[INFO] [stderr]    Compiling tokio v1.41.0
[INFO] [stderr]    Compiling rustix v0.38.38
[INFO] [stderr]    Compiling flume v0.11.1
[INFO] [stderr]    Compiling hashlink v0.9.1
[INFO] [stderr]    Compiling sha2 v0.10.8
[INFO] [stderr]    Compiling fastrand v2.1.1
[INFO] [stderr]    Compiling dotenvy v0.15.7
[INFO] [stderr]    Compiling syn v1.0.109
[INFO] [stderr]    Compiling heck v0.5.0
[INFO] [stderr]    Compiling dotenv v0.15.0
[INFO] [stderr]    Compiling idna v0.5.0
[INFO] [stderr]    Compiling atoi v2.0.0
[INFO] [stderr]    Compiling url v2.5.2
[INFO] [stderr]    Compiling sqlformat v0.2.6
[INFO] [stderr]    Compiling tempfile v3.13.0
[INFO] [stderr]    Compiling futures-executor v0.3.31
[INFO] [stderr]    Compiling serde_derive v1.0.214
[INFO] [stderr]    Compiling thiserror-impl v1.0.66
[INFO] [stderr]    Compiling tracing-attributes v0.1.27
[INFO] [stderr]    Compiling tokio-macros v2.4.0
[INFO] [stderr]    Compiling async-trait v0.1.83
[INFO] [stderr]    Compiling rustls-webpki v0.102.8
[INFO] [stderr]    Compiling tokio-stream v0.1.16
[INFO] [stderr]    Compiling rusql-alchemy-macro v0.3.0
[INFO] [stderr]    Compiling tracing v0.1.40
[INFO] [stderr]    Compiling either v1.13.0
[INFO] [stderr]    Compiling serde_urlencoded v0.7.1
[INFO] [stderr]    Compiling sqlx-core v0.8.2
[INFO] [stderr]    Compiling sqlx-sqlite v0.8.2
[INFO] [stderr]    Compiling sqlx-macros-core v0.8.2
[INFO] [stderr]    Compiling sqlx-macros v0.8.2
[INFO] [stderr]    Compiling sqlx v0.8.2
[INFO] [stderr]    Compiling rusql-alchemy v0.3.0 (/opt/rustwide/workdir)
[INFO] [stderr]     Finished `dev` profile [unoptimized + debuginfo] target(s) in 28.77s
[INFO] running `Command { std: "docker" "inspect" "a26cd7c34ad6dccd34250f6f85572d432fc30465c73e51e41d90c32e89a54108", kill_on_drop: false }`
[INFO] running `Command { std: "docker" "rm" "-f" "a26cd7c34ad6dccd34250f6f85572d432fc30465c73e51e41d90c32e89a54108", kill_on_drop: false }`
[INFO] [stdout] a26cd7c34ad6dccd34250f6f85572d432fc30465c73e51e41d90c32e89a54108
[INFO] running `Command { std: "docker" "create" "-v" "/var/lib/crater-agent-workspace/builds/worker-6-tc1/target:/opt/rustwide/target:rw,Z" "-v" "/var/lib/crater-agent-workspace/builds/worker-6-tc1/source:/opt/rustwide/workdir:ro,Z" "-v" "/var/lib/crater-agent-workspace/cargo-home:/opt/rustwide/cargo-home:ro,Z" "-v" "/var/lib/crater-agent-workspace/rustup-home:/opt/rustwide/rustup-home:ro,Z" "-e" "SOURCE_DIR=/opt/rustwide/workdir" "-e" "CARGO_TARGET_DIR=/opt/rustwide/target" "-e" "CARGO_INCREMENTAL=0" "-e" "RUST_BACKTRACE=full" "-e" "RUSTFLAGS=--cap-lints=forbid" "-e" "RUSTDOCFLAGS=--cap-lints=forbid" "-e" "CARGO_HOME=/opt/rustwide/cargo-home" "-e" "RUSTUP_HOME=/opt/rustwide/rustup-home" "-w" "/opt/rustwide/workdir" "-m" "1610612736" "--user" "0:0" "--network" "none" "ghcr.io/rust-lang/crates-build-env/linux@sha256:4a844ea9eb2546a2d2c7022eacef16ef2e8229c7fbb2c7d4d55a9ceca922f72d" "/opt/rustwide/cargo-home/bin/cargo" "+nightly-2024-10-28" "test" "--frozen" "--no-run" "--message-format=json", kill_on_drop: false }`
[INFO] [stdout] a672e32bf669f69f77d4fe476326ffa10feb549f2bb5ffab11b55483e3e69b99
[INFO] running `Command { std: "docker" "start" "-a" "a672e32bf669f69f77d4fe476326ffa10feb549f2bb5ffab11b55483e3e69b99", kill_on_drop: false }`
[INFO] [stderr]    Compiling rusql-alchemy v0.3.0 (/opt/rustwide/workdir)
[INFO] [stderr]     Finished `test` profile [unoptimized + debuginfo] target(s) in 0.60s
[INFO] running `Command { std: "docker" "inspect" "a672e32bf669f69f77d4fe476326ffa10feb549f2bb5ffab11b55483e3e69b99", kill_on_drop: false }`
[INFO] running `Command { std: "docker" "rm" "-f" "a672e32bf669f69f77d4fe476326ffa10feb549f2bb5ffab11b55483e3e69b99", kill_on_drop: false }`
[INFO] [stdout] a672e32bf669f69f77d4fe476326ffa10feb549f2bb5ffab11b55483e3e69b99
[INFO] running `Command { std: "docker" "create" "-v" "/var/lib/crater-agent-workspace/builds/worker-6-tc1/target:/opt/rustwide/target:rw,Z" "-v" "/var/lib/crater-agent-workspace/builds/worker-6-tc1/source:/opt/rustwide/workdir:ro,Z" "-v" "/var/lib/crater-agent-workspace/cargo-home:/opt/rustwide/cargo-home:ro,Z" "-v" "/var/lib/crater-agent-workspace/rustup-home:/opt/rustwide/rustup-home:ro,Z" "-e" "SOURCE_DIR=/opt/rustwide/workdir" "-e" "CARGO_TARGET_DIR=/opt/rustwide/target" "-e" "CARGO_INCREMENTAL=0" "-e" "RUST_BACKTRACE=full" "-e" "RUSTFLAGS=--cap-lints=forbid" "-e" "RUSTDOCFLAGS=--cap-lints=forbid" "-e" "CARGO_HOME=/opt/rustwide/cargo-home" "-e" "RUSTUP_HOME=/opt/rustwide/rustup-home" "-w" "/opt/rustwide/workdir" "-m" "1610612736" "--user" "0:0" "--network" "none" "ghcr.io/rust-lang/crates-build-env/linux@sha256:4a844ea9eb2546a2d2c7022eacef16ef2e8229c7fbb2c7d4d55a9ceca922f72d" "/opt/rustwide/cargo-home/bin/cargo" "+nightly-2024-10-28" "test" "--frozen", kill_on_drop: false }`
[INFO] [stdout] 839b8a6d480b85322e079771a6388476e515c1d83367b01f5cff6e329af83b78
[INFO] running `Command { std: "docker" "start" "-a" "839b8a6d480b85322e079771a6388476e515c1d83367b01f5cff6e329af83b78", kill_on_drop: false }`
[INFO] [stderr]     Finished `test` profile [unoptimized + debuginfo] target(s) in 0.12s
[INFO] [stderr]      Running unittests src/lib.rs (/opt/rustwide/target/debug/deps/rusql_alchemy-5fbd02127d5b8ee6)
[INFO] [stdout] 
[INFO] [stdout] running 0 tests
[INFO] [stdout] 
[INFO] [stdout] test result: ok. 0 passed; 0 failed; 0 ignored; 0 measured; 0 filtered out; finished in 0.00s
[INFO] [stdout] 
[INFO] [stderr]    Doc-tests rusql_alchemy
[INFO] [stdout] 
[INFO] [stdout] running 18 tests
[INFO] [stdout] test src/utils.rs - utils::get_placeholder (line 37) ... FAILED
[INFO] [stdout] test src/macros.rs - macros::migrate (line 172) ... FAILED
[INFO] [stdout] test src/db/models.rs - db::models::Model::delete (line 324) ... FAILED
[INFO] [stdout] test src/db/models.rs - db::models::Model::all (line 341) ... FAILED
[INFO] [stdout] test src/db/models.rs - db::models::Model::migrate (line 169) ... FAILED
[INFO] [stdout] test src/db/models.rs - db::models::Model::count (line 422) ... FAILED
[INFO] [stdout] test src/db/models.rs - db::models::Model::set (line 283) ... FAILED
[INFO] [stdout] test src/macros.rs - macros::kwargs (line 8) ... FAILED
[INFO] [stdout] test src/macros.rs - macros::binds (line 132) ... FAILED
[INFO] [stdout] test src/db/models.rs - db::models::Model::get (line 399) ... FAILED
[INFO] [stdout] test src/db/models.rs - db::models::Model::create (line 221) ... FAILED
[INFO] [stdout] test src/db/models.rs - db::models::Model::save (line 195) ... FAILED
[INFO] [stdout] test src/db/models.rs - db::models::Model::update (line 258) ... FAILED
[INFO] [stdout] test src/db/models.rs - db::models::Model::filter (line 366) ... FAILED
[INFO] [stdout] test src/utils.rs - utils::to_string (line 71) ... FAILED
[INFO] [stdout] test src/utils.rs - utils::get_type_name (line 15) ... FAILED
[INFO] [stdout] test src/lib.rs - Database::new (line 48) ... FAILED
[INFO] [stdout] test src/db/models.rs - db::models::Vec<T>::delete (line 460) ... FAILED
[INFO] [stdout] 
[INFO] [stdout] failures:
[INFO] [stdout] 
[INFO] [stdout] ---- src/utils.rs - utils::get_placeholder (line 37) stdout ----
[INFO] [stdout] error[E0425]: cannot find function `get_placeholder` in this scope
[INFO] [stdout]  --> src/utils.rs:39:19
[INFO] [stdout]   |
[INFO] [stdout] 4 | let placeholder = get_placeholder().unwrap();
[INFO] [stdout]   |                   ^^^^^^^^^^^^^^^ not found in this scope
[INFO] [stdout]   |
[INFO] [stdout] help: consider importing this function
[INFO] [stdout]   |
[INFO] [stdout] 2 + use rusql_alchemy::get_placeholder;
[INFO] [stdout]   |
[INFO] [stdout] 
[INFO] [stdout] error: aborting due to 1 previous error
[INFO] [stdout] 
[INFO] [stdout] For more information about this error, try `rustc --explain E0425`.
[INFO] [stdout] Couldn't compile the test.
[INFO] [stdout] ---- src/macros.rs - macros::migrate (line 172) stdout ----
[INFO] [stdout] error: cannot find macro `migrate` in this scope
[INFO] [stdout]  --> src/macros.rs:173:1
[INFO] [stdout]   |
[INFO] [stdout] 3 | migrate!([User, Product, Order], conn);
[INFO] [stdout]   | ^^^^^^^
[INFO] [stdout]   |
[INFO] [stdout] help: consider importing one of these macros
[INFO] [stdout]   |
[INFO] [stdout] 2 + use rusql_alchemy::migrate;
[INFO] [stdout]   |
[INFO] [stdout] 2 + use sqlx::migrate;
[INFO] [stdout]   |
[INFO] [stdout] 
[INFO] [stdout] error: aborting due to 1 previous error
[INFO] [stdout] 
[INFO] [stdout] Couldn't compile the test.
[INFO] [stdout] ---- src/db/models.rs - db::models::Model::delete (line 324) stdout ----
[INFO] [stdout] error[E0425]: cannot find value `user` in this scope
[INFO] [stdout]  --> src/db/models.rs:325:15
[INFO] [stdout]   |
[INFO] [stdout] 3 | let success = user.delete(&conn).await;
[INFO] [stdout]   |               ^^^^ not found in this scope
[INFO] [stdout] 
[INFO] [stdout] error[E0425]: cannot find value `conn` in this scope
[INFO] [stdout]  --> src/db/models.rs:325:28
[INFO] [stdout]   |
[INFO] [stdout] 3 | let success = user.delete(&conn).await;
[INFO] [stdout]   |                            ^^^^ not found in this scope
[INFO] [stdout] 
[INFO] [stdout] error[E0728]: `await` is only allowed inside `async` functions and blocks
[INFO] [stdout]  --> src/db/models.rs:325:34
[INFO] [stdout]   |
[INFO] [stdout] 2 | fn main() { #[allow(non_snake_case)] fn _doctest_main_src_db_models_rs_324_0() {
[INFO] [stdout]   |                                      ----------------------------------------- this is not `async`
[INFO] [stdout] 3 | let success = user.delete(&conn).await;
[INFO] [stdout]   |                                  ^^^^^ only allowed inside `async` functions and blocks
[INFO] [stdout] 
[INFO] [stdout] error: aborting due to 3 previous errors
[INFO] [stdout] 
[INFO] [stdout] Some errors have detailed explanations: E0425, E0728.
[INFO] [stdout] For more information about an error, try `rustc --explain E0425`.
[INFO] [stdout] Couldn't compile the test.
[INFO] [stdout] ---- src/db/models.rs - db::models::Model::all (line 341) stdout ----
[INFO] [stdout] error[E0425]: cannot find value `conn` in this scope
[INFO] [stdout]  --> src/db/models.rs:342:24
[INFO] [stdout]   |
[INFO] [stdout] 3 | let users = User::all(&conn).await;
[INFO] [stdout]   |                        ^^^^ not found in this scope
[INFO] [stdout] 
[INFO] [stdout] error[E0728]: `await` is only allowed inside `async` functions and blocks
[INFO] [stdout]  --> src/db/models.rs:342:30
[INFO] [stdout]   |
[INFO] [stdout] 2 | fn main() { #[allow(non_snake_case)] fn _doctest_main_src_db_models_rs_341_0() {
[INFO] [stdout]   |                                      ----------------------------------------- this is not `async`
[INFO] [stdout] 3 | let users = User::all(&conn).await;
[INFO] [stdout]   |                              ^^^^^ only allowed inside `async` functions and blocks
[INFO] [stdout] 
[INFO] [stdout] error[E0433]: failed to resolve: use of undeclared type `User`
[INFO] [stdout]  --> src/db/models.rs:342:13
[INFO] [stdout]   |
[INFO] [stdout] 3 | let users = User::all(&conn).await;
[INFO] [stdout]   |             ^^^^ use of undeclared type `User`
[INFO] [stdout] 
[INFO] [stdout] error: aborting due to 3 previous errors
[INFO] [stdout] 
[INFO] [stdout] Some errors have detailed explanations: E0425, E0433, E0728.
[INFO] [stdout] For more information about an error, try `rustc --explain E0425`.
[INFO] [stdout] Couldn't compile the test.
[INFO] [stdout] ---- src/db/models.rs - db::models::Model::migrate (line 169) stdout ----
[INFO] [stdout] error[E0425]: cannot find value `conn` in this scope
[INFO] [stdout]  --> src/db/models.rs:170:30
[INFO] [stdout]   |
[INFO] [stdout] 3 | let success = User::migrate(&conn).await;
[INFO] [stdout]   |                              ^^^^ not found in this scope
[INFO] [stdout] 
[INFO] [stdout] error[E0728]: `await` is only allowed inside `async` functions and blocks
[INFO] [stdout]  --> src/db/models.rs:170:36
[INFO] [stdout]   |
[INFO] [stdout] 2 | fn main() { #[allow(non_snake_case)] fn _doctest_main_src_db_models_rs_169_0() {
[INFO] [stdout]   |                                      ----------------------------------------- this is not `async`
[INFO] [stdout] 3 | let success = User::migrate(&conn).await;
[INFO] [stdout]   |                                    ^^^^^ only allowed inside `async` functions and blocks
[INFO] [stdout] 
[INFO] [stdout] error[E0433]: failed to resolve: use of undeclared type `User`
[INFO] [stdout]  --> src/db/models.rs:170:15
[INFO] [stdout]   |
[INFO] [stdout] 3 | let success = User::migrate(&conn).await;
[INFO] [stdout]   |               ^^^^ use of undeclared type `User`
[INFO] [stdout] 
[INFO] [stdout] error: aborting due to 3 previous errors
[INFO] [stdout] 
[INFO] [stdout] Some errors have detailed explanations: E0425, E0433, E0728.
[INFO] [stdout] For more information about an error, try `rustc --explain E0425`.
[INFO] [stdout] Couldn't compile the test.
[INFO] [stdout] ---- src/db/models.rs - db::models::Model::count (line 422) stdout ----
[INFO] [stdout] error[E0425]: cannot find value `conn` in this scope
[INFO] [stdout]  --> src/db/models.rs:423:26
[INFO] [stdout]   |
[INFO] [stdout] 3 | let count = User::count(&conn).await;
[INFO] [stdout]   |                          ^^^^ not found in this scope
[INFO] [stdout] 
[INFO] [stdout] error[E0728]: `await` is only allowed inside `async` functions and blocks
[INFO] [stdout]  --> src/db/models.rs:423:32
[INFO] [stdout]   |
[INFO] [stdout] 2 | fn main() { #[allow(non_snake_case)] fn _doctest_main_src_db_models_rs_422_0() {
[INFO] [stdout]   |                                      ----------------------------------------- this is not `async`
[INFO] [stdout] 3 | let count = User::count(&conn).await;
[INFO] [stdout]   |                                ^^^^^ only allowed inside `async` functions and blocks
[INFO] [stdout] 
[INFO] [stdout] error[E0433]: failed to resolve: use of undeclared type `User`
[INFO] [stdout]  --> src/db/models.rs:423:13
[INFO] [stdout]   |
[INFO] [stdout] 3 | let count = User::count(&conn).await;
[INFO] [stdout]   |             ^^^^ use of undeclared type `User`
[INFO] [stdout] 
[INFO] [stdout] error: aborting due to 3 previous errors
[INFO] [stdout] 
[INFO] [stdout] Some errors have detailed explanations: E0425, E0433, E0728.
[INFO] [stdout] For more information about an error, try `rustc --explain E0425`.
[INFO] [stdout] Couldn't compile the test.
[INFO] [stdout] ---- src/db/models.rs - db::models::Model::set (line 283) stdout ----
[INFO] [stdout] error: cannot find macro `kwargs` in this scope
[INFO] [stdout]  --> src/db/models.rs:286:5
[INFO] [stdout]   |
[INFO] [stdout] 5 |     kwargs!(role = "admin"),
[INFO] [stdout]   |     ^^^^^^
[INFO] [stdout]   |
[INFO] [stdout] help: consider importing this macro
[INFO] [stdout]   |
[INFO] [stdout] 2 + use rusql_alchemy::kwargs;
[INFO] [stdout]   |
[INFO] [stdout] 
[INFO] [stdout] error[E0425]: cannot find value `user_id` in this scope
[INFO] [stdout]  --> src/db/models.rs:285:5
[INFO] [stdout]   |
[INFO] [stdout] 4 |     user_id,
[INFO] [stdout]   |     ^^^^^^^ not found in this scope
[INFO] [stdout] 
[INFO] [stdout] error[E0425]: cannot find value `conn` in this scope
[INFO] [stdout]  --> src/db/models.rs:287:6
[INFO] [stdout]   |
[INFO] [stdout] 6 |     &conn,
[INFO] [stdout]   |      ^^^^ not found in this scope
[INFO] [stdout] 
[INFO] [stdout] error[E0728]: `await` is only allowed inside `async` functions and blocks
[INFO] [stdout]  --> src/db/models.rs:288:3
[INFO] [stdout]   |
[INFO] [stdout] 2 | fn main() { #[allow(non_snake_case)] fn _doctest_main_src_db_models_rs_283_0() {
[INFO] [stdout]   |                                      ----------------------------------------- this is not `async`
[INFO] [stdout] ...
[INFO] [stdout] 7 | ).await;
[INFO] [stdout]   |   ^^^^^ only allowed inside `async` functions and blocks
[INFO] [stdout] 
[INFO] [stdout] error[E0433]: failed to resolve: use of undeclared type `User`
[INFO] [stdout]  --> src/db/models.rs:284:15
[INFO] [stdout]   |
[INFO] [stdout] 3 | let success = User::set(
[INFO] [stdout]   |               ^^^^ use of undeclared type `User`
[INFO] [stdout] 
[INFO] [stdout] error: aborting due to 5 previous errors
[INFO] [stdout] 
[INFO] [stdout] Some errors have detailed explanations: E0425, E0433, E0728.
[INFO] [stdout] For more information about an error, try `rustc --explain E0425`.
[INFO] [stdout] Couldn't compile the test.
[INFO] [stdout] ---- src/macros.rs - macros::kwargs (line 8) stdout ----
[INFO] [stdout] error: cannot find macro `kwargs` in this scope
[INFO] [stdout]  --> src/macros.rs:9:18
[INFO] [stdout]   |
[INFO] [stdout] 3 | let conditions = kwargs!(
[INFO] [stdout]   |                  ^^^^^^
[INFO] [stdout]   |
[INFO] [stdout] help: consider importing this macro
[INFO] [stdout]   |
[INFO] [stdout] 2 + use rusql_alchemy::kwargs;
[INFO] [stdout]   |
[INFO] [stdout] 
[INFO] [stdout] error: aborting due to 1 previous error
[INFO] [stdout] 
[INFO] [stdout] Couldn't compile the test.
[INFO] [stdout] ---- src/macros.rs - macros::binds (line 132) stdout ----
[INFO] [stdout] error: cannot find macro `binds` in this scope
[INFO] [stdout]  --> src/macros.rs:139:1
[INFO] [stdout]   |
[INFO] [stdout] 9 | binds!(args, stream);
[INFO] [stdout]   | ^^^^^
[INFO] [stdout] 
[INFO] [stdout] error[E0425]: cannot find function `some_stream` in this scope
[INFO] [stdout]  --> src/macros.rs:138:14
[INFO] [stdout]   |
[INFO] [stdout] 8 | let stream = some_stream();
[INFO] [stdout]   |              ^^^^^^^^^^^ not found in this scope
[INFO] [stdout] 
[INFO] [stdout] error: aborting due to 2 previous errors
[INFO] [stdout] 
[INFO] [stdout] For more information about this error, try `rustc --explain E0425`.
[INFO] [stdout] Couldn't compile the test.
[INFO] [stdout] ---- src/db/models.rs - db::models::Model::get (line 399) stdout ----
[INFO] [stdout] error: cannot find macro `kwargs` in this scope
[INFO] [stdout]  --> src/db/models.rs:401:51
[INFO] [stdout]   |
[INFO] [stdout] 4 |     kwargs!(email == "24nomeniavo@gmail.com").and(kwargs!(password == "strongpassword")),
[INFO] [stdout]   |                                                   ^^^^^^
[INFO] [stdout]   |
[INFO] [stdout] help: consider importing this macro
[INFO] [stdout]   |
[INFO] [stdout] 2 + use rusql_alchemy::kwargs;
[INFO] [stdout]   |
[INFO] [stdout] 
[INFO] [stdout] error: cannot find macro `kwargs` in this scope
[INFO] [stdout]  --> src/db/models.rs:401:5
[INFO] [stdout]   |
[INFO] [stdout] 4 |     kwargs!(email == "24nomeniavo@gmail.com").and(kwargs!(password == "strongpassword")),
[INFO] [stdout]   |     ^^^^^^
[INFO] [stdout]   |
[INFO] [stdout] help: consider importing this macro
[INFO] [stdout]   |
[INFO] [stdout] 2 + use rusql_alchemy::kwargs;
[INFO] [stdout]   |
[INFO] [stdout] 
[INFO] [stdout] error[E0425]: cannot find value `conn` in this scope
[INFO] [stdout]  --> src/db/models.rs:402:6
[INFO] [stdout]   |
[INFO] [stdout] 5 |     &conn,
[INFO] [stdout]   |      ^^^^ not found in this scope
[INFO] [stdout] 
[INFO] [stdout] error[E0728]: `await` is only allowed inside `async` functions and blocks
[INFO] [stdout]  --> src/db/models.rs:403:3
[INFO] [stdout]   |
[INFO] [stdout] 2 | fn main() { #[allow(non_snake_case)] fn _doctest_main_src_db_models_rs_399_0() {
[INFO] [stdout]   |                                      ----------------------------------------- this is not `async`
[INFO] [stdout] ...
[INFO] [stdout] 6 | ).await;
[INFO] [stdout]   |   ^^^^^ only allowed inside `async` functions and blocks
[INFO] [stdout] 
[INFO] [stdout] error[E0433]: failed to resolve: use of undeclared type `User`
[INFO] [stdout]  --> src/db/models.rs:400:12
[INFO] [stdout]   |
[INFO] [stdout] 3 | let user = User::get(
[INFO] [stdout]   |            ^^^^ use of undeclared type `User`
[INFO] [stdout] 
[INFO] [stdout] error: aborting due to 5 previous errors
[INFO] [stdout] 
[INFO] [stdout] Some errors have detailed explanations: E0425, E0433, E0728.
[INFO] [stdout] For more information about an error, try `rustc --explain E0425`.
[INFO] [stdout] Couldn't compile the test.
[INFO] [stdout] ---- src/db/models.rs - db::models::Model::create (line 221) stdout ----
[INFO] [stdout] error: cannot find macro `kwargs` in this scope
[INFO] [stdout]  --> src/db/models.rs:223:5
[INFO] [stdout]   |
[INFO] [stdout] 4 |     kwargs!(
[INFO] [stdout]   |     ^^^^^^
[INFO] [stdout]   |
[INFO] [stdout] help: consider importing this macro
[INFO] [stdout]   |
[INFO] [stdout] 2 + use rusql_alchemy::kwargs;
[INFO] [stdout]   |
[INFO] [stdout] 
[INFO] [stdout] error[E0425]: cannot find value `conn` in this scope
[INFO] [stdout]   --> src/db/models.rs:230:6
[INFO] [stdout]    |
[INFO] [stdout] 11 |     &conn,
[INFO] [stdout]    |      ^^^^ not found in this scope
[INFO] [stdout] 
[INFO] [stdout] error[E0728]: `await` is only allowed inside `async` functions and blocks
[INFO] [stdout]   --> src/db/models.rs:231:3
[INFO] [stdout]    |
[INFO] [stdout] 2  | fn main() { #[allow(non_snake_case)] fn _doctest_main_src_db_models_rs_221_0() {
[INFO] [stdout]    |                                      ----------------------------------------- this is not `async`
[INFO] [stdout] ...
[INFO] [stdout] 12 | ).await;
[INFO] [stdout]    |   ^^^^^ only allowed inside `async` functions and blocks
[INFO] [stdout] 
[INFO] [stdout] error[E0433]: failed to resolve: use of undeclared type `User`
[INFO] [stdout]  --> src/db/models.rs:222:15
[INFO] [stdout]   |
[INFO] [stdout] 3 | let success = User::create(
[INFO] [stdout]   |               ^^^^ use of undeclared type `User`
[INFO] [stdout] 
[INFO] [stdout] error: aborting due to 4 previous errors
[INFO] [stdout] 
[INFO] [stdout] Some errors have detailed explanations: E0425, E0433, E0728.
[INFO] [stdout] For more information about an error, try `rustc --explain E0425`.
[INFO] [stdout] Couldn't compile the test.
[INFO] [stdout] ---- src/db/models.rs - db::models::Model::save (line 195) stdout ----
[INFO] [stdout] error[E0422]: cannot find struct, variant or union type `User` in this scope
[INFO] [stdout]  --> src/db/models.rs:196:12
[INFO] [stdout]   |
[INFO] [stdout] 3 | let user = User {
[INFO] [stdout]   |            ^^^^ not found in this scope
[INFO] [stdout] 
[INFO] [stdout] error[E0425]: cannot find value `conn` in this scope
[INFO] [stdout]   --> src/db/models.rs:204:26
[INFO] [stdout]    |
[INFO] [stdout] 11 | let success = user.save(&conn).await;
[INFO] [stdout]    |                          ^^^^ not found in this scope
[INFO] [stdout] 
[INFO] [stdout] error[E0728]: `await` is only allowed inside `async` functions and blocks
[INFO] [stdout]   --> src/db/models.rs:204:32
[INFO] [stdout]    |
[INFO] [stdout] 2  | fn main() { #[allow(non_snake_case)] fn _doctest_main_src_db_models_rs_195_0() {
[INFO] [stdout]    |                                      ----------------------------------------- this is not `async`
[INFO] [stdout] ...
[INFO] [stdout] 11 | let success = user.save(&conn).await;
[INFO] [stdout]    |                                ^^^^^ only allowed inside `async` functions and blocks
[INFO] [stdout] 
[INFO] [stdout] error: aborting due to 3 previous errors
[INFO] [stdout] 
[INFO] [stdout] Some errors have detailed explanations: E0422, E0425, E0728.
[INFO] [stdout] For more information about an error, try `rustc --explain E0422`.
[INFO] [stdout] Couldn't compile the test.
[INFO] [stdout] ---- src/db/models.rs - db::models::Model::update (line 258) stdout ----
[INFO] [stdout] error: cannot find macro `kwargs` in this scope
[INFO] [stdout]  --> src/db/models.rs:260:5
[INFO] [stdout]   |
[INFO] [stdout] 4 |     kwargs!(email == "24nomeniavo@gmail.com").and(kwargs!(password == "strongpassword")),
[INFO] [stdout]   |     ^^^^^^
[INFO] [stdout]   |
[INFO] [stdout] help: consider importing this macro
[INFO] [stdout]   |
[INFO] [stdout] 2 + use rusql_alchemy::kwargs;
[INFO] [stdout]   |
[INFO] [stdout] 
[INFO] [stdout] error: cannot find macro `kwargs` in this scope
[INFO] [stdout]  --> src/db/models.rs:260:51
[INFO] [stdout]   |
[INFO] [stdout] 4 |     kwargs!(email == "24nomeniavo@gmail.com").and(kwargs!(password == "strongpassword")),
[INFO] [stdout]   |                                                   ^^^^^^
[INFO] [stdout]   |
[INFO] [stdout] help: consider importing this macro
[INFO] [stdout]   |
[INFO] [stdout] 2 + use rusql_alchemy::kwargs;
[INFO] [stdout]   |
[INFO] [stdout] 
[INFO] [stdout] error[E0425]: cannot find value `conn` in this scope
[INFO] [stdout]  --> src/db/models.rs:261:6
[INFO] [stdout]   |
[INFO] [stdout] 5 |     &conn,
[INFO] [stdout]   |      ^^^^ not found in this scope
[INFO] [stdout] 
[INFO] [stdout] error[E0425]: cannot find value `conn` in this scope
[INFO] [stdout]  --> src/db/models.rs:264:32
[INFO] [stdout]   |
[INFO] [stdout] 8 |     let success = user.update(&conn).await;
[INFO] [stdout]   |                                ^^^^ not found in this scope
[INFO] [stdout] 
[INFO] [stdout] error[E0728]: `await` is only allowed inside `async` functions and blocks
[INFO] [stdout]  --> src/db/models.rs:262:3
[INFO] [stdout]   |
[INFO] [stdout] 2 | fn main() { #[allow(non_snake_case)] fn _doctest_main_src_db_models_rs_258_0() {
[INFO] [stdout]   |                                      ----------------------------------------- this is not `async`
[INFO] [stdout] ...
[INFO] [stdout] 6 | ).await {
[INFO] [stdout]   |   ^^^^^ only allowed inside `async` functions and blocks
[INFO] [stdout] 
[INFO] [stdout] error[E0728]: `await` is only allowed inside `async` functions and blocks
[INFO] [stdout]  --> src/db/models.rs:264:38
[INFO] [stdout]   |
[INFO] [stdout] 2 | fn main() { #[allow(non_snake_case)] fn _doctest_main_src_db_models_rs_258_0() {
[INFO] [stdout]   |                                      ----------------------------------------- this is not `async`
[INFO] [stdout] ...
[INFO] [stdout] 8 |     let success = user.update(&conn).await;
[INFO] [stdout]   |                                      ^^^^^ only allowed inside `async` functions and blocks
[INFO] [stdout] 
[INFO] [stdout] error[E0433]: failed to resolve: use of undeclared type `User`
[INFO] [stdout]  --> src/db/models.rs:259:25
[INFO] [stdout]   |
[INFO] [stdout] 3 | if let Some(mut user) = User::get(
[INFO] [stdout]   |                         ^^^^ use of undeclared type `User`
[INFO] [stdout] 
[INFO] [stdout] error: aborting due to 7 previous errors
[INFO] [stdout] 
[INFO] [stdout] Some errors have detailed explanations: E0425, E0433, E0728.
[INFO] [stdout] For more information about an error, try `rustc --explain E0425`.
[INFO] [stdout] Couldn't compile the test.
[INFO] [stdout] ---- src/db/models.rs - db::models::Model::filter (line 366) stdout ----
[INFO] [stdout] error: cannot find macro `kwargs` in this scope
[INFO] [stdout]  --> src/db/models.rs:368:28
[INFO] [stdout]   |
[INFO] [stdout] 4 |     kwargs!(age <= 18).and(kwargs!(weight == 80.0)),
[INFO] [stdout]   |                            ^^^^^^
[INFO] [stdout]   |
[INFO] [stdout] help: consider importing this macro
[INFO] [stdout]   |
[INFO] [stdout] 2 + use rusql_alchemy::kwargs;
[INFO] [stdout]   |
[INFO] [stdout] 
[INFO] [stdout] error: cannot find macro `kwargs` in this scope
[INFO] [stdout]  --> src/db/models.rs:368:5
[INFO] [stdout]   |
[INFO] [stdout] 4 |     kwargs!(age <= 18).and(kwargs!(weight == 80.0)),
[INFO] [stdout]   |     ^^^^^^
[INFO] [stdout]   |
[INFO] [stdout] help: consider importing this macro
[INFO] [stdout]   |
[INFO] [stdout] 2 + use rusql_alchemy::kwargs;
[INFO] [stdout]   |
[INFO] [stdout] 
[INFO] [stdout] error[E0425]: cannot find value `conn` in this scope
[INFO] [stdout]  --> src/db/models.rs:369:6
[INFO] [stdout]   |
[INFO] [stdout] 5 |     &conn,
[INFO] [stdout]   |      ^^^^ not found in this scope
[INFO] [stdout] 
[INFO] [stdout] error[E0728]: `await` is only allowed inside `async` functions and blocks
[INFO] [stdout]  --> src/db/models.rs:370:3
[INFO] [stdout]   |
[INFO] [stdout] 2 | fn main() { #[allow(non_snake_case)] fn _doctest_main_src_db_models_rs_366_0() {
[INFO] [stdout]   |                                      ----------------------------------------- this is not `async`
[INFO] [stdout] ...
[INFO] [stdout] 6 | ).await;
[INFO] [stdout]   |   ^^^^^ only allowed inside `async` functions and blocks
[INFO] [stdout] 
[INFO] [stdout] error[E0433]: failed to resolve: use of undeclared type `User`
[INFO] [stdout]  --> src/db/models.rs:367:13
[INFO] [stdout]   |
[INFO] [stdout] 3 | let users = User::filter(
[INFO] [stdout]   |             ^^^^ use of undeclared type `User`
[INFO] [stdout] 
[INFO] [stdout] error: aborting due to 5 previous errors
[INFO] [stdout] 
[INFO] [stdout] Some errors have detailed explanations: E0425, E0433, E0728.
[INFO] [stdout] For more information about an error, try `rustc --explain E0425`.
[INFO] [stdout] Couldn't compile the test.
[INFO] [stdout] ---- src/utils.rs - utils::to_string (line 71) stdout ----
[INFO] [stdout] error[E0425]: cannot find function `to_string` in this scope
[INFO] [stdout]  --> src/utils.rs:72:19
[INFO] [stdout]   |
[INFO] [stdout] 3 | let json_string = to_string(true);
[INFO] [stdout]   |                   ^^^^^^^^^ not found in this scope
[INFO] [stdout]   |
[INFO] [stdout] help: consider importing one of these functions
[INFO] [stdout]   |
[INFO] [stdout] 2 + use rusql_alchemy::to_string;
[INFO] [stdout]   |
[INFO] [stdout] 2 + use serde_json::to_string;
[INFO] [stdout]   |
[INFO] [stdout] 
[INFO] [stdout] error[E0425]: cannot find function `to_string` in this scope
[INFO] [stdout]  --> src/utils.rs:75:19
[INFO] [stdout]   |
[INFO] [stdout] 6 | let json_string = to_string("Hello");
[INFO] [stdout]   |                   ^^^^^^^^^
[INFO] [stdout]   |
[INFO] [stdout] help: a local variable with a similar name exists
[INFO] [stdout]   |
[INFO] [stdout] 6 | let json_string = json_string("Hello");
[INFO] [stdout]   |                   ~~~~~~~~~~~
[INFO] [stdout] help: consider importing one of these functions
[INFO] [stdout]   |
[INFO] [stdout] 2 + use rusql_alchemy::to_string;
[INFO] [stdout]   |
[INFO] [stdout] 2 + use serde_json::to_string;
[INFO] [stdout]   |
[INFO] [stdout] 
[INFO] [stdout] error: aborting due to 2 previous errors
[INFO] [stdout] 
[INFO] [stdout] For more information about this error, try `rustc --explain E0425`.
[INFO] [stdout] Couldn't compile the test.
[INFO] [stdout] ---- src/utils.rs - utils::get_type_name (line 15) stdout ----
[INFO] [stdout] error[E0425]: cannot find function `get_type_name` in this scope
[INFO] [stdout]  --> src/utils.rs:16:17
[INFO] [stdout]   |
[INFO] [stdout] 3 | let type_name = get_type_name(42);
[INFO] [stdout]   |                 ^^^^^^^^^^^^^ not found in this scope
[INFO] [stdout]   |
[INFO] [stdout] help: consider importing this function
[INFO] [stdout]   |
[INFO] [stdout] 2 + use rusql_alchemy::get_type_name;
[INFO] [stdout]   |
[INFO] [stdout] 
[INFO] [stdout] error: aborting due to 1 previous error
[INFO] [stdout] 
[INFO] [stdout] For more information about this error, try `rustc --explain E0425`.
[INFO] [stdout] Couldn't compile the test.
[INFO] [stdout] ---- src/lib.rs - Database::new (line 48) stdout ----
[INFO] [stdout] Test executable failed (exit status: 101).
[INFO] [stdout] 
[INFO] [stdout] stderr:
[INFO] [stdout] thread 'main' panicked at /opt/rustwide/workdir/src/lib.rs:59:43:
[INFO] [stdout] -> Pls set the DATABASE_ULR in `.env`: NotPresent
[INFO] [stdout] stack backtrace:
[INFO] [stdout]    0:     0x5a301370074a - std::backtrace_rs::backtrace::libunwind::trace::h207520d6e9873551
[INFO] [stdout]                                at /rustc/df4ca44d3fbc9301ee17f30f4d474e6ae4b05252/library/std/src/../../backtrace/src/backtrace/libunwind.rs:116:5
[INFO] [stdout]    1:     0x5a301370074a - std::backtrace_rs::backtrace::trace_unsynchronized::h2ed7433f370e3eca
[INFO] [stdout]                                at /rustc/df4ca44d3fbc9301ee17f30f4d474e6ae4b05252/library/std/src/../../backtrace/src/backtrace/mod.rs:66:5
[INFO] [stdout]    2:     0x5a301370074a - std::sys::backtrace::_print_fmt::h916fac51166b18d7
[INFO] [stdout]                                at /rustc/df4ca44d3fbc9301ee17f30f4d474e6ae4b05252/library/std/src/sys/backtrace.rs:66:9
[INFO] [stdout]    3:     0x5a301370074a - <std::sys::backtrace::BacktraceLock::print::DisplayBacktrace as core::fmt::Display>::fmt::ha0a4c9b8ce3802e6
[INFO] [stdout]                                at /rustc/df4ca44d3fbc9301ee17f30f4d474e6ae4b05252/library/std/src/sys/backtrace.rs:39:26
[INFO] [stdout]    4:     0x5a3013725aa3 - core::fmt::rt::Argument::fmt::h4cfc8587d52b3eb5
[INFO] [stdout]                                at /rustc/df4ca44d3fbc9301ee17f30f4d474e6ae4b05252/library/core/src/fmt/rt.rs:177:76
[INFO] [stdout]    5:     0x5a3013725aa3 - core::fmt::write::h522cc39e5b36ae9f
[INFO] [stdout]                                at /rustc/df4ca44d3fbc9301ee17f30f4d474e6ae4b05252/library/core/src/fmt/mod.rs:1190:21
[INFO] [stdout]    6:     0x5a30136fd893 - std::io::Write::write_fmt::hf1c1dcc8cc1287f0
[INFO] [stdout]                                at /rustc/df4ca44d3fbc9301ee17f30f4d474e6ae4b05252/library/std/src/io/mod.rs:1839:15
[INFO] [stdout]    7:     0x5a3013700592 - std::sys::backtrace::BacktraceLock::print::h4b9e00b29e9c0942
[INFO] [stdout]                                at /rustc/df4ca44d3fbc9301ee17f30f4d474e6ae4b05252/library/std/src/sys/backtrace.rs:42:9
[INFO] [stdout]    8:     0x5a301370169c - std::panicking::default_hook::{{closure}}::hb59b88280d0324d9
[INFO] [stdout]                                at /rustc/df4ca44d3fbc9301ee17f30f4d474e6ae4b05252/library/std/src/panicking.rs:268:22
[INFO] [stdout]    9:     0x5a30137014e2 - std::panicking::default_hook::he1dd496665be4a29
[INFO] [stdout]                                at /rustc/df4ca44d3fbc9301ee17f30f4d474e6ae4b05252/library/std/src/panicking.rs:295:9
[INFO] [stdout]   10:     0x5a3013701cd7 - std::panicking::rust_panic_with_hook::h2ff17fe8f26dfcf8
[INFO] [stdout]                                at /rustc/df4ca44d3fbc9301ee17f30f4d474e6ae4b05252/library/std/src/panicking.rs:801:13
[INFO] [stdout]   11:     0x5a3013701b6a - std::panicking::begin_panic_handler::{{closure}}::h4fad77951c07e101
[INFO] [stdout]                                at /rustc/df4ca44d3fbc9301ee17f30f4d474e6ae4b05252/library/std/src/panicking.rs:674:13
[INFO] [stdout]   12:     0x5a3013700c29 - std::sys::backtrace::__rust_end_short_backtrace::hb1a25b3da5d0ea08
[INFO] [stdout]                                at /rustc/df4ca44d3fbc9301ee17f30f4d474e6ae4b05252/library/std/src/sys/backtrace.rs:170:18
[INFO] [stdout]   13:     0x5a30137017fc - rust_begin_unwind
[INFO] [stdout]                                at /rustc/df4ca44d3fbc9301ee17f30f4d474e6ae4b05252/library/std/src/panicking.rs:665:5
[INFO] [stdout]   14:     0x5a3013723ae0 - core::panicking::panic_fmt::ha9db07b529f9b256
[INFO] [stdout]                                at /rustc/df4ca44d3fbc9301ee17f30f4d474e6ae4b05252/library/core/src/panicking.rs:75:14
[INFO] [stdout]   15:     0x5a3013723f86 - core::result::unwrap_failed::h5e8218e4d4338b8a
[INFO] [stdout]                                at /rustc/df4ca44d3fbc9301ee17f30f4d474e6ae4b05252/library/core/src/result.rs:1698:5
[INFO] [stdout]   16:     0x5a3013299c7c - core::result::Result<T,E>::expect::hb7f131f2a455904a
[INFO] [stdout]   17:     0x5a3013290505 - rusql_alchemy::Database::new::{{closure}}::h34aa7413591e45a3
[INFO] [stdout]   18:     0x5a30132c5c74 - rust_out::main::{{closure}}::h6aa186353edbc990
[INFO] [stdout]   19:     0x5a30132b0c06 - <core::pin::Pin<P> as core::future::future::Future>::poll::h8ededd1abf40da2a
[INFO] [stdout]   20:     0x5a301329c8c5 - tokio::runtime::park::CachedParkThread::block_on::{{closure}}::hcbf4399ebc6ea52b
[INFO] [stdout]   21:     0x5a301329bf64 - tokio::runtime::park::CachedParkThread::block_on::h6351bcefaf7df249
[INFO] [stdout]   22:     0x5a30132aa89b - tokio::runtime::context::blocking::BlockingRegionGuard::block_on::hd9e7bef54aa3fd37
[INFO] [stdout]   23:     0x5a30132aae61 - tokio::runtime::scheduler::multi_thread::MultiThread::block_on::{{closure}}::h11cfaf26f4ae9c4e
[INFO] [stdout]   24:     0x5a30132a9d98 - tokio::runtime::context::runtime::enter_runtime::ha4e9560c2290416f
[INFO] [stdout]   25:     0x5a30132aadfd - tokio::runtime::scheduler::multi_thread::MultiThread::block_on::h55248defc0bba6dd
[INFO] [stdout]   26:     0x5a30132aab0f - tokio::runtime::runtime::Runtime::block_on_inner::ha441989523457a9c
[INFO] [stdout]   27:     0x5a30132aad9f - tokio::runtime::runtime::Runtime::block_on::h2a8a7379f4420805
[INFO] [stdout]   28:     0x5a30132c5a9c - rust_out::main::ha213a30daa5df4da
[INFO] [stdout]   29:     0x5a3013296103 - core::ops::function::FnOnce::call_once::hf7edf7132571051c
[INFO] [stdout]   30:     0x5a3013291a96 - std::sys::backtrace::__rust_begin_short_backtrace::h32fd822fd2ba4079
[INFO] [stdout]   31:     0x5a3013291a79 - std::rt::lang_start::{{closure}}::h4039a1c394ed4f7c
[INFO] [stdout]   32:     0x5a30136f8cc7 - core::ops::function::impls::<impl core::ops::function::FnOnce<A> for &F>::call_once::hd87d66b906e0ccaf
[INFO] [stdout]                                at /rustc/df4ca44d3fbc9301ee17f30f4d474e6ae4b05252/library/core/src/ops/function.rs:284:13
[INFO] [stdout]   33:     0x5a30136f8cc7 - std::panicking::try::do_call::hae3703de71fc9e3a
[INFO] [stdout]                                at /rustc/df4ca44d3fbc9301ee17f30f4d474e6ae4b05252/library/std/src/panicking.rs:557:40
[INFO] [stdout]   34:     0x5a30136f8cc7 - std::panicking::try::h1178330e9a2b2645
[INFO] [stdout]                                at /rustc/df4ca44d3fbc9301ee17f30f4d474e6ae4b05252/library/std/src/panicking.rs:520:19
[INFO] [stdout]   35:     0x5a30136f8cc7 - std::panic::catch_unwind::h0acf49d2305d32ad
[INFO] [stdout]                                at /rustc/df4ca44d3fbc9301ee17f30f4d474e6ae4b05252/library/std/src/panic.rs:358:14
[INFO] [stdout]   36:     0x5a30136f8cc7 - std::rt::lang_start_internal::{{closure}}::h2d95182d798177be
[INFO] [stdout]                                at /rustc/df4ca44d3fbc9301ee17f30f4d474e6ae4b05252/library/std/src/rt.rs:174:48
[INFO] [stdout]   37:     0x5a30136f8cc7 - std::panicking::try::do_call::hb506f5bfe11fd30c
[INFO] [stdout]                                at /rustc/df4ca44d3fbc9301ee17f30f4d474e6ae4b05252/library/std/src/panicking.rs:557:40
[INFO] [stdout]   38:     0x5a30136f8cc7 - std::panicking::try::h54d825c46bd0fa95
[INFO] [stdout]                                at /rustc/df4ca44d3fbc9301ee17f30f4d474e6ae4b05252/library/std/src/panicking.rs:520:19
[INFO] [stdout]   39:     0x5a30136f8cc7 - std::panic::catch_unwind::hffbb0ad20c4e9fac
[INFO] [stdout]                                at /rustc/df4ca44d3fbc9301ee17f30f4d474e6ae4b05252/library/std/src/panic.rs:358:14
[INFO] [stdout]   40:     0x5a30136f8cc7 - std::rt::lang_start_internal::h52c291ef1962c925
[INFO] [stdout]                                at /rustc/df4ca44d3fbc9301ee17f30f4d474e6ae4b05252/library/std/src/rt.rs:174:20
[INFO] [stdout]   41:     0x5a3013291a57 - std::rt::lang_start::h8c6075cd6f225ba1
[INFO] [stdout]   42:     0x5a30132c5d65 - main
[INFO] [stdout]   43:     0x7ddf7faf3d90 - <unknown>
[INFO] [stdout]   44:     0x7ddf7faf3e40 - __libc_start_main
[INFO] [stdout]   45:     0x5a301328ef95 - _start
[INFO] [stdout]   46:                0x0 - <unknown>
[INFO] [stdout] 
[INFO] [stdout] 
[INFO] [stdout] ---- src/db/models.rs - db::models::Vec<T>::delete (line 460) stdout ----
[INFO] [stdout] Test executable failed (exit status: 101).
[INFO] [stdout] 
[INFO] [stdout] stderr:
[INFO] [stdout] thread 'main' panicked at /opt/rustwide/workdir/src/lib.rs:59:43:
[INFO] [stdout] -> Pls set the DATABASE_ULR in `.env`: NotPresent
[INFO] [stdout] stack backtrace:
[INFO] [stdout]    0:     0x5a91a7c9d1ea - std::backtrace_rs::backtrace::libunwind::trace::h207520d6e9873551
[INFO] [stdout]                                at /rustc/df4ca44d3fbc9301ee17f30f4d474e6ae4b05252/library/std/src/../../backtrace/src/backtrace/libunwind.rs:116:5
[INFO] [stdout]    1:     0x5a91a7c9d1ea - std::backtrace_rs::backtrace::trace_unsynchronized::h2ed7433f370e3eca
[INFO] [stdout]                                at /rustc/df4ca44d3fbc9301ee17f30f4d474e6ae4b05252/library/std/src/../../backtrace/src/backtrace/mod.rs:66:5
[INFO] [stdout]    2:     0x5a91a7c9d1ea - std::sys::backtrace::_print_fmt::h916fac51166b18d7
[INFO] [stdout]                                at /rustc/df4ca44d3fbc9301ee17f30f4d474e6ae4b05252/library/std/src/sys/backtrace.rs:66:9
[INFO] [stdout]    3:     0x5a91a7c9d1ea - <std::sys::backtrace::BacktraceLock::print::DisplayBacktrace as core::fmt::Display>::fmt::ha0a4c9b8ce3802e6
[INFO] [stdout]                                at /rustc/df4ca44d3fbc9301ee17f30f4d474e6ae4b05252/library/std/src/sys/backtrace.rs:39:26
[INFO] [stdout]    4:     0x5a91a7cc2ef3 - core::fmt::rt::Argument::fmt::h4cfc8587d52b3eb5
[INFO] [stdout]                                at /rustc/df4ca44d3fbc9301ee17f30f4d474e6ae4b05252/library/core/src/fmt/rt.rs:177:76
[INFO] [stdout]    5:     0x5a91a7cc2ef3 - core::fmt::write::h522cc39e5b36ae9f
[INFO] [stdout]                                at /rustc/df4ca44d3fbc9301ee17f30f4d474e6ae4b05252/library/core/src/fmt/mod.rs:1190:21
[INFO] [stdout]    6:     0x5a91a7c9a203 - std::io::Write::write_fmt::hf1c1dcc8cc1287f0
[INFO] [stdout]                                at /rustc/df4ca44d3fbc9301ee17f30f4d474e6ae4b05252/library/std/src/io/mod.rs:1839:15
[INFO] [stdout]    7:     0x5a91a7c9d032 - std::sys::backtrace::BacktraceLock::print::h4b9e00b29e9c0942
[INFO] [stdout]                                at /rustc/df4ca44d3fbc9301ee17f30f4d474e6ae4b05252/library/std/src/sys/backtrace.rs:42:9
[INFO] [stdout]    8:     0x5a91a7c9e13c - std::panicking::default_hook::{{closure}}::hb59b88280d0324d9
[INFO] [stdout]                                at /rustc/df4ca44d3fbc9301ee17f30f4d474e6ae4b05252/library/std/src/panicking.rs:268:22
[INFO] [stdout]    9:     0x5a91a7c9df82 - std::panicking::default_hook::he1dd496665be4a29
[INFO] [stdout]                                at /rustc/df4ca44d3fbc9301ee17f30f4d474e6ae4b05252/library/std/src/panicking.rs:295:9
[INFO] [stdout]   10:     0x5a91a7c9e777 - std::panicking::rust_panic_with_hook::h2ff17fe8f26dfcf8
[INFO] [stdout]                                at /rustc/df4ca44d3fbc9301ee17f30f4d474e6ae4b05252/library/std/src/panicking.rs:801:13
[INFO] [stdout]   11:     0x5a91a7c9e60a - std::panicking::begin_panic_handler::{{closure}}::h4fad77951c07e101
[INFO] [stdout]                                at /rustc/df4ca44d3fbc9301ee17f30f4d474e6ae4b05252/library/std/src/panicking.rs:674:13
[INFO] [stdout]   12:     0x5a91a7c9d6c9 - std::sys::backtrace::__rust_end_short_backtrace::hb1a25b3da5d0ea08
[INFO] [stdout]                                at /rustc/df4ca44d3fbc9301ee17f30f4d474e6ae4b05252/library/std/src/sys/backtrace.rs:170:18
[INFO] [stdout]   13:     0x5a91a7c9e29c - rust_begin_unwind
[INFO] [stdout]                                at /rustc/df4ca44d3fbc9301ee17f30f4d474e6ae4b05252/library/std/src/panicking.rs:665:5
[INFO] [stdout]   14:     0x5a91a7cc0580 - core::panicking::panic_fmt::ha9db07b529f9b256
[INFO] [stdout]                                at /rustc/df4ca44d3fbc9301ee17f30f4d474e6ae4b05252/library/core/src/panicking.rs:75:14
[INFO] [stdout]   15:     0x5a91a7cc0a66 - core::result::unwrap_failed::h5e8218e4d4338b8a
[INFO] [stdout]                                at /rustc/df4ca44d3fbc9301ee17f30f4d474e6ae4b05252/library/core/src/result.rs:1698:5
[INFO] [stdout]   16:     0x5a91a780fabc - core::result::Result<T,E>::expect::hb7f131f2a455904a
[INFO] [stdout]   17:     0x5a91a7803215 - rusql_alchemy::Database::new::{{closure}}::h34aa7413591e45a3
[INFO] [stdout]   18:     0x5a91a784255f - rust_out::main::{{closure}}::h6aa186353edbc990
[INFO] [stdout]   19:     0x5a91a7828c96 - <core::pin::Pin<P> as core::future::future::Future>::poll::h8ededd1abf40da2a
[INFO] [stdout]   20:     0x5a91a7813145 - tokio::runtime::park::CachedParkThread::block_on::{{closure}}::hcbf4399ebc6ea52b
[INFO] [stdout]   21:     0x5a91a78127e4 - tokio::runtime::park::CachedParkThread::block_on::h6351bcefaf7df249
[INFO] [stdout]   22:     0x5a91a782111b - tokio::runtime::context::blocking::BlockingRegionGuard::block_on::hd9e7bef54aa3fd37
[INFO] [stdout]   23:     0x5a91a78216e1 - tokio::runtime::scheduler::multi_thread::MultiThread::block_on::{{closure}}::h11cfaf26f4ae9c4e
[INFO] [stdout]   24:     0x5a91a7820618 - tokio::runtime::context::runtime::enter_runtime::ha4e9560c2290416f
[INFO] [stdout]   25:     0x5a91a782167d - tokio::runtime::scheduler::multi_thread::MultiThread::block_on::h55248defc0bba6dd
[INFO] [stdout]   26:     0x5a91a782138f - tokio::runtime::runtime::Runtime::block_on_inner::ha441989523457a9c
[INFO] [stdout]   27:     0x5a91a782161f - tokio::runtime::runtime::Runtime::block_on::h2a8a7379f4420805
[INFO] [stdout]   28:     0x5a91a7842319 - rust_out::main::ha213a30daa5df4da
[INFO] [stdout]   29:     0x5a91a7809a43 - core::ops::function::FnOnce::call_once::hf7edf7132571051c
[INFO] [stdout]   30:     0x5a91a7804c86 - std::sys::backtrace::__rust_begin_short_backtrace::h32fd822fd2ba4079
[INFO] [stdout]   31:     0x5a91a7804c69 - std::rt::lang_start::{{closure}}::h4039a1c394ed4f7c
[INFO] [stdout]   32:     0x5a91a7c94f17 - core::ops::function::impls::<impl core::ops::function::FnOnce<A> for &F>::call_once::hd87d66b906e0ccaf
[INFO] [stdout]                                at /rustc/df4ca44d3fbc9301ee17f30f4d474e6ae4b05252/library/core/src/ops/function.rs:284:13
[INFO] [stdout]   33:     0x5a91a7c94f17 - std::panicking::try::do_call::hae3703de71fc9e3a
[INFO] [stdout]                                at /rustc/df4ca44d3fbc9301ee17f30f4d474e6ae4b05252/library/std/src/panicking.rs:557:40
[INFO] [stdout]   34:     0x5a91a7c94f17 - std::panicking::try::h1178330e9a2b2645
[INFO] [stdout]                                at /rustc/df4ca44d3fbc9301ee17f30f4d474e6ae4b05252/library/std/src/panicking.rs:520:19
[INFO] [stdout]   35:     0x5a91a7c94f17 - std::panic::catch_unwind::h0acf49d2305d32ad
[INFO] [stdout]                                at /rustc/df4ca44d3fbc9301ee17f30f4d474e6ae4b05252/library/std/src/panic.rs:358:14
[INFO] [stdout]   36:     0x5a91a7c94f17 - std::rt::lang_start_internal::{{closure}}::h2d95182d798177be
[INFO] [stdout]                                at /rustc/df4ca44d3fbc9301ee17f30f4d474e6ae4b05252/library/std/src/rt.rs:174:48
[INFO] [stdout]   37:     0x5a91a7c94f17 - std::panicking::try::do_call::hb506f5bfe11fd30c
[INFO] [stdout]                                at /rustc/df4ca44d3fbc9301ee17f30f4d474e6ae4b05252/library/std/src/panicking.rs:557:40
[INFO] [stdout]   38:     0x5a91a7c94f17 - std::panicking::try::h54d825c46bd0fa95
[INFO] [stdout]                                at /rustc/df4ca44d3fbc9301ee17f30f4d474e6ae4b05252/library/std/src/panicking.rs:520:19
[INFO] [stdout]   39:     0x5a91a7c94f17 - std::panic::catch_unwind::hffbb0ad20c4e9fac
[INFO] [stdout]                                at /rustc/df4ca44d3fbc9301ee17f30f4d474e6ae4b05252/library/std/src/panic.rs:358:14
[INFO] [stdout]   40:     0x5a91a7c94f17 - std::rt::lang_start_internal::h52c291ef1962c925
[INFO] [stdout]                                at /rustc/df4ca44d3fbc9301ee17f30f4d474e6ae4b05252/library/std/src/rt.rs:174:20
[INFO] [stdout]   41:     0x5a91a7804c47 - std::rt::lang_start::h8c6075cd6f225ba1
[INFO] [stdout]   42:     0x5a91a7842cc5 - main
[INFO] [stdout]   43:     0x76ce89f1bd90 - <unknown>
[INFO] [stdout]   44:     0x76ce89f1be40 - __libc_start_main
[INFO] [stdout]   45:     0x5a91a77fe7c5 - _start
[INFO] [stdout]   46:                0x0 - <unknown>
[INFO] [stdout] 
[INFO] [stdout] 
[INFO] [stdout] 
[INFO] [stdout] failures:
[INFO] [stdout]     src/db/models.rs - db::models::Model::all (line 341)
[INFO] [stdout]     src/db/models.rs - db::models::Model::count (line 422)
[INFO] [stdout]     src/db/models.rs - db::models::Model::create (line 221)
[INFO] [stdout]     src/db/models.rs - db::models::Model::delete (line 324)
[INFO] [stdout]     src/db/models.rs - db::models::Model::filter (line 366)
[INFO] [stdout]     src/db/models.rs - db::models::Model::get (line 399)
[INFO] [stdout]     src/db/models.rs - db::models::Model::migrate (line 169)
[INFO] [stdout]     src/db/models.rs - db::models::Model::save (line 195)
[INFO] [stdout]     src/db/models.rs - db::models::Model::set (line 283)
[INFO] [stdout]     src/db/models.rs - db::models::Model::update (line 258)
[INFO] [stdout]     src/db/models.rs - db::models::Vec<T>::delete (line 460)
[INFO] [stdout]     src/lib.rs - Database::new (line 48)
[INFO] [stdout]     src/macros.rs - macros::binds (line 132)
[INFO] [stdout]     src/macros.rs - macros::kwargs (line 8)
[INFO] [stdout]     src/macros.rs - macros::migrate (line 172)
[INFO] [stdout]     src/utils.rs - utils::get_placeholder (line 37)
[INFO] [stdout]     src/utils.rs - utils::get_type_name (line 15)
[INFO] [stdout]     src/utils.rs - utils::to_string (line 71)
[INFO] [stdout] 
[INFO] [stdout] test result: FAILED. 0 passed; 18 failed; 0 ignored; 0 measured; 0 filtered out; finished in 1.02s
[INFO] [stdout] 
[INFO] [stderr] error: doctest failed, to rerun pass `--doc`
[INFO] running `Command { std: "docker" "inspect" "839b8a6d480b85322e079771a6388476e515c1d83367b01f5cff6e329af83b78", kill_on_drop: false }`
[INFO] running `Command { std: "docker" "rm" "-f" "839b8a6d480b85322e079771a6388476e515c1d83367b01f5cff6e329af83b78", kill_on_drop: false }`
[INFO] [stdout] 839b8a6d480b85322e079771a6388476e515c1d83367b01f5cff6e329af83b78
