[INFO] fetching crate rusmpp 0.1.3...
[INFO] testing rusmpp-0.1.3 against nightly-2024-10-28 for randomize-layout
[INFO] extracting crate rusmpp 0.1.3 into /workspace/builds/worker-0-tc1/source
[INFO] validating manifest of crates.io crate rusmpp 0.1.3 on toolchain nightly-2024-10-28
[INFO] running `Command { std: CARGO_HOME="/workspace/cargo-home" RUSTUP_HOME="/workspace/rustup-home" "/workspace/cargo-home/bin/cargo" "+nightly-2024-10-28" "metadata" "--manifest-path" "Cargo.toml" "--no-deps", kill_on_drop: false }`
[INFO] started tweaking crates.io crate rusmpp 0.1.3
[INFO] removed 0 missing examples
[INFO] finished tweaking crates.io crate rusmpp 0.1.3
[INFO] tweaked toml for crates.io crate rusmpp 0.1.3 written to /workspace/builds/worker-0-tc1/source/Cargo.toml
[INFO] crate crates.io crate rusmpp 0.1.3 already has a lockfile, it will not be regenerated
[INFO] running `Command { std: CARGO_HOME="/workspace/cargo-home" RUSTUP_HOME="/workspace/rustup-home" "/workspace/cargo-home/bin/cargo" "+nightly-2024-10-28" "fetch" "--manifest-path" "Cargo.toml", kill_on_drop: false }`
[INFO] running `Command { std: "docker" "create" "-v" "/var/lib/crater-agent-workspace/builds/worker-0-tc1/target:/opt/rustwide/target:rw,Z" "-v" "/var/lib/crater-agent-workspace/builds/worker-0-tc1/source:/opt/rustwide/workdir:ro,Z" "-v" "/var/lib/crater-agent-workspace/cargo-home:/opt/rustwide/cargo-home:ro,Z" "-v" "/var/lib/crater-agent-workspace/rustup-home:/opt/rustwide/rustup-home:ro,Z" "-e" "SOURCE_DIR=/opt/rustwide/workdir" "-e" "CARGO_TARGET_DIR=/opt/rustwide/target" "-e" "CARGO_HOME=/opt/rustwide/cargo-home" "-e" "RUSTUP_HOME=/opt/rustwide/rustup-home" "-w" "/opt/rustwide/workdir" "-m" "1610612736" "--user" "0:0" "--network" "none" "ghcr.io/rust-lang/crates-build-env/linux@sha256:4a844ea9eb2546a2d2c7022eacef16ef2e8229c7fbb2c7d4d55a9ceca922f72d" "/opt/rustwide/cargo-home/bin/cargo" "+nightly-2024-10-28" "metadata" "--no-deps" "--format-version=1", kill_on_drop: false }`
[INFO] [stdout] 03078df9ceef4b6894ee3667124ce3b337677d21d7879cfc2f06d54e0ba00de4
[INFO] running `Command { std: "docker" "start" "-a" "03078df9ceef4b6894ee3667124ce3b337677d21d7879cfc2f06d54e0ba00de4", kill_on_drop: false }`
[INFO] running `Command { std: "docker" "inspect" "03078df9ceef4b6894ee3667124ce3b337677d21d7879cfc2f06d54e0ba00de4", kill_on_drop: false }`
[INFO] running `Command { std: "docker" "rm" "-f" "03078df9ceef4b6894ee3667124ce3b337677d21d7879cfc2f06d54e0ba00de4", kill_on_drop: false }`
[INFO] [stdout] 03078df9ceef4b6894ee3667124ce3b337677d21d7879cfc2f06d54e0ba00de4
[INFO] running `Command { std: "docker" "create" "-v" "/var/lib/crater-agent-workspace/builds/worker-0-tc1/target:/opt/rustwide/target:rw,Z" "-v" "/var/lib/crater-agent-workspace/builds/worker-0-tc1/source:/opt/rustwide/workdir:ro,Z" "-v" "/var/lib/crater-agent-workspace/cargo-home:/opt/rustwide/cargo-home:ro,Z" "-v" "/var/lib/crater-agent-workspace/rustup-home:/opt/rustwide/rustup-home:ro,Z" "-e" "SOURCE_DIR=/opt/rustwide/workdir" "-e" "CARGO_TARGET_DIR=/opt/rustwide/target" "-e" "CARGO_INCREMENTAL=0" "-e" "RUST_BACKTRACE=full" "-e" "RUSTFLAGS=--cap-lints=forbid" "-e" "RUSTDOCFLAGS=--cap-lints=forbid" "-e" "CARGO_HOME=/opt/rustwide/cargo-home" "-e" "RUSTUP_HOME=/opt/rustwide/rustup-home" "-w" "/opt/rustwide/workdir" "-m" "1610612736" "--user" "0:0" "--network" "none" "ghcr.io/rust-lang/crates-build-env/linux@sha256:4a844ea9eb2546a2d2c7022eacef16ef2e8229c7fbb2c7d4d55a9ceca922f72d" "/opt/rustwide/cargo-home/bin/cargo" "+nightly-2024-10-28" "build" "--frozen" "--message-format=json", kill_on_drop: false }`
[INFO] [stdout] 0a9e580686a6b38c2bc424a097010aa353dbff5d902eb49b8b1edc962a609c6e
[INFO] running `Command { std: "docker" "start" "-a" "0a9e580686a6b38c2bc424a097010aa353dbff5d902eb49b8b1edc962a609c6e", kill_on_drop: false }`
[INFO] [stderr]    Compiling rusmpp v0.1.3 (/opt/rustwide/workdir)
[INFO] [stderr]     Finished `dev` profile [unoptimized + debuginfo] target(s) in 2.33s
[INFO] running `Command { std: "docker" "inspect" "0a9e580686a6b38c2bc424a097010aa353dbff5d902eb49b8b1edc962a609c6e", kill_on_drop: false }`
[INFO] running `Command { std: "docker" "rm" "-f" "0a9e580686a6b38c2bc424a097010aa353dbff5d902eb49b8b1edc962a609c6e", kill_on_drop: false }`
[INFO] [stdout] 0a9e580686a6b38c2bc424a097010aa353dbff5d902eb49b8b1edc962a609c6e
[INFO] running `Command { std: "docker" "create" "-v" "/var/lib/crater-agent-workspace/builds/worker-0-tc1/target:/opt/rustwide/target:rw,Z" "-v" "/var/lib/crater-agent-workspace/builds/worker-0-tc1/source:/opt/rustwide/workdir:ro,Z" "-v" "/var/lib/crater-agent-workspace/cargo-home:/opt/rustwide/cargo-home:ro,Z" "-v" "/var/lib/crater-agent-workspace/rustup-home:/opt/rustwide/rustup-home:ro,Z" "-e" "SOURCE_DIR=/opt/rustwide/workdir" "-e" "CARGO_TARGET_DIR=/opt/rustwide/target" "-e" "CARGO_INCREMENTAL=0" "-e" "RUST_BACKTRACE=full" "-e" "RUSTFLAGS=--cap-lints=forbid" "-e" "RUSTDOCFLAGS=--cap-lints=forbid" "-e" "CARGO_HOME=/opt/rustwide/cargo-home" "-e" "RUSTUP_HOME=/opt/rustwide/rustup-home" "-w" "/opt/rustwide/workdir" "-m" "1610612736" "--user" "0:0" "--network" "none" "ghcr.io/rust-lang/crates-build-env/linux@sha256:4a844ea9eb2546a2d2c7022eacef16ef2e8229c7fbb2c7d4d55a9ceca922f72d" "/opt/rustwide/cargo-home/bin/cargo" "+nightly-2024-10-28" "test" "--frozen" "--no-run" "--message-format=json", kill_on_drop: false }`
[INFO] [stdout] e8e4374dfba48fe4c3d86d24b36c8daba3c319341a4b7d41f9ac730a5b4f2df6
[INFO] running `Command { std: "docker" "start" "-a" "e8e4374dfba48fe4c3d86d24b36c8daba3c319341a4b7d41f9ac730a5b4f2df6", kill_on_drop: false }`
[INFO] [stderr]    Compiling autocfg v1.1.0
[INFO] [stderr]    Compiling proc-macro2 v1.0.78
[INFO] [stderr]    Compiling libc v0.2.153
[INFO] [stderr]    Compiling unicode-ident v1.0.12
[INFO] [stderr]    Compiling pin-project-lite v0.2.13
[INFO] [stderr]    Compiling cfg-if v1.0.0
[INFO] [stderr]    Compiling once_cell v1.19.0
[INFO] [stderr]    Compiling parking_lot_core v0.9.9
[INFO] [stderr]    Compiling smallvec v1.13.1
[INFO] [stderr]    Compiling futures-sink v0.3.30
[INFO] [stderr]    Compiling futures-core v0.3.30
[INFO] [stderr]    Compiling futures-channel v0.3.30
[INFO] [stderr]    Compiling futures-io v0.3.30
[INFO] [stderr]    Compiling futures-task v0.3.30
[INFO] [stderr]    Compiling regex-syntax v0.8.2
[INFO] [stderr]    Compiling slab v0.4.9
[INFO] [stderr]    Compiling lock_api v0.4.11
[INFO] [stderr]    Compiling tracing-core v0.1.32
[INFO] [stderr]    Compiling regex-syntax v0.6.29
[INFO] [stderr]    Compiling memchr v2.7.1
[INFO] [stderr]    Compiling pin-utils v0.1.0
[INFO] [stderr]    Compiling scopeguard v1.2.0
[INFO] [stderr]    Compiling log v0.4.21
[INFO] [stderr]    Compiling lazy_static v1.4.0
[INFO] [stderr]    Compiling quote v1.0.35
[INFO] [stderr]    Compiling overload v0.1.1
[INFO] [stderr]    Compiling nu-ansi-term v0.46.0
[INFO] [stderr]    Compiling sharded-slab v0.1.7
[INFO] [stderr]    Compiling syn v2.0.48
[INFO] [stderr]    Compiling num_cpus v1.16.0
[INFO] [stderr]    Compiling signal-hook-registry v1.4.1
[INFO] [stderr]    Compiling parking_lot v0.12.1
[INFO] [stderr]    Compiling socket2 v0.5.5
[INFO] [stderr]    Compiling mio v0.8.11
[INFO] [stderr]    Compiling tracing-log v0.2.0
[INFO] [stderr]    Compiling tracing v0.1.40
[INFO] [stderr]    Compiling thread_local v1.1.8
[INFO] [stderr]    Compiling bytes v1.5.0
[INFO] [stderr]    Compiling regex-automata v0.4.5
[INFO] [stderr]    Compiling regex-automata v0.1.10
[INFO] [stderr]    Compiling matchers v0.1.0
[INFO] [stderr]    Compiling futures-macro v0.3.30
[INFO] [stderr]    Compiling tokio-macros v2.2.0
[INFO] [stderr]    Compiling regex v1.10.3
[INFO] [stderr]    Compiling tokio v1.37.0
[INFO] [stderr]    Compiling tracing-subscriber v0.3.18
[INFO] [stderr]    Compiling futures-util v0.3.30
[INFO] [stderr]    Compiling futures-executor v0.3.30
[INFO] [stderr]    Compiling futures v0.3.30
[INFO] [stderr]    Compiling rusmpp v0.1.3 (/opt/rustwide/workdir)
[INFO] [stderr]     Finished `test` profile [unoptimized + debuginfo] target(s) in 27.28s
[INFO] running `Command { std: "docker" "inspect" "e8e4374dfba48fe4c3d86d24b36c8daba3c319341a4b7d41f9ac730a5b4f2df6", kill_on_drop: false }`
[INFO] running `Command { std: "docker" "rm" "-f" "e8e4374dfba48fe4c3d86d24b36c8daba3c319341a4b7d41f9ac730a5b4f2df6", kill_on_drop: false }`
[INFO] [stdout] e8e4374dfba48fe4c3d86d24b36c8daba3c319341a4b7d41f9ac730a5b4f2df6
[INFO] running `Command { std: "docker" "create" "-v" "/var/lib/crater-agent-workspace/builds/worker-0-tc1/target:/opt/rustwide/target:rw,Z" "-v" "/var/lib/crater-agent-workspace/builds/worker-0-tc1/source:/opt/rustwide/workdir:ro,Z" "-v" "/var/lib/crater-agent-workspace/cargo-home:/opt/rustwide/cargo-home:ro,Z" "-v" "/var/lib/crater-agent-workspace/rustup-home:/opt/rustwide/rustup-home:ro,Z" "-e" "SOURCE_DIR=/opt/rustwide/workdir" "-e" "CARGO_TARGET_DIR=/opt/rustwide/target" "-e" "CARGO_INCREMENTAL=0" "-e" "RUST_BACKTRACE=full" "-e" "RUSTFLAGS=--cap-lints=forbid" "-e" "RUSTDOCFLAGS=--cap-lints=forbid" "-e" "CARGO_HOME=/opt/rustwide/cargo-home" "-e" "RUSTUP_HOME=/opt/rustwide/rustup-home" "-w" "/opt/rustwide/workdir" "-m" "1610612736" "--user" "0:0" "--network" "none" "ghcr.io/rust-lang/crates-build-env/linux@sha256:4a844ea9eb2546a2d2c7022eacef16ef2e8229c7fbb2c7d4d55a9ceca922f72d" "/opt/rustwide/cargo-home/bin/cargo" "+nightly-2024-10-28" "test" "--frozen", kill_on_drop: false }`
[INFO] [stdout] 673e31dba12a4118b7bc3f3e460c22d757e42920ce4518a761f7851a92dd8d1a
[INFO] running `Command { std: "docker" "start" "-a" "673e31dba12a4118b7bc3f3e460c22d757e42920ce4518a761f7851a92dd8d1a", kill_on_drop: false }`
[INFO] [stderr]     Finished `test` profile [unoptimized + debuginfo] target(s) in 0.07s
[INFO] [stderr]      Running unittests src/lib.rs (/opt/rustwide/target/debug/deps/rusmpp-90d421d8999b1c37)
[INFO] [stdout] 
[INFO] [stdout] running 92 tests
[INFO] [stdout] test commands::pdu::alert_notification::tests::default_encode_decode ... ok
[INFO] [stdout] test commands::pdu::bind::tests::default_encode_decode ... ok
[INFO] [stdout] test commands::pdu::bind_resp::tests::default_encode_decode ... ok
[INFO] [stdout] test commands::pdu::broadcast_sm::tests::default_encode_decode ... ok
[INFO] [stdout] test commands::pdu::broadcast_sm_resp::tests::default_encode_decode ... ok
[INFO] [stdout] test commands::pdu::cancel_broadcast_sm::tests::default_encode_decode ... ok
[INFO] [stdout] test commands::pdu::deliver_sm::tests::default_encode_decode ... ok
[INFO] [stdout] test commands::pdu::outbind::tests::default_encode_decode ... ok
[INFO] [stdout] test commands::pdu::query_broadcast_sm::tests::default_encode_decode ... ok
[INFO] [stdout] test commands::pdu::replace_sm::tests::default_encode_decode ... ok
[INFO] [stdout] test commands::pdu::query_sm_resp::tests::default_encode_decode ... ok
[INFO] [stdout] test commands::pdu::cancel_sm::tests::default_encode_decode ... ok
[INFO] [stdout] test commands::pdu::submit_multi::tests::default_encode_decode ... ok
[INFO] [stdout] test commands::pdu::submit_multi_resp::tests::default_encode_decode ... ok
[INFO] [stdout] test commands::pdu::submit_sm::tests::default_encode_decode ... ok
[INFO] [stdout] test commands::pdu::sm_resp::tests::default_encode_decode ... ok
[INFO] [stdout] test commands::pdu::query_broadcast_sm_resp::tests::default_encode_decode ... ok
[INFO] [stdout] test commands::types::callback_num_pres_ind::tests::to_u8 ... ok
[INFO] [stdout] test commands::types::command_id::tests::into ... ok
[INFO] [stdout] test commands::pdu::data_sm::tests::default_encode_decode ... ok
[INFO] [stdout] test commands::types::callback_num_pres_ind::tests::from_u8 ... ok
[INFO] [stdout] test commands::types::command_id::tests::from ... ok
[INFO] [stdout] test commands::pdu::query_sm::tests::default_encode_decode ... ok
[INFO] [stdout] test commands::pdu::submit_sm_resp::tests::default_encode_decode ... ok
[INFO] [stdout] test commands::types::command_status::tests::from ... ok
[INFO] [stdout] test commands::types::command_status::tests::into ... ok
[INFO] [stdout] test commands::types::ms_msg_wait_facilities::tests::from_u8 ... ok
[INFO] [stdout] test commands::types::ms_msg_wait_facilities::tests::to_u8 ... ok
[INFO] [stdout] test commands::types::priority_flag::tests::gsm_sms ... ok
[INFO] [stdout] test types::any_octet_string::tests::decode::not_enough_bytes ... ok
[INFO] [stdout] test types::any_octet_string::tests::decode::ok_all ... ok
[INFO] [stdout] test types::any_octet_string::tests::new::ok ... ok
[INFO] [stdout] test types::any_octet_string::tests::new::ok_len ... ok
[INFO] [stdout] test types::c_octet_string::tests::decode::not_ascii ... ok
[INFO] [stdout] test types::c_octet_string::tests::decode::not_null_terminated_empty ... ok
[INFO] [stdout] test types::c_octet_string::tests::decode::ok_empty_max ... ok
[INFO] [stdout] test types::c_octet_string::tests::decode::not_null_terminated_not_empty ... ok
[INFO] [stdout] test types::c_octet_string::tests::decode::ok_empty_not_max ... ok
[INFO] [stdout] test types::c_octet_string::tests::decode::ok_max ... ok
[INFO] [stdout] test types::c_octet_string::tests::decode::ok_remaining ... ok
[INFO] [stdout] test types::c_octet_string::tests::decode::too_few_bytes ... ok
[INFO] [stdout] test types::c_octet_string::tests::decode::too_many_bytes ... ok
[INFO] [stdout] test types::c_octet_string::tests::from_str::null_byte_found ... ok
[INFO] [stdout] test types::c_octet_string::tests::from_str::ok ... ok
[INFO] [stdout] test types::c_octet_string::tests::from_str::too_few_bytes ... ok
[INFO] [stdout] test types::c_octet_string::tests::from_str::ok_empty ... ok
[INFO] [stdout] test types::c_octet_string::tests::decode::ok_not_max ... ok
[INFO] [stdout] test types::c_octet_string::tests::from_str::ok_empty_len ... ok
[INFO] [stdout] test types::c_octet_string::tests::from_str::too_many_bytes ... ok
[INFO] [stdout] test types::c_octet_string::tests::new::not_ascii ... ok
[INFO] [stdout] test types::c_octet_string::tests::from_str::ok_len ... ok
[INFO] [stdout] test types::c_octet_string::tests::new::not_null_terminated ... ok
[INFO] [stdout] test types::c_octet_string::tests::new::null_byte_found ... ok
[INFO] [stdout] test types::c_octet_string::tests::new::ok ... ok
[INFO] [stdout] test types::c_octet_string::tests::new::ok_empty ... ok
[INFO] [stdout] test types::c_octet_string::tests::new::ok_empty_len ... ok
[INFO] [stdout] test types::c_octet_string::tests::new::ok_len ... ok
[INFO] [stdout] test types::c_octet_string::tests::new::too_few_bytes ... ok
[INFO] [stdout] test types::empty_or_full_c_octet_string::tests::decode::not_ascii ... ok
[INFO] [stdout] test types::empty_or_full_c_octet_string::tests::decode::not_null_terminated_empty ... ok
[INFO] [stdout] test types::c_octet_string::tests::new::too_many_bytes ... ok
[INFO] [stdout] test types::empty_or_full_c_octet_string::tests::decode::not_null_terminated_empty_not_empty ... ok
[INFO] [stdout] test types::empty_or_full_c_octet_string::tests::decode::ok_empty ... ok
[INFO] [stdout] test types::empty_or_full_c_octet_string::tests::decode::ok ... ok
[INFO] [stdout] test types::empty_or_full_c_octet_string::tests::decode::too_many_bytes ... ok
[INFO] [stdout] test types::empty_or_full_c_octet_string::tests::decode::too_few_bytes ... ok
[INFO] [stdout] test types::empty_or_full_c_octet_string::tests::from_str::ok ... ok
[INFO] [stdout] test types::empty_or_full_c_octet_string::tests::from_str::null_byte_found ... ok
[INFO] [stdout] test types::empty_or_full_c_octet_string::tests::from_str::ok_empty ... ok
[INFO] [stdout] test types::empty_or_full_c_octet_string::tests::from_str::ok_empty_len ... ok
[INFO] [stdout] test types::empty_or_full_c_octet_string::tests::from_str::too_many_bytes ... ok
[INFO] [stdout] test types::any_octet_string::tests::decode::ok_partial ... ok
[INFO] [stdout] test types::empty_or_full_c_octet_string::tests::new::ok ... ok
[INFO] [stdout] test types::empty_or_full_c_octet_string::tests::new::null_byte_found ... ok
[INFO] [stdout] test types::empty_or_full_c_octet_string::tests::new::ok_empty ... ok
[INFO] [stdout] test types::empty_or_full_c_octet_string::tests::from_str::ok_len ... ok
[INFO] [stdout] test types::empty_or_full_c_octet_string::tests::from_str::too_few_bytes ... ok
[INFO] [stdout] test types::empty_or_full_c_octet_string::tests::new::not_null_terminated ... ok
[INFO] [stdout] test types::empty_or_full_c_octet_string::tests::new::not_ascii ... ok
[INFO] [stdout] test types::empty_or_full_c_octet_string::tests::new::ok_empty_len ... ok
[INFO] [stdout] test types::empty_or_full_c_octet_string::tests::new::too_many_bytes ... ok
[INFO] [stdout] test types::empty_or_full_c_octet_string::tests::new::ok_len ... ok
[INFO] [stdout] test types::octet_string::tests::decode::ok_partial ... ok
[INFO] [stdout] test types::octet_string::tests::new::ok ... ok
[INFO] [stdout] test types::empty_or_full_c_octet_string::tests::new::too_few_bytes ... ok
[INFO] [stdout] test types::octet_string::tests::new::too_few_bytes ... ok
[INFO] [stdout] test types::octet_string::tests::decode::too_many_bytes ... ok
[INFO] [stdout] test types::octet_string::tests::decode::too_few_bytes ... ok
[INFO] [stdout] test types::octet_string::tests::new::ok_len ... ok
[INFO] [stdout] test types::octet_string::tests::new::too_many_bytes ... ok
[INFO] [stdout] test types::octet_string::tests::decode::not_enough_bytes ... ok
[INFO] [stdout] test types::octet_string::tests::decode::ok_all ... ok
[INFO] [stdout] 
[INFO] [stdout] test result: ok. 92 passed; 0 failed; 0 ignored; 0 measured; 0 filtered out; finished in 0.02s
[INFO] [stdout] 
[INFO] [stderr]    Doc-tests rusmpp
[INFO] [stdout] 
[INFO] [stdout] running 5 tests
[INFO] [stdout] test src/macros.rs - macros::impl_length_encode (line 18) ... ignored
[INFO] [stdout] test src/macros.rs - macros::impl_length_encode (line 41) ... ignored
[INFO] [stdout] test src/lib.rs - (line 5) ... FAILED
[INFO] [stdout] test src/commands/types/service_type.rs - commands::types::service_type::GenericServiceType (line 10) ... ok
[INFO] [stdout] test src/commands/types/priority_flag.rs - commands::types::priority_flag::PriorityFlagType (line 83) ... ok
[INFO] [stdout] 
[INFO] [stdout] failures:
[INFO] [stdout] 
[INFO] [stdout] ---- src/lib.rs - (line 5) stdout ----
[INFO] [stdout] error[E0433]: failed to resolve: could not find `codec` in `rusmpp`
[INFO] [stdout]   --> src/lib.rs:9:5
[INFO] [stdout]    |
[INFO] [stdout] 6  |     codec::command_codec::CommandCodec,
[INFO] [stdout]    |     ^^^^^ could not find `codec` in `rusmpp`
[INFO] [stdout]    |
[INFO] [stdout] note: found an item that was configured out
[INFO] [stdout]   --> /opt/rustwide/workdir/src/lib.rs:46:9
[INFO] [stdout]    |
[INFO] [stdout] 46 | pub mod codec;
[INFO] [stdout]    |         ^^^^^
[INFO] [stdout] note: the item is gated behind the `tokio-codec` feature
[INFO] [stdout]   --> /opt/rustwide/workdir/src/lib.rs:45:7
[INFO] [stdout]    |
[INFO] [stdout] 45 | #[cfg(feature = "tokio-codec")]
[INFO] [stdout]    |       ^^^^^^^^^^^^^^^^^^^^^^^
[INFO] [stdout] 
[INFO] [stdout] error[E0433]: failed to resolve: use of undeclared crate or module `tokio_util`
[INFO] [stdout]   --> src/lib.rs:17:5
[INFO] [stdout]    |
[INFO] [stdout] 14 | use tokio_util::codec::{FramedRead, FramedWrite};
[INFO] [stdout]    |     ^^^^^^^^^^ use of undeclared crate or module `tokio_util`
[INFO] [stdout] 
[INFO] [stdout] error: aborting due to 2 previous errors
[INFO] [stdout] 
[INFO] [stdout] For more information about this error, try `rustc --explain E0433`.
[INFO] [stdout] Couldn't compile the test.
[INFO] [stdout] 
[INFO] [stdout] failures:
[INFO] [stdout]     src/lib.rs - (line 5)
[INFO] [stdout] 
[INFO] [stdout] test result: FAILED. 2 passed; 1 failed; 2 ignored; 0 measured; 0 filtered out; finished in 0.28s
[INFO] [stdout] 
[INFO] [stderr] error: doctest failed, to rerun pass `--doc`
[INFO] running `Command { std: "docker" "inspect" "673e31dba12a4118b7bc3f3e460c22d757e42920ce4518a761f7851a92dd8d1a", kill_on_drop: false }`
[INFO] running `Command { std: "docker" "rm" "-f" "673e31dba12a4118b7bc3f3e460c22d757e42920ce4518a761f7851a92dd8d1a", kill_on_drop: false }`
[INFO] [stdout] 673e31dba12a4118b7bc3f3e460c22d757e42920ce4518a761f7851a92dd8d1a
