[INFO] fetching crate ruma-client 0.14.0...
[INFO] testing ruma-client-0.14.0 against nightly-2024-10-28 for randomize-layout
[INFO] extracting crate ruma-client 0.14.0 into /workspace/builds/worker-7-tc1/source
[INFO] validating manifest of crates.io crate ruma-client 0.14.0 on toolchain nightly-2024-10-28
[INFO] running `Command { std: CARGO_HOME="/workspace/cargo-home" RUSTUP_HOME="/workspace/rustup-home" "/workspace/cargo-home/bin/cargo" "+nightly-2024-10-28" "metadata" "--manifest-path" "Cargo.toml" "--no-deps", kill_on_drop: false }`
[INFO] started tweaking crates.io crate ruma-client 0.14.0
[INFO] finished tweaking crates.io crate ruma-client 0.14.0
[INFO] tweaked toml for crates.io crate ruma-client 0.14.0 written to /workspace/builds/worker-7-tc1/source/Cargo.toml
[INFO] running `Command { std: CARGO_HOME="/workspace/cargo-home" RUSTUP_HOME="/workspace/rustup-home" "/workspace/cargo-home/bin/cargo" "+nightly-2024-10-28" "generate-lockfile" "--manifest-path" "Cargo.toml", kill_on_drop: false }`
[INFO] [stderr]     Updating crates.io index
[INFO] [stderr]      Locking 183 packages to latest compatible versions
[INFO] running `Command { std: CARGO_HOME="/workspace/cargo-home" RUSTUP_HOME="/workspace/rustup-home" "/workspace/cargo-home/bin/cargo" "+nightly-2024-10-28" "fetch" "--manifest-path" "Cargo.toml", kill_on_drop: false }`
[INFO] [stderr]  Downloading crates ...
[INFO] [stderr]   Downloaded serde_html_form v0.2.6
[INFO] [stderr]   Downloaded ruma-identifiers-validation v0.10.0
[INFO] [stderr]   Downloaded as_variant v1.2.0
[INFO] [stderr]   Downloaded date_header v1.0.5
[INFO] [stderr]   Downloaded ruma-macros v0.14.0
[INFO] [stderr]   Downloaded ruma-common v0.14.1
[INFO] [stderr]   Downloaded konst_kernel v0.3.9
[INFO] [stderr]   Downloaded konst v0.3.9
[INFO] [stderr]   Downloaded ruma-client-api v0.19.0
[INFO] [stderr]   Downloaded ruma-events v0.29.1
[INFO] running `Command { std: "docker" "create" "-v" "/var/lib/crater-agent-workspace/builds/worker-7-tc1/target:/opt/rustwide/target:rw,Z" "-v" "/var/lib/crater-agent-workspace/builds/worker-7-tc1/source:/opt/rustwide/workdir:ro,Z" "-v" "/var/lib/crater-agent-workspace/cargo-home:/opt/rustwide/cargo-home:ro,Z" "-v" "/var/lib/crater-agent-workspace/rustup-home:/opt/rustwide/rustup-home:ro,Z" "-e" "SOURCE_DIR=/opt/rustwide/workdir" "-e" "CARGO_TARGET_DIR=/opt/rustwide/target" "-e" "CARGO_HOME=/opt/rustwide/cargo-home" "-e" "RUSTUP_HOME=/opt/rustwide/rustup-home" "-w" "/opt/rustwide/workdir" "-m" "1610612736" "--user" "0:0" "--network" "none" "ghcr.io/rust-lang/crates-build-env/linux@sha256:4a844ea9eb2546a2d2c7022eacef16ef2e8229c7fbb2c7d4d55a9ceca922f72d" "/opt/rustwide/cargo-home/bin/cargo" "+nightly-2024-10-28" "metadata" "--no-deps" "--format-version=1", kill_on_drop: false }`
[INFO] [stdout] 9dd78cce954b46134e37f05c87e56ad2ad9a2980f07b4958415f524d909fcb98
[INFO] running `Command { std: "docker" "start" "-a" "9dd78cce954b46134e37f05c87e56ad2ad9a2980f07b4958415f524d909fcb98", kill_on_drop: false }`
[INFO] running `Command { std: "docker" "inspect" "9dd78cce954b46134e37f05c87e56ad2ad9a2980f07b4958415f524d909fcb98", kill_on_drop: false }`
[INFO] running `Command { std: "docker" "rm" "-f" "9dd78cce954b46134e37f05c87e56ad2ad9a2980f07b4958415f524d909fcb98", kill_on_drop: false }`
[INFO] [stdout] 9dd78cce954b46134e37f05c87e56ad2ad9a2980f07b4958415f524d909fcb98
[INFO] running `Command { std: "docker" "create" "-v" "/var/lib/crater-agent-workspace/builds/worker-7-tc1/target:/opt/rustwide/target:rw,Z" "-v" "/var/lib/crater-agent-workspace/builds/worker-7-tc1/source:/opt/rustwide/workdir:ro,Z" "-v" "/var/lib/crater-agent-workspace/cargo-home:/opt/rustwide/cargo-home:ro,Z" "-v" "/var/lib/crater-agent-workspace/rustup-home:/opt/rustwide/rustup-home:ro,Z" "-e" "SOURCE_DIR=/opt/rustwide/workdir" "-e" "CARGO_TARGET_DIR=/opt/rustwide/target" "-e" "CARGO_INCREMENTAL=0" "-e" "RUST_BACKTRACE=full" "-e" "RUSTFLAGS=--cap-lints=forbid" "-e" "RUSTDOCFLAGS=--cap-lints=forbid" "-e" "CARGO_HOME=/opt/rustwide/cargo-home" "-e" "RUSTUP_HOME=/opt/rustwide/rustup-home" "-w" "/opt/rustwide/workdir" "-m" "1610612736" "--user" "0:0" "--network" "none" "ghcr.io/rust-lang/crates-build-env/linux@sha256:4a844ea9eb2546a2d2c7022eacef16ef2e8229c7fbb2c7d4d55a9ceca922f72d" "/opt/rustwide/cargo-home/bin/cargo" "+nightly-2024-10-28" "build" "--frozen" "--message-format=json", kill_on_drop: false }`
[INFO] [stdout] 66e98d249e6795c12df1e96c49546b1791b93b4363c9d44ef1eb1c2cd3eb7bd4
[INFO] running `Command { std: "docker" "start" "-a" "66e98d249e6795c12df1e96c49546b1791b93b4363c9d44ef1eb1c2cd3eb7bd4", kill_on_drop: false }`
[INFO] [stderr]    Compiling serde v1.0.214
[INFO] [stderr]    Compiling equivalent v1.0.1
[INFO] [stderr]    Compiling hashbrown v0.15.0
[INFO] [stderr]    Compiling winnow v0.6.20
[INFO] [stderr]    Compiling typewit_proc_macros v1.8.1
[INFO] [stderr]    Compiling powerfmt v0.2.0
[INFO] [stderr]    Compiling serde_json v1.0.132
[INFO] [stderr]    Compiling aho-corasick v1.1.3
[INFO] [stderr]    Compiling js_int v0.2.2
[INFO] [stderr]    Compiling pin-project-lite v0.2.15
[INFO] [stderr]    Compiling tracing-core v0.1.32
[INFO] [stderr]    Compiling cfg-if v1.0.0
[INFO] [stderr]    Compiling num-conv v0.1.0
[INFO] [stderr]    Compiling const_panic v0.2.10
[INFO] [stderr]    Compiling syn v2.0.86
[INFO] [stderr]    Compiling fnv v1.0.7
[INFO] [stderr]    Compiling bytes v1.8.0
[INFO] [stderr]    Compiling time-core v0.1.2
[INFO] [stderr]    Compiling as_variant v1.2.0
[INFO] [stderr]    Compiling futures-core v0.3.31
[INFO] [stderr]    Compiling web-time v1.1.0
[INFO] [stderr]    Compiling deranged v0.3.11
[INFO] [stderr]    Compiling wildmatch v2.4.0
[INFO] [stderr]    Compiling ruma-client v0.14.0 (/opt/rustwide/workdir)
[INFO] [stderr]    Compiling typewit v1.9.0
[INFO] [stderr]    Compiling base64 v0.22.1
[INFO] [stderr]    Compiling assign v1.1.1
[INFO] [stderr]    Compiling konst_kernel v0.3.9
[INFO] [stderr]    Compiling http v1.1.0
[INFO] [stderr]    Compiling indexmap v2.6.0
[INFO] [stderr]    Compiling konst v0.3.9
[INFO] [stderr]    Compiling time v0.3.36
[INFO] [stderr]    Compiling regex-automata v0.4.8
[INFO] [stderr]    Compiling regex v1.11.1
[INFO] [stderr]    Compiling serde_derive v1.0.214
[INFO] [stderr]    Compiling thiserror-impl v1.0.66
[INFO] [stderr]    Compiling tracing-attributes v0.1.27
[INFO] [stderr]    Compiling async-stream-impl v0.3.6
[INFO] [stderr]    Compiling async-stream v0.3.6
[INFO] [stderr]    Compiling thiserror v1.0.66
[INFO] [stderr]    Compiling ruma-identifiers-validation v0.10.0
[INFO] [stderr]    Compiling tracing v0.1.40
[INFO] [stderr]    Compiling serde_spanned v0.6.8
[INFO] [stderr]    Compiling toml_datetime v0.6.8
[INFO] [stderr]    Compiling toml_edit v0.22.22
[INFO] [stderr]    Compiling serde_html_form v0.2.6
[INFO] [stderr]    Compiling toml v0.8.19
[INFO] [stderr]    Compiling proc-macro-crate v3.2.0
[INFO] [stderr]    Compiling ruma-macros v0.14.0
[INFO] [stderr]    Compiling ruma-common v0.14.1
[INFO] [stderr]     Finished `dev` profile [unoptimized + debuginfo] target(s) in 20.12s
[INFO] running `Command { std: "docker" "inspect" "66e98d249e6795c12df1e96c49546b1791b93b4363c9d44ef1eb1c2cd3eb7bd4", kill_on_drop: false }`
[INFO] running `Command { std: "docker" "rm" "-f" "66e98d249e6795c12df1e96c49546b1791b93b4363c9d44ef1eb1c2cd3eb7bd4", kill_on_drop: false }`
[INFO] [stdout] 66e98d249e6795c12df1e96c49546b1791b93b4363c9d44ef1eb1c2cd3eb7bd4
[INFO] running `Command { std: "docker" "create" "-v" "/var/lib/crater-agent-workspace/builds/worker-7-tc1/target:/opt/rustwide/target:rw,Z" "-v" "/var/lib/crater-agent-workspace/builds/worker-7-tc1/source:/opt/rustwide/workdir:ro,Z" "-v" "/var/lib/crater-agent-workspace/cargo-home:/opt/rustwide/cargo-home:ro,Z" "-v" "/var/lib/crater-agent-workspace/rustup-home:/opt/rustwide/rustup-home:ro,Z" "-e" "SOURCE_DIR=/opt/rustwide/workdir" "-e" "CARGO_TARGET_DIR=/opt/rustwide/target" "-e" "CARGO_INCREMENTAL=0" "-e" "RUST_BACKTRACE=full" "-e" "RUSTFLAGS=--cap-lints=forbid" "-e" "RUSTDOCFLAGS=--cap-lints=forbid" "-e" "CARGO_HOME=/opt/rustwide/cargo-home" "-e" "RUSTUP_HOME=/opt/rustwide/rustup-home" "-w" "/opt/rustwide/workdir" "-m" "1610612736" "--user" "0:0" "--network" "none" "ghcr.io/rust-lang/crates-build-env/linux@sha256:4a844ea9eb2546a2d2c7022eacef16ef2e8229c7fbb2c7d4d55a9ceca922f72d" "/opt/rustwide/cargo-home/bin/cargo" "+nightly-2024-10-28" "test" "--frozen" "--no-run" "--message-format=json", kill_on_drop: false }`
[INFO] [stdout] 415ac94f059a75970e7c2347585b6a38f72bfca0053735111ea3f113197babac
[INFO] running `Command { std: "docker" "start" "-a" "415ac94f059a75970e7c2347585b6a38f72bfca0053735111ea3f113197babac", kill_on_drop: false }`
[INFO] [stderr]    Compiling tokio v1.41.0
[INFO] [stderr]    Compiling date_header v1.0.5
[INFO] [stderr]    Compiling maplit v1.0.2
[INFO] [stderr]    Compiling url v2.5.2
[INFO] [stderr]    Compiling js_option v0.1.1
[INFO] [stderr]    Compiling ruma-common v0.14.1
[INFO] [stderr]    Compiling tokio-stream v0.1.16
[INFO] [stderr]    Compiling ruma-events v0.29.1
[INFO] [stderr]    Compiling ruma-client v0.14.0 (/opt/rustwide/workdir)
[INFO] [stderr]    Compiling ruma-client-api v0.19.0
[INFO] [stderr]     Finished `test` profile [unoptimized + debuginfo] target(s) in 22.20s
[INFO] running `Command { std: "docker" "inspect" "415ac94f059a75970e7c2347585b6a38f72bfca0053735111ea3f113197babac", kill_on_drop: false }`
[INFO] running `Command { std: "docker" "rm" "-f" "415ac94f059a75970e7c2347585b6a38f72bfca0053735111ea3f113197babac", kill_on_drop: false }`
[INFO] [stdout] 415ac94f059a75970e7c2347585b6a38f72bfca0053735111ea3f113197babac
[INFO] running `Command { std: "docker" "create" "-v" "/var/lib/crater-agent-workspace/builds/worker-7-tc1/target:/opt/rustwide/target:rw,Z" "-v" "/var/lib/crater-agent-workspace/builds/worker-7-tc1/source:/opt/rustwide/workdir:ro,Z" "-v" "/var/lib/crater-agent-workspace/cargo-home:/opt/rustwide/cargo-home:ro,Z" "-v" "/var/lib/crater-agent-workspace/rustup-home:/opt/rustwide/rustup-home:ro,Z" "-e" "SOURCE_DIR=/opt/rustwide/workdir" "-e" "CARGO_TARGET_DIR=/opt/rustwide/target" "-e" "CARGO_INCREMENTAL=0" "-e" "RUST_BACKTRACE=full" "-e" "RUSTFLAGS=--cap-lints=forbid" "-e" "RUSTDOCFLAGS=--cap-lints=forbid" "-e" "CARGO_HOME=/opt/rustwide/cargo-home" "-e" "RUSTUP_HOME=/opt/rustwide/rustup-home" "-w" "/opt/rustwide/workdir" "-m" "1610612736" "--user" "0:0" "--network" "none" "ghcr.io/rust-lang/crates-build-env/linux@sha256:4a844ea9eb2546a2d2c7022eacef16ef2e8229c7fbb2c7d4d55a9ceca922f72d" "/opt/rustwide/cargo-home/bin/cargo" "+nightly-2024-10-28" "test" "--frozen", kill_on_drop: false }`
[INFO] [stdout] adde6352d63c026bcfed63fa50710bc3dc0bd0c2bbdaf2602a01d3ea5770103e
[INFO] running `Command { std: "docker" "start" "-a" "adde6352d63c026bcfed63fa50710bc3dc0bd0c2bbdaf2602a01d3ea5770103e", kill_on_drop: false }`
[INFO] [stderr]     Finished `test` profile [unoptimized + debuginfo] target(s) in 0.12s
[INFO] [stderr]      Running unittests src/lib.rs (/opt/rustwide/target/debug/deps/ruma_client-f41a432c04145dec)
[INFO] [stdout] 
[INFO] [stdout] running 0 tests
[INFO] [stdout] 
[INFO] [stdout] test result: ok. 0 passed; 0 failed; 0 ignored; 0 measured; 0 filtered out; finished in 0.00s
[INFO] [stdout] 
[INFO] [stderr]    Doc-tests ruma_client
[INFO] [stdout] 
[INFO] [stdout] running 3 tests
[INFO] [stdout] test src/lib.rs - (line 11) ... ignored
[INFO] [stdout] test src/lib.rs - (line 36) - compile ... FAILED
[INFO] [stdout] test src/lib.rs - (line 61) - compile ... FAILED
[INFO] [stdout] 
[INFO] [stdout] failures:
[INFO] [stdout] 
[INFO] [stdout] ---- src/lib.rs - (line 36) stdout ----
[INFO] [stdout] error[E0433]: failed to resolve: could not find `Client` in `ruma_client`
[INFO] [stdout]    --> src/lib.rs:42:27
[INFO] [stdout]     |
[INFO] [stdout] 9   | let client = ruma_client::Client::builder()
[INFO] [stdout]     |                           ^^^^^^ could not find `Client` in `ruma_client`
[INFO] [stdout]     |
[INFO] [stdout] note: found an item that was configured out
[INFO] [stdout]    --> /opt/rustwide/workdir/src/lib.rs:115:24
[INFO] [stdout]     |
[INFO] [stdout] 115 | pub use self::client::{Client, ClientBuilder};
[INFO] [stdout]     |                        ^^^^^^
[INFO] [stdout] note: the item is gated behind the `client-api` feature
[INFO] [stdout]    --> /opt/rustwide/workdir/src/lib.rs:114:7
[INFO] [stdout]     |
[INFO] [stdout] 114 | #[cfg(feature = "client-api")]
[INFO] [stdout]     |       ^^^^^^^^^^^^^^^^^^^^^^
[INFO] [stdout] help: there is an enum variant `ruma_client_api::filter::EventFormat::Client`; try using the variant's enum
[INFO] [stdout]     |
[INFO] [stdout] 9   | let client = ruma_client_api::filter::EventFormat()
[INFO] [stdout]     |              ~~~~~~~~~~~~~~~~~~~~~~~~~~~~~~~~~~~~
[INFO] [stdout] 
[INFO] [stdout] error: aborting due to 1 previous error
[INFO] [stdout] 
[INFO] [stdout] For more information about this error, try `rustc --explain E0433`.
[INFO] [stdout] Couldn't compile the test.
[INFO] [stdout] ---- src/lib.rs - (line 61) stdout ----
[INFO] [stdout] error[E0433]: failed to resolve: could not find `Client` in `ruma_client`
[INFO] [stdout]    --> src/lib.rs:65:27
[INFO] [stdout]     |
[INFO] [stdout] 7   | let client = ruma_client::Client::builder()
[INFO] [stdout]     |                           ^^^^^^ could not find `Client` in `ruma_client`
[INFO] [stdout]     |
[INFO] [stdout] note: found an item that was configured out
[INFO] [stdout]    --> /opt/rustwide/workdir/src/lib.rs:115:24
[INFO] [stdout]     |
[INFO] [stdout] 115 | pub use self::client::{Client, ClientBuilder};
[INFO] [stdout]     |                        ^^^^^^
[INFO] [stdout] note: the item is gated behind the `client-api` feature
[INFO] [stdout]    --> /opt/rustwide/workdir/src/lib.rs:114:7
[INFO] [stdout]     |
[INFO] [stdout] 114 | #[cfg(feature = "client-api")]
[INFO] [stdout]     |       ^^^^^^^^^^^^^^^^^^^^^^
[INFO] [stdout] help: there is an enum variant `ruma_client_api::filter::EventFormat::Client`; try using the variant's enum
[INFO] [stdout]     |
[INFO] [stdout] 7   | let client = ruma_client_api::filter::EventFormat()
[INFO] [stdout]     |              ~~~~~~~~~~~~~~~~~~~~~~~~~~~~~~~~~~~~
[INFO] [stdout] 
[INFO] [stdout] error: aborting due to 1 previous error
[INFO] [stdout] 
[INFO] [stdout] For more information about this error, try `rustc --explain E0433`.
[INFO] [stdout] Couldn't compile the test.
[INFO] [stdout] 
[INFO] [stdout] failures:
[INFO] [stdout]     src/lib.rs - (line 36)
[INFO] [stdout]     src/lib.rs - (line 61)
[INFO] [stdout] 
[INFO] [stdout] test result: FAILED. 0 passed; 2 failed; 1 ignored; 0 measured; 0 filtered out; finished in 0.10s
[INFO] [stdout] 
[INFO] [stderr] error: doctest failed, to rerun pass `--doc`
[INFO] running `Command { std: "docker" "inspect" "adde6352d63c026bcfed63fa50710bc3dc0bd0c2bbdaf2602a01d3ea5770103e", kill_on_drop: false }`
[INFO] running `Command { std: "docker" "rm" "-f" "adde6352d63c026bcfed63fa50710bc3dc0bd0c2bbdaf2602a01d3ea5770103e", kill_on_drop: false }`
[INFO] [stdout] adde6352d63c026bcfed63fa50710bc3dc0bd0c2bbdaf2602a01d3ea5770103e
