[INFO] fetching crate rtop_dev 1.1.0...
[INFO] testing rtop_dev-1.1.0 against nightly-2024-10-28 for randomize-layout
[INFO] extracting crate rtop_dev 1.1.0 into /workspace/builds/worker-4-tc1/source
[INFO] validating manifest of crates.io crate rtop_dev 1.1.0 on toolchain nightly-2024-10-28
[INFO] running `Command { std: CARGO_HOME="/workspace/cargo-home" RUSTUP_HOME="/workspace/rustup-home" "/workspace/cargo-home/bin/cargo" "+nightly-2024-10-28" "metadata" "--manifest-path" "Cargo.toml" "--no-deps", kill_on_drop: false }`
[INFO] started tweaking crates.io crate rtop_dev 1.1.0
[INFO] finished tweaking crates.io crate rtop_dev 1.1.0
[INFO] tweaked toml for crates.io crate rtop_dev 1.1.0 written to /workspace/builds/worker-4-tc1/source/Cargo.toml
[INFO] running `Command { std: CARGO_HOME="/workspace/cargo-home" RUSTUP_HOME="/workspace/rustup-home" "/workspace/cargo-home/bin/cargo" "+nightly-2024-10-28" "generate-lockfile" "--manifest-path" "Cargo.toml", kill_on_drop: false }`
[INFO] [stderr]     Updating crates.io index
[INFO] [stderr]      Locking 1 package to latest compatible version
[INFO] running `Command { std: CARGO_HOME="/workspace/cargo-home" RUSTUP_HOME="/workspace/rustup-home" "/workspace/cargo-home/bin/cargo" "+nightly-2024-10-28" "fetch" "--manifest-path" "Cargo.toml", kill_on_drop: false }`
[INFO] [stderr]  Downloading crates ...
[INFO] [stderr]   Downloaded human-sort v0.2.2
[INFO] running `Command { std: "docker" "create" "-v" "/var/lib/crater-agent-workspace/builds/worker-4-tc1/target:/opt/rustwide/target:rw,Z" "-v" "/var/lib/crater-agent-workspace/builds/worker-4-tc1/source:/opt/rustwide/workdir:ro,Z" "-v" "/var/lib/crater-agent-workspace/cargo-home:/opt/rustwide/cargo-home:ro,Z" "-v" "/var/lib/crater-agent-workspace/rustup-home:/opt/rustwide/rustup-home:ro,Z" "-e" "SOURCE_DIR=/opt/rustwide/workdir" "-e" "CARGO_TARGET_DIR=/opt/rustwide/target" "-e" "CARGO_HOME=/opt/rustwide/cargo-home" "-e" "RUSTUP_HOME=/opt/rustwide/rustup-home" "-w" "/opt/rustwide/workdir" "-m" "1610612736" "--user" "0:0" "--network" "none" "ghcr.io/rust-lang/crates-build-env/linux@sha256:4a844ea9eb2546a2d2c7022eacef16ef2e8229c7fbb2c7d4d55a9ceca922f72d" "/opt/rustwide/cargo-home/bin/cargo" "+nightly-2024-10-28" "metadata" "--no-deps" "--format-version=1", kill_on_drop: false }`
[INFO] [stdout] 8ead6ff716012ca8e6e4e52455b0d6187fbc337b16720cf380476a1052718ac1
[INFO] running `Command { std: "docker" "start" "-a" "8ead6ff716012ca8e6e4e52455b0d6187fbc337b16720cf380476a1052718ac1", kill_on_drop: false }`
[INFO] running `Command { std: "docker" "inspect" "8ead6ff716012ca8e6e4e52455b0d6187fbc337b16720cf380476a1052718ac1", kill_on_drop: false }`
[INFO] running `Command { std: "docker" "rm" "-f" "8ead6ff716012ca8e6e4e52455b0d6187fbc337b16720cf380476a1052718ac1", kill_on_drop: false }`
[INFO] [stdout] 8ead6ff716012ca8e6e4e52455b0d6187fbc337b16720cf380476a1052718ac1
[INFO] running `Command { std: "docker" "create" "-v" "/var/lib/crater-agent-workspace/builds/worker-4-tc1/target:/opt/rustwide/target:rw,Z" "-v" "/var/lib/crater-agent-workspace/builds/worker-4-tc1/source:/opt/rustwide/workdir:ro,Z" "-v" "/var/lib/crater-agent-workspace/cargo-home:/opt/rustwide/cargo-home:ro,Z" "-v" "/var/lib/crater-agent-workspace/rustup-home:/opt/rustwide/rustup-home:ro,Z" "-e" "SOURCE_DIR=/opt/rustwide/workdir" "-e" "CARGO_TARGET_DIR=/opt/rustwide/target" "-e" "CARGO_INCREMENTAL=0" "-e" "RUST_BACKTRACE=full" "-e" "RUSTFLAGS=--cap-lints=forbid" "-e" "RUSTDOCFLAGS=--cap-lints=forbid" "-e" "CARGO_HOME=/opt/rustwide/cargo-home" "-e" "RUSTUP_HOME=/opt/rustwide/rustup-home" "-w" "/opt/rustwide/workdir" "-m" "1610612736" "--user" "0:0" "--network" "none" "ghcr.io/rust-lang/crates-build-env/linux@sha256:4a844ea9eb2546a2d2c7022eacef16ef2e8229c7fbb2c7d4d55a9ceca922f72d" "/opt/rustwide/cargo-home/bin/cargo" "+nightly-2024-10-28" "build" "--frozen" "--message-format=json", kill_on_drop: false }`
[INFO] [stdout] 5882ee3a4739d25ebb4de32dde721b6572a0c59bb311c9d46b46c71a2465c5de
[INFO] running `Command { std: "docker" "start" "-a" "5882ee3a4739d25ebb4de32dde721b6572a0c59bb311c9d46b46c71a2465c5de", kill_on_drop: false }`
[INFO] [stderr]    Compiling human-sort v0.2.2
[INFO] [stderr]    Compiling rtop_dev v1.1.0 (/opt/rustwide/workdir)
[INFO] [stderr]     Finished `dev` profile [unoptimized + debuginfo] target(s) in 0.44s
[INFO] running `Command { std: "docker" "inspect" "5882ee3a4739d25ebb4de32dde721b6572a0c59bb311c9d46b46c71a2465c5de", kill_on_drop: false }`
[INFO] running `Command { std: "docker" "rm" "-f" "5882ee3a4739d25ebb4de32dde721b6572a0c59bb311c9d46b46c71a2465c5de", kill_on_drop: false }`
[INFO] [stdout] 5882ee3a4739d25ebb4de32dde721b6572a0c59bb311c9d46b46c71a2465c5de
[INFO] running `Command { std: "docker" "create" "-v" "/var/lib/crater-agent-workspace/builds/worker-4-tc1/target:/opt/rustwide/target:rw,Z" "-v" "/var/lib/crater-agent-workspace/builds/worker-4-tc1/source:/opt/rustwide/workdir:ro,Z" "-v" "/var/lib/crater-agent-workspace/cargo-home:/opt/rustwide/cargo-home:ro,Z" "-v" "/var/lib/crater-agent-workspace/rustup-home:/opt/rustwide/rustup-home:ro,Z" "-e" "SOURCE_DIR=/opt/rustwide/workdir" "-e" "CARGO_TARGET_DIR=/opt/rustwide/target" "-e" "CARGO_INCREMENTAL=0" "-e" "RUST_BACKTRACE=full" "-e" "RUSTFLAGS=--cap-lints=forbid" "-e" "RUSTDOCFLAGS=--cap-lints=forbid" "-e" "CARGO_HOME=/opt/rustwide/cargo-home" "-e" "RUSTUP_HOME=/opt/rustwide/rustup-home" "-w" "/opt/rustwide/workdir" "-m" "1610612736" "--user" "0:0" "--network" "none" "ghcr.io/rust-lang/crates-build-env/linux@sha256:4a844ea9eb2546a2d2c7022eacef16ef2e8229c7fbb2c7d4d55a9ceca922f72d" "/opt/rustwide/cargo-home/bin/cargo" "+nightly-2024-10-28" "test" "--frozen" "--no-run" "--message-format=json", kill_on_drop: false }`
[INFO] [stdout] 4e053e25307c1baf6ff1251dac99645c123ac5a94a4b6018c9fac61a56a12800
[INFO] running `Command { std: "docker" "start" "-a" "4e053e25307c1baf6ff1251dac99645c123ac5a94a4b6018c9fac61a56a12800", kill_on_drop: false }`
[INFO] [stderr]    Compiling rtop_dev v1.1.0 (/opt/rustwide/workdir)
[INFO] [stderr]     Finished `test` profile [unoptimized + debuginfo] target(s) in 0.23s
[INFO] running `Command { std: "docker" "inspect" "4e053e25307c1baf6ff1251dac99645c123ac5a94a4b6018c9fac61a56a12800", kill_on_drop: false }`
[INFO] running `Command { std: "docker" "rm" "-f" "4e053e25307c1baf6ff1251dac99645c123ac5a94a4b6018c9fac61a56a12800", kill_on_drop: false }`
[INFO] [stdout] 4e053e25307c1baf6ff1251dac99645c123ac5a94a4b6018c9fac61a56a12800
[INFO] running `Command { std: "docker" "create" "-v" "/var/lib/crater-agent-workspace/builds/worker-4-tc1/target:/opt/rustwide/target:rw,Z" "-v" "/var/lib/crater-agent-workspace/builds/worker-4-tc1/source:/opt/rustwide/workdir:ro,Z" "-v" "/var/lib/crater-agent-workspace/cargo-home:/opt/rustwide/cargo-home:ro,Z" "-v" "/var/lib/crater-agent-workspace/rustup-home:/opt/rustwide/rustup-home:ro,Z" "-e" "SOURCE_DIR=/opt/rustwide/workdir" "-e" "CARGO_TARGET_DIR=/opt/rustwide/target" "-e" "CARGO_INCREMENTAL=0" "-e" "RUST_BACKTRACE=full" "-e" "RUSTFLAGS=--cap-lints=forbid" "-e" "RUSTDOCFLAGS=--cap-lints=forbid" "-e" "CARGO_HOME=/opt/rustwide/cargo-home" "-e" "RUSTUP_HOME=/opt/rustwide/rustup-home" "-w" "/opt/rustwide/workdir" "-m" "1610612736" "--user" "0:0" "--network" "none" "ghcr.io/rust-lang/crates-build-env/linux@sha256:4a844ea9eb2546a2d2c7022eacef16ef2e8229c7fbb2c7d4d55a9ceca922f72d" "/opt/rustwide/cargo-home/bin/cargo" "+nightly-2024-10-28" "test" "--frozen", kill_on_drop: false }`
[INFO] [stdout] 05f72c0fe66fded992c96f519d27af308c320ac453a7ecf69c446116feca17e8
[INFO] running `Command { std: "docker" "start" "-a" "05f72c0fe66fded992c96f519d27af308c320ac453a7ecf69c446116feca17e8", kill_on_drop: false }`
[INFO] [stderr]     Finished `test` profile [unoptimized + debuginfo] target(s) in 0.01s
[INFO] [stderr]      Running unittests src/lib.rs (/opt/rustwide/target/debug/deps/rtop_dev-304b8391040fd76f)
[INFO] [stdout] 
[INFO] [stdout] running 0 tests
[INFO] [stdout] 
[INFO] [stdout] test result: ok. 0 passed; 0 failed; 0 ignored; 0 measured; 0 filtered out; finished in 0.00s
[INFO] [stdout] 
[INFO] [stderr]    Doc-tests rtop_dev
[INFO] [stdout] 
[INFO] [stdout] running 5 tests
[INFO] [stdout] test src/lib.rs - (line 4) ... FAILED
[INFO] [stdout] test src/lib.rs - (line 28) ... FAILED
[INFO] [stdout] test src/components/bar.rs - components::bar (line 4) ... ok
[INFO] [stdout] test src/components/chart.rs - components::chart (line 4) ... ok
[INFO] [stdout] test src/components/listview.rs - components::listview (line 4) ... ok
[INFO] [stdout] 
[INFO] [stdout] failures:
[INFO] [stdout] 
[INFO] [stdout] ---- src/lib.rs - (line 4) stdout ----
[INFO] [stdout] error: expected one of `!`, `.`, `::`, `;`, `?`, `{`, `}`, or an operator, found `new`
[INFO] [stdout]  --> src/lib.rs:5:7
[INFO] [stdout]   |
[INFO] [stdout] 3 | cargo new --lib MyPlugin
[INFO] [stdout]   |       ^^^ expected one of 8 possible tokens
[INFO] [stdout] 
[INFO] [stdout] error: aborting due to 1 previous error
[INFO] [stdout] 
[INFO] [stdout] Couldn't compile the test.
[INFO] [stdout] ---- src/lib.rs - (line 28) stdout ----
[INFO] [stdout] error[E0433]: failed to resolve: could not find `plugin` in `rtop_dev`
[INFO] [stdout]  --> src/lib.rs:32:16
[INFO] [stdout]   |
[INFO] [stdout] 7 | impl rtop_dev::plugin::Plugin for FooWidget {
[INFO] [stdout]   |                ^^^^^^ could not find `plugin` in `rtop_dev`
[INFO] [stdout] 
[INFO] [stdout] error[E0433]: failed to resolve: could not find `plugin` in `rtop_dev`
[INFO] [stdout]   --> src/lib.rs:39:55
[INFO] [stdout]    |
[INFO] [stdout] 14 | pub extern "Rust" fn init_foo() -> (Box<dyn rtop_dev::plugin::Plugin>, bool) {
[INFO] [stdout]    |                                                       ^^^^^^ could not find `plugin` in `rtop_dev`
[INFO] [stdout] 
[INFO] [stdout] error: aborting due to 2 previous errors
[INFO] [stdout] 
[INFO] [stdout] For more information about this error, try `rustc --explain E0433`.
[INFO] [stdout] Couldn't compile the test.
[INFO] [stdout] 
[INFO] [stdout] failures:
[INFO] [stdout]     src/lib.rs - (line 28)
[INFO] [stdout]     src/lib.rs - (line 4)
[INFO] [stdout] 
[INFO] [stdout] test result: FAILED. 3 passed; 2 failed; 0 ignored; 0 measured; 0 filtered out; finished in 0.27s
[INFO] [stdout] 
[INFO] [stderr] error: doctest failed, to rerun pass `--doc`
[INFO] running `Command { std: "docker" "inspect" "05f72c0fe66fded992c96f519d27af308c320ac453a7ecf69c446116feca17e8", kill_on_drop: false }`
[INFO] running `Command { std: "docker" "rm" "-f" "05f72c0fe66fded992c96f519d27af308c320ac453a7ecf69c446116feca17e8", kill_on_drop: false }`
[INFO] [stdout] 05f72c0fe66fded992c96f519d27af308c320ac453a7ecf69c446116feca17e8
