[INFO] fetching crate rt-pods-client 0.1.11...
[INFO] testing rt-pods-client-0.1.11 against nightly-2024-10-28+rustflags=-Zrandomize-layout for randomize-layout
[INFO] extracting crate rt-pods-client 0.1.11 into /workspace/builds/worker-6-tc2/source
[INFO] validating manifest of crates.io crate rt-pods-client 0.1.11 on toolchain nightly-2024-10-28
[INFO] running `Command { std: CARGO_HOME="/workspace/cargo-home" RUSTUP_HOME="/workspace/rustup-home" "/workspace/cargo-home/bin/cargo" "+nightly-2024-10-28" "metadata" "--manifest-path" "Cargo.toml" "--no-deps", kill_on_drop: false }`
[INFO] started tweaking crates.io crate rt-pods-client 0.1.11
[INFO] finished tweaking crates.io crate rt-pods-client 0.1.11
[INFO] tweaked toml for crates.io crate rt-pods-client 0.1.11 written to /workspace/builds/worker-6-tc2/source/Cargo.toml
[INFO] running `Command { std: CARGO_HOME="/workspace/cargo-home" RUSTUP_HOME="/workspace/rustup-home" "/workspace/cargo-home/bin/cargo" "+nightly-2024-10-28" "generate-lockfile" "--manifest-path" "Cargo.toml", kill_on_drop: false }`
[INFO] [stderr]     Updating crates.io index
[INFO] [stderr]      Locking 132 packages to latest compatible versions
[INFO] running `Command { std: CARGO_HOME="/workspace/cargo-home" RUSTUP_HOME="/workspace/rustup-home" "/workspace/cargo-home/bin/cargo" "+nightly-2024-10-28" "fetch" "--manifest-path" "Cargo.toml", kill_on_drop: false }`
[INFO] running `Command { std: "docker" "create" "-v" "/var/lib/crater-agent-workspace/builds/worker-6-tc2/target:/opt/rustwide/target:rw,Z" "-v" "/var/lib/crater-agent-workspace/builds/worker-6-tc2/source:/opt/rustwide/workdir:ro,Z" "-v" "/var/lib/crater-agent-workspace/cargo-home:/opt/rustwide/cargo-home:ro,Z" "-v" "/var/lib/crater-agent-workspace/rustup-home:/opt/rustwide/rustup-home:ro,Z" "-e" "SOURCE_DIR=/opt/rustwide/workdir" "-e" "CARGO_TARGET_DIR=/opt/rustwide/target" "-e" "CARGO_HOME=/opt/rustwide/cargo-home" "-e" "RUSTUP_HOME=/opt/rustwide/rustup-home" "-w" "/opt/rustwide/workdir" "-m" "1610612736" "--user" "0:0" "--network" "none" "ghcr.io/rust-lang/crates-build-env/linux@sha256:4a844ea9eb2546a2d2c7022eacef16ef2e8229c7fbb2c7d4d55a9ceca922f72d" "/opt/rustwide/cargo-home/bin/cargo" "+nightly-2024-10-28" "metadata" "--no-deps" "--format-version=1", kill_on_drop: false }`
[INFO] [stdout] 3f3a3439e41d866314011610c1ec61481827d4108375b883fba7b793d36a3022
[INFO] running `Command { std: "docker" "start" "-a" "3f3a3439e41d866314011610c1ec61481827d4108375b883fba7b793d36a3022", kill_on_drop: false }`
[INFO] running `Command { std: "docker" "inspect" "3f3a3439e41d866314011610c1ec61481827d4108375b883fba7b793d36a3022", kill_on_drop: false }`
[INFO] running `Command { std: "docker" "rm" "-f" "3f3a3439e41d866314011610c1ec61481827d4108375b883fba7b793d36a3022", kill_on_drop: false }`
[INFO] [stdout] 3f3a3439e41d866314011610c1ec61481827d4108375b883fba7b793d36a3022
[INFO] running `Command { std: "docker" "create" "-v" "/var/lib/crater-agent-workspace/builds/worker-6-tc2/target:/opt/rustwide/target:rw,Z" "-v" "/var/lib/crater-agent-workspace/builds/worker-6-tc2/source:/opt/rustwide/workdir:ro,Z" "-v" "/var/lib/crater-agent-workspace/cargo-home:/opt/rustwide/cargo-home:ro,Z" "-v" "/var/lib/crater-agent-workspace/rustup-home:/opt/rustwide/rustup-home:ro,Z" "-e" "SOURCE_DIR=/opt/rustwide/workdir" "-e" "CARGO_TARGET_DIR=/opt/rustwide/target" "-e" "CARGO_INCREMENTAL=0" "-e" "RUST_BACKTRACE=full" "-e" "RUSTFLAGS=--cap-lints=forbid -Zrandomize-layout" "-e" "RUSTDOCFLAGS=--cap-lints=forbid" "-e" "CARGO_HOME=/opt/rustwide/cargo-home" "-e" "RUSTUP_HOME=/opt/rustwide/rustup-home" "-w" "/opt/rustwide/workdir" "-m" "1610612736" "--user" "0:0" "--network" "none" "ghcr.io/rust-lang/crates-build-env/linux@sha256:4a844ea9eb2546a2d2c7022eacef16ef2e8229c7fbb2c7d4d55a9ceca922f72d" "/opt/rustwide/cargo-home/bin/cargo" "+nightly-2024-10-28" "build" "--frozen" "--message-format=json", kill_on_drop: false }`
[INFO] [stdout] 45d2f7115b82effce738ff852e8578343b45e0eb1e59e7689acb758b5f7480b0
[INFO] running `Command { std: "docker" "start" "-a" "45d2f7115b82effce738ff852e8578343b45e0eb1e59e7689acb758b5f7480b0", kill_on_drop: false }`
[INFO] [stderr]    Compiling libc v0.2.161
[INFO] [stderr]    Compiling proc-macro2 v1.0.89
[INFO] [stderr]    Compiling unicode-ident v1.0.13
[INFO] [stderr]    Compiling shlex v1.3.0
[INFO] [stderr]    Compiling pin-project-lite v0.2.15
[INFO] [stderr]    Compiling bytes v1.8.0
[INFO] [stderr]    Compiling once_cell v1.20.2
[INFO] [stderr]    Compiling vcpkg v0.2.15
[INFO] [stderr]    Compiling itoa v1.0.11
[INFO] [stderr]    Compiling futures-core v0.3.31
[INFO] [stderr]    Compiling pkg-config v0.3.31
[INFO] [stderr]    Compiling autocfg v1.4.0
[INFO] [stderr]    Compiling fnv v1.0.7
[INFO] [stderr]    Compiling httparse v1.9.5
[INFO] [stderr]    Compiling pin-utils v0.1.0
[INFO] [stderr]    Compiling futures-task v0.3.31
[INFO] [stderr]    Compiling foreign-types-shared v0.1.1
[INFO] [stderr]    Compiling cfg-if v1.0.0
[INFO] [stderr]    Compiling equivalent v1.0.1
[INFO] [stderr]    Compiling futures-sink v0.3.31
[INFO] [stderr]    Compiling hashbrown v0.15.0
[INFO] [stderr]    Compiling openssl v0.10.68
[INFO] [stderr]    Compiling futures-util v0.3.31
[INFO] [stderr]    Compiling foreign-types v0.3.2
[INFO] [stderr]    Compiling bitflags v2.6.0
[INFO] [stderr]    Compiling atomic-waker v1.1.2
[INFO] [stderr]    Compiling tracing-core v0.1.32
[INFO] [stderr]    Compiling native-tls v0.2.12
[INFO] [stderr]    Compiling cc v1.1.31
[INFO] [stderr]    Compiling try-lock v0.2.5
[INFO] [stderr]    Compiling tinyvec_macros v0.1.1
[INFO] [stderr]    Compiling serde v1.0.214
[INFO] [stderr]    Compiling tinyvec v1.8.0
[INFO] [stderr]    Compiling want v0.3.1
[INFO] [stderr]    Compiling futures-channel v0.3.31
[INFO] [stderr]    Compiling log v0.4.22
[INFO] [stderr]    Compiling percent-encoding v2.3.1
[INFO] [stderr]    Compiling http v1.1.0
[INFO] [stderr]    Compiling slab v0.4.9
[INFO] [stderr]    Compiling openssl-probe v0.1.5
[INFO] [stderr]    Compiling smallvec v1.13.2
[INFO] [stderr]    Compiling tracing v0.1.40
[INFO] [stderr]    Compiling form_urlencoded v1.2.1
[INFO] [stderr]    Compiling indexmap v2.6.0
[INFO] [stderr]    Compiling ryu v1.0.18
[INFO] [stderr]    Compiling unicode-bidi v0.3.17
[INFO] [stderr]    Compiling tower-service v0.3.3
[INFO] [stderr]    Compiling quote v1.0.37
[INFO] [stderr]    Compiling serde_json v1.0.132
[INFO] [stderr]    Compiling rustls-pki-types v1.10.0
[INFO] [stderr]    Compiling memchr v2.7.4
[INFO] [stderr]    Compiling syn v2.0.86
[INFO] [stderr]    Compiling encoding_rs v0.8.35
[INFO] [stderr]    Compiling sync_wrapper v1.0.1
[INFO] [stderr]    Compiling mime v0.3.17
[INFO] [stderr]    Compiling base64 v0.22.1
[INFO] [stderr]    Compiling unicode-normalization v0.1.24
[INFO] [stderr]    Compiling socket2 v0.5.7
[INFO] [stderr]    Compiling mio v1.0.2
[INFO] [stderr]    Compiling ipnet v2.10.1
[INFO] [stderr]    Compiling rustc-hash v2.0.0
[INFO] [stderr]    Compiling http-body v1.0.1
[INFO] [stderr]    Compiling rustls-pemfile v2.2.0
[INFO] [stderr]    Compiling tokio v1.41.0
[INFO] [stderr]    Compiling idna v0.5.0
[INFO] [stderr]    Compiling http-body-util v0.1.2
[INFO] [stderr]    Compiling openssl-sys v0.9.104
[INFO] [stderr]    Compiling url v2.5.2
[INFO] [stderr]    Compiling openssl-macros v0.1.1
[INFO] [stderr]    Compiling serde_derive v1.0.214
[INFO] [stderr]    Compiling tokio-util v0.7.12
[INFO] [stderr]    Compiling h2 v0.4.6
[INFO] [stderr]    Compiling tokio-native-tls v0.3.1
[INFO] [stderr]    Compiling hyper v1.5.0
[INFO] [stderr]    Compiling serde_urlencoded v0.7.1
[INFO] [stderr]    Compiling hyper-util v0.1.10
[INFO] [stderr]    Compiling hyper-tls v0.6.0
[INFO] [stderr]    Compiling reqwest v0.12.9
[INFO] [stderr]    Compiling rt-pods-client v0.1.11 (/opt/rustwide/workdir)
[INFO] [stderr]     Finished `dev` profile [unoptimized + debuginfo] target(s) in 13.55s
[INFO] running `Command { std: "docker" "inspect" "45d2f7115b82effce738ff852e8578343b45e0eb1e59e7689acb758b5f7480b0", kill_on_drop: false }`
[INFO] running `Command { std: "docker" "rm" "-f" "45d2f7115b82effce738ff852e8578343b45e0eb1e59e7689acb758b5f7480b0", kill_on_drop: false }`
[INFO] [stdout] 45d2f7115b82effce738ff852e8578343b45e0eb1e59e7689acb758b5f7480b0
[INFO] running `Command { std: "docker" "create" "-v" "/var/lib/crater-agent-workspace/builds/worker-6-tc2/target:/opt/rustwide/target:rw,Z" "-v" "/var/lib/crater-agent-workspace/builds/worker-6-tc2/source:/opt/rustwide/workdir:ro,Z" "-v" "/var/lib/crater-agent-workspace/cargo-home:/opt/rustwide/cargo-home:ro,Z" "-v" "/var/lib/crater-agent-workspace/rustup-home:/opt/rustwide/rustup-home:ro,Z" "-e" "SOURCE_DIR=/opt/rustwide/workdir" "-e" "CARGO_TARGET_DIR=/opt/rustwide/target" "-e" "CARGO_INCREMENTAL=0" "-e" "RUST_BACKTRACE=full" "-e" "RUSTFLAGS=--cap-lints=forbid -Zrandomize-layout" "-e" "RUSTDOCFLAGS=--cap-lints=forbid" "-e" "CARGO_HOME=/opt/rustwide/cargo-home" "-e" "RUSTUP_HOME=/opt/rustwide/rustup-home" "-w" "/opt/rustwide/workdir" "-m" "1610612736" "--user" "0:0" "--network" "none" "ghcr.io/rust-lang/crates-build-env/linux@sha256:4a844ea9eb2546a2d2c7022eacef16ef2e8229c7fbb2c7d4d55a9ceca922f72d" "/opt/rustwide/cargo-home/bin/cargo" "+nightly-2024-10-28" "test" "--frozen" "--no-run" "--message-format=json", kill_on_drop: false }`
[INFO] [stdout] 806686eb6a7b16efa73cc59897997ec0a2060dab3c4823c8168f67e94d5ce457
[INFO] running `Command { std: "docker" "start" "-a" "806686eb6a7b16efa73cc59897997ec0a2060dab3c4823c8168f67e94d5ce457", kill_on_drop: false }`
[INFO] [stderr]    Compiling rt-pods-client v0.1.11 (/opt/rustwide/workdir)
[INFO] [stderr]     Finished `test` profile [unoptimized + debuginfo] target(s) in 0.60s
[INFO] running `Command { std: "docker" "inspect" "806686eb6a7b16efa73cc59897997ec0a2060dab3c4823c8168f67e94d5ce457", kill_on_drop: false }`
[INFO] running `Command { std: "docker" "rm" "-f" "806686eb6a7b16efa73cc59897997ec0a2060dab3c4823c8168f67e94d5ce457", kill_on_drop: false }`
[INFO] [stdout] 806686eb6a7b16efa73cc59897997ec0a2060dab3c4823c8168f67e94d5ce457
[INFO] running `Command { std: "docker" "create" "-v" "/var/lib/crater-agent-workspace/builds/worker-6-tc2/target:/opt/rustwide/target:rw,Z" "-v" "/var/lib/crater-agent-workspace/builds/worker-6-tc2/source:/opt/rustwide/workdir:ro,Z" "-v" "/var/lib/crater-agent-workspace/cargo-home:/opt/rustwide/cargo-home:ro,Z" "-v" "/var/lib/crater-agent-workspace/rustup-home:/opt/rustwide/rustup-home:ro,Z" "-e" "SOURCE_DIR=/opt/rustwide/workdir" "-e" "CARGO_TARGET_DIR=/opt/rustwide/target" "-e" "CARGO_INCREMENTAL=0" "-e" "RUST_BACKTRACE=full" "-e" "RUSTFLAGS=--cap-lints=forbid -Zrandomize-layout" "-e" "RUSTDOCFLAGS=--cap-lints=forbid" "-e" "CARGO_HOME=/opt/rustwide/cargo-home" "-e" "RUSTUP_HOME=/opt/rustwide/rustup-home" "-w" "/opt/rustwide/workdir" "-m" "1610612736" "--user" "0:0" "--network" "none" "ghcr.io/rust-lang/crates-build-env/linux@sha256:4a844ea9eb2546a2d2c7022eacef16ef2e8229c7fbb2c7d4d55a9ceca922f72d" "/opt/rustwide/cargo-home/bin/cargo" "+nightly-2024-10-28" "test" "--frozen", kill_on_drop: false }`
[INFO] [stdout] 071e2722c0231d97176edfc5628de4c4307e213e23c684a9fba539576f4708b0
[INFO] running `Command { std: "docker" "start" "-a" "071e2722c0231d97176edfc5628de4c4307e213e23c684a9fba539576f4708b0", kill_on_drop: false }`
[INFO] [stderr]     Finished `test` profile [unoptimized + debuginfo] target(s) in 0.08s
[INFO] [stderr]      Running unittests src/lib.rs (/opt/rustwide/target/debug/deps/rt_pods_client-095a0cb188044f52)
[INFO] [stdout] 
[INFO] [stdout] running 0 tests
[INFO] [stdout] 
[INFO] [stdout] test result: ok. 0 passed; 0 failed; 0 ignored; 0 measured; 0 filtered out; finished in 0.00s
[INFO] [stdout] 
[INFO] [stderr]    Doc-tests rt_pods_client
[INFO] [stdout] 
[INFO] [stdout] running 15 tests
[INFO] [stdout] test src/lib.rs - SearchOptionsBuilder::prepend_prefix (line 202) ... FAILED
[INFO] [stdout] test src/lib.rs - SearchOptionsBuilder::prepend_prefix (line 194) ... FAILED
[INFO] [stdout] test src/lib.rs - SearchOptions (line 84) ... FAILED
[INFO] [stdout] test src/lib.rs - RtPods::delete_radix_tree (line 780) ... FAILED
[INFO] [stdout] test src/lib.rs - RtPods::create_radix_tree (line 813) ... FAILED
[INFO] [stdout] test src/lib.rs - RtPods::insert (line 612) ... FAILED
[INFO] [stdout] test src/lib.rs - RtPods::remove (line 647) ... FAILED
[INFO] [stdout] test src/lib.rs - RtPods::sync (line 504) ... FAILED
[INFO] [stdout] test src/lib.rs - RtPods::contains (line 677) ... FAILED
[INFO] [stdout] test src/lib.rs - RtPods::new (line 367) ... FAILED
[INFO] [stdout] test src/lib.rs - RtPods (line 274) ... FAILED
[INFO] [stdout] test src/lib.rs - RtPods::search (line 549) ... FAILED
[INFO] [stdout] test src/lib.rs - RtPods::radix_tree_exists (line 857) ... FAILED
[INFO] [stdout] test src/lib.rs - RtPods::batch_operation (line 728) ... FAILED
[INFO] [stdout] test src/lib.rs - RtPods (line 226) ... FAILED
[INFO] [stdout] 
[INFO] [stdout] failures:
[INFO] [stdout] 
[INFO] [stdout] ---- src/lib.rs - SearchOptionsBuilder::prepend_prefix (line 202) stdout ----
[INFO] [stdout] error: expected expression, found `/`
[INFO] [stdout]  --> src/lib.rs:203:1
[INFO] [stdout]   |
[INFO] [stdout] 3 | /root/images
[INFO] [stdout]   | ^ expected expression
[INFO] [stdout] 
[INFO] [stdout] error: aborting due to 1 previous error
[INFO] [stdout] 
[INFO] [stdout] Couldn't compile the test.
[INFO] [stdout] ---- src/lib.rs - SearchOptionsBuilder::prepend_prefix (line 194) stdout ----
[INFO] [stdout] error: expected expression, found `/`
[INFO] [stdout]  --> src/lib.rs:195:1
[INFO] [stdout]   |
[INFO] [stdout] 3 | /images
[INFO] [stdout]   | ^ expected expression
[INFO] [stdout] 
[INFO] [stdout] error: aborting due to 1 previous error
[INFO] [stdout] 
[INFO] [stdout] Couldn't compile the test.
[INFO] [stdout] ---- src/lib.rs - SearchOptions (line 84) stdout ----
[INFO] [stdout] error: expected `;`, found `vec`
[INFO] [stdout]  --> src/lib.rs:87:2
[INFO] [stdout]   |
[INFO] [stdout] 5 | ]
[INFO] [stdout]   |  ^ help: add `;` here
[INFO] [stdout] 6 | vec![
[INFO] [stdout]   | --- unexpected token
[INFO] [stdout] 
[INFO] [stdout] error: expected `;`, found `vec`
[INFO] [stdout]  --> src/lib.rs:90:2
[INFO] [stdout]   |
[INFO] [stdout] 8 | ]
[INFO] [stdout]   |  ^ help: add `;` here
[INFO] [stdout] 9 | vec![
[INFO] [stdout]   | --- unexpected token
[INFO] [stdout] 
[INFO] [stdout] error: expected `;`, found `vec`
[INFO] [stdout]   --> src/lib.rs:94:2
[INFO] [stdout]    |
[INFO] [stdout] 12 | ]
[INFO] [stdout]    |  ^ help: add `;` here
[INFO] [stdout] 13 | vec![
[INFO] [stdout]    | --- unexpected token
[INFO] [stdout] 
[INFO] [stdout] error: expected identifier, found `...`
[INFO] [stdout]   --> src/lib.rs:96:47
[INFO] [stdout]    |
[INFO] [stdout] 14 |     SearchSort::Alphabetical(SearchSortOrder::...),
[INFO] [stdout]    |                                               ^^^ expected identifier
[INFO] [stdout] 
[INFO] [stdout] error: expected identifier, found `...`
[INFO] [stdout]   --> src/lib.rs:97:41
[INFO] [stdout]    |
[INFO] [stdout] 15 |     SearchSort::Length(SearchSortOrder::...),
[INFO] [stdout]    |                                         ^^^ expected identifier
[INFO] [stdout] 
[INFO] [stdout] error[E0308]: mismatched types
[INFO] [stdout]   --> src/lib.rs:95:1
[INFO] [stdout]    |
[INFO] [stdout] 2  |   fn main() { #[allow(non_snake_case)] fn _doctest_main_src_lib_rs_84_0() {
[INFO] [stdout]    |                                                                          - help: a return type might be missing here: `-> _`
[INFO] [stdout] ...
[INFO] [stdout] 13 | / vec![
[INFO] [stdout] 14 | |     SearchSort::Alphabetical(SearchSortOrder::...),
[INFO] [stdout] 15 | |     SearchSort::Length(SearchSortOrder::...),
[INFO] [stdout] 16 | | ]
[INFO] [stdout]    | |_^ expected `()`, found `Vec<_, _>`
[INFO] [stdout]    |
[INFO] [stdout]    = note: expected unit type `()`
[INFO] [stdout]                  found struct `Vec<_, _>`
[INFO] [stdout]    = note: this error originates in the macro `vec` (in Nightly builds, run with -Z macro-backtrace for more info)
[INFO] [stdout] 
[INFO] [stdout] error: aborting due to 6 previous errors
[INFO] [stdout] 
[INFO] [stdout] For more information about this error, try `rustc --explain E0308`.
[INFO] [stdout] Couldn't compile the test.
[INFO] [stdout] ---- src/lib.rs - RtPods::delete_radix_tree (line 780) stdout ----
[INFO] [stdout] error: unexpected token: `...`
[INFO] [stdout]  --> src/lib.rs:782:23
[INFO] [stdout]   |
[INFO] [stdout] 4 | let rt_pods: RtPods = ...;
[INFO] [stdout]   |                       ^^^
[INFO] [stdout]   |
[INFO] [stdout] help: use `..` for an exclusive range
[INFO] [stdout]   |
[INFO] [stdout] 4 | let rt_pods: RtPods = ..;
[INFO] [stdout]   |                       ~~
[INFO] [stdout] help: or `..=` for an inclusive range
[INFO] [stdout]   |
[INFO] [stdout] 4 | let rt_pods: RtPods = ..=;
[INFO] [stdout]   |                       ~~~
[INFO] [stdout] 
[INFO] [stdout] error[E0586]: inclusive range with no end
[INFO] [stdout]  --> src/lib.rs:782:23
[INFO] [stdout]   |
[INFO] [stdout] 4 | let rt_pods: RtPods = ...;
[INFO] [stdout]   |                       ^^^
[INFO] [stdout]   |
[INFO] [stdout]   = note: inclusive ranges must be bounded at the end (`..=b` or `a..=b`)
[INFO] [stdout] help: use `..` instead
[INFO] [stdout]   |
[INFO] [stdout] 4 - let rt_pods: RtPods = ...;
[INFO] [stdout] 4 + let rt_pods: RtPods = ..;
[INFO] [stdout]   |
[INFO] [stdout] 
[INFO] [stdout] error[E0412]: cannot find type `RtPods` in this scope
[INFO] [stdout]  --> src/lib.rs:782:14
[INFO] [stdout]   |
[INFO] [stdout] 4 | let rt_pods: RtPods = ...;
[INFO] [stdout]   |              ^^^^^^ not found in this scope
[INFO] [stdout]   |
[INFO] [stdout] help: consider importing this struct
[INFO] [stdout]   |
[INFO] [stdout] 3 + use rt_pods_client::RtPods;
[INFO] [stdout]   |
[INFO] [stdout] 
[INFO] [stdout] error[E0412]: cannot find type `DeleteRadixTreeResult` in this scope
[INFO] [stdout]  --> src/lib.rs:784:13
[INFO] [stdout]   |
[INFO] [stdout] 6 | let result: DeleteRadixTreeResult = rt_pods.delete_radix_tree("my_tree").await?;
[INFO] [stdout]   |             ^^^^^^^^^^^^^^^^^^^^^ not found in this scope
[INFO] [stdout]   |
[INFO] [stdout] help: consider importing this enum
[INFO] [stdout]   |
[INFO] [stdout] 3 + use rt_pods_client::results::DeleteRadixTreeResult;
[INFO] [stdout]   |
[INFO] [stdout] 
[INFO] [stdout] error[E0728]: `await` is only allowed inside `async` functions and blocks
[INFO] [stdout]  --> src/lib.rs:784:74
[INFO] [stdout]   |
[INFO] [stdout] 3 | fn main() { #[allow(non_snake_case)] fn _doctest_main_src_lib_rs_780_0() {
[INFO] [stdout]   |                                      ----------------------------------- this is not `async`
[INFO] [stdout] ...
[INFO] [stdout] 6 | let result: DeleteRadixTreeResult = rt_pods.delete_radix_tree("my_tree").await?;
[INFO] [stdout]   |                                                                          ^^^^^ only allowed inside `async` functions and blocks
[INFO] [stdout] 
[INFO] [stdout] error: aborting due to 5 previous errors
[INFO] [stdout] 
[INFO] [stdout] Some errors have detailed explanations: E0412, E0586, E0728.
[INFO] [stdout] For more information about an error, try `rustc --explain E0412`.
[INFO] [stdout] Couldn't compile the test.
[INFO] [stdout] ---- src/lib.rs - RtPods::create_radix_tree (line 813) stdout ----
[INFO] [stdout] error: unexpected token: `...`
[INFO] [stdout]  --> src/lib.rs:815:23
[INFO] [stdout]   |
[INFO] [stdout] 4 | let rt_pods: RtPods = ...;
[INFO] [stdout]   |                       ^^^
[INFO] [stdout]   |
[INFO] [stdout] help: use `..` for an exclusive range
[INFO] [stdout]   |
[INFO] [stdout] 4 | let rt_pods: RtPods = ..;
[INFO] [stdout]   |                       ~~
[INFO] [stdout] help: or `..=` for an inclusive range
[INFO] [stdout]   |
[INFO] [stdout] 4 | let rt_pods: RtPods = ..=;
[INFO] [stdout]   |                       ~~~
[INFO] [stdout] 
[INFO] [stdout] error[E0586]: inclusive range with no end
[INFO] [stdout]  --> src/lib.rs:815:23
[INFO] [stdout]   |
[INFO] [stdout] 4 | let rt_pods: RtPods = ...;
[INFO] [stdout]   |                       ^^^
[INFO] [stdout]   |
[INFO] [stdout]   = note: inclusive ranges must be bounded at the end (`..=b` or `a..=b`)
[INFO] [stdout] help: use `..` instead
[INFO] [stdout]   |
[INFO] [stdout] 4 - let rt_pods: RtPods = ...;
[INFO] [stdout] 4 + let rt_pods: RtPods = ..;
[INFO] [stdout]   |
[INFO] [stdout] 
[INFO] [stdout] error[E0412]: cannot find type `RtPods` in this scope
[INFO] [stdout]  --> src/lib.rs:815:14
[INFO] [stdout]   |
[INFO] [stdout] 4 | let rt_pods: RtPods = ...;
[INFO] [stdout]   |              ^^^^^^ not found in this scope
[INFO] [stdout]   |
[INFO] [stdout] help: consider importing this struct
[INFO] [stdout]   |
[INFO] [stdout] 3 + use rt_pods_client::RtPods;
[INFO] [stdout]   |
[INFO] [stdout] 
[INFO] [stdout] error[E0412]: cannot find type `CreateRadixTreeResult` in this scope
[INFO] [stdout]  --> src/lib.rs:817:13
[INFO] [stdout]   |
[INFO] [stdout] 6 | let result: CreateRadixTreeResult = rt_pods.create_radix_tree("my_tree").await?;
[INFO] [stdout]   |             ^^^^^^^^^^^^^^^^^^^^^ not found in this scope
[INFO] [stdout]   |
[INFO] [stdout] help: consider importing this enum
[INFO] [stdout]   |
[INFO] [stdout] 3 + use rt_pods_client::results::CreateRadixTreeResult;
[INFO] [stdout]   |
[INFO] [stdout] 
[INFO] [stdout] error[E0728]: `await` is only allowed inside `async` functions and blocks
[INFO] [stdout]  --> src/lib.rs:817:74
[INFO] [stdout]   |
[INFO] [stdout] 3 | fn main() { #[allow(non_snake_case)] fn _doctest_main_src_lib_rs_813_0() {
[INFO] [stdout]   |                                      ----------------------------------- this is not `async`
[INFO] [stdout] ...
[INFO] [stdout] 6 | let result: CreateRadixTreeResult = rt_pods.create_radix_tree("my_tree").await?;
[INFO] [stdout]   |                                                                          ^^^^^ only allowed inside `async` functions and blocks
[INFO] [stdout] 
[INFO] [stdout] error: aborting due to 5 previous errors
[INFO] [stdout] 
[INFO] [stdout] Some errors have detailed explanations: E0412, E0586, E0728.
[INFO] [stdout] For more information about an error, try `rustc --explain E0412`.
[INFO] [stdout] Couldn't compile the test.
[INFO] [stdout] ---- src/lib.rs - RtPods::insert (line 612) stdout ----
[INFO] [stdout] error: unexpected token: `...`
[INFO] [stdout]  --> src/lib.rs:614:23
[INFO] [stdout]   |
[INFO] [stdout] 4 | let rt_pods: RtPods = ...;
[INFO] [stdout]   |                       ^^^
[INFO] [stdout]   |
[INFO] [stdout] help: use `..` for an exclusive range
[INFO] [stdout]   |
[INFO] [stdout] 4 | let rt_pods: RtPods = ..;
[INFO] [stdout]   |                       ~~
[INFO] [stdout] help: or `..=` for an inclusive range
[INFO] [stdout]   |
[INFO] [stdout] 4 | let rt_pods: RtPods = ..=;
[INFO] [stdout]   |                       ~~~
[INFO] [stdout] 
[INFO] [stdout] error[E0586]: inclusive range with no end
[INFO] [stdout]  --> src/lib.rs:614:23
[INFO] [stdout]   |
[INFO] [stdout] 4 | let rt_pods: RtPods = ...;
[INFO] [stdout]   |                       ^^^
[INFO] [stdout]   |
[INFO] [stdout]   = note: inclusive ranges must be bounded at the end (`..=b` or `a..=b`)
[INFO] [stdout] help: use `..` instead
[INFO] [stdout]   |
[INFO] [stdout] 4 - let rt_pods: RtPods = ...;
[INFO] [stdout] 4 + let rt_pods: RtPods = ..;
[INFO] [stdout]   |
[INFO] [stdout] 
[INFO] [stdout] error[E0412]: cannot find type `RtPods` in this scope
[INFO] [stdout]  --> src/lib.rs:614:14
[INFO] [stdout]   |
[INFO] [stdout] 4 | let rt_pods: RtPods = ...;
[INFO] [stdout]   |              ^^^^^^ not found in this scope
[INFO] [stdout]   |
[INFO] [stdout] help: consider importing this struct
[INFO] [stdout]   |
[INFO] [stdout] 3 + use rt_pods_client::RtPods;
[INFO] [stdout]   |
[INFO] [stdout] 
[INFO] [stdout] error[E0412]: cannot find type `InsertResult` in this scope
[INFO] [stdout]  --> src/lib.rs:616:13
[INFO] [stdout]   |
[INFO] [stdout] 6 | let result: InsertResult = rt_pods.insert("my_tree", "my_string").await?;
[INFO] [stdout]   |             ^^^^^^^^^^^^ not found in this scope
[INFO] [stdout]   |
[INFO] [stdout] help: consider importing this enum
[INFO] [stdout]   |
[INFO] [stdout] 3 + use rt_pods_client::results::InsertResult;
[INFO] [stdout]   |
[INFO] [stdout] 
[INFO] [stdout] error[E0728]: `await` is only allowed inside `async` functions and blocks
[INFO] [stdout]  --> src/lib.rs:616:67
[INFO] [stdout]   |
[INFO] [stdout] 3 | fn main() { #[allow(non_snake_case)] fn _doctest_main_src_lib_rs_612_0() {
[INFO] [stdout]   |                                      ----------------------------------- this is not `async`
[INFO] [stdout] ...
[INFO] [stdout] 6 | let result: InsertResult = rt_pods.insert("my_tree", "my_string").await?;
[INFO] [stdout]   |                                                                   ^^^^^ only allowed inside `async` functions and blocks
[INFO] [stdout] 
[INFO] [stdout] error: aborting due to 5 previous errors
[INFO] [stdout] 
[INFO] [stdout] Some errors have detailed explanations: E0412, E0586, E0728.
[INFO] [stdout] For more information about an error, try `rustc --explain E0412`.
[INFO] [stdout] Couldn't compile the test.
[INFO] [stdout] ---- src/lib.rs - RtPods::remove (line 647) stdout ----
[INFO] [stdout] error: unexpected token: `...`
[INFO] [stdout]  --> src/lib.rs:649:23
[INFO] [stdout]   |
[INFO] [stdout] 4 | let rt_pods: RtPods = ...;
[INFO] [stdout]   |                       ^^^
[INFO] [stdout]   |
[INFO] [stdout] help: use `..` for an exclusive range
[INFO] [stdout]   |
[INFO] [stdout] 4 | let rt_pods: RtPods = ..;
[INFO] [stdout]   |                       ~~
[INFO] [stdout] help: or `..=` for an inclusive range
[INFO] [stdout]   |
[INFO] [stdout] 4 | let rt_pods: RtPods = ..=;
[INFO] [stdout]   |                       ~~~
[INFO] [stdout] 
[INFO] [stdout] error[E0586]: inclusive range with no end
[INFO] [stdout]  --> src/lib.rs:649:23
[INFO] [stdout]   |
[INFO] [stdout] 4 | let rt_pods: RtPods = ...;
[INFO] [stdout]   |                       ^^^
[INFO] [stdout]   |
[INFO] [stdout]   = note: inclusive ranges must be bounded at the end (`..=b` or `a..=b`)
[INFO] [stdout] help: use `..` instead
[INFO] [stdout]   |
[INFO] [stdout] 4 - let rt_pods: RtPods = ...;
[INFO] [stdout] 4 + let rt_pods: RtPods = ..;
[INFO] [stdout]   |
[INFO] [stdout] 
[INFO] [stdout] error[E0412]: cannot find type `RtPods` in this scope
[INFO] [stdout]  --> src/lib.rs:649:14
[INFO] [stdout]   |
[INFO] [stdout] 4 | let rt_pods: RtPods = ...;
[INFO] [stdout]   |              ^^^^^^ not found in this scope
[INFO] [stdout]   |
[INFO] [stdout] help: consider importing this struct
[INFO] [stdout]   |
[INFO] [stdout] 3 + use rt_pods_client::RtPods;
[INFO] [stdout]   |
[INFO] [stdout] 
[INFO] [stdout] error[E0412]: cannot find type `RemoveResult` in this scope
[INFO] [stdout]  --> src/lib.rs:651:13
[INFO] [stdout]   |
[INFO] [stdout] 6 | let result: RemoveResult = rt_pods.remove("my_tree", "my_string").await?;
[INFO] [stdout]   |             ^^^^^^^^^^^^ not found in this scope
[INFO] [stdout]   |
[INFO] [stdout] help: consider importing this enum
[INFO] [stdout]   |
[INFO] [stdout] 3 + use rt_pods_client::results::RemoveResult;
[INFO] [stdout]   |
[INFO] [stdout] 
[INFO] [stdout] error[E0728]: `await` is only allowed inside `async` functions and blocks
[INFO] [stdout]  --> src/lib.rs:651:67
[INFO] [stdout]   |
[INFO] [stdout] 3 | fn main() { #[allow(non_snake_case)] fn _doctest_main_src_lib_rs_647_0() {
[INFO] [stdout]   |                                      ----------------------------------- this is not `async`
[INFO] [stdout] ...
[INFO] [stdout] 6 | let result: RemoveResult = rt_pods.remove("my_tree", "my_string").await?;
[INFO] [stdout]   |                                                                   ^^^^^ only allowed inside `async` functions and blocks
[INFO] [stdout] 
[INFO] [stdout] error: aborting due to 5 previous errors
[INFO] [stdout] 
[INFO] [stdout] Some errors have detailed explanations: E0412, E0586, E0728.
[INFO] [stdout] For more information about an error, try `rustc --explain E0412`.
[INFO] [stdout] Couldn't compile the test.
[INFO] [stdout] ---- src/lib.rs - RtPods::sync (line 504) stdout ----
[INFO] [stdout] error[E0433]: failed to resolve: use of undeclared type `RtPods`
[INFO] [stdout]  --> src/lib.rs:505:15
[INFO] [stdout]   |
[INFO] [stdout] 3 | let rt_pods = RtPods::new(vec![
[INFO] [stdout]   |               ^^^^^^ use of undeclared type `RtPods`
[INFO] [stdout]   |
[INFO] [stdout] help: consider importing this struct
[INFO] [stdout]   |
[INFO] [stdout] 2 + use rt_pods_client::RtPods;
[INFO] [stdout]   |
[INFO] [stdout] 
[INFO] [stdout] error[E0425]: cannot find function `sleep` in this scope
[INFO] [stdout]   --> src/lib.rs:517:9
[INFO] [stdout]    |
[INFO] [stdout] 15 |         sleep(Duration::from_secs(60)).await;
[INFO] [stdout]    |         ^^^^^ not found in this scope
[INFO] [stdout]    |
[INFO] [stdout] help: consider importing one of these functions
[INFO] [stdout]    |
[INFO] [stdout] 2  + use std::thread::sleep;
[INFO] [stdout]    |
[INFO] [stdout] 2  + use tokio::time::sleep;
[INFO] [stdout]    |
[INFO] [stdout] 
[INFO] [stdout] error[E0433]: failed to resolve: use of undeclared type `Duration`
[INFO] [stdout]   --> src/lib.rs:517:15
[INFO] [stdout]    |
[INFO] [stdout] 15 |         sleep(Duration::from_secs(60)).await;
[INFO] [stdout]    |               ^^^^^^^^ use of undeclared type `Duration`
[INFO] [stdout]    |
[INFO] [stdout] help: consider importing one of these structs
[INFO] [stdout]    |
[INFO] [stdout] 2  + use std::time::Duration;
[INFO] [stdout]    |
[INFO] [stdout] 2  + use tokio::time::Duration;
[INFO] [stdout]    |
[INFO] [stdout] 
[INFO] [stdout] error[E0728]: `await` is only allowed inside `async` functions and blocks
[INFO] [stdout]  --> src/lib.rs:511:16
[INFO] [stdout]   |
[INFO] [stdout] 2 | fn main() { #[allow(non_snake_case)] fn _doctest_main_src_lib_rs_504_0() {
[INFO] [stdout]   |                                      ----------------------------------- this is not `async`
[INFO] [stdout] ...
[INFO] [stdout] 9 | rt_pods.sync().await;
[INFO] [stdout]   |                ^^^^^ only allowed inside `async` functions and blocks
[INFO] [stdout] 
[INFO] [stdout] error: aborting due to 4 previous errors
[INFO] [stdout] 
[INFO] [stdout] Some errors have detailed explanations: E0425, E0433, E0728.
[INFO] [stdout] For more information about an error, try `rustc --explain E0425`.
[INFO] [stdout] Couldn't compile the test.
[INFO] [stdout] ---- src/lib.rs - RtPods::contains (line 677) stdout ----
[INFO] [stdout] error: unexpected token: `...`
[INFO] [stdout]  --> src/lib.rs:679:23
[INFO] [stdout]   |
[INFO] [stdout] 4 | let rt_pods: RtPods = ...;
[INFO] [stdout]   |                       ^^^
[INFO] [stdout]   |
[INFO] [stdout] help: use `..` for an exclusive range
[INFO] [stdout]   |
[INFO] [stdout] 4 | let rt_pods: RtPods = ..;
[INFO] [stdout]   |                       ~~
[INFO] [stdout] help: or `..=` for an inclusive range
[INFO] [stdout]   |
[INFO] [stdout] 4 | let rt_pods: RtPods = ..=;
[INFO] [stdout]   |                       ~~~
[INFO] [stdout] 
[INFO] [stdout] error[E0586]: inclusive range with no end
[INFO] [stdout]  --> src/lib.rs:679:23
[INFO] [stdout]   |
[INFO] [stdout] 4 | let rt_pods: RtPods = ...;
[INFO] [stdout]   |                       ^^^
[INFO] [stdout]   |
[INFO] [stdout]   = note: inclusive ranges must be bounded at the end (`..=b` or `a..=b`)
[INFO] [stdout] help: use `..` instead
[INFO] [stdout]   |
[INFO] [stdout] 4 - let rt_pods: RtPods = ...;
[INFO] [stdout] 4 + let rt_pods: RtPods = ..;
[INFO] [stdout]   |
[INFO] [stdout] 
[INFO] [stdout] error[E0412]: cannot find type `RtPods` in this scope
[INFO] [stdout]  --> src/lib.rs:679:14
[INFO] [stdout]   |
[INFO] [stdout] 4 | let rt_pods: RtPods = ...;
[INFO] [stdout]   |              ^^^^^^ not found in this scope
[INFO] [stdout]   |
[INFO] [stdout] help: consider importing this struct
[INFO] [stdout]   |
[INFO] [stdout] 3 + use rt_pods_client::RtPods;
[INFO] [stdout]   |
[INFO] [stdout] 
[INFO] [stdout] error[E0412]: cannot find type `ContainsResult` in this scope
[INFO] [stdout]  --> src/lib.rs:681:13
[INFO] [stdout]   |
[INFO] [stdout] 6 | let result: ContainsResult = rt_pods.contains("my_tree", "my_string").await?;
[INFO] [stdout]   |             ^^^^^^^^^^^^^^ not found in this scope
[INFO] [stdout]   |
[INFO] [stdout] help: consider importing this enum
[INFO] [stdout]   |
[INFO] [stdout] 3 + use rt_pods_client::results::ContainsResult;
[INFO] [stdout]   |
[INFO] [stdout] 
[INFO] [stdout] error[E0728]: `await` is only allowed inside `async` functions and blocks
[INFO] [stdout]  --> src/lib.rs:681:71
[INFO] [stdout]   |
[INFO] [stdout] 3 | fn main() { #[allow(non_snake_case)] fn _doctest_main_src_lib_rs_677_0() {
[INFO] [stdout]   |                                      ----------------------------------- this is not `async`
[INFO] [stdout] ...
[INFO] [stdout] 6 | let result: ContainsResult = rt_pods.contains("my_tree", "my_string").await?;
[INFO] [stdout]   |                                                                       ^^^^^ only allowed inside `async` functions and blocks
[INFO] [stdout] 
[INFO] [stdout] error: aborting due to 5 previous errors
[INFO] [stdout] 
[INFO] [stdout] Some errors have detailed explanations: E0412, E0586, E0728.
[INFO] [stdout] For more information about an error, try `rustc --explain E0412`.
[INFO] [stdout] Couldn't compile the test.
[INFO] [stdout] ---- src/lib.rs - RtPods::new (line 367) stdout ----
[INFO] [stdout] error[E0433]: failed to resolve: use of undeclared type `RtPods`
[INFO] [stdout]  --> src/lib.rs:370:15
[INFO] [stdout]   |
[INFO] [stdout] 5 | let rt_pods = RtPods::new(vec![
[INFO] [stdout]   |               ^^^^^^ use of undeclared type `RtPods`
[INFO] [stdout]   |
[INFO] [stdout] help: consider importing this struct
[INFO] [stdout]   |
[INFO] [stdout] 4 + use rt_pods_client::RtPods;
[INFO] [stdout]   |
[INFO] [stdout] 
[INFO] [stdout] error[E0433]: failed to resolve: use of undeclared type `RtPods`
[INFO] [stdout]   --> src/lib.rs:375:15
[INFO] [stdout]    |
[INFO] [stdout] 10 | let rt_pods = RtPods::new(vec![
[INFO] [stdout]    |               ^^^^^^ use of undeclared type `RtPods`
[INFO] [stdout]    |
[INFO] [stdout] help: consider importing this struct
[INFO] [stdout]    |
[INFO] [stdout] 4  + use rt_pods_client::RtPods;
[INFO] [stdout]    |
[INFO] [stdout] 
[INFO] [stdout] error[E0425]: cannot find function `sleep` in this scope
[INFO] [stdout]   --> src/lib.rs:391:9
[INFO] [stdout]    |
[INFO] [stdout] 26 |         sleep(Duration::from_secs(60)).await;
[INFO] [stdout]    |         ^^^^^ not found in this scope
[INFO] [stdout]    |
[INFO] [stdout] help: consider importing one of these functions
[INFO] [stdout]    |
[INFO] [stdout] 4  + use std::thread::sleep;
[INFO] [stdout]    |
[INFO] [stdout] 4  + use tokio::time::sleep;
[INFO] [stdout]    |
[INFO] [stdout] 
[INFO] [stdout] error[E0433]: failed to resolve: use of undeclared type `Duration`
[INFO] [stdout]   --> src/lib.rs:391:15
[INFO] [stdout]    |
[INFO] [stdout] 26 |         sleep(Duration::from_secs(60)).await;
[INFO] [stdout]    |               ^^^^^^^^ use of undeclared type `Duration`
[INFO] [stdout]    |
[INFO] [stdout] help: consider importing one of these structs
[INFO] [stdout]    |
[INFO] [stdout] 4  + use std::time::Duration;
[INFO] [stdout]    |
[INFO] [stdout] 4  + use tokio::time::Duration;
[INFO] [stdout]    |
[INFO] [stdout] 
[INFO] [stdout] error[E0728]: `await` is only allowed inside `async` functions and blocks
[INFO] [stdout]   --> src/lib.rs:382:16
[INFO] [stdout]    |
[INFO] [stdout] 4  | fn main() { #[allow(non_snake_case)] fn _doctest_main_src_lib_rs_367_0() {
[INFO] [stdout]    |                                      ----------------------------------- this is not `async`
[INFO] [stdout] ...
[INFO] [stdout] 17 | rt_pods.sync().await;
[INFO] [stdout]    |                ^^^^^ only allowed inside `async` functions and blocks
[INFO] [stdout] 
[INFO] [stdout] error: aborting due to 5 previous errors
[INFO] [stdout] 
[INFO] [stdout] Some errors have detailed explanations: E0425, E0433, E0728.
[INFO] [stdout] For more information about an error, try `rustc --explain E0425`.
[INFO] [stdout] Couldn't compile the test.
[INFO] [stdout] ---- src/lib.rs - RtPods (line 274) stdout ----
[INFO] [stdout] error[E0433]: failed to resolve: use of undeclared type `RtPods`
[INFO] [stdout]  --> src/lib.rs:277:15
[INFO] [stdout]   |
[INFO] [stdout] 5 | let rt_pods = RtPods::new(vec![
[INFO] [stdout]   |               ^^^^^^ use of undeclared type `RtPods`
[INFO] [stdout]   |
[INFO] [stdout] help: consider importing this struct
[INFO] [stdout]   |
[INFO] [stdout] 4 + use rt_pods_client::RtPods;
[INFO] [stdout]   |
[INFO] [stdout] 
[INFO] [stdout] error[E0425]: cannot find function `sleep` in this scope
[INFO] [stdout]   --> src/lib.rs:293:9
[INFO] [stdout]    |
[INFO] [stdout] 21 |         sleep(Duration::from_secs(60)).await;
[INFO] [stdout]    |         ^^^^^ not found in this scope
[INFO] [stdout]    |
[INFO] [stdout] help: consider importing one of these functions
[INFO] [stdout]    |
[INFO] [stdout] 4  + use std::thread::sleep;
[INFO] [stdout]    |
[INFO] [stdout] 4  + use tokio::time::sleep;
[INFO] [stdout]    |
[INFO] [stdout] 
[INFO] [stdout] error[E0433]: failed to resolve: use of undeclared type `Duration`
[INFO] [stdout]   --> src/lib.rs:293:15
[INFO] [stdout]    |
[INFO] [stdout] 21 |         sleep(Duration::from_secs(60)).await;
[INFO] [stdout]    |               ^^^^^^^^ use of undeclared type `Duration`
[INFO] [stdout]    |
[INFO] [stdout] help: consider importing one of these structs
[INFO] [stdout]    |
[INFO] [stdout] 4  + use std::time::Duration;
[INFO] [stdout]    |
[INFO] [stdout] 4  + use tokio::time::Duration;
[INFO] [stdout]    |
[INFO] [stdout] 
[INFO] [stdout] error[E0728]: `await` is only allowed inside `async` functions and blocks
[INFO] [stdout]   --> src/lib.rs:284:16
[INFO] [stdout]    |
[INFO] [stdout] 4  | fn main() { #[allow(non_snake_case)] fn _doctest_main_src_lib_rs_274_0() {
[INFO] [stdout]    |                                      ----------------------------------- this is not `async`
[INFO] [stdout] ...
[INFO] [stdout] 12 | rt_pods.sync().await;
[INFO] [stdout]    |                ^^^^^ only allowed inside `async` functions and blocks
[INFO] [stdout] 
[INFO] [stdout] error: aborting due to 4 previous errors
[INFO] [stdout] 
[INFO] [stdout] Some errors have detailed explanations: E0425, E0433, E0728.
[INFO] [stdout] For more information about an error, try `rustc --explain E0425`.
[INFO] [stdout] Couldn't compile the test.
[INFO] [stdout] ---- src/lib.rs - RtPods::search (line 549) stdout ----
[INFO] [stdout] error: unexpected token: `...`
[INFO] [stdout]  --> src/lib.rs:551:23
[INFO] [stdout]   |
[INFO] [stdout] 4 | let rt_pods: RtPods = ...;
[INFO] [stdout]   |                       ^^^
[INFO] [stdout]   |
[INFO] [stdout] help: use `..` for an exclusive range
[INFO] [stdout]   |
[INFO] [stdout] 4 | let rt_pods: RtPods = ..;
[INFO] [stdout]   |                       ~~
[INFO] [stdout] help: or `..=` for an inclusive range
[INFO] [stdout]   |
[INFO] [stdout] 4 | let rt_pods: RtPods = ..=;
[INFO] [stdout]   |                       ~~~
[INFO] [stdout] 
[INFO] [stdout] error[E0586]: inclusive range with no end
[INFO] [stdout]  --> src/lib.rs:551:23
[INFO] [stdout]   |
[INFO] [stdout] 4 | let rt_pods: RtPods = ...;
[INFO] [stdout]   |                       ^^^
[INFO] [stdout]   |
[INFO] [stdout]   = note: inclusive ranges must be bounded at the end (`..=b` or `a..=b`)
[INFO] [stdout] help: use `..` instead
[INFO] [stdout]   |
[INFO] [stdout] 4 - let rt_pods: RtPods = ...;
[INFO] [stdout] 4 + let rt_pods: RtPods = ..;
[INFO] [stdout]   |
[INFO] [stdout] 
[INFO] [stdout] error[E0412]: cannot find type `RtPods` in this scope
[INFO] [stdout]  --> src/lib.rs:551:14
[INFO] [stdout]   |
[INFO] [stdout] 4 | let rt_pods: RtPods = ...;
[INFO] [stdout]   |              ^^^^^^ not found in this scope
[INFO] [stdout]   |
[INFO] [stdout] help: consider importing this struct
[INFO] [stdout]   |
[INFO] [stdout] 3 + use rt_pods_client::RtPods;
[INFO] [stdout]   |
[INFO] [stdout] 
[INFO] [stdout] error[E0412]: cannot find type `SearchResult` in this scope
[INFO] [stdout]  --> src/lib.rs:553:13
[INFO] [stdout]   |
[INFO] [stdout] 6 | let result: SearchResult = rt_pods.search(
[INFO] [stdout]   |             ^^^^^^^^^^^^ not found in this scope
[INFO] [stdout]   |
[INFO] [stdout] help: consider importing this enum
[INFO] [stdout]   |
[INFO] [stdout] 3 + use rt_pods_client::results::SearchResult;
[INFO] [stdout]   |
[INFO] [stdout] 
[INFO] [stdout] error[E0433]: failed to resolve: use of undeclared type `SearchOptionsBuilder`
[INFO] [stdout]  --> src/lib.rs:556:5
[INFO] [stdout]   |
[INFO] [stdout] 9 |     SearchOptionsBuilder::new(12)
[INFO] [stdout]   |     ^^^^^^^^^^^^^^^^^^^^ use of undeclared type `SearchOptionsBuilder`
[INFO] [stdout]   |
[INFO] [stdout] help: consider importing this struct
[INFO] [stdout]   |
[INFO] [stdout] 3 + use rt_pods_client::SearchOptionsBuilder;
[INFO] [stdout]   |
[INFO] [stdout] 
[INFO] [stdout] error[E0433]: failed to resolve: use of undeclared type `SearchSort`
[INFO] [stdout]   --> src/lib.rs:557:19
[INFO] [stdout]    |
[INFO] [stdout] 10 |        .sort(vec![SearchSort::Length(SearchSortOrder::Ascending)])
[INFO] [stdout]    |                   ^^^^^^^^^^ use of undeclared type `SearchSort`
[INFO] [stdout]    |
[INFO] [stdout] help: consider importing this enum
[INFO] [stdout]    |
[INFO] [stdout] 3  + use rt_pods_client::SearchSort;
[INFO] [stdout]    |
[INFO] [stdout] 
[INFO] [stdout] error[E0433]: failed to resolve: use of undeclared type `SearchSortOrder`
[INFO] [stdout]   --> src/lib.rs:557:38
[INFO] [stdout]    |
[INFO] [stdout] 10 |        .sort(vec![SearchSort::Length(SearchSortOrder::Ascending)])
[INFO] [stdout]    |                                      ^^^^^^^^^^^^^^^ use of undeclared type `SearchSortOrder`
[INFO] [stdout]    |
[INFO] [stdout] help: consider importing this enum
[INFO] [stdout]    |
[INFO] [stdout] 3  + use rt_pods_client::SearchSortOrder;
[INFO] [stdout]    |
[INFO] [stdout] 
[INFO] [stdout] error[E0728]: `await` is only allowed inside `async` functions and blocks
[INFO] [stdout]   --> src/lib.rs:560:3
[INFO] [stdout]    |
[INFO] [stdout] 3  | fn main() { #[allow(non_snake_case)] fn _doctest_main_src_lib_rs_549_0() {
[INFO] [stdout]    |                                      ----------------------------------- this is not `async`
[INFO] [stdout] ...
[INFO] [stdout] 13 | ).await?;
[INFO] [stdout]    |   ^^^^^ only allowed inside `async` functions and blocks
[INFO] [stdout] 
[INFO] [stdout] error: aborting due to 8 previous errors
[INFO] [stdout] 
[INFO] [stdout] Some errors have detailed explanations: E0412, E0433, E0586, E0728.
[INFO] [stdout] For more information about an error, try `rustc --explain E0412`.
[INFO] [stdout] Couldn't compile the test.
[INFO] [stdout] ---- src/lib.rs - RtPods::radix_tree_exists (line 857) stdout ----
[INFO] [stdout] error: unexpected token: `...`
[INFO] [stdout]  --> src/lib.rs:859:23
[INFO] [stdout]   |
[INFO] [stdout] 4 | let rt_pods: RtPods = ...;
[INFO] [stdout]   |                       ^^^
[INFO] [stdout]   |
[INFO] [stdout] help: use `..` for an exclusive range
[INFO] [stdout]   |
[INFO] [stdout] 4 | let rt_pods: RtPods = ..;
[INFO] [stdout]   |                       ~~
[INFO] [stdout] help: or `..=` for an inclusive range
[INFO] [stdout]   |
[INFO] [stdout] 4 | let rt_pods: RtPods = ..=;
[INFO] [stdout]   |                       ~~~
[INFO] [stdout] 
[INFO] [stdout] error[E0586]: inclusive range with no end
[INFO] [stdout]  --> src/lib.rs:859:23
[INFO] [stdout]   |
[INFO] [stdout] 4 | let rt_pods: RtPods = ...;
[INFO] [stdout]   |                       ^^^
[INFO] [stdout]   |
[INFO] [stdout]   = note: inclusive ranges must be bounded at the end (`..=b` or `a..=b`)
[INFO] [stdout] help: use `..` instead
[INFO] [stdout]   |
[INFO] [stdout] 4 - let rt_pods: RtPods = ...;
[INFO] [stdout] 4 + let rt_pods: RtPods = ..;
[INFO] [stdout]   |
[INFO] [stdout] 
[INFO] [stdout] error[E0412]: cannot find type `RtPods` in this scope
[INFO] [stdout]  --> src/lib.rs:859:14
[INFO] [stdout]   |
[INFO] [stdout] 4 | let rt_pods: RtPods = ...;
[INFO] [stdout]   |              ^^^^^^ not found in this scope
[INFO] [stdout]   |
[INFO] [stdout] help: consider importing this struct
[INFO] [stdout]   |
[INFO] [stdout] 3 + use rt_pods_client::RtPods;
[INFO] [stdout]   |
[INFO] [stdout] 
[INFO] [stdout] error[E0412]: cannot find type `RadixTreeExistsResult` in this scope
[INFO] [stdout]  --> src/lib.rs:861:13
[INFO] [stdout]   |
[INFO] [stdout] 6 | let result: RadixTreeExistsResult = rt_pods.radix_tree_exists("my_tree").await?;
[INFO] [stdout]   |             ^^^^^^^^^^^^^^^^^^^^^ not found in this scope
[INFO] [stdout]   |
[INFO] [stdout] help: consider importing this enum
[INFO] [stdout]   |
[INFO] [stdout] 3 + use rt_pods_client::results::RadixTreeExistsResult;
[INFO] [stdout]   |
[INFO] [stdout] 
[INFO] [stdout] error[E0728]: `await` is only allowed inside `async` functions and blocks
[INFO] [stdout]  --> src/lib.rs:861:74
[INFO] [stdout]   |
[INFO] [stdout] 3 | fn main() { #[allow(non_snake_case)] fn _doctest_main_src_lib_rs_857_0() {
[INFO] [stdout]   |                                      ----------------------------------- this is not `async`
[INFO] [stdout] ...
[INFO] [stdout] 6 | let result: RadixTreeExistsResult = rt_pods.radix_tree_exists("my_tree").await?;
[INFO] [stdout]   |                                                                          ^^^^^ only allowed inside `async` functions and blocks
[INFO] [stdout] 
[INFO] [stdout] error: aborting due to 5 previous errors
[INFO] [stdout] 
[INFO] [stdout] Some errors have detailed explanations: E0412, E0586, E0728.
[INFO] [stdout] For more information about an error, try `rustc --explain E0412`.
[INFO] [stdout] Couldn't compile the test.
[INFO] [stdout] ---- src/lib.rs - RtPods::batch_operation (line 728) stdout ----
[INFO] [stdout] error: unexpected token: `...`
[INFO] [stdout]  --> src/lib.rs:730:23
[INFO] [stdout]   |
[INFO] [stdout] 4 | let rt_pods: RtPods = ...;
[INFO] [stdout]   |                       ^^^
[INFO] [stdout]   |
[INFO] [stdout] help: use `..` for an exclusive range
[INFO] [stdout]   |
[INFO] [stdout] 4 | let rt_pods: RtPods = ..;
[INFO] [stdout]   |                       ~~
[INFO] [stdout] help: or `..=` for an inclusive range
[INFO] [stdout]   |
[INFO] [stdout] 4 | let rt_pods: RtPods = ..=;
[INFO] [stdout]   |                       ~~~
[INFO] [stdout] 
[INFO] [stdout] error[E0586]: inclusive range with no end
[INFO] [stdout]  --> src/lib.rs:730:23
[INFO] [stdout]   |
[INFO] [stdout] 4 | let rt_pods: RtPods = ...;
[INFO] [stdout]   |                       ^^^
[INFO] [stdout]   |
[INFO] [stdout]   = note: inclusive ranges must be bounded at the end (`..=b` or `a..=b`)
[INFO] [stdout] help: use `..` instead
[INFO] [stdout]   |
[INFO] [stdout] 4 - let rt_pods: RtPods = ...;
[INFO] [stdout] 4 + let rt_pods: RtPods = ..;
[INFO] [stdout]   |
[INFO] [stdout] 
[INFO] [stdout] error[E0412]: cannot find type `RtPods` in this scope
[INFO] [stdout]  --> src/lib.rs:730:14
[INFO] [stdout]   |
[INFO] [stdout] 4 | let rt_pods: RtPods = ...;
[INFO] [stdout]   |              ^^^^^^ not found in this scope
[INFO] [stdout]   |
[INFO] [stdout] help: consider importing this struct
[INFO] [stdout]   |
[INFO] [stdout] 3 + use rt_pods_client::RtPods;
[INFO] [stdout]   |
[INFO] [stdout] 
[INFO] [stdout] error[E0412]: cannot find type `BatchOperationResult` in this scope
[INFO] [stdout]  --> src/lib.rs:732:13
[INFO] [stdout]   |
[INFO] [stdout] 6 | let result: BatchOperationResult = rt_pods.batch_operation(
[INFO] [stdout]   |             ^^^^^^^^^^^^^^^^^^^^ not found in this scope
[INFO] [stdout]   |
[INFO] [stdout] help: consider importing this enum
[INFO] [stdout]   |
[INFO] [stdout] 3 + use rt_pods_client::results::BatchOperationResult;
[INFO] [stdout]   |
[INFO] [stdout] 
[INFO] [stdout] error[E0433]: failed to resolve: use of undeclared type `BatchOperation`
[INFO] [stdout]  --> src/lib.rs:735:9
[INFO] [stdout]   |
[INFO] [stdout] 9 |         BatchOperation::Insert("1337"),
[INFO] [stdout]   |         ^^^^^^^^^^^^^^ use of undeclared type `BatchOperation`
[INFO] [stdout]   |
[INFO] [stdout] help: consider importing this enum
[INFO] [stdout]   |
[INFO] [stdout] 3 + use rt_pods_client::BatchOperation;
[INFO] [stdout]   |
[INFO] [stdout] 
[INFO] [stdout] error[E0433]: failed to resolve: use of undeclared type `BatchOperation`
[INFO] [stdout]   --> src/lib.rs:736:9
[INFO] [stdout]    |
[INFO] [stdout] 10 |         BatchOperation::Insert("shark"),
[INFO] [stdout]    |         ^^^^^^^^^^^^^^ use of undeclared type `BatchOperation`
[INFO] [stdout]    |
[INFO] [stdout] help: consider importing this enum
[INFO] [stdout]    |
[INFO] [stdout] 3  + use rt_pods_client::BatchOperation;
[INFO] [stdout]    |
[INFO] [stdout] 
[INFO] [stdout] error[E0433]: failed to resolve: use of undeclared type `BatchOperation`
[INFO] [stdout]   --> src/lib.rs:737:9
[INFO] [stdout]    |
[INFO] [stdout] 11 |         BatchOperation::Remove("penguin"),
[INFO] [stdout]    |         ^^^^^^^^^^^^^^ use of undeclared type `BatchOperation`
[INFO] [stdout]    |
[INFO] [stdout] help: consider importing this enum
[INFO] [stdout]    |
[INFO] [stdout] 3  + use rt_pods_client::BatchOperation;
[INFO] [stdout]    |
[INFO] [stdout] 
[INFO] [stdout] error[E0728]: `await` is only allowed inside `async` functions and blocks
[INFO] [stdout]   --> src/lib.rs:739:3
[INFO] [stdout]    |
[INFO] [stdout] 3  | fn main() { #[allow(non_snake_case)] fn _doctest_main_src_lib_rs_728_0() {
[INFO] [stdout]    |                                      ----------------------------------- this is not `async`
[INFO] [stdout] ...
[INFO] [stdout] 13 | ).await?;
[INFO] [stdout]    |   ^^^^^ only allowed inside `async` functions and blocks
[INFO] [stdout] 
[INFO] [stdout] error: aborting due to 8 previous errors
[INFO] [stdout] 
[INFO] [stdout] Some errors have detailed explanations: E0412, E0433, E0586, E0728.
[INFO] [stdout] For more information about an error, try `rustc --explain E0412`.
[INFO] [stdout] Couldn't compile the test.
[INFO] [stdout] ---- src/lib.rs - RtPods (line 226) stdout ----
[INFO] [stdout] error[E0433]: failed to resolve: use of undeclared type `RtPods`
[INFO] [stdout]  --> src/lib.rs:228:15
[INFO] [stdout]   |
[INFO] [stdout] 4 | let rt_pods = RtPods::new(vec!["127.0.0.1:1337"], None)?;
[INFO] [stdout]   |               ^^^^^^ use of undeclared type `RtPods`
[INFO] [stdout]   |
[INFO] [stdout] help: consider importing this struct
[INFO] [stdout]   |
[INFO] [stdout] 3 + use rt_pods_client::RtPods;
[INFO] [stdout]   |
[INFO] [stdout] 
[INFO] [stdout] error[E0433]: failed to resolve: use of undeclared type `BatchOperation`
[INFO] [stdout]   --> src/lib.rs:236:12
[INFO] [stdout]    |
[INFO] [stdout] 12 |            BatchOperation::Insert("/root".to_string()),
[INFO] [stdout]    |            ^^^^^^^^^^^^^^ use of undeclared type `BatchOperation`
[INFO] [stdout]    |
[INFO] [stdout] help: consider importing this enum
[INFO] [stdout]    |
[INFO] [stdout] 3  + use rt_pods_client::BatchOperation;
[INFO] [stdout]    |
[INFO] [stdout] 
[INFO] [stdout] error[E0433]: failed to resolve: use of undeclared type `BatchOperation`
[INFO] [stdout]   --> src/lib.rs:237:12
[INFO] [stdout]    |
[INFO] [stdout] 13 |            BatchOperation::Insert("/root/images".to_string()),
[INFO] [stdout]    |            ^^^^^^^^^^^^^^ use of undeclared type `BatchOperation`
[INFO] [stdout]    |
[INFO] [stdout] help: consider importing this enum
[INFO] [stdout]    |
[INFO] [stdout] 3  + use rt_pods_client::BatchOperation;
[INFO] [stdout]    |
[INFO] [stdout] 
[INFO] [stdout] error[E0433]: failed to resolve: use of undeclared type `BatchOperation`
[INFO] [stdout]   --> src/lib.rs:238:12
[INFO] [stdout]    |
[INFO] [stdout] 14 |            BatchOperation::Insert("/root/images/owls".to_string()),
[INFO] [stdout]    |            ^^^^^^^^^^^^^^ use of undeclared type `BatchOperation`
[INFO] [stdout]    |
[INFO] [stdout] help: consider importing this enum
[INFO] [stdout]    |
[INFO] [stdout] 3  + use rt_pods_client::BatchOperation;
[INFO] [stdout]    |
[INFO] [stdout] 
[INFO] [stdout] error[E0433]: failed to resolve: use of undeclared type `BatchOperation`
[INFO] [stdout]   --> src/lib.rs:239:12
[INFO] [stdout]    |
[INFO] [stdout] 15 |            BatchOperation::Insert("/root/images/owls/snow.jpg".to_string()),
[INFO] [stdout]    |            ^^^^^^^^^^^^^^ use of undeclared type `BatchOperation`
[INFO] [stdout]    |
[INFO] [stdout] help: consider importing this enum
[INFO] [stdout]    |
[INFO] [stdout] 3  + use rt_pods_client::BatchOperation;
[INFO] [stdout]    |
[INFO] [stdout] 
[INFO] [stdout] error[E0433]: failed to resolve: use of undeclared type `BatchOperation`
[INFO] [stdout]   --> src/lib.rs:240:12
[INFO] [stdout]    |
[INFO] [stdout] 16 |            BatchOperation::Insert("/root/images/owls/grey.jpg".to_string()),
[INFO] [stdout]    |            ^^^^^^^^^^^^^^ use of undeclared type `BatchOperation`
[INFO] [stdout]    |
[INFO] [stdout] help: consider importing this enum
[INFO] [stdout]    |
[INFO] [stdout] 3  + use rt_pods_client::BatchOperation;
[INFO] [stdout]    |
[INFO] [stdout] 
[INFO] [stdout] error[E0433]: failed to resolve: use of undeclared type `SearchOptionsBuilder`
[INFO] [stdout]   --> src/lib.rs:249:9
[INFO] [stdout]    |
[INFO] [stdout] 25 |         SearchOptionsBuilder::new(12)
[INFO] [stdout]    |         ^^^^^^^^^^^^^^^^^^^^ use of undeclared type `SearchOptionsBuilder`
[INFO] [stdout]    |
[INFO] [stdout] help: consider importing this struct
[INFO] [stdout]    |
[INFO] [stdout] 3  + use rt_pods_client::SearchOptionsBuilder;
[INFO] [stdout]    |
[INFO] [stdout] 
[INFO] [stdout] error[E0433]: failed to resolve: use of undeclared type `SearchSort`
[INFO] [stdout]   --> src/lib.rs:250:24
[INFO] [stdout]    |
[INFO] [stdout] 26 |             .sort(vec![SearchSort::Length(SearchSortOrder::Ascending)])
[INFO] [stdout]    |                        ^^^^^^^^^^ use of undeclared type `SearchSort`
[INFO] [stdout]    |
[INFO] [stdout] help: consider importing this enum
[INFO] [stdout]    |
[INFO] [stdout] 3  + use rt_pods_client::SearchSort;
[INFO] [stdout]    |
[INFO] [stdout] 
[INFO] [stdout] error[E0433]: failed to resolve: use of undeclared type `SearchSortOrder`
[INFO] [stdout]   --> src/lib.rs:250:43
[INFO] [stdout]    |
[INFO] [stdout] 26 |             .sort(vec![SearchSort::Length(SearchSortOrder::Ascending)])
[INFO] [stdout]    |                                           ^^^^^^^^^^^^^^^ use of undeclared type `SearchSortOrder`
[INFO] [stdout]    |
[INFO] [stdout] help: consider importing this enum
[INFO] [stdout]    |
[INFO] [stdout] 3  + use rt_pods_client::SearchSortOrder;
[INFO] [stdout]    |
[INFO] [stdout] 
[INFO] [stdout] error[E0433]: failed to resolve: use of undeclared type `SearchResult`
[INFO] [stdout]   --> src/lib.rs:256:8
[INFO] [stdout]    |
[INFO] [stdout] 32 | if let SearchResult::Ok(results) = search_result {
[INFO] [stdout]    |        ^^^^^^^^^^^^ use of undeclared type `SearchResult`
[INFO] [stdout]    |
[INFO] [stdout] help: consider importing this enum
[INFO] [stdout]    |
[INFO] [stdout] 3  + use rt_pods_client::results::SearchResult;
[INFO] [stdout]    |
[INFO] [stdout] 
[INFO] [stdout] error[E0728]: `await` is only allowed inside `async` functions and blocks
[INFO] [stdout]  --> src/lib.rs:230:35
[INFO] [stdout]   |
[INFO] [stdout] 3 | fn main() { #[allow(non_snake_case)] fn _doctest_main_src_lib_rs_226_0() {
[INFO] [stdout]   |                                      ----------------------------------- this is not `async`
[INFO] [stdout] ...
[INFO] [stdout] 6 | rt_pods.create_radix_tree("1337").await?;
[INFO] [stdout]   |                                   ^^^^^ only allowed inside `async` functions and blocks
[INFO] [stdout] 
[INFO] [stdout] error[E0728]: `await` is only allowed inside `async` functions and blocks
[INFO] [stdout]   --> src/lib.rs:243:5
[INFO] [stdout]    |
[INFO] [stdout] 3  | fn main() { #[allow(non_snake_case)] fn _doctest_main_src_lib_rs_226_0() {
[INFO] [stdout]    |                                      ----------------------------------- this is not `async`
[INFO] [stdout] ...
[INFO] [stdout] 19 |    .await?;
[INFO] [stdout]    |     ^^^^^ only allowed inside `async` functions and blocks
[INFO] [stdout] 
[INFO] [stdout] error[E0728]: `await` is only allowed inside `async` functions and blocks
[INFO] [stdout]   --> src/lib.rs:254:5
[INFO] [stdout]    |
[INFO] [stdout] 3  | fn main() { #[allow(non_snake_case)] fn _doctest_main_src_lib_rs_226_0() {
[INFO] [stdout]    |                                      ----------------------------------- this is not `async`
[INFO] [stdout] ...
[INFO] [stdout] 30 |    .await?;
[INFO] [stdout]    |     ^^^^^ only allowed inside `async` functions and blocks
[INFO] [stdout] 
[INFO] [stdout] error[E0728]: `await` is only allowed inside `async` functions and blocks
[INFO] [stdout]   --> src/lib.rs:268:54
[INFO] [stdout]    |
[INFO] [stdout] 3  | fn main() { #[allow(non_snake_case)] fn _doctest_main_src_lib_rs_226_0() {
[INFO] [stdout]    |                                      ----------------------------------- this is not `async`
[INFO] [stdout] ...
[INFO] [stdout] 44 | rt_pods.remove("1337", "/root/images/owls/grey.jpg").await?;
[INFO] [stdout]    |                                                      ^^^^^ only allowed inside `async` functions and blocks
[INFO] [stdout] 
[INFO] [stdout] error[E0728]: `await` is only allowed inside `async` functions and blocks
[INFO] [stdout]   --> src/lib.rs:270:35
[INFO] [stdout]    |
[INFO] [stdout] 3  | fn main() { #[allow(non_snake_case)] fn _doctest_main_src_lib_rs_226_0() {
[INFO] [stdout]    |                                      ----------------------------------- this is not `async`
[INFO] [stdout] ...
[INFO] [stdout] 46 | rt_pods.delete_radix_tree("1337").await?;
[INFO] [stdout]    |                                   ^^^^^ only allowed inside `async` functions and blocks
[INFO] [stdout] 
[INFO] [stdout] error: aborting due to 15 previous errors
[INFO] [stdout] 
[INFO] [stdout] Some errors have detailed explanations: E0433, E0728.
[INFO] [stdout] For more information about an error, try `rustc --explain E0433`.
[INFO] [stdout] Couldn't compile the test.
[INFO] [stdout] 
[INFO] [stdout] failures:
[INFO] [stdout]     src/lib.rs - RtPods (line 226)
[INFO] [stdout]     src/lib.rs - RtPods (line 274)
[INFO] [stdout]     src/lib.rs - RtPods::batch_operation (line 728)
[INFO] [stdout]     src/lib.rs - RtPods::contains (line 677)
[INFO] [stdout]     src/lib.rs - RtPods::create_radix_tree (line 813)
[INFO] [stdout]     src/lib.rs - RtPods::delete_radix_tree (line 780)
[INFO] [stdout]     src/lib.rs - RtPods::insert (line 612)
[INFO] [stdout]     src/lib.rs - RtPods::new (line 367)
[INFO] [stdout]     src/lib.rs - RtPods::radix_tree_exists (line 857)
[INFO] [stdout]     src/lib.rs - RtPods::remove (line 647)
[INFO] [stdout]     src/lib.rs - RtPods::search (line 549)
[INFO] [stdout]     src/lib.rs - RtPods::sync (line 504)
[INFO] [stdout]     src/lib.rs - SearchOptions (line 84)
[INFO] [stdout]     src/lib.rs - SearchOptionsBuilder::prepend_prefix (line 194)
[INFO] [stdout]     src/lib.rs - SearchOptionsBuilder::prepend_prefix (line 202)
[INFO] [stdout] 
[INFO] [stdout] test result: FAILED. 0 passed; 15 failed; 0 ignored; 0 measured; 0 filtered out; finished in 0.10s
[INFO] [stdout] 
[INFO] [stderr] error: doctest failed, to rerun pass `--doc`
[INFO] running `Command { std: "docker" "inspect" "071e2722c0231d97176edfc5628de4c4307e213e23c684a9fba539576f4708b0", kill_on_drop: false }`
[INFO] running `Command { std: "docker" "rm" "-f" "071e2722c0231d97176edfc5628de4c4307e213e23c684a9fba539576f4708b0", kill_on_drop: false }`
[INFO] [stdout] 071e2722c0231d97176edfc5628de4c4307e213e23c684a9fba539576f4708b0
