[INFO] fetching crate rsync-list 1.71.0...
[INFO] testing rsync-list-1.71.0 against nightly-2024-10-28 for randomize-layout
[INFO] extracting crate rsync-list 1.71.0 into /workspace/builds/worker-0-tc1/source
[INFO] validating manifest of crates.io crate rsync-list 1.71.0 on toolchain nightly-2024-10-28
[INFO] running `Command { std: CARGO_HOME="/workspace/cargo-home" RUSTUP_HOME="/workspace/rustup-home" "/workspace/cargo-home/bin/cargo" "+nightly-2024-10-28" "metadata" "--manifest-path" "Cargo.toml" "--no-deps", kill_on_drop: false }`
[INFO] started tweaking crates.io crate rsync-list 1.71.0
[INFO] finished tweaking crates.io crate rsync-list 1.71.0
[INFO] tweaked toml for crates.io crate rsync-list 1.71.0 written to /workspace/builds/worker-0-tc1/source/Cargo.toml
[INFO] running `Command { std: CARGO_HOME="/workspace/cargo-home" RUSTUP_HOME="/workspace/rustup-home" "/workspace/cargo-home/bin/cargo" "+nightly-2024-10-28" "generate-lockfile" "--manifest-path" "Cargo.toml", kill_on_drop: false }`
[INFO] [stderr]     Updating crates.io index
[INFO] [stderr]      Locking 75 packages to latest compatible versions
[INFO] running `Command { std: CARGO_HOME="/workspace/cargo-home" RUSTUP_HOME="/workspace/rustup-home" "/workspace/cargo-home/bin/cargo" "+nightly-2024-10-28" "fetch" "--manifest-path" "Cargo.toml", kill_on_drop: false }`
[INFO] [stderr]  Downloading crates ...
[INFO] [stderr]   Downloaded futures-await-test-macro v0.3.0
[INFO] [stderr]   Downloaded futures-await-test v0.3.0
[INFO] [stderr]   Downloaded subslice v0.2.3
[INFO] running `Command { std: "docker" "create" "-v" "/var/lib/crater-agent-workspace/builds/worker-0-tc1/target:/opt/rustwide/target:rw,Z" "-v" "/var/lib/crater-agent-workspace/builds/worker-0-tc1/source:/opt/rustwide/workdir:ro,Z" "-v" "/var/lib/crater-agent-workspace/cargo-home:/opt/rustwide/cargo-home:ro,Z" "-v" "/var/lib/crater-agent-workspace/rustup-home:/opt/rustwide/rustup-home:ro,Z" "-e" "SOURCE_DIR=/opt/rustwide/workdir" "-e" "CARGO_TARGET_DIR=/opt/rustwide/target" "-e" "CARGO_HOME=/opt/rustwide/cargo-home" "-e" "RUSTUP_HOME=/opt/rustwide/rustup-home" "-w" "/opt/rustwide/workdir" "-m" "1610612736" "--user" "0:0" "--network" "none" "ghcr.io/rust-lang/crates-build-env/linux@sha256:4a844ea9eb2546a2d2c7022eacef16ef2e8229c7fbb2c7d4d55a9ceca922f72d" "/opt/rustwide/cargo-home/bin/cargo" "+nightly-2024-10-28" "metadata" "--no-deps" "--format-version=1", kill_on_drop: false }`
[INFO] [stdout] 2fbd0e7b2c1bca7bb00fc9b4a340a12dcc354af91004b1fc3a270801b44e8339
[INFO] running `Command { std: "docker" "start" "-a" "2fbd0e7b2c1bca7bb00fc9b4a340a12dcc354af91004b1fc3a270801b44e8339", kill_on_drop: false }`
[INFO] running `Command { std: "docker" "inspect" "2fbd0e7b2c1bca7bb00fc9b4a340a12dcc354af91004b1fc3a270801b44e8339", kill_on_drop: false }`
[INFO] running `Command { std: "docker" "rm" "-f" "2fbd0e7b2c1bca7bb00fc9b4a340a12dcc354af91004b1fc3a270801b44e8339", kill_on_drop: false }`
[INFO] [stdout] 2fbd0e7b2c1bca7bb00fc9b4a340a12dcc354af91004b1fc3a270801b44e8339
[INFO] running `Command { std: "docker" "create" "-v" "/var/lib/crater-agent-workspace/builds/worker-0-tc1/target:/opt/rustwide/target:rw,Z" "-v" "/var/lib/crater-agent-workspace/builds/worker-0-tc1/source:/opt/rustwide/workdir:ro,Z" "-v" "/var/lib/crater-agent-workspace/cargo-home:/opt/rustwide/cargo-home:ro,Z" "-v" "/var/lib/crater-agent-workspace/rustup-home:/opt/rustwide/rustup-home:ro,Z" "-e" "SOURCE_DIR=/opt/rustwide/workdir" "-e" "CARGO_TARGET_DIR=/opt/rustwide/target" "-e" "CARGO_INCREMENTAL=0" "-e" "RUST_BACKTRACE=full" "-e" "RUSTFLAGS=--cap-lints=forbid" "-e" "RUSTDOCFLAGS=--cap-lints=forbid" "-e" "CARGO_HOME=/opt/rustwide/cargo-home" "-e" "RUSTUP_HOME=/opt/rustwide/rustup-home" "-w" "/opt/rustwide/workdir" "-m" "1610612736" "--user" "0:0" "--network" "none" "ghcr.io/rust-lang/crates-build-env/linux@sha256:4a844ea9eb2546a2d2c7022eacef16ef2e8229c7fbb2c7d4d55a9ceca922f72d" "/opt/rustwide/cargo-home/bin/cargo" "+nightly-2024-10-28" "build" "--frozen" "--message-format=json", kill_on_drop: false }`
[INFO] [stdout] 111af762e25b90027feeac6cd830f99c20fa08e8afa81667996e20c2c7cb9606
[INFO] running `Command { std: "docker" "start" "-a" "111af762e25b90027feeac6cd830f99c20fa08e8afa81667996e20c2c7cb9606", kill_on_drop: false }`
[INFO] [stderr]    Compiling libc v0.2.161
[INFO] [stderr]    Compiling syn v1.0.109
[INFO] [stderr]    Compiling futures-core v0.3.31
[INFO] [stderr]    Compiling num-traits v0.2.19
[INFO] [stderr]    Compiling adler2 v2.0.0
[INFO] [stderr]    Compiling failure_derive v0.1.8
[INFO] [stderr]    Compiling gimli v0.31.1
[INFO] [stderr]    Compiling unicode-xid v0.2.6
[INFO] [stderr]    Compiling object v0.36.5
[INFO] [stderr]    Compiling cfg-if v1.0.0
[INFO] [stderr]    Compiling rustc-demangle v0.1.24
[INFO] [stderr]    Compiling bytes v1.8.0
[INFO] [stderr]    Compiling iana-time-zone v0.1.61
[INFO] [stderr]    Compiling subslice v0.2.3
[INFO] [stderr]    Compiling syn v2.0.86
[INFO] [stderr]    Compiling proc-macro-error-attr2 v2.0.0
[INFO] [stderr]    Compiling miniz_oxide v0.8.0
[INFO] [stderr]    Compiling futures-channel v0.3.31
[INFO] [stderr]    Compiling signal-hook-registry v1.4.2
[INFO] [stderr]    Compiling mio v1.0.2
[INFO] [stderr]    Compiling chrono v0.4.38
[INFO] [stderr]    Compiling addr2line v0.24.2
[INFO] [stderr]    Compiling proc-macro-error2 v2.0.1
[INFO] [stderr]    Compiling futures-macro v0.3.31
[INFO] [stderr]    Compiling tokio-macros v2.4.0
[INFO] [stderr]    Compiling getset v0.1.3
[INFO] [stderr]    Compiling tokio v1.41.0
[INFO] [stderr]    Compiling synstructure v0.12.6
[INFO] [stderr]    Compiling backtrace v0.3.74
[INFO] [stderr]    Compiling futures-util v0.3.31
[INFO] [stderr]    Compiling futures-await-test-macro v0.3.0
[INFO] [stderr]    Compiling failure v0.1.8
[INFO] [stderr]    Compiling futures-executor v0.3.31
[INFO] [stderr]    Compiling futures v0.3.31
[INFO] [stderr]    Compiling futures-await-test v0.3.0
[INFO] [stderr]    Compiling tokio-stream v0.1.16
[INFO] [stderr]    Compiling rsync-list v1.71.0 (/opt/rustwide/workdir)
[INFO] [stdout] warning: use of deprecated associated function `chrono::DateTime::<Tz>::from_utc`: Use TimeZone::from_utc_datetime() or DateTime::from_naive_utc_and_offset instead
[INFO] [stdout]    --> src/lib.rs:211:55
[INFO] [stdout]     |
[INFO] [stdout] 211 |     let last_modified = chrono::DateTime::<chrono::Utc>::from_utc(
[INFO] [stdout]     |                                                          ^^^^^^^^
[INFO] [stdout]     |
[INFO] [stdout]     = note: `#[warn(deprecated)]` on by default
[INFO] [stdout] 
[INFO] [stdout] 
[INFO] [stdout] warning: non-local `impl` definition, `impl` blocks should be written at the same level as their item
[INFO] [stdout]    --> src/lib.rs:281:16
[INFO] [stdout]     |
[INFO] [stdout] 281 | #[derive(Debug,failure::Fail)]
[INFO] [stdout]     |                ^------------
[INFO] [stdout]     |                |
[INFO] [stdout]     |                `Fail` is not local
[INFO] [stdout]     |                move the `impl` block outside of this constant `_DERIVE_failure_Fail_FOR_ExitError`
[INFO] [stdout] ...
[INFO] [stdout] 284 | pub struct ExitError {
[INFO] [stdout]     |            --------- `ExitError` is not local
[INFO] [stdout]     |
[INFO] [stdout]     = note: the derive macro `failure::Fail` defines the non-local `impl`, and may need to be changed
[INFO] [stdout]     = note: the derive macro `failure::Fail` may come from an old version of the `failure_derive` crate, try updating your dependency with `cargo update -p failure_derive`
[INFO] [stdout]     = note: an `impl` is never scoped, even when it is nested inside an item, as it may impact type checking outside of that item, which can be the case if neither the trait or the self type are at the same nesting level as the `impl`
[INFO] [stdout]     = note: items in an anonymous const item (`const _: () = { ... }`) are treated as in the same scope as the anonymous const's declaration for the purpose of this lint
[INFO] [stdout]     = note: `#[warn(non_local_definitions)]` on by default
[INFO] [stdout]     = note: this warning originates in the derive macro `failure::Fail` (in Nightly builds, run with -Z macro-backtrace for more info)
[INFO] [stdout] 
[INFO] [stdout] 
[INFO] [stdout] warning: non-local `impl` definition, `impl` blocks should be written at the same level as their item
[INFO] [stdout]    --> src/lib.rs:281:16
[INFO] [stdout]     |
[INFO] [stdout] 281 | #[derive(Debug,failure::Fail)]
[INFO] [stdout]     |                ^------------
[INFO] [stdout]     |                |
[INFO] [stdout]     |                `Display` is not local
[INFO] [stdout]     |                move the `impl` block outside of this constant `_DERIVE_failure_core_fmt_Display_FOR_ExitError`
[INFO] [stdout] ...
[INFO] [stdout] 284 | pub struct ExitError {
[INFO] [stdout]     |            --------- `ExitError` is not local
[INFO] [stdout]     |
[INFO] [stdout]     = note: the derive macro `failure::Fail` defines the non-local `impl`, and may need to be changed
[INFO] [stdout]     = note: the derive macro `failure::Fail` may come from an old version of the `failure_derive` crate, try updating your dependency with `cargo update -p failure_derive`
[INFO] [stdout]     = note: an `impl` is never scoped, even when it is nested inside an item, as it may impact type checking outside of that item, which can be the case if neither the trait or the self type are at the same nesting level as the `impl`
[INFO] [stdout]     = note: items in an anonymous const item (`const _: () = { ... }`) are treated as in the same scope as the anonymous const's declaration for the purpose of this lint
[INFO] [stdout]     = note: this warning originates in the derive macro `failure::Fail` (in Nightly builds, run with -Z macro-backtrace for more info)
[INFO] [stdout] 
[INFO] [stdout] 
[INFO] [stdout] warning: non-local `impl` definition, `impl` blocks should be written at the same level as their item
[INFO] [stdout]    --> src/lib.rs:288:16
[INFO] [stdout]     |
[INFO] [stdout] 288 | #[derive(Debug,failure::Fail)]
[INFO] [stdout]     |                ^------------
[INFO] [stdout]     |                |
[INFO] [stdout]     |                `Fail` is not local
[INFO] [stdout]     |                move the `impl` block outside of this constant `_DERIVE_failure_Fail_FOR_ParseError`
[INFO] [stdout] ...
[INFO] [stdout] 291 | pub struct ParseError {
[INFO] [stdout]     |            ---------- `ParseError` is not local
[INFO] [stdout]     |
[INFO] [stdout]     = note: the derive macro `failure::Fail` defines the non-local `impl`, and may need to be changed
[INFO] [stdout]     = note: the derive macro `failure::Fail` may come from an old version of the `failure_derive` crate, try updating your dependency with `cargo update -p failure_derive`
[INFO] [stdout]     = note: an `impl` is never scoped, even when it is nested inside an item, as it may impact type checking outside of that item, which can be the case if neither the trait or the self type are at the same nesting level as the `impl`
[INFO] [stdout]     = note: items in an anonymous const item (`const _: () = { ... }`) are treated as in the same scope as the anonymous const's declaration for the purpose of this lint
[INFO] [stdout]     = note: this warning originates in the derive macro `failure::Fail` (in Nightly builds, run with -Z macro-backtrace for more info)
[INFO] [stdout] 
[INFO] [stdout] 
[INFO] [stdout] warning: non-local `impl` definition, `impl` blocks should be written at the same level as their item
[INFO] [stdout]    --> src/lib.rs:288:16
[INFO] [stdout]     |
[INFO] [stdout] 288 | #[derive(Debug,failure::Fail)]
[INFO] [stdout]     |                ^------------
[INFO] [stdout]     |                |
[INFO] [stdout]     |                `Display` is not local
[INFO] [stdout]     |                move the `impl` block outside of this constant `_DERIVE_failure_core_fmt_Display_FOR_ParseError`
[INFO] [stdout] ...
[INFO] [stdout] 291 | pub struct ParseError {
[INFO] [stdout]     |            ---------- `ParseError` is not local
[INFO] [stdout]     |
[INFO] [stdout]     = note: the derive macro `failure::Fail` defines the non-local `impl`, and may need to be changed
[INFO] [stdout]     = note: the derive macro `failure::Fail` may come from an old version of the `failure_derive` crate, try updating your dependency with `cargo update -p failure_derive`
[INFO] [stdout]     = note: an `impl` is never scoped, even when it is nested inside an item, as it may impact type checking outside of that item, which can be the case if neither the trait or the self type are at the same nesting level as the `impl`
[INFO] [stdout]     = note: items in an anonymous const item (`const _: () = { ... }`) are treated as in the same scope as the anonymous const's declaration for the purpose of this lint
[INFO] [stdout]     = note: this warning originates in the derive macro `failure::Fail` (in Nightly builds, run with -Z macro-backtrace for more info)
[INFO] [stdout] 
[INFO] [stdout] 
[INFO] [stdout] warning: non-local `impl` definition, `impl` blocks should be written at the same level as their item
[INFO] [stdout]    --> src/lib.rs:298:16
[INFO] [stdout]     |
[INFO] [stdout] 298 | #[derive(Debug,failure::Fail)]
[INFO] [stdout]     |                ^------------
[INFO] [stdout]     |                |
[INFO] [stdout]     |                `Fail` is not local
[INFO] [stdout]     |                move the `impl` block outside of this constant `_DERIVE_failure_Fail_FOR_ParseErrorKind`
[INFO] [stdout] 299 | #[non_exhaustive]
[INFO] [stdout] 300 | pub enum ParseErrorKind {
[INFO] [stdout]     |          -------------- `ParseErrorKind` is not local
[INFO] [stdout]     |
[INFO] [stdout]     = note: the derive macro `failure::Fail` defines the non-local `impl`, and may need to be changed
[INFO] [stdout]     = note: the derive macro `failure::Fail` may come from an old version of the `failure_derive` crate, try updating your dependency with `cargo update -p failure_derive`
[INFO] [stdout]     = note: an `impl` is never scoped, even when it is nested inside an item, as it may impact type checking outside of that item, which can be the case if neither the trait or the self type are at the same nesting level as the `impl`
[INFO] [stdout]     = note: items in an anonymous const item (`const _: () = { ... }`) are treated as in the same scope as the anonymous const's declaration for the purpose of this lint
[INFO] [stdout]     = note: this warning originates in the derive macro `failure::Fail` (in Nightly builds, run with -Z macro-backtrace for more info)
[INFO] [stdout] 
[INFO] [stdout] 
[INFO] [stdout] warning: non-local `impl` definition, `impl` blocks should be written at the same level as their item
[INFO] [stdout]    --> src/lib.rs:298:16
[INFO] [stdout]     |
[INFO] [stdout] 298 | #[derive(Debug,failure::Fail)]
[INFO] [stdout]     |                ^------------
[INFO] [stdout]     |                |
[INFO] [stdout]     |                `Display` is not local
[INFO] [stdout]     |                move the `impl` block outside of this constant `_DERIVE_failure_core_fmt_Display_FOR_ParseErrorKind`
[INFO] [stdout] 299 | #[non_exhaustive]
[INFO] [stdout] 300 | pub enum ParseErrorKind {
[INFO] [stdout]     |          -------------- `ParseErrorKind` is not local
[INFO] [stdout]     |
[INFO] [stdout]     = note: the derive macro `failure::Fail` defines the non-local `impl`, and may need to be changed
[INFO] [stdout]     = note: the derive macro `failure::Fail` may come from an old version of the `failure_derive` crate, try updating your dependency with `cargo update -p failure_derive`
[INFO] [stdout]     = note: an `impl` is never scoped, even when it is nested inside an item, as it may impact type checking outside of that item, which can be the case if neither the trait or the self type are at the same nesting level as the `impl`
[INFO] [stdout]     = note: items in an anonymous const item (`const _: () = { ... }`) are treated as in the same scope as the anonymous const's declaration for the purpose of this lint
[INFO] [stdout]     = note: this warning originates in the derive macro `failure::Fail` (in Nightly builds, run with -Z macro-backtrace for more info)
[INFO] [stdout] 
[INFO] [stdout] 
[INFO] [stderr]     Finished `dev` profile [unoptimized + debuginfo] target(s) in 9.16s
[INFO] running `Command { std: "docker" "inspect" "111af762e25b90027feeac6cd830f99c20fa08e8afa81667996e20c2c7cb9606", kill_on_drop: false }`
[INFO] running `Command { std: "docker" "rm" "-f" "111af762e25b90027feeac6cd830f99c20fa08e8afa81667996e20c2c7cb9606", kill_on_drop: false }`
[INFO] [stdout] 111af762e25b90027feeac6cd830f99c20fa08e8afa81667996e20c2c7cb9606
[INFO] running `Command { std: "docker" "create" "-v" "/var/lib/crater-agent-workspace/builds/worker-0-tc1/target:/opt/rustwide/target:rw,Z" "-v" "/var/lib/crater-agent-workspace/builds/worker-0-tc1/source:/opt/rustwide/workdir:ro,Z" "-v" "/var/lib/crater-agent-workspace/cargo-home:/opt/rustwide/cargo-home:ro,Z" "-v" "/var/lib/crater-agent-workspace/rustup-home:/opt/rustwide/rustup-home:ro,Z" "-e" "SOURCE_DIR=/opt/rustwide/workdir" "-e" "CARGO_TARGET_DIR=/opt/rustwide/target" "-e" "CARGO_INCREMENTAL=0" "-e" "RUST_BACKTRACE=full" "-e" "RUSTFLAGS=--cap-lints=forbid" "-e" "RUSTDOCFLAGS=--cap-lints=forbid" "-e" "CARGO_HOME=/opt/rustwide/cargo-home" "-e" "RUSTUP_HOME=/opt/rustwide/rustup-home" "-w" "/opt/rustwide/workdir" "-m" "1610612736" "--user" "0:0" "--network" "none" "ghcr.io/rust-lang/crates-build-env/linux@sha256:4a844ea9eb2546a2d2c7022eacef16ef2e8229c7fbb2c7d4d55a9ceca922f72d" "/opt/rustwide/cargo-home/bin/cargo" "+nightly-2024-10-28" "test" "--frozen" "--no-run" "--message-format=json", kill_on_drop: false }`
[INFO] [stdout] 3542aea25adfb43b783239ea49f7c130d728a64f1390ac61190afbb4fa928c43
[INFO] running `Command { std: "docker" "start" "-a" "3542aea25adfb43b783239ea49f7c130d728a64f1390ac61190afbb4fa928c43", kill_on_drop: false }`
[INFO] [stdout] warning: use of deprecated associated function `chrono::DateTime::<Tz>::from_utc`: Use TimeZone::from_utc_datetime() or DateTime::from_naive_utc_and_offset instead
[INFO] [stdout]    --> src/lib.rs:211:55
[INFO] [stdout]     |
[INFO] [stdout] 211 |     let last_modified = chrono::DateTime::<chrono::Utc>::from_utc(
[INFO] [stdout]     |                                                          ^^^^^^^^
[INFO] [stdout]     |
[INFO] [stdout]     = note: `#[warn(deprecated)]` on by default
[INFO] [stdout] 
[INFO] [stdout] 
[INFO] [stderr]    Compiling rsync-list v1.71.0 (/opt/rustwide/workdir)
[INFO] [stdout] warning: non-local `impl` definition, `impl` blocks should be written at the same level as their item
[INFO] [stdout]    --> src/lib.rs:281:16
[INFO] [stdout]     |
[INFO] [stdout] 281 | #[derive(Debug,failure::Fail)]
[INFO] [stdout]     |                ^------------
[INFO] [stdout]     |                |
[INFO] [stdout]     |                `Fail` is not local
[INFO] [stdout]     |                move the `impl` block outside of this constant `_DERIVE_failure_Fail_FOR_ExitError`
[INFO] [stdout] ...
[INFO] [stdout] 284 | pub struct ExitError {
[INFO] [stdout]     |            --------- `ExitError` is not local
[INFO] [stdout]     |
[INFO] [stdout]     = note: the derive macro `failure::Fail` defines the non-local `impl`, and may need to be changed
[INFO] [stdout]     = note: the derive macro `failure::Fail` may come from an old version of the `failure_derive` crate, try updating your dependency with `cargo update -p failure_derive`
[INFO] [stdout]     = note: an `impl` is never scoped, even when it is nested inside an item, as it may impact type checking outside of that item, which can be the case if neither the trait or the self type are at the same nesting level as the `impl`
[INFO] [stdout]     = note: items in an anonymous const item (`const _: () = { ... }`) are treated as in the same scope as the anonymous const's declaration for the purpose of this lint
[INFO] [stdout]     = note: `#[warn(non_local_definitions)]` on by default
[INFO] [stdout]     = note: this warning originates in the derive macro `failure::Fail` (in Nightly builds, run with -Z macro-backtrace for more info)
[INFO] [stdout] 
[INFO] [stdout] 
[INFO] [stdout] warning: non-local `impl` definition, `impl` blocks should be written at the same level as their item
[INFO] [stdout]    --> src/lib.rs:281:16
[INFO] [stdout]     |
[INFO] [stdout] 281 | #[derive(Debug,failure::Fail)]
[INFO] [stdout]     |                ^------------
[INFO] [stdout]     |                |
[INFO] [stdout]     |                `Display` is not local
[INFO] [stdout]     |                move the `impl` block outside of this constant `_DERIVE_failure_core_fmt_Display_FOR_ExitError`
[INFO] [stdout] ...
[INFO] [stdout] 284 | pub struct ExitError {
[INFO] [stdout]     |            --------- `ExitError` is not local
[INFO] [stdout]     |
[INFO] [stdout]     = note: the derive macro `failure::Fail` defines the non-local `impl`, and may need to be changed
[INFO] [stdout]     = note: the derive macro `failure::Fail` may come from an old version of the `failure_derive` crate, try updating your dependency with `cargo update -p failure_derive`
[INFO] [stdout]     = note: an `impl` is never scoped, even when it is nested inside an item, as it may impact type checking outside of that item, which can be the case if neither the trait or the self type are at the same nesting level as the `impl`
[INFO] [stdout]     = note: items in an anonymous const item (`const _: () = { ... }`) are treated as in the same scope as the anonymous const's declaration for the purpose of this lint
[INFO] [stdout]     = note: this warning originates in the derive macro `failure::Fail` (in Nightly builds, run with -Z macro-backtrace for more info)
[INFO] [stdout] 
[INFO] [stdout] 
[INFO] [stdout] warning: non-local `impl` definition, `impl` blocks should be written at the same level as their item
[INFO] [stdout]    --> src/lib.rs:288:16
[INFO] [stdout]     |
[INFO] [stdout] 288 | #[derive(Debug,failure::Fail)]
[INFO] [stdout]     |                ^------------
[INFO] [stdout]     |                |
[INFO] [stdout]     |                `Fail` is not local
[INFO] [stdout]     |                move the `impl` block outside of this constant `_DERIVE_failure_Fail_FOR_ParseError`
[INFO] [stdout] ...
[INFO] [stdout] 291 | pub struct ParseError {
[INFO] [stdout]     |            ---------- `ParseError` is not local
[INFO] [stdout]     |
[INFO] [stdout]     = note: the derive macro `failure::Fail` defines the non-local `impl`, and may need to be changed
[INFO] [stdout]     = note: the derive macro `failure::Fail` may come from an old version of the `failure_derive` crate, try updating your dependency with `cargo update -p failure_derive`
[INFO] [stdout]     = note: an `impl` is never scoped, even when it is nested inside an item, as it may impact type checking outside of that item, which can be the case if neither the trait or the self type are at the same nesting level as the `impl`
[INFO] [stdout]     = note: items in an anonymous const item (`const _: () = { ... }`) are treated as in the same scope as the anonymous const's declaration for the purpose of this lint
[INFO] [stdout]     = note: this warning originates in the derive macro `failure::Fail` (in Nightly builds, run with -Z macro-backtrace for more info)
[INFO] [stdout] 
[INFO] [stdout] 
[INFO] [stdout] warning: non-local `impl` definition, `impl` blocks should be written at the same level as their item
[INFO] [stdout]    --> src/lib.rs:288:16
[INFO] [stdout]     |
[INFO] [stdout] 288 | #[derive(Debug,failure::Fail)]
[INFO] [stdout]     |                ^------------
[INFO] [stdout]     |                |
[INFO] [stdout]     |                `Display` is not local
[INFO] [stdout]     |                move the `impl` block outside of this constant `_DERIVE_failure_core_fmt_Display_FOR_ParseError`
[INFO] [stdout] ...
[INFO] [stdout] 291 | pub struct ParseError {
[INFO] [stdout]     |            ---------- `ParseError` is not local
[INFO] [stdout]     |
[INFO] [stdout]     = note: the derive macro `failure::Fail` defines the non-local `impl`, and may need to be changed
[INFO] [stdout]     = note: the derive macro `failure::Fail` may come from an old version of the `failure_derive` crate, try updating your dependency with `cargo update -p failure_derive`
[INFO] [stdout]     = note: an `impl` is never scoped, even when it is nested inside an item, as it may impact type checking outside of that item, which can be the case if neither the trait or the self type are at the same nesting level as the `impl`
[INFO] [stdout]     = note: items in an anonymous const item (`const _: () = { ... }`) are treated as in the same scope as the anonymous const's declaration for the purpose of this lint
[INFO] [stdout]     = note: this warning originates in the derive macro `failure::Fail` (in Nightly builds, run with -Z macro-backtrace for more info)
[INFO] [stdout] 
[INFO] [stdout] 
[INFO] [stdout] warning: non-local `impl` definition, `impl` blocks should be written at the same level as their item
[INFO] [stdout]    --> src/lib.rs:298:16
[INFO] [stdout]     |
[INFO] [stdout] 298 | #[derive(Debug,failure::Fail)]
[INFO] [stdout]     |                ^------------
[INFO] [stdout]     |                |
[INFO] [stdout]     |                `Fail` is not local
[INFO] [stdout]     |                move the `impl` block outside of this constant `_DERIVE_failure_Fail_FOR_ParseErrorKind`
[INFO] [stdout] 299 | #[non_exhaustive]
[INFO] [stdout] 300 | pub enum ParseErrorKind {
[INFO] [stdout]     |          -------------- `ParseErrorKind` is not local
[INFO] [stdout]     |
[INFO] [stdout]     = note: the derive macro `failure::Fail` defines the non-local `impl`, and may need to be changed
[INFO] [stdout]     = note: the derive macro `failure::Fail` may come from an old version of the `failure_derive` crate, try updating your dependency with `cargo update -p failure_derive`
[INFO] [stdout]     = note: an `impl` is never scoped, even when it is nested inside an item, as it may impact type checking outside of that item, which can be the case if neither the trait or the self type are at the same nesting level as the `impl`
[INFO] [stdout]     = note: items in an anonymous const item (`const _: () = { ... }`) are treated as in the same scope as the anonymous const's declaration for the purpose of this lint
[INFO] [stdout]     = note: this warning originates in the derive macro `failure::Fail` (in Nightly builds, run with -Z macro-backtrace for more info)
[INFO] [stdout] 
[INFO] [stdout] 
[INFO] [stdout] warning: non-local `impl` definition, `impl` blocks should be written at the same level as their item
[INFO] [stdout]    --> src/lib.rs:298:16
[INFO] [stdout]     |
[INFO] [stdout] 298 | #[derive(Debug,failure::Fail)]
[INFO] [stdout]     |                ^------------
[INFO] [stdout]     |                |
[INFO] [stdout]     |                `Display` is not local
[INFO] [stdout]     |                move the `impl` block outside of this constant `_DERIVE_failure_core_fmt_Display_FOR_ParseErrorKind`
[INFO] [stdout] 299 | #[non_exhaustive]
[INFO] [stdout] 300 | pub enum ParseErrorKind {
[INFO] [stdout]     |          -------------- `ParseErrorKind` is not local
[INFO] [stdout]     |
[INFO] [stdout]     = note: the derive macro `failure::Fail` defines the non-local `impl`, and may need to be changed
[INFO] [stdout]     = note: the derive macro `failure::Fail` may come from an old version of the `failure_derive` crate, try updating your dependency with `cargo update -p failure_derive`
[INFO] [stdout]     = note: an `impl` is never scoped, even when it is nested inside an item, as it may impact type checking outside of that item, which can be the case if neither the trait or the self type are at the same nesting level as the `impl`
[INFO] [stdout]     = note: items in an anonymous const item (`const _: () = { ... }`) are treated as in the same scope as the anonymous const's declaration for the purpose of this lint
[INFO] [stdout]     = note: this warning originates in the derive macro `failure::Fail` (in Nightly builds, run with -Z macro-backtrace for more info)
[INFO] [stdout] 
[INFO] [stdout] 
[INFO] [stdout] warning: use of deprecated associated function `chrono::DateTime::<Tz>::from_utc`: Use TimeZone::from_utc_datetime() or DateTime::from_naive_utc_and_offset instead
[INFO] [stdout]    --> src/lib.rs:211:55
[INFO] [stdout]     |
[INFO] [stdout] 211 |     let last_modified = chrono::DateTime::<chrono::Utc>::from_utc(
[INFO] [stdout]     |                                                          ^^^^^^^^
[INFO] [stdout]     |
[INFO] [stdout]     = note: `#[warn(deprecated)]` on by default
[INFO] [stdout] 
[INFO] [stdout] 
[INFO] [stdout] warning: non-local `impl` definition, `impl` blocks should be written at the same level as their item
[INFO] [stdout]    --> src/lib.rs:281:16
[INFO] [stdout]     |
[INFO] [stdout] 281 | #[derive(Debug,failure::Fail)]
[INFO] [stdout]     |                ^------------
[INFO] [stdout]     |                |
[INFO] [stdout]     |                `Fail` is not local
[INFO] [stdout]     |                move the `impl` block outside of this constant `_DERIVE_failure_Fail_FOR_ExitError`
[INFO] [stdout] ...
[INFO] [stdout] 284 | pub struct ExitError {
[INFO] [stdout]     |            --------- `ExitError` is not local
[INFO] [stdout]     |
[INFO] [stdout]     = note: the derive macro `failure::Fail` defines the non-local `impl`, and may need to be changed
[INFO] [stdout]     = note: the derive macro `failure::Fail` may come from an old version of the `failure_derive` crate, try updating your dependency with `cargo update -p failure_derive`
[INFO] [stdout]     = note: an `impl` is never scoped, even when it is nested inside an item, as it may impact type checking outside of that item, which can be the case if neither the trait or the self type are at the same nesting level as the `impl`
[INFO] [stdout]     = note: items in an anonymous const item (`const _: () = { ... }`) are treated as in the same scope as the anonymous const's declaration for the purpose of this lint
[INFO] [stdout]     = note: `#[warn(non_local_definitions)]` on by default
[INFO] [stdout]     = note: this warning originates in the derive macro `failure::Fail` (in Nightly builds, run with -Z macro-backtrace for more info)
[INFO] [stdout] 
[INFO] [stdout] 
[INFO] [stdout] warning: non-local `impl` definition, `impl` blocks should be written at the same level as their item
[INFO] [stdout]    --> src/lib.rs:281:16
[INFO] [stdout]     |
[INFO] [stdout] 281 | #[derive(Debug,failure::Fail)]
[INFO] [stdout]     |                ^------------
[INFO] [stdout]     |                |
[INFO] [stdout]     |                `Display` is not local
[INFO] [stdout]     |                move the `impl` block outside of this constant `_DERIVE_failure_core_fmt_Display_FOR_ExitError`
[INFO] [stdout] ...
[INFO] [stdout] 284 | pub struct ExitError {
[INFO] [stdout]     |            --------- `ExitError` is not local
[INFO] [stdout]     |
[INFO] [stdout]     = note: the derive macro `failure::Fail` defines the non-local `impl`, and may need to be changed
[INFO] [stdout]     = note: the derive macro `failure::Fail` may come from an old version of the `failure_derive` crate, try updating your dependency with `cargo update -p failure_derive`
[INFO] [stdout]     = note: an `impl` is never scoped, even when it is nested inside an item, as it may impact type checking outside of that item, which can be the case if neither the trait or the self type are at the same nesting level as the `impl`
[INFO] [stdout]     = note: items in an anonymous const item (`const _: () = { ... }`) are treated as in the same scope as the anonymous const's declaration for the purpose of this lint
[INFO] [stdout]     = note: this warning originates in the derive macro `failure::Fail` (in Nightly builds, run with -Z macro-backtrace for more info)
[INFO] [stdout] 
[INFO] [stdout] 
[INFO] [stdout] warning: non-local `impl` definition, `impl` blocks should be written at the same level as their item
[INFO] [stdout]    --> src/lib.rs:288:16
[INFO] [stdout]     |
[INFO] [stdout] 288 | #[derive(Debug,failure::Fail)]
[INFO] [stdout]     |                ^------------
[INFO] [stdout]     |                |
[INFO] [stdout]     |                `Fail` is not local
[INFO] [stdout]     |                move the `impl` block outside of this constant `_DERIVE_failure_Fail_FOR_ParseError`
[INFO] [stdout] ...
[INFO] [stdout] 291 | pub struct ParseError {
[INFO] [stdout]     |            ---------- `ParseError` is not local
[INFO] [stdout]     |
[INFO] [stdout]     = note: the derive macro `failure::Fail` defines the non-local `impl`, and may need to be changed
[INFO] [stdout]     = note: the derive macro `failure::Fail` may come from an old version of the `failure_derive` crate, try updating your dependency with `cargo update -p failure_derive`
[INFO] [stdout]     = note: an `impl` is never scoped, even when it is nested inside an item, as it may impact type checking outside of that item, which can be the case if neither the trait or the self type are at the same nesting level as the `impl`
[INFO] [stdout]     = note: items in an anonymous const item (`const _: () = { ... }`) are treated as in the same scope as the anonymous const's declaration for the purpose of this lint
[INFO] [stdout]     = note: this warning originates in the derive macro `failure::Fail` (in Nightly builds, run with -Z macro-backtrace for more info)
[INFO] [stdout] 
[INFO] [stdout] 
[INFO] [stdout] warning: non-local `impl` definition, `impl` blocks should be written at the same level as their item
[INFO] [stdout]    --> src/lib.rs:288:16
[INFO] [stdout]     |
[INFO] [stdout] 288 | #[derive(Debug,failure::Fail)]
[INFO] [stdout]     |                ^------------
[INFO] [stdout]     |                |
[INFO] [stdout]     |                `Display` is not local
[INFO] [stdout]     |                move the `impl` block outside of this constant `_DERIVE_failure_core_fmt_Display_FOR_ParseError`
[INFO] [stdout] ...
[INFO] [stdout] 291 | pub struct ParseError {
[INFO] [stdout]     |            ---------- `ParseError` is not local
[INFO] [stdout]     |
[INFO] [stdout]     = note: the derive macro `failure::Fail` defines the non-local `impl`, and may need to be changed
[INFO] [stdout]     = note: the derive macro `failure::Fail` may come from an old version of the `failure_derive` crate, try updating your dependency with `cargo update -p failure_derive`
[INFO] [stdout]     = note: an `impl` is never scoped, even when it is nested inside an item, as it may impact type checking outside of that item, which can be the case if neither the trait or the self type are at the same nesting level as the `impl`
[INFO] [stdout]     = note: items in an anonymous const item (`const _: () = { ... }`) are treated as in the same scope as the anonymous const's declaration for the purpose of this lint
[INFO] [stdout]     = note: this warning originates in the derive macro `failure::Fail` (in Nightly builds, run with -Z macro-backtrace for more info)
[INFO] [stdout] 
[INFO] [stdout] 
[INFO] [stdout] warning: non-local `impl` definition, `impl` blocks should be written at the same level as their item
[INFO] [stdout]    --> src/lib.rs:298:16
[INFO] [stdout]     |
[INFO] [stdout] 298 | #[derive(Debug,failure::Fail)]
[INFO] [stdout]     |                ^------------
[INFO] [stdout]     |                |
[INFO] [stdout]     |                `Fail` is not local
[INFO] [stdout]     |                move the `impl` block outside of this constant `_DERIVE_failure_Fail_FOR_ParseErrorKind`
[INFO] [stdout] 299 | #[non_exhaustive]
[INFO] [stdout] 300 | pub enum ParseErrorKind {
[INFO] [stdout]     |          -------------- `ParseErrorKind` is not local
[INFO] [stdout]     |
[INFO] [stdout]     = note: the derive macro `failure::Fail` defines the non-local `impl`, and may need to be changed
[INFO] [stdout]     = note: the derive macro `failure::Fail` may come from an old version of the `failure_derive` crate, try updating your dependency with `cargo update -p failure_derive`
[INFO] [stdout]     = note: an `impl` is never scoped, even when it is nested inside an item, as it may impact type checking outside of that item, which can be the case if neither the trait or the self type are at the same nesting level as the `impl`
[INFO] [stdout]     = note: items in an anonymous const item (`const _: () = { ... }`) are treated as in the same scope as the anonymous const's declaration for the purpose of this lint
[INFO] [stdout]     = note: this warning originates in the derive macro `failure::Fail` (in Nightly builds, run with -Z macro-backtrace for more info)
[INFO] [stdout] 
[INFO] [stdout] 
[INFO] [stdout] warning: non-local `impl` definition, `impl` blocks should be written at the same level as their item
[INFO] [stdout]    --> src/lib.rs:298:16
[INFO] [stdout]     |
[INFO] [stdout] 298 | #[derive(Debug,failure::Fail)]
[INFO] [stdout]     |                ^------------
[INFO] [stdout]     |                |
[INFO] [stdout]     |                `Display` is not local
[INFO] [stdout]     |                move the `impl` block outside of this constant `_DERIVE_failure_core_fmt_Display_FOR_ParseErrorKind`
[INFO] [stdout] 299 | #[non_exhaustive]
[INFO] [stdout] 300 | pub enum ParseErrorKind {
[INFO] [stdout]     |          -------------- `ParseErrorKind` is not local
[INFO] [stdout]     |
[INFO] [stdout]     = note: the derive macro `failure::Fail` defines the non-local `impl`, and may need to be changed
[INFO] [stdout]     = note: the derive macro `failure::Fail` may come from an old version of the `failure_derive` crate, try updating your dependency with `cargo update -p failure_derive`
[INFO] [stdout]     = note: an `impl` is never scoped, even when it is nested inside an item, as it may impact type checking outside of that item, which can be the case if neither the trait or the self type are at the same nesting level as the `impl`
[INFO] [stdout]     = note: items in an anonymous const item (`const _: () = { ... }`) are treated as in the same scope as the anonymous const's declaration for the purpose of this lint
[INFO] [stdout]     = note: this warning originates in the derive macro `failure::Fail` (in Nightly builds, run with -Z macro-backtrace for more info)
[INFO] [stdout] 
[INFO] [stdout] 
[INFO] [stderr]     Finished `test` profile [unoptimized + debuginfo] target(s) in 1.09s
[INFO] running `Command { std: "docker" "inspect" "3542aea25adfb43b783239ea49f7c130d728a64f1390ac61190afbb4fa928c43", kill_on_drop: false }`
[INFO] running `Command { std: "docker" "rm" "-f" "3542aea25adfb43b783239ea49f7c130d728a64f1390ac61190afbb4fa928c43", kill_on_drop: false }`
[INFO] [stdout] 3542aea25adfb43b783239ea49f7c130d728a64f1390ac61190afbb4fa928c43
[INFO] running `Command { std: "docker" "create" "-v" "/var/lib/crater-agent-workspace/builds/worker-0-tc1/target:/opt/rustwide/target:rw,Z" "-v" "/var/lib/crater-agent-workspace/builds/worker-0-tc1/source:/opt/rustwide/workdir:ro,Z" "-v" "/var/lib/crater-agent-workspace/cargo-home:/opt/rustwide/cargo-home:ro,Z" "-v" "/var/lib/crater-agent-workspace/rustup-home:/opt/rustwide/rustup-home:ro,Z" "-e" "SOURCE_DIR=/opt/rustwide/workdir" "-e" "CARGO_TARGET_DIR=/opt/rustwide/target" "-e" "CARGO_INCREMENTAL=0" "-e" "RUST_BACKTRACE=full" "-e" "RUSTFLAGS=--cap-lints=forbid" "-e" "RUSTDOCFLAGS=--cap-lints=forbid" "-e" "CARGO_HOME=/opt/rustwide/cargo-home" "-e" "RUSTUP_HOME=/opt/rustwide/rustup-home" "-w" "/opt/rustwide/workdir" "-m" "1610612736" "--user" "0:0" "--network" "none" "ghcr.io/rust-lang/crates-build-env/linux@sha256:4a844ea9eb2546a2d2c7022eacef16ef2e8229c7fbb2c7d4d55a9ceca922f72d" "/opt/rustwide/cargo-home/bin/cargo" "+nightly-2024-10-28" "test" "--frozen", kill_on_drop: false }`
[INFO] [stdout] a7a99f862c295149dac25fba8ca27c6447803a737cb9a1e07cd2205a0139ce0c
[INFO] running `Command { std: "docker" "start" "-a" "a7a99f862c295149dac25fba8ca27c6447803a737cb9a1e07cd2205a0139ce0c", kill_on_drop: false }`
[INFO] [stderr] warning: use of deprecated associated function `chrono::DateTime::<Tz>::from_utc`: Use TimeZone::from_utc_datetime() or DateTime::from_naive_utc_and_offset instead
[INFO] [stderr]    --> src/lib.rs:211:55
[INFO] [stderr]     |
[INFO] [stderr] 211 |     let last_modified = chrono::DateTime::<chrono::Utc>::from_utc(
[INFO] [stderr]     |                                                          ^^^^^^^^
[INFO] [stderr]     |
[INFO] [stderr]     = note: `#[warn(deprecated)]` on by default
[INFO] [stderr] 
[INFO] [stderr] warning: non-local `impl` definition, `impl` blocks should be written at the same level as their item
[INFO] [stderr]    --> src/lib.rs:281:16
[INFO] [stderr]     |
[INFO] [stderr] 281 | #[derive(Debug,failure::Fail)]
[INFO] [stderr]     |                ^------------
[INFO] [stderr]     |                |
[INFO] [stderr]     |                `Fail` is not local
[INFO] [stderr]     |                move the `impl` block outside of this constant `_DERIVE_failure_Fail_FOR_ExitError`
[INFO] [stderr] ...
[INFO] [stderr] 284 | pub struct ExitError {
[INFO] [stderr]     |            --------- `ExitError` is not local
[INFO] [stderr]     |
[INFO] [stderr]     = note: the derive macro `failure::Fail` defines the non-local `impl`, and may need to be changed
[INFO] [stderr]     = note: the derive macro `failure::Fail` may come from an old version of the `failure_derive` crate, try updating your dependency with `cargo update -p failure_derive`
[INFO] [stderr]     = note: an `impl` is never scoped, even when it is nested inside an item, as it may impact type checking outside of that item, which can be the case if neither the trait or the self type are at the same nesting level as the `impl`
[INFO] [stderr]     = note: items in an anonymous const item (`const _: () = { ... }`) are treated as in the same scope as the anonymous const's declaration for the purpose of this lint
[INFO] [stderr]     = note: `#[warn(non_local_definitions)]` on by default
[INFO] [stderr]     = note: this warning originates in the derive macro `failure::Fail` (in Nightly builds, run with -Z macro-backtrace for more info)
[INFO] [stderr] 
[INFO] [stderr] warning: non-local `impl` definition, `impl` blocks should be written at the same level as their item
[INFO] [stderr]    --> src/lib.rs:281:16
[INFO] [stderr]     |
[INFO] [stderr] 281 | #[derive(Debug,failure::Fail)]
[INFO] [stderr]     |                ^------------
[INFO] [stderr]     |                |
[INFO] [stderr]     |                `Display` is not local
[INFO] [stderr]     |                move the `impl` block outside of this constant `_DERIVE_failure_core_fmt_Display_FOR_ExitError`
[INFO] [stderr] ...
[INFO] [stderr] 284 | pub struct ExitError {
[INFO] [stderr]     |            --------- `ExitError` is not local
[INFO] [stderr]     |
[INFO] [stderr]     = note: the derive macro `failure::Fail` defines the non-local `impl`, and may need to be changed
[INFO] [stderr]     = note: the derive macro `failure::Fail` may come from an old version of the `failure_derive` crate, try updating your dependency with `cargo update -p failure_derive`
[INFO] [stderr]     = note: an `impl` is never scoped, even when it is nested inside an item, as it may impact type checking outside of that item, which can be the case if neither the trait or the self type are at the same nesting level as the `impl`
[INFO] [stderr]     = note: items in an anonymous const item (`const _: () = { ... }`) are treated as in the same scope as the anonymous const's declaration for the purpose of this lint
[INFO] [stderr]     = note: this warning originates in the derive macro `failure::Fail` (in Nightly builds, run with -Z macro-backtrace for more info)
[INFO] [stderr] 
[INFO] [stderr] warning: non-local `impl` definition, `impl` blocks should be written at the same level as their item
[INFO] [stderr]    --> src/lib.rs:288:16
[INFO] [stderr]     |
[INFO] [stderr] 288 | #[derive(Debug,failure::Fail)]
[INFO] [stderr]     |                ^------------
[INFO] [stderr]     |                |
[INFO] [stderr]     |                `Fail` is not local
[INFO] [stderr]     |                move the `impl` block outside of this constant `_DERIVE_failure_Fail_FOR_ParseError`
[INFO] [stderr] ...
[INFO] [stderr] 291 | pub struct ParseError {
[INFO] [stderr]     |            ---------- `ParseError` is not local
[INFO] [stderr]     |
[INFO] [stderr]     = note: the derive macro `failure::Fail` defines the non-local `impl`, and may need to be changed
[INFO] [stderr]     = note: the derive macro `failure::Fail` may come from an old version of the `failure_derive` crate, try updating your dependency with `cargo update -p failure_derive`
[INFO] [stderr]     = note: an `impl` is never scoped, even when it is nested inside an item, as it may impact type checking outside of that item, which can be the case if neither the trait or the self type are at the same nesting level as the `impl`
[INFO] [stderr]     = note: items in an anonymous const item (`const _: () = { ... }`) are treated as in the same scope as the anonymous const's declaration for the purpose of this lint
[INFO] [stderr]     = note: this warning originates in the derive macro `failure::Fail` (in Nightly builds, run with -Z macro-backtrace for more info)
[INFO] [stderr] 
[INFO] [stderr] warning: non-local `impl` definition, `impl` blocks should be written at the same level as their item
[INFO] [stderr]    --> src/lib.rs:288:16
[INFO] [stderr]     |
[INFO] [stderr] 288 | #[derive(Debug,failure::Fail)]
[INFO] [stderr]     |                ^------------
[INFO] [stderr]     |                |
[INFO] [stderr]     |                `Display` is not local
[INFO] [stderr]     |                move the `impl` block outside of this constant `_DERIVE_failure_core_fmt_Display_FOR_ParseError`
[INFO] [stderr] ...
[INFO] [stderr] 291 | pub struct ParseError {
[INFO] [stderr]     |            ---------- `ParseError` is not local
[INFO] [stderr]     |
[INFO] [stderr]     = note: the derive macro `failure::Fail` defines the non-local `impl`, and may need to be changed
[INFO] [stderr]     = note: the derive macro `failure::Fail` may come from an old version of the `failure_derive` crate, try updating your dependency with `cargo update -p failure_derive`
[INFO] [stderr]     = note: an `impl` is never scoped, even when it is nested inside an item, as it may impact type checking outside of that item, which can be the case if neither the trait or the self type are at the same nesting level as the `impl`
[INFO] [stderr]     = note: items in an anonymous const item (`const _: () = { ... }`) are treated as in the same scope as the anonymous const's declaration for the purpose of this lint
[INFO] [stderr]     = note: this warning originates in the derive macro `failure::Fail` (in Nightly builds, run with -Z macro-backtrace for more info)
[INFO] [stderr] 
[INFO] [stderr] warning: non-local `impl` definition, `impl` blocks should be written at the same level as their item
[INFO] [stderr]    --> src/lib.rs:298:16
[INFO] [stderr]     |
[INFO] [stderr] 298 | #[derive(Debug,failure::Fail)]
[INFO] [stderr]     |                ^------------
[INFO] [stderr]     |                |
[INFO] [stderr]     |                `Fail` is not local
[INFO] [stderr]     |                move the `impl` block outside of this constant `_DERIVE_failure_Fail_FOR_ParseErrorKind`
[INFO] [stderr] 299 | #[non_exhaustive]
[INFO] [stderr] 300 | pub enum ParseErrorKind {
[INFO] [stderr]     |          -------------- `ParseErrorKind` is not local
[INFO] [stderr]     |
[INFO] [stderr]     = note: the derive macro `failure::Fail` defines the non-local `impl`, and may need to be changed
[INFO] [stderr]     = note: the derive macro `failure::Fail` may come from an old version of the `failure_derive` crate, try updating your dependency with `cargo update -p failure_derive`
[INFO] [stderr]     = note: an `impl` is never scoped, even when it is nested inside an item, as it may impact type checking outside of that item, which can be the case if neither the trait or the self type are at the same nesting level as the `impl`
[INFO] [stderr]     = note: items in an anonymous const item (`const _: () = { ... }`) are treated as in the same scope as the anonymous const's declaration for the purpose of this lint
[INFO] [stderr]     = note: this warning originates in the derive macro `failure::Fail` (in Nightly builds, run with -Z macro-backtrace for more info)
[INFO] [stderr] 
[INFO] [stderr] warning: non-local `impl` definition, `impl` blocks should be written at the same level as their item
[INFO] [stderr]    --> src/lib.rs:298:16
[INFO] [stderr]     |
[INFO] [stderr] 298 | #[derive(Debug,failure::Fail)]
[INFO] [stderr]     |                ^------------
[INFO] [stderr]     |                |
[INFO] [stderr]     |                `Display` is not local
[INFO] [stderr]     |                move the `impl` block outside of this constant `_DERIVE_failure_core_fmt_Display_FOR_ParseErrorKind`
[INFO] [stderr] 299 | #[non_exhaustive]
[INFO] [stderr] 300 | pub enum ParseErrorKind {
[INFO] [stderr]     |          -------------- `ParseErrorKind` is not local
[INFO] [stderr]     |
[INFO] [stderr]     = note: the derive macro `failure::Fail` defines the non-local `impl`, and may need to be changed
[INFO] [stderr]     = note: the derive macro `failure::Fail` may come from an old version of the `failure_derive` crate, try updating your dependency with `cargo update -p failure_derive`
[INFO] [stderr]     = note: an `impl` is never scoped, even when it is nested inside an item, as it may impact type checking outside of that item, which can be the case if neither the trait or the self type are at the same nesting level as the `impl`
[INFO] [stderr]     = note: items in an anonymous const item (`const _: () = { ... }`) are treated as in the same scope as the anonymous const's declaration for the purpose of this lint
[INFO] [stderr]     = note: this warning originates in the derive macro `failure::Fail` (in Nightly builds, run with -Z macro-backtrace for more info)
[INFO] [stderr] 
[INFO] [stderr] warning: `rsync-list` (lib) generated 7 warnings
[INFO] [stderr] warning: `rsync-list` (lib test) generated 7 warnings (7 duplicates)
[INFO] [stderr]     Finished `test` profile [unoptimized + debuginfo] target(s) in 0.08s
[INFO] [stderr]      Running unittests src/lib.rs (/opt/rustwide/target/debug/deps/rsync_list-240e126df850dfbb)
[INFO] [stdout] 
[INFO] [stdout] running 1 test
[INFO] [stdout] test tests::test_list ... FAILED
[INFO] [stderr] error: test failed, to rerun pass `--lib`
[INFO] [stdout] 
[INFO] [stdout] failures:
[INFO] [stdout] 
[INFO] [stdout] ---- tests::test_list stdout ----
[INFO] [stdout] thread 'tests::test_list' panicked at src/lib.rs:365:13:
[INFO] [stdout] assertion `left == right` failed
[INFO] [stdout]   left: [0, 11, 18, 0, 11, 18]
[INFO] [stdout]  right: [0, 27, 18, 0, 11, 16]
[INFO] [stdout] stack backtrace:
[INFO] [stdout]    0:     0x5b19a377972a - std::backtrace_rs::backtrace::libunwind::trace::h207520d6e9873551
[INFO] [stdout]                                at /rustc/df4ca44d3fbc9301ee17f30f4d474e6ae4b05252/library/std/src/../../backtrace/src/backtrace/libunwind.rs:116:5
[INFO] [stdout]    1:     0x5b19a377972a - std::backtrace_rs::backtrace::trace_unsynchronized::h2ed7433f370e3eca
[INFO] [stdout]                                at /rustc/df4ca44d3fbc9301ee17f30f4d474e6ae4b05252/library/std/src/../../backtrace/src/backtrace/mod.rs:66:5
[INFO] [stdout]    2:     0x5b19a377972a - std::sys::backtrace::_print_fmt::h916fac51166b18d7
[INFO] [stdout]                                at /rustc/df4ca44d3fbc9301ee17f30f4d474e6ae4b05252/library/std/src/sys/backtrace.rs:66:9
[INFO] [stdout]    3:     0x5b19a377972a - <std::sys::backtrace::BacktraceLock::print::DisplayBacktrace as core::fmt::Display>::fmt::ha0a4c9b8ce3802e6
[INFO] [stdout]                                at /rustc/df4ca44d3fbc9301ee17f30f4d474e6ae4b05252/library/std/src/sys/backtrace.rs:39:26
[INFO] [stdout]    4:     0x5b19a37a0bb3 - core::fmt::rt::Argument::fmt::h4cfc8587d52b3eb5
[INFO] [stdout]                                at /rustc/df4ca44d3fbc9301ee17f30f4d474e6ae4b05252/library/core/src/fmt/rt.rs:177:76
[INFO] [stdout]    5:     0x5b19a37a0bb3 - core::fmt::write::h522cc39e5b36ae9f
[INFO] [stdout]                                at /rustc/df4ca44d3fbc9301ee17f30f4d474e6ae4b05252/library/core/src/fmt/mod.rs:1190:21
[INFO] [stdout]    6:     0x5b19a3775ed3 - std::io::Write::write_fmt::h7d3c26752da97734
[INFO] [stdout]                                at /rustc/df4ca44d3fbc9301ee17f30f4d474e6ae4b05252/library/std/src/io/mod.rs:1839:15
[INFO] [stdout]    7:     0x5b19a3779572 - std::sys::backtrace::BacktraceLock::print::h4b9e00b29e9c0942
[INFO] [stdout]                                at /rustc/df4ca44d3fbc9301ee17f30f4d474e6ae4b05252/library/std/src/sys/backtrace.rs:42:9
[INFO] [stdout]    8:     0x5b19a377abba - std::panicking::default_hook::{{closure}}::hb59b88280d0324d9
[INFO] [stdout]                                at /rustc/df4ca44d3fbc9301ee17f30f4d474e6ae4b05252/library/std/src/panicking.rs:268:22
[INFO] [stdout]    9:     0x5b19a377a9c4 - std::panicking::default_hook::he1dd496665be4a29
[INFO] [stdout]                                at /rustc/df4ca44d3fbc9301ee17f30f4d474e6ae4b05252/library/std/src/panicking.rs:292:9
[INFO] [stdout]   10:     0x5b19a35dca29 - <alloc::boxed::Box<F,A> as core::ops::function::Fn<Args>>::call::h4ff71de18744e1dc
[INFO] [stdout]                                at /rustc/df4ca44d3fbc9301ee17f30f4d474e6ae4b05252/library/alloc/src/boxed.rs:2468:9
[INFO] [stdout]   11:     0x5b19a35dca29 - test::test_main::{{closure}}::hcf7c055ce117aa81
[INFO] [stdout]                                at /rustc/df4ca44d3fbc9301ee17f30f4d474e6ae4b05252/library/test/src/lib.rs:133:21
[INFO] [stdout]   12:     0x5b19a377b2b8 - <alloc::boxed::Box<F,A> as core::ops::function::Fn<Args>>::call::h1d66c6bbd60c9692
[INFO] [stdout]                                at /rustc/df4ca44d3fbc9301ee17f30f4d474e6ae4b05252/library/alloc/src/boxed.rs:2468:9
[INFO] [stdout]   13:     0x5b19a377b2b8 - std::panicking::rust_panic_with_hook::h2ff17fe8f26dfcf8
[INFO] [stdout]                                at /rustc/df4ca44d3fbc9301ee17f30f4d474e6ae4b05252/library/std/src/panicking.rs:809:13
[INFO] [stdout]   14:     0x5b19a377b07a - std::panicking::begin_panic_handler::{{closure}}::h4fad77951c07e101
[INFO] [stdout]                                at /rustc/df4ca44d3fbc9301ee17f30f4d474e6ae4b05252/library/std/src/panicking.rs:674:13
[INFO] [stdout]   15:     0x5b19a3779c09 - std::sys::backtrace::__rust_end_short_backtrace::hb1a25b3da5d0ea08
[INFO] [stdout]                                at /rustc/df4ca44d3fbc9301ee17f30f4d474e6ae4b05252/library/std/src/sys/backtrace.rs:170:18
[INFO] [stdout]   16:     0x5b19a377ad0c - rust_begin_unwind
[INFO] [stdout]                                at /rustc/df4ca44d3fbc9301ee17f30f4d474e6ae4b05252/library/std/src/panicking.rs:665:5
[INFO] [stdout]   17:     0x5b19a379f550 - core::panicking::panic_fmt::ha9db07b529f9b256
[INFO] [stdout]                                at /rustc/df4ca44d3fbc9301ee17f30f4d474e6ae4b05252/library/core/src/panicking.rs:75:14
[INFO] [stdout]   18:     0x5b19a379f97c - core::panicking::assert_failed_inner::h04f38944d74a80a8
[INFO] [stdout]   19:     0x5b19a357d052 - core::panicking::assert_failed::h38812356a0bf1869
[INFO] [stdout]                                at /rustc/df4ca44d3fbc9301ee17f30f4d474e6ae4b05252/library/core/src/panicking.rs:377:5
[INFO] [stdout]   20:     0x5b19a358179f - rsync_list::tests::test_list::{{closure}}::h6d1d4ea066712700
[INFO] [stdout]                                at /opt/rustwide/workdir/src/lib.rs:365:4
[INFO] [stdout]   21:     0x5b19a357444f - tokio::runtime::park::CachedParkThread::block_on::{{closure}}::h8d4d5150430b0a4c
[INFO] [stdout]                                at /opt/rustwide/cargo-home/registry/src/index.crates.io-6f17d22bba15001f/tokio-1.41.0/src/runtime/park.rs:281:63
[INFO] [stdout]   22:     0x5b19a357361c - tokio::runtime::coop::with_budget::h9ed9cf50ff8fbcfa
[INFO] [stdout]                                at /opt/rustwide/cargo-home/registry/src/index.crates.io-6f17d22bba15001f/tokio-1.41.0/src/runtime/coop.rs:107:5
[INFO] [stdout]   23:     0x5b19a357361c - tokio::runtime::coop::budget::hbd9db8e3daef41c9
[INFO] [stdout]                                at /opt/rustwide/cargo-home/registry/src/index.crates.io-6f17d22bba15001f/tokio-1.41.0/src/runtime/coop.rs:73:5
[INFO] [stdout]   24:     0x5b19a357361c - tokio::runtime::park::CachedParkThread::block_on::h15530c6630e342ac
[INFO] [stdout]                                at /opt/rustwide/cargo-home/registry/src/index.crates.io-6f17d22bba15001f/tokio-1.41.0/src/runtime/park.rs:281:31
[INFO] [stdout]   25:     0x5b19a3580425 - tokio::runtime::context::blocking::BlockingRegionGuard::block_on::hd89d8638e5c20253
[INFO] [stdout]                                at /opt/rustwide/cargo-home/registry/src/index.crates.io-6f17d22bba15001f/tokio-1.41.0/src/runtime/context/blocking.rs:66:9
[INFO] [stdout]   26:     0x5b19a3580bc6 - tokio::runtime::scheduler::multi_thread::MultiThread::block_on::{{closure}}::hec445d36d9666813
[INFO] [stdout]                                at /opt/rustwide/cargo-home/registry/src/index.crates.io-6f17d22bba15001f/tokio-1.41.0/src/runtime/scheduler/multi_thread/mod.rs:87:13
[INFO] [stdout]   27:     0x5b19a357f5cb - tokio::runtime::context::runtime::enter_runtime::h801cd91635b443da
[INFO] [stdout]                                at /opt/rustwide/cargo-home/registry/src/index.crates.io-6f17d22bba15001f/tokio-1.41.0/src/runtime/context/runtime.rs:65:16
[INFO] [stdout]   28:     0x5b19a3580af1 - tokio::runtime::scheduler::multi_thread::MultiThread::block_on::h8dcaefca660e2b31
[INFO] [stdout]                                at /opt/rustwide/cargo-home/registry/src/index.crates.io-6f17d22bba15001f/tokio-1.41.0/src/runtime/scheduler/multi_thread/mod.rs:86:9
[INFO] [stdout]   29:     0x5b19a35807a9 - tokio::runtime::runtime::Runtime::block_on_inner::h3da6c4459f55c521
[INFO] [stdout]                                at /opt/rustwide/cargo-home/registry/src/index.crates.io-6f17d22bba15001f/tokio-1.41.0/src/runtime/runtime.rs:370:45
[INFO] [stdout]   30:     0x5b19a35809cf - tokio::runtime::runtime::Runtime::block_on::hac408b2a245a107c
[INFO] [stdout]                                at /opt/rustwide/cargo-home/registry/src/index.crates.io-6f17d22bba15001f/tokio-1.41.0/src/runtime/runtime.rs:342:13
[INFO] [stdout]   31:     0x5b19a3581393 - rsync_list::tests::test_list::hf1f63dfadf9639a0
[INFO] [stdout]                                at /opt/rustwide/workdir/src/lib.rs:332:3
[INFO] [stdout]   32:     0x5b19a3581277 - rsync_list::tests::test_list::{{closure}}::h89ae151043410e17
[INFO] [stdout]                                at /opt/rustwide/workdir/src/lib.rs:331:16
[INFO] [stdout]   33:     0x5b19a35766e6 - core::ops::function::FnOnce::call_once::he5020615992abb77
[INFO] [stdout]                                at /rustc/df4ca44d3fbc9301ee17f30f4d474e6ae4b05252/library/core/src/ops/function.rs:250:5
[INFO] [stdout]   34:     0x5b19a35e12fb - core::ops::function::FnOnce::call_once::h22c3ba5715e93f05
[INFO] [stdout]                                at /rustc/df4ca44d3fbc9301ee17f30f4d474e6ae4b05252/library/core/src/ops/function.rs:250:5
[INFO] [stdout]   35:     0x5b19a35e12fb - test::__rust_begin_short_backtrace::h8e82d8113d0da17f
[INFO] [stdout]                                at /rustc/df4ca44d3fbc9301ee17f30f4d474e6ae4b05252/library/test/src/lib.rs:621:18
[INFO] [stdout]   36:     0x5b19a35e0c77 - test::run_test_in_process::{{closure}}::h33235f4f20b7b7c7
[INFO] [stdout]                                at /rustc/df4ca44d3fbc9301ee17f30f4d474e6ae4b05252/library/test/src/lib.rs:644:60
[INFO] [stdout]   37:     0x5b19a35e0c77 - <core::panic::unwind_safe::AssertUnwindSafe<F> as core::ops::function::FnOnce<()>>::call_once::hb5043206310c586f
[INFO] [stdout]                                at /rustc/df4ca44d3fbc9301ee17f30f4d474e6ae4b05252/library/core/src/panic/unwind_safe.rs:272:9
[INFO] [stdout]   38:     0x5b19a35e0c77 - std::panicking::try::do_call::h9ad4731a60ab23e2
[INFO] [stdout]                                at /rustc/df4ca44d3fbc9301ee17f30f4d474e6ae4b05252/library/std/src/panicking.rs:557:40
[INFO] [stdout]   39:     0x5b19a35e0c77 - std::panicking::try::h3824d23db772a716
[INFO] [stdout]                                at /rustc/df4ca44d3fbc9301ee17f30f4d474e6ae4b05252/library/std/src/panicking.rs:520:19
[INFO] [stdout]   40:     0x5b19a35e0c77 - std::panic::catch_unwind::h5afd514605fde46b
[INFO] [stdout]                                at /rustc/df4ca44d3fbc9301ee17f30f4d474e6ae4b05252/library/std/src/panic.rs:358:14
[INFO] [stdout]   41:     0x5b19a35e0c77 - test::run_test_in_process::h0d5cbfa7067d1720
[INFO] [stdout]                                at /rustc/df4ca44d3fbc9301ee17f30f4d474e6ae4b05252/library/test/src/lib.rs:644:27
[INFO] [stdout]   42:     0x5b19a35e0c77 - test::run_test::{{closure}}::h708eb8872708115d
[INFO] [stdout]                                at /rustc/df4ca44d3fbc9301ee17f30f4d474e6ae4b05252/library/test/src/lib.rs:565:43
[INFO] [stdout]   43:     0x5b19a35a4394 - test::run_test::{{closure}}::h392c51cee94713ab
[INFO] [stdout]                                at /rustc/df4ca44d3fbc9301ee17f30f4d474e6ae4b05252/library/test/src/lib.rs:595:41
[INFO] [stdout]   44:     0x5b19a35a4394 - std::sys::backtrace::__rust_begin_short_backtrace::h2f40290710935a8b
[INFO] [stdout]                                at /rustc/df4ca44d3fbc9301ee17f30f4d474e6ae4b05252/library/std/src/sys/backtrace.rs:154:18
[INFO] [stdout]   45:     0x5b19a35a7b3e - std::thread::Builder::spawn_unchecked_::{{closure}}::{{closure}}::h3fd968d89053a903
[INFO] [stdout]                                at /rustc/df4ca44d3fbc9301ee17f30f4d474e6ae4b05252/library/std/src/thread/mod.rs:541:17
[INFO] [stdout]   46:     0x5b19a35a7b3e - <core::panic::unwind_safe::AssertUnwindSafe<F> as core::ops::function::FnOnce<()>>::call_once::h743f637ba4229880
[INFO] [stdout]                                at /rustc/df4ca44d3fbc9301ee17f30f4d474e6ae4b05252/library/core/src/panic/unwind_safe.rs:272:9
[INFO] [stdout]   47:     0x5b19a35a7b3e - std::panicking::try::do_call::h07440897322525a6
[INFO] [stdout]                                at /rustc/df4ca44d3fbc9301ee17f30f4d474e6ae4b05252/library/std/src/panicking.rs:557:40
[INFO] [stdout]   48:     0x5b19a35a7b3e - std::panicking::try::he5a2e00188156637
[INFO] [stdout]                                at /rustc/df4ca44d3fbc9301ee17f30f4d474e6ae4b05252/library/std/src/panicking.rs:520:19
[INFO] [stdout]   49:     0x5b19a35a7b3e - std::panic::catch_unwind::hbaf3cae49b3c6433
[INFO] [stdout]                                at /rustc/df4ca44d3fbc9301ee17f30f4d474e6ae4b05252/library/std/src/panic.rs:358:14
[INFO] [stdout]   50:     0x5b19a35a7b3e - std::thread::Builder::spawn_unchecked_::{{closure}}::h8e141ea224820bce
[INFO] [stdout]                                at /rustc/df4ca44d3fbc9301ee17f30f4d474e6ae4b05252/library/std/src/thread/mod.rs:540:30
[INFO] [stdout]   51:     0x5b19a35a7b3e - core::ops::function::FnOnce::call_once{{vtable.shim}}::h90d312fedd7b8ea8
[INFO] [stdout]                                at /rustc/df4ca44d3fbc9301ee17f30f4d474e6ae4b05252/library/core/src/ops/function.rs:250:5
[INFO] [stdout]   52:     0x5b19a377f4bb - <alloc::boxed::Box<F,A> as core::ops::function::FnOnce<Args>>::call_once::h69aa08ddb6adb8b6
[INFO] [stdout]                                at /rustc/df4ca44d3fbc9301ee17f30f4d474e6ae4b05252/library/alloc/src/boxed.rs:2454:9
[INFO] [stdout]   53:     0x5b19a377f4bb - <alloc::boxed::Box<F,A> as core::ops::function::FnOnce<Args>>::call_once::h5aa36efdb79c806f
[INFO] [stdout]                                at /rustc/df4ca44d3fbc9301ee17f30f4d474e6ae4b05252/library/alloc/src/boxed.rs:2454:9
[INFO] [stdout]   54:     0x5b19a377f4bb - std::sys::pal::unix::thread::Thread::new::thread_start::h6cd80a1b4be5158d
[INFO] [stdout]                                at /rustc/df4ca44d3fbc9301ee17f30f4d474e6ae4b05252/library/std/src/sys/pal/unix/thread.rs:105:17
[INFO] [stdout]   55:     0x7887c280bac3 - <unknown>
[INFO] [stdout]   56:     0x7887c289ca04 - clone
[INFO] [stdout]   57:                0x0 - <unknown>
[INFO] [stdout] 
[INFO] [stdout] 
[INFO] [stdout] failures:
[INFO] [stdout]     tests::test_list
[INFO] [stdout] 
[INFO] [stdout] test result: FAILED. 0 passed; 1 failed; 0 ignored; 0 measured; 0 filtered out; finished in 0.14s
[INFO] [stdout] 
[INFO] running `Command { std: "docker" "inspect" "a7a99f862c295149dac25fba8ca27c6447803a737cb9a1e07cd2205a0139ce0c", kill_on_drop: false }`
[INFO] running `Command { std: "docker" "rm" "-f" "a7a99f862c295149dac25fba8ca27c6447803a737cb9a1e07cd2205a0139ce0c", kill_on_drop: false }`
[INFO] [stdout] a7a99f862c295149dac25fba8ca27c6447803a737cb9a1e07cd2205a0139ce0c
