[INFO] fetching crate rsv-data 0.1.0...
[INFO] testing rsv-data-0.1.0 against nightly-2024-10-28 for randomize-layout
[INFO] extracting crate rsv-data 0.1.0 into /workspace/builds/worker-4-tc1/source
[INFO] validating manifest of crates.io crate rsv-data 0.1.0 on toolchain nightly-2024-10-28
[INFO] running `Command { std: CARGO_HOME="/workspace/cargo-home" RUSTUP_HOME="/workspace/rustup-home" "/workspace/cargo-home/bin/cargo" "+nightly-2024-10-28" "metadata" "--manifest-path" "Cargo.toml" "--no-deps", kill_on_drop: false }`
[INFO] started tweaking crates.io crate rsv-data 0.1.0
[INFO] finished tweaking crates.io crate rsv-data 0.1.0
[INFO] tweaked toml for crates.io crate rsv-data 0.1.0 written to /workspace/builds/worker-4-tc1/source/Cargo.toml
[INFO] running `Command { std: CARGO_HOME="/workspace/cargo-home" RUSTUP_HOME="/workspace/rustup-home" "/workspace/cargo-home/bin/cargo" "+nightly-2024-10-28" "generate-lockfile" "--manifest-path" "Cargo.toml", kill_on_drop: false }`
[INFO] running `Command { std: CARGO_HOME="/workspace/cargo-home" RUSTUP_HOME="/workspace/rustup-home" "/workspace/cargo-home/bin/cargo" "+nightly-2024-10-28" "fetch" "--manifest-path" "Cargo.toml", kill_on_drop: false }`
[INFO] running `Command { std: "docker" "create" "-v" "/var/lib/crater-agent-workspace/builds/worker-4-tc1/target:/opt/rustwide/target:rw,Z" "-v" "/var/lib/crater-agent-workspace/builds/worker-4-tc1/source:/opt/rustwide/workdir:ro,Z" "-v" "/var/lib/crater-agent-workspace/cargo-home:/opt/rustwide/cargo-home:ro,Z" "-v" "/var/lib/crater-agent-workspace/rustup-home:/opt/rustwide/rustup-home:ro,Z" "-e" "SOURCE_DIR=/opt/rustwide/workdir" "-e" "CARGO_TARGET_DIR=/opt/rustwide/target" "-e" "CARGO_HOME=/opt/rustwide/cargo-home" "-e" "RUSTUP_HOME=/opt/rustwide/rustup-home" "-w" "/opt/rustwide/workdir" "-m" "1610612736" "--user" "0:0" "--network" "none" "ghcr.io/rust-lang/crates-build-env/linux@sha256:4a844ea9eb2546a2d2c7022eacef16ef2e8229c7fbb2c7d4d55a9ceca922f72d" "/opt/rustwide/cargo-home/bin/cargo" "+nightly-2024-10-28" "metadata" "--no-deps" "--format-version=1", kill_on_drop: false }`
[INFO] [stdout] 5acf1010e0228f25dc4c56a37f88c3c3a632981b6b1e5c4b0a89fa65d8800c50
[INFO] running `Command { std: "docker" "start" "-a" "5acf1010e0228f25dc4c56a37f88c3c3a632981b6b1e5c4b0a89fa65d8800c50", kill_on_drop: false }`
[INFO] running `Command { std: "docker" "inspect" "5acf1010e0228f25dc4c56a37f88c3c3a632981b6b1e5c4b0a89fa65d8800c50", kill_on_drop: false }`
[INFO] running `Command { std: "docker" "rm" "-f" "5acf1010e0228f25dc4c56a37f88c3c3a632981b6b1e5c4b0a89fa65d8800c50", kill_on_drop: false }`
[INFO] [stdout] 5acf1010e0228f25dc4c56a37f88c3c3a632981b6b1e5c4b0a89fa65d8800c50
[INFO] running `Command { std: "docker" "create" "-v" "/var/lib/crater-agent-workspace/builds/worker-4-tc1/target:/opt/rustwide/target:rw,Z" "-v" "/var/lib/crater-agent-workspace/builds/worker-4-tc1/source:/opt/rustwide/workdir:ro,Z" "-v" "/var/lib/crater-agent-workspace/cargo-home:/opt/rustwide/cargo-home:ro,Z" "-v" "/var/lib/crater-agent-workspace/rustup-home:/opt/rustwide/rustup-home:ro,Z" "-e" "SOURCE_DIR=/opt/rustwide/workdir" "-e" "CARGO_TARGET_DIR=/opt/rustwide/target" "-e" "CARGO_INCREMENTAL=0" "-e" "RUST_BACKTRACE=full" "-e" "RUSTFLAGS=--cap-lints=forbid" "-e" "RUSTDOCFLAGS=--cap-lints=forbid" "-e" "CARGO_HOME=/opt/rustwide/cargo-home" "-e" "RUSTUP_HOME=/opt/rustwide/rustup-home" "-w" "/opt/rustwide/workdir" "-m" "1610612736" "--user" "0:0" "--network" "none" "ghcr.io/rust-lang/crates-build-env/linux@sha256:4a844ea9eb2546a2d2c7022eacef16ef2e8229c7fbb2c7d4d55a9ceca922f72d" "/opt/rustwide/cargo-home/bin/cargo" "+nightly-2024-10-28" "build" "--frozen" "--message-format=json", kill_on_drop: false }`
[INFO] [stdout] e0b31e8ec7059c1d8b7d2187327f32bceef4bdeaeaa7104f093e75a9502d226e
[INFO] running `Command { std: "docker" "start" "-a" "e0b31e8ec7059c1d8b7d2187327f32bceef4bdeaeaa7104f093e75a9502d226e", kill_on_drop: false }`
[INFO] [stderr]    Compiling rsv-data v0.1.0 (/opt/rustwide/workdir)
[INFO] [stderr]     Finished `dev` profile [unoptimized + debuginfo] target(s) in 0.15s
[INFO] running `Command { std: "docker" "inspect" "e0b31e8ec7059c1d8b7d2187327f32bceef4bdeaeaa7104f093e75a9502d226e", kill_on_drop: false }`
[INFO] running `Command { std: "docker" "rm" "-f" "e0b31e8ec7059c1d8b7d2187327f32bceef4bdeaeaa7104f093e75a9502d226e", kill_on_drop: false }`
[INFO] [stdout] e0b31e8ec7059c1d8b7d2187327f32bceef4bdeaeaa7104f093e75a9502d226e
[INFO] running `Command { std: "docker" "create" "-v" "/var/lib/crater-agent-workspace/builds/worker-4-tc1/target:/opt/rustwide/target:rw,Z" "-v" "/var/lib/crater-agent-workspace/builds/worker-4-tc1/source:/opt/rustwide/workdir:ro,Z" "-v" "/var/lib/crater-agent-workspace/cargo-home:/opt/rustwide/cargo-home:ro,Z" "-v" "/var/lib/crater-agent-workspace/rustup-home:/opt/rustwide/rustup-home:ro,Z" "-e" "SOURCE_DIR=/opt/rustwide/workdir" "-e" "CARGO_TARGET_DIR=/opt/rustwide/target" "-e" "CARGO_INCREMENTAL=0" "-e" "RUST_BACKTRACE=full" "-e" "RUSTFLAGS=--cap-lints=forbid" "-e" "RUSTDOCFLAGS=--cap-lints=forbid" "-e" "CARGO_HOME=/opt/rustwide/cargo-home" "-e" "RUSTUP_HOME=/opt/rustwide/rustup-home" "-w" "/opt/rustwide/workdir" "-m" "1610612736" "--user" "0:0" "--network" "none" "ghcr.io/rust-lang/crates-build-env/linux@sha256:4a844ea9eb2546a2d2c7022eacef16ef2e8229c7fbb2c7d4d55a9ceca922f72d" "/opt/rustwide/cargo-home/bin/cargo" "+nightly-2024-10-28" "test" "--frozen" "--no-run" "--message-format=json", kill_on_drop: false }`
[INFO] [stdout] bb5bb4dfee6b83ba709664f3248bfe8f5411a2caec804b6dc27331d8b720541a
[INFO] running `Command { std: "docker" "start" "-a" "bb5bb4dfee6b83ba709664f3248bfe8f5411a2caec804b6dc27331d8b720541a", kill_on_drop: false }`
[INFO] [stderr]    Compiling rsv-data v0.1.0 (/opt/rustwide/workdir)
[INFO] [stderr]     Finished `test` profile [unoptimized + debuginfo] target(s) in 0.19s
[INFO] running `Command { std: "docker" "inspect" "bb5bb4dfee6b83ba709664f3248bfe8f5411a2caec804b6dc27331d8b720541a", kill_on_drop: false }`
[INFO] running `Command { std: "docker" "rm" "-f" "bb5bb4dfee6b83ba709664f3248bfe8f5411a2caec804b6dc27331d8b720541a", kill_on_drop: false }`
[INFO] [stdout] bb5bb4dfee6b83ba709664f3248bfe8f5411a2caec804b6dc27331d8b720541a
[INFO] running `Command { std: "docker" "create" "-v" "/var/lib/crater-agent-workspace/builds/worker-4-tc1/target:/opt/rustwide/target:rw,Z" "-v" "/var/lib/crater-agent-workspace/builds/worker-4-tc1/source:/opt/rustwide/workdir:ro,Z" "-v" "/var/lib/crater-agent-workspace/cargo-home:/opt/rustwide/cargo-home:ro,Z" "-v" "/var/lib/crater-agent-workspace/rustup-home:/opt/rustwide/rustup-home:ro,Z" "-e" "SOURCE_DIR=/opt/rustwide/workdir" "-e" "CARGO_TARGET_DIR=/opt/rustwide/target" "-e" "CARGO_INCREMENTAL=0" "-e" "RUST_BACKTRACE=full" "-e" "RUSTFLAGS=--cap-lints=forbid" "-e" "RUSTDOCFLAGS=--cap-lints=forbid" "-e" "CARGO_HOME=/opt/rustwide/cargo-home" "-e" "RUSTUP_HOME=/opt/rustwide/rustup-home" "-w" "/opt/rustwide/workdir" "-m" "1610612736" "--user" "0:0" "--network" "none" "ghcr.io/rust-lang/crates-build-env/linux@sha256:4a844ea9eb2546a2d2c7022eacef16ef2e8229c7fbb2c7d4d55a9ceca922f72d" "/opt/rustwide/cargo-home/bin/cargo" "+nightly-2024-10-28" "test" "--frozen", kill_on_drop: false }`
[INFO] [stdout] 288add6ca31a0b6be33abf8a51d9298ebf1d8894f38f5daeea399a87fda48884
[INFO] running `Command { std: "docker" "start" "-a" "288add6ca31a0b6be33abf8a51d9298ebf1d8894f38f5daeea399a87fda48884", kill_on_drop: false }`
[INFO] [stderr]     Finished `test` profile [unoptimized + debuginfo] target(s) in 0.00s
[INFO] [stderr]      Running unittests src/lib.rs (/opt/rustwide/target/debug/deps/rsv_data-cfb74d9263d636c5)
[INFO] [stdout] 
[INFO] [stdout] running 2 tests
[INFO] [stdout] test tests::test_decode_error ... ok
[INFO] [stdout] test tests::test_encode_decode ... ok
[INFO] [stdout] 
[INFO] [stdout] test result: ok. 2 passed; 0 failed; 0 ignored; 0 measured; 0 filtered out; finished in 0.00s
[INFO] [stdout] 
[INFO] [stderr]    Doc-tests rsv_data
[INFO] [stdout] 
[INFO] [stdout] running 3 tests
[INFO] [stdout] test src/lib.rs - (line 9) ... FAILED
[INFO] [stdout] test src/lib.rs - (line 20) ... FAILED
[INFO] [stdout] test src/core.rs - core (line 5) ... ok
[INFO] [stdout] 
[INFO] [stdout] failures:
[INFO] [stdout] 
[INFO] [stdout] ---- src/lib.rs - (line 9) stdout ----
[INFO] [stdout] error[E0412]: cannot find type `Rsv` in this scope
[INFO] [stdout]  --> src/lib.rs:10:15
[INFO] [stdout]   |
[INFO] [stdout] 3 | let mut data: Rsv = Rsv::open("myRsv.rsv").unwrap();
[INFO] [stdout]   |               ^^^ not found in this scope
[INFO] [stdout]   |
[INFO] [stdout] help: consider importing this struct
[INFO] [stdout]   |
[INFO] [stdout] 2 + use rsv_data::Rsv;
[INFO] [stdout]   |
[INFO] [stdout] 
[INFO] [stdout] error[E0433]: failed to resolve: use of undeclared type `Rsv`
[INFO] [stdout]  --> src/lib.rs:10:21
[INFO] [stdout]   |
[INFO] [stdout] 3 | let mut data: Rsv = Rsv::open("myRsv.rsv").unwrap();
[INFO] [stdout]   |                     ^^^ use of undeclared type `Rsv`
[INFO] [stdout]   |
[INFO] [stdout] help: consider importing this struct
[INFO] [stdout]   |
[INFO] [stdout] 2 + use rsv_data::Rsv;
[INFO] [stdout]   |
[INFO] [stdout] 
[INFO] [stdout] error: aborting due to 2 previous errors
[INFO] [stdout] 
[INFO] [stdout] Some errors have detailed explanations: E0412, E0433.
[INFO] [stdout] For more information about an error, try `rustc --explain E0412`.
[INFO] [stdout] Couldn't compile the test.
[INFO] [stdout] ---- src/lib.rs - (line 20) stdout ----
[INFO] [stdout] error[E0412]: cannot find type `Rsv` in this scope
[INFO] [stdout]  --> src/lib.rs:21:15
[INFO] [stdout]   |
[INFO] [stdout] 3 | let mut data: Rsv = Rsv::create("myRsv.rsv").unwrap();
[INFO] [stdout]   |               ^^^ not found in this scope
[INFO] [stdout]   |
[INFO] [stdout] help: consider importing this struct
[INFO] [stdout]   |
[INFO] [stdout] 2 + use rsv_data::Rsv;
[INFO] [stdout]   |
[INFO] [stdout] 
[INFO] [stdout] error[E0433]: failed to resolve: use of undeclared type `Rsv`
[INFO] [stdout]  --> src/lib.rs:21:21
[INFO] [stdout]   |
[INFO] [stdout] 3 | let mut data: Rsv = Rsv::create("myRsv.rsv").unwrap();
[INFO] [stdout]   |                     ^^^ use of undeclared type `Rsv`
[INFO] [stdout]   |
[INFO] [stdout] help: consider importing this struct
[INFO] [stdout]   |
[INFO] [stdout] 2 + use rsv_data::Rsv;
[INFO] [stdout]   |
[INFO] [stdout] 
[INFO] [stdout] error: aborting due to 2 previous errors
[INFO] [stdout] 
[INFO] [stdout] Some errors have detailed explanations: E0412, E0433.
[INFO] [stdout] For more information about an error, try `rustc --explain E0412`.
[INFO] [stdout] Couldn't compile the test.
[INFO] [stdout] 
[INFO] [stdout] failures:
[INFO] [stdout]     src/lib.rs - (line 20)
[INFO] [stdout]     src/lib.rs - (line 9)
[INFO] [stdout] 
[INFO] [stdout] test result: FAILED. 1 passed; 2 failed; 0 ignored; 0 measured; 0 filtered out; finished in 0.09s
[INFO] [stdout] 
[INFO] [stderr] error: doctest failed, to rerun pass `--doc`
[INFO] running `Command { std: "docker" "inspect" "288add6ca31a0b6be33abf8a51d9298ebf1d8894f38f5daeea399a87fda48884", kill_on_drop: false }`
[INFO] running `Command { std: "docker" "rm" "-f" "288add6ca31a0b6be33abf8a51d9298ebf1d8894f38f5daeea399a87fda48884", kill_on_drop: false }`
[INFO] [stdout] 288add6ca31a0b6be33abf8a51d9298ebf1d8894f38f5daeea399a87fda48884
