[INFO] fetching crate rstml-to-string-macro 0.1.0...
[INFO] testing rstml-to-string-macro-0.1.0 against nightly-2024-10-28 for randomize-layout
[INFO] extracting crate rstml-to-string-macro 0.1.0 into /workspace/builds/worker-4-tc1/source
[INFO] validating manifest of crates.io crate rstml-to-string-macro 0.1.0 on toolchain nightly-2024-10-28
[INFO] running `Command { std: CARGO_HOME="/workspace/cargo-home" RUSTUP_HOME="/workspace/rustup-home" "/workspace/cargo-home/bin/cargo" "+nightly-2024-10-28" "metadata" "--manifest-path" "Cargo.toml" "--no-deps", kill_on_drop: false }`
[INFO] started tweaking crates.io crate rstml-to-string-macro 0.1.0
[INFO] finished tweaking crates.io crate rstml-to-string-macro 0.1.0
[INFO] tweaked toml for crates.io crate rstml-to-string-macro 0.1.0 written to /workspace/builds/worker-4-tc1/source/Cargo.toml
[INFO] running `Command { std: CARGO_HOME="/workspace/cargo-home" RUSTUP_HOME="/workspace/rustup-home" "/workspace/cargo-home/bin/cargo" "+nightly-2024-10-28" "generate-lockfile" "--manifest-path" "Cargo.toml", kill_on_drop: false }`
[INFO] [stderr]     Updating crates.io index
[INFO] [stderr]      Locking 42 packages to latest compatible versions
[INFO] [stderr]       Adding rstml v0.11.2 (available: v0.12.0)
[INFO] running `Command { std: CARGO_HOME="/workspace/cargo-home" RUSTUP_HOME="/workspace/rustup-home" "/workspace/cargo-home/bin/cargo" "+nightly-2024-10-28" "fetch" "--manifest-path" "Cargo.toml", kill_on_drop: false }`
[INFO] running `Command { std: "docker" "create" "-v" "/var/lib/crater-agent-workspace/builds/worker-4-tc1/target:/opt/rustwide/target:rw,Z" "-v" "/var/lib/crater-agent-workspace/builds/worker-4-tc1/source:/opt/rustwide/workdir:ro,Z" "-v" "/var/lib/crater-agent-workspace/cargo-home:/opt/rustwide/cargo-home:ro,Z" "-v" "/var/lib/crater-agent-workspace/rustup-home:/opt/rustwide/rustup-home:ro,Z" "-e" "SOURCE_DIR=/opt/rustwide/workdir" "-e" "CARGO_TARGET_DIR=/opt/rustwide/target" "-e" "CARGO_HOME=/opt/rustwide/cargo-home" "-e" "RUSTUP_HOME=/opt/rustwide/rustup-home" "-w" "/opt/rustwide/workdir" "-m" "1610612736" "--user" "0:0" "--network" "none" "ghcr.io/rust-lang/crates-build-env/linux@sha256:4a844ea9eb2546a2d2c7022eacef16ef2e8229c7fbb2c7d4d55a9ceca922f72d" "/opt/rustwide/cargo-home/bin/cargo" "+nightly-2024-10-28" "metadata" "--no-deps" "--format-version=1", kill_on_drop: false }`
[INFO] [stdout] 00a0d37ff08312e003fedffe272119cc1f2217281a00860137294b507162bff0
[INFO] running `Command { std: "docker" "start" "-a" "00a0d37ff08312e003fedffe272119cc1f2217281a00860137294b507162bff0", kill_on_drop: false }`
[INFO] running `Command { std: "docker" "inspect" "00a0d37ff08312e003fedffe272119cc1f2217281a00860137294b507162bff0", kill_on_drop: false }`
[INFO] running `Command { std: "docker" "rm" "-f" "00a0d37ff08312e003fedffe272119cc1f2217281a00860137294b507162bff0", kill_on_drop: false }`
[INFO] [stdout] 00a0d37ff08312e003fedffe272119cc1f2217281a00860137294b507162bff0
[INFO] running `Command { std: "docker" "create" "-v" "/var/lib/crater-agent-workspace/builds/worker-4-tc1/target:/opt/rustwide/target:rw,Z" "-v" "/var/lib/crater-agent-workspace/builds/worker-4-tc1/source:/opt/rustwide/workdir:ro,Z" "-v" "/var/lib/crater-agent-workspace/cargo-home:/opt/rustwide/cargo-home:ro,Z" "-v" "/var/lib/crater-agent-workspace/rustup-home:/opt/rustwide/rustup-home:ro,Z" "-e" "SOURCE_DIR=/opt/rustwide/workdir" "-e" "CARGO_TARGET_DIR=/opt/rustwide/target" "-e" "CARGO_INCREMENTAL=0" "-e" "RUST_BACKTRACE=full" "-e" "RUSTFLAGS=--cap-lints=forbid" "-e" "RUSTDOCFLAGS=--cap-lints=forbid" "-e" "CARGO_HOME=/opt/rustwide/cargo-home" "-e" "RUSTUP_HOME=/opt/rustwide/rustup-home" "-w" "/opt/rustwide/workdir" "-m" "1610612736" "--user" "0:0" "--network" "none" "ghcr.io/rust-lang/crates-build-env/linux@sha256:4a844ea9eb2546a2d2c7022eacef16ef2e8229c7fbb2c7d4d55a9ceca922f72d" "/opt/rustwide/cargo-home/bin/cargo" "+nightly-2024-10-28" "build" "--frozen" "--message-format=json", kill_on_drop: false }`
[INFO] [stdout] bdc18cc3702ba4a9887ab3694ae6f77e9b6344d168844e9dba2861003cbf287d
[INFO] running `Command { std: "docker" "start" "-a" "bdc18cc3702ba4a9887ab3694ae6f77e9b6344d168844e9dba2861003cbf287d", kill_on_drop: false }`
[INFO] [stderr]    Compiling syn v2.0.86
[INFO] [stderr]    Compiling proc-macro-error-attr v1.0.4
[INFO] [stderr]    Compiling proc-macro-error v1.0.4
[INFO] [stderr]    Compiling proc-macro2-diagnostics v0.10.1
[INFO] [stderr]    Compiling yansi v1.0.1
[INFO] [stderr]    Compiling rstml-to-string-macro v0.1.0 (/opt/rustwide/workdir)
[INFO] [stderr]    Compiling thiserror v1.0.66
[INFO] [stderr]    Compiling thiserror-impl v1.0.66
[INFO] [stderr]    Compiling syn_derive v0.1.8
[INFO] [stderr]    Compiling rstml v0.11.2
[INFO] [stderr]     Finished `dev` profile [unoptimized + debuginfo] target(s) in 4.73s
[INFO] running `Command { std: "docker" "inspect" "bdc18cc3702ba4a9887ab3694ae6f77e9b6344d168844e9dba2861003cbf287d", kill_on_drop: false }`
[INFO] running `Command { std: "docker" "rm" "-f" "bdc18cc3702ba4a9887ab3694ae6f77e9b6344d168844e9dba2861003cbf287d", kill_on_drop: false }`
[INFO] [stdout] bdc18cc3702ba4a9887ab3694ae6f77e9b6344d168844e9dba2861003cbf287d
[INFO] running `Command { std: "docker" "create" "-v" "/var/lib/crater-agent-workspace/builds/worker-4-tc1/target:/opt/rustwide/target:rw,Z" "-v" "/var/lib/crater-agent-workspace/builds/worker-4-tc1/source:/opt/rustwide/workdir:ro,Z" "-v" "/var/lib/crater-agent-workspace/cargo-home:/opt/rustwide/cargo-home:ro,Z" "-v" "/var/lib/crater-agent-workspace/rustup-home:/opt/rustwide/rustup-home:ro,Z" "-e" "SOURCE_DIR=/opt/rustwide/workdir" "-e" "CARGO_TARGET_DIR=/opt/rustwide/target" "-e" "CARGO_INCREMENTAL=0" "-e" "RUST_BACKTRACE=full" "-e" "RUSTFLAGS=--cap-lints=forbid" "-e" "RUSTDOCFLAGS=--cap-lints=forbid" "-e" "CARGO_HOME=/opt/rustwide/cargo-home" "-e" "RUSTUP_HOME=/opt/rustwide/rustup-home" "-w" "/opt/rustwide/workdir" "-m" "1610612736" "--user" "0:0" "--network" "none" "ghcr.io/rust-lang/crates-build-env/linux@sha256:4a844ea9eb2546a2d2c7022eacef16ef2e8229c7fbb2c7d4d55a9ceca922f72d" "/opt/rustwide/cargo-home/bin/cargo" "+nightly-2024-10-28" "test" "--frozen" "--no-run" "--message-format=json", kill_on_drop: false }`
[INFO] [stdout] 5db213e5a4cdee01ad0678685ba2d65e6be99f2de5aea9d7a285ff59d20a2b4a
[INFO] running `Command { std: "docker" "start" "-a" "5db213e5a4cdee01ad0678685ba2d65e6be99f2de5aea9d7a285ff59d20a2b4a", kill_on_drop: false }`
[INFO] [stderr]    Compiling proc-macro2 v1.0.89
[INFO] [stderr]    Compiling unicode-ident v1.0.13
[INFO] [stderr]    Compiling serde v1.0.214
[INFO] [stderr]    Compiling serde_json v1.0.132
[INFO] [stderr]    Compiling yansi v1.0.1
[INFO] [stderr]    Compiling winnow v0.6.20
[INFO] [stderr]    Compiling target-triple v0.1.3
[INFO] [stderr]    Compiling glob v0.3.1
[INFO] [stderr]    Compiling indexmap v2.6.0
[INFO] [stderr]    Compiling proc-macro2-diagnostics v0.10.1
[INFO] [stderr]    Compiling quote v1.0.37
[INFO] [stderr]    Compiling syn v2.0.86
[INFO] [stderr]    Compiling proc-macro-error-attr v1.0.4
[INFO] [stderr]    Compiling proc-macro-error v1.0.4
[INFO] [stderr]    Compiling toml_datetime v0.6.8
[INFO] [stderr]    Compiling serde_spanned v0.6.8
[INFO] [stderr]    Compiling toml_edit v0.22.22
[INFO] [stderr]    Compiling toml v0.8.19
[INFO] [stderr]    Compiling thiserror-impl v1.0.66
[INFO] [stderr]    Compiling syn_derive v0.1.8
[INFO] [stderr]    Compiling serde_derive v1.0.214
[INFO] [stderr]    Compiling thiserror v1.0.66
[INFO] [stderr]    Compiling rstml v0.11.2
[INFO] [stderr]    Compiling rstml-to-string-macro v0.1.0 (/opt/rustwide/workdir)
[INFO] [stderr]    Compiling trybuild v1.0.101
[INFO] [stdout] warning: unexpected `cfg` condition name: `rstml_signal_nightly`
[INFO] [stdout]   --> tests/tests.rs:14:33
[INFO] [stdout]    |
[INFO] [stdout] 14 |     let unquoted_text = if cfg!(rstml_signal_nightly) {
[INFO] [stdout]    |                                 ^^^^^^^^^^^^^^^^^^^^
[INFO] [stdout]    |
[INFO] [stdout]    = help: expected names are: `clippy`, `debug_assertions`, `doc`, `docsrs`, `doctest`, `feature`, `fmt_debug`, `miri`, `overflow_checks`, `panic`, `proc_macro`, `relocation_model`, `rustfmt`, `sanitize`, `sanitizer_cfi_generalize_pointers`, `sanitizer_cfi_normalize_integers`, `target_abi`, `target_arch`, `target_endian`, `target_env`, `target_family`, `target_feature`, `target_has_atomic`, `target_has_atomic_equal_alignment`, `target_has_atomic_load_store`, `target_os`, `target_pointer_width`, `target_thread_local`, `target_vendor`, `test`, `ub_checks`, `unix`, and `windows`
[INFO] [stdout]    = help: consider using a Cargo feature instead
[INFO] [stdout]    = help: or consider adding in `Cargo.toml` the `check-cfg` lint config for the lint:
[INFO] [stdout]             [lints.rust]
[INFO] [stdout]             unexpected_cfgs = { level = "warn", check-cfg = ['cfg(rstml_signal_nightly)'] }
[INFO] [stdout]    = help: or consider adding `println!("cargo::rustc-check-cfg=cfg(rstml_signal_nightly)");` to the top of the `build.rs`
[INFO] [stdout]    = note: see <https://doc.rust-lang.org/nightly/rustc/check-cfg/cargo-specifics.html> for more information about checking conditional configuration
[INFO] [stdout]    = note: `#[warn(unexpected_cfgs)]` on by default
[INFO] [stdout] 
[INFO] [stdout] 
[INFO] [stderr]     Finished `test` profile [unoptimized + debuginfo] target(s) in 9.78s
[INFO] running `Command { std: "docker" "inspect" "5db213e5a4cdee01ad0678685ba2d65e6be99f2de5aea9d7a285ff59d20a2b4a", kill_on_drop: false }`
[INFO] running `Command { std: "docker" "rm" "-f" "5db213e5a4cdee01ad0678685ba2d65e6be99f2de5aea9d7a285ff59d20a2b4a", kill_on_drop: false }`
[INFO] [stdout] 5db213e5a4cdee01ad0678685ba2d65e6be99f2de5aea9d7a285ff59d20a2b4a
[INFO] running `Command { std: "docker" "create" "-v" "/var/lib/crater-agent-workspace/builds/worker-4-tc1/target:/opt/rustwide/target:rw,Z" "-v" "/var/lib/crater-agent-workspace/builds/worker-4-tc1/source:/opt/rustwide/workdir:ro,Z" "-v" "/var/lib/crater-agent-workspace/cargo-home:/opt/rustwide/cargo-home:ro,Z" "-v" "/var/lib/crater-agent-workspace/rustup-home:/opt/rustwide/rustup-home:ro,Z" "-e" "SOURCE_DIR=/opt/rustwide/workdir" "-e" "CARGO_TARGET_DIR=/opt/rustwide/target" "-e" "CARGO_INCREMENTAL=0" "-e" "RUST_BACKTRACE=full" "-e" "RUSTFLAGS=--cap-lints=forbid" "-e" "RUSTDOCFLAGS=--cap-lints=forbid" "-e" "CARGO_HOME=/opt/rustwide/cargo-home" "-e" "RUSTUP_HOME=/opt/rustwide/rustup-home" "-w" "/opt/rustwide/workdir" "-m" "1610612736" "--user" "0:0" "--network" "none" "ghcr.io/rust-lang/crates-build-env/linux@sha256:4a844ea9eb2546a2d2c7022eacef16ef2e8229c7fbb2c7d4d55a9ceca922f72d" "/opt/rustwide/cargo-home/bin/cargo" "+nightly-2024-10-28" "test" "--frozen", kill_on_drop: false }`
[INFO] [stdout] 3f9826efd202b211c3383e7034eddaf19c85907068a8d8fa2bd1d92f32d47f8f
[INFO] running `Command { std: "docker" "start" "-a" "3f9826efd202b211c3383e7034eddaf19c85907068a8d8fa2bd1d92f32d47f8f", kill_on_drop: false }`
[INFO] [stderr] warning: unexpected `cfg` condition name: `rstml_signal_nightly`
[INFO] [stderr]   --> tests/tests.rs:14:33
[INFO] [stderr]    |
[INFO] [stderr] 14 |     let unquoted_text = if cfg!(rstml_signal_nightly) {
[INFO] [stderr]    |                                 ^^^^^^^^^^^^^^^^^^^^
[INFO] [stderr]    |
[INFO] [stderr]    = help: expected names are: `clippy`, `debug_assertions`, `doc`, `docsrs`, `doctest`, `feature`, `fmt_debug`, `miri`, `overflow_checks`, `panic`, `proc_macro`, `relocation_model`, `rustfmt`, `sanitize`, `sanitizer_cfi_generalize_pointers`, `sanitizer_cfi_normalize_integers`, `target_abi`, `target_arch`, `target_endian`, `target_env`, `target_family`, `target_feature`, `target_has_atomic`, `target_has_atomic_equal_alignment`, `target_has_atomic_load_store`, `target_os`, `target_pointer_width`, `target_thread_local`, `target_vendor`, `test`, `ub_checks`, `unix`, and `windows`
[INFO] [stderr]    = help: consider using a Cargo feature instead
[INFO] [stderr]    = help: or consider adding in `Cargo.toml` the `check-cfg` lint config for the lint:
[INFO] [stderr]             [lints.rust]
[INFO] [stderr]             unexpected_cfgs = { level = "warn", check-cfg = ['cfg(rstml_signal_nightly)'] }
[INFO] [stderr]    = help: or consider adding `println!("cargo::rustc-check-cfg=cfg(rstml_signal_nightly)");` to the top of the `build.rs`
[INFO] [stderr]    = note: see <https://doc.rust-lang.org/nightly/rustc/check-cfg/cargo-specifics.html> for more information about checking conditional configuration
[INFO] [stderr]    = note: `#[warn(unexpected_cfgs)]` on by default
[INFO] [stderr] 
[INFO] [stderr] warning: `rstml-to-string-macro` (test "tests") generated 1 warning
[INFO] [stderr]     Finished `test` profile [unoptimized + debuginfo] target(s) in 0.04s
[INFO] [stderr]      Running unittests src/lib.rs (/opt/rustwide/target/debug/deps/rstml_to_string_macro-e94b1f214f18775f)
[INFO] [stdout] 
[INFO] [stdout] running 0 tests
[INFO] [stdout] 
[INFO] [stdout] test result: ok. 0 passed; 0 failed; 0 ignored; 0 measured; 0 filtered out; finished in 0.00s
[INFO] [stdout] 
[INFO] [stderr]      Running tests/compiletests.rs (/opt/rustwide/target/debug/deps/compiletests-d977f57ae5e8cc7f)
[INFO] [stdout] 
[INFO] [stdout] running 1 test
[INFO] [stderr]    Compiling proc-macro2 v1.0.89
[INFO] [stderr]    Compiling version_check v0.9.5
[INFO] [stderr]    Compiling unicode-ident v1.0.13
[INFO] [stderr]    Compiling thiserror v1.0.66
[INFO] [stderr]    Compiling yansi v1.0.1
[INFO] [stderr]    Compiling rstml-to-string-macro v0.1.0 (/opt/rustwide/workdir)
[INFO] [stderr]    Compiling proc-macro2-diagnostics v0.10.1
[INFO] [stderr]    Compiling proc-macro-error-attr v1.0.4
[INFO] [stderr]    Compiling proc-macro-error v1.0.4
[INFO] [stderr]     Checking quote v1.0.37
[INFO] [stderr]     Checking syn v2.0.86
[INFO] [stderr]    Compiling thiserror-impl v1.0.66
[INFO] [stderr]    Compiling syn_derive v0.1.8
[INFO] [stderr]    Compiling rstml v0.11.2
[INFO] [stderr]     Checking rstml-to-string-macro-tests v0.0.0 (/opt/rustwide/target/tests/trybuild/rstml-to-string-macro)
[INFO] [stderr]     Finished `dev` profile [unoptimized + debuginfo] target(s) in 7.14s
[INFO] [stderr] 
[INFO] [stderr] 
[INFO] [stderr] test tests/ui/doctype.rs ... ok
[INFO] [stderr] test tests/ui/multiple_errors.rs ... mismatch
[INFO] [stderr] 
[INFO] [stderr] EXPECTED:
[INFO] [stderr] ┈┈┈┈┈┈┈┈┈┈┈┈┈┈┈┈┈┈┈┈┈┈┈┈┈┈┈┈┈┈┈┈┈┈┈┈┈┈┈┈┈┈┈┈┈┈┈┈┈┈┈┈┈┈┈┈┈┈┈┈
[INFO] [stderr] error: unexpected end of input, expected identifier or integer
[INFO] [stderr]   --> tests/ui/multiple_errors.rs:13:42
[INFO] [stderr]    |
[INFO] [stderr] 13 |                         <div>"1" { world.} "2" </div>
[INFO] [stderr]    |                                          ^
[INFO] [stderr] 
[INFO] [stderr] error: unexpected end of input, expected identifier or integer
[INFO] [stderr]   --> tests/ui/multiple_errors.rs:18:63
[INFO] [stderr]    |
[INFO] [stderr] 18 |                     <div {"some-attribute-from-rust-blocks22".}>"3"</div>
[INFO] [stderr]    |                                                               ^
[INFO] [stderr] 
[INFO] [stderr] error: wrong close tag found
[INFO] [stderr]   --> tests/ui/multiple_errors.rs:21:17
[INFO] [stderr]    |
[INFO] [stderr] 21 |                 </br>
[INFO] [stderr]    |                 ^^^^^
[INFO] [stderr]    |
[INFO] [stderr] help: open tag that should be closed; it's started here
[INFO] [stderr]   --> tests/ui/multiple_errors.rs:20:17
[INFO] [stderr]    |
[INFO] [stderr] 20 |                 <div hello=world x=x >
[INFO] [stderr]    |                 ^^^^^^^^^^^^^^^^^^^^^^
[INFO] [stderr] 
[INFO] [stderr] error: wrong close tag found
[INFO] [stderr]   --> tests/ui/multiple_errors.rs:22:17
[INFO] [stderr]    |
[INFO] [stderr] 22 |                 </x>
[INFO] [stderr]    |                 ^^^^
[INFO] [stderr]    |
[INFO] [stderr] help: open tag that should be closed; it's started here
[INFO] [stderr]   --> tests/ui/multiple_errors.rs:10:13
[INFO] [stderr]    |
[INFO] [stderr] 10 |             <body>
[INFO] [stderr]    |             ^^^^^^
[INFO] [stderr] 
[INFO] [stderr] error: wrong close tag found
[INFO] [stderr]   --> tests/ui/multiple_errors.rs:23:13
[INFO] [stderr]    |
[INFO] [stderr] 23 |             </body>
[INFO] [stderr]    |             ^^^^^^^
[INFO] [stderr]    |
[INFO] [stderr] help: open tag that should be closed; it's started here
[INFO] [stderr]   --> tests/ui/multiple_errors.rs:6:9
[INFO] [stderr]    |
[INFO] [stderr] 6  |         <html>
[INFO] [stderr]    |         ^^^^^^
[INFO] [stderr] 
[INFO] [stderr] error: close tag was parsed while waiting for open tag
[INFO] [stderr]   --> tests/ui/multiple_errors.rs:24:10
[INFO] [stderr]    |
[INFO] [stderr] 24 |         </html>
[INFO] [stderr]    |          ^
[INFO] [stderr] 
[INFO] [stderr] error: open tag has no coresponding close tag
[INFO] [stderr]   --> tests/ui/multiple_errors.rs:24:9
[INFO] [stderr]    |
[INFO] [stderr] 24 |         </html>
[INFO] [stderr]    |         ^^^^^^^
[INFO] [stderr] 
[INFO] [stderr] error: unexpected token: `}`
[INFO] [stderr]   --> tests/ui/multiple_errors.rs:13:34
[INFO] [stderr]    |
[INFO] [stderr] 13 |                         <div>"1" { world.} "2" </div>
[INFO] [stderr]    |                                  ^^^^^^^^^
[INFO] [stderr] 
[INFO] [stderr] error: unexpected token: `}`
[INFO] [stderr]   --> tests/ui/multiple_errors.rs:18:26
[INFO] [stderr]    |
[INFO] [stderr] 18 |                     <div {"some-attribute-from-rust-blocks22".}>"3"</div>
[INFO] [stderr]    |                          ^^^^^^^^^^^^^^^^^^^^^^^^^^^^^^^^^^^^^^
[INFO] [stderr] 
[INFO] [stderr] error[E0425]: cannot find value `x` in this scope
[INFO] [stderr]   --> tests/ui/multiple_errors.rs:12:28
[INFO] [stderr]    |
[INFO] [stderr] 12 |                     <div x=x a=2 x=3 >
[INFO] [stderr]    |                            ^ not found in this scope
[INFO] [stderr] 
[INFO] [stderr] error[E0425]: cannot find value `world` in this scope
[INFO] [stderr]   --> tests/ui/multiple_errors.rs:13:36
[INFO] [stderr]    |
[INFO] [stderr] 13 |                         <div>"1" { world.} "2" </div>
[INFO] [stderr]    |                                    ^^^^^ not found in this scope
[INFO] [stderr] 
[INFO] [stderr] error[E0425]: cannot find value `a` in this scope
[INFO] [stderr]   --> tests/ui/multiple_errors.rs:15:32
[INFO] [stderr]    |
[INFO] [stderr] 15 |                         <div x=a some text as attribute flags>  "2" </div>
[INFO] [stderr]    |                                ^ not found in this scope
[INFO] [stderr] 
[INFO] [stderr] error[E0425]: cannot find value `a` in this scope
[INFO] [stderr]   --> tests/ui/multiple_errors.rs:16:29
[INFO] [stderr]    |
[INFO] [stderr] 16 |                     <div x =a > some unquoted text with quotes "3". <div/></div>
[INFO] [stderr]    |                             ^ not found in this scope
[INFO] [stderr] 
[INFO] [stderr] error[E0425]: cannot find value `world` in this scope
[INFO] [stderr]   --> tests/ui/multiple_errors.rs:20:28
[INFO] [stderr]    |
[INFO] [stderr] 20 |                 <div hello=world x=x >
[INFO] [stderr]    |                            ^^^^^ not found in this scope
[INFO] [stderr] 
[INFO] [stderr] error[E0425]: cannot find value `x` in this scope
[INFO] [stderr]   --> tests/ui/multiple_errors.rs:20:36
[INFO] [stderr]    |
[INFO] [stderr] 20 |                 <div hello=world x=x >
[INFO] [stderr]    |                                    ^ not found in this scope
[INFO] [stderr] ┈┈┈┈┈┈┈┈┈┈┈┈┈┈┈┈┈┈┈┈┈┈┈┈┈┈┈┈┈┈┈┈┈┈┈┈┈┈┈┈┈┈┈┈┈┈┈┈┈┈┈┈┈┈┈┈┈┈┈┈
[INFO] [stderr] 
[INFO] [stderr] ACTUAL OUTPUT:
[INFO] [stderr] ┈┈┈┈┈┈┈┈┈┈┈┈┈┈┈┈┈┈┈┈┈┈┈┈┈┈┈┈┈┈┈┈┈┈┈┈┈┈┈┈┈┈┈┈┈┈┈┈┈┈┈┈┈┈┈┈┈┈┈┈
[INFO] [stderr] error: unexpected end of input, expected identifier or integer
[INFO] [stderr]   --> tests/ui/multiple_errors.rs:13:42
[INFO] [stderr]    |
[INFO] [stderr] 13 |                         <div>"1" { world.} "2" </div>
[INFO] [stderr]    |                                          ^
[INFO] [stderr] 
[INFO] [stderr] error: unexpected end of input, expected identifier or integer
[INFO] [stderr]   --> tests/ui/multiple_errors.rs:18:63
[INFO] [stderr]    |
[INFO] [stderr] 18 |                     <div {"some-attribute-from-rust-blocks22".}>"3"</div>
[INFO] [stderr]    |                                                               ^
[INFO] [stderr] 
[INFO] [stderr] error: wrong close tag found
[INFO] [stderr]   --> tests/ui/multiple_errors.rs:21:17
[INFO] [stderr]    |
[INFO] [stderr] 21 |                 </br>
[INFO] [stderr]    |                 ^^^^^
[INFO] [stderr]    |
[INFO] [stderr] help: open tag that should be closed; it's started here
[INFO] [stderr]   --> tests/ui/multiple_errors.rs:20:17
[INFO] [stderr]    |
[INFO] [stderr] 20 |                 <div hello=world x=x >
[INFO] [stderr]    |                 ^^^^^^^^^^^^^^^^^^^^^^
[INFO] [stderr] 
[INFO] [stderr] error: wrong close tag found
[INFO] [stderr]   --> tests/ui/multiple_errors.rs:22:17
[INFO] [stderr]    |
[INFO] [stderr] 22 |                 </x>
[INFO] [stderr]    |                 ^^^^
[INFO] [stderr]    |
[INFO] [stderr] help: open tag that should be closed; it's started here
[INFO] [stderr]   --> tests/ui/multiple_errors.rs:10:13
[INFO] [stderr]    |
[INFO] [stderr] 10 |             <body>
[INFO] [stderr]    |             ^^^^^^
[INFO] [stderr] 
[INFO] [stderr] error: wrong close tag found
[INFO] [stderr]   --> tests/ui/multiple_errors.rs:23:13
[INFO] [stderr]    |
[INFO] [stderr] 23 |             </body>
[INFO] [stderr]    |             ^^^^^^^
[INFO] [stderr]    |
[INFO] [stderr] help: open tag that should be closed; it's started here
[INFO] [stderr]   --> tests/ui/multiple_errors.rs:6:9
[INFO] [stderr]    |
[INFO] [stderr] 6  |         <html>
[INFO] [stderr]    |         ^^^^^^
[INFO] [stderr] 
[INFO] [stderr] error: close tag was parsed while waiting for open tag
[INFO] [stderr]   --> tests/ui/multiple_errors.rs:24:10
[INFO] [stderr]    |
[INFO] [stderr] 24 |         </html>
[INFO] [stderr]    |          ^
[INFO] [stderr] 
[INFO] [stderr] error: open tag has no corresponding close tag
[INFO] [stderr]   --> tests/ui/multiple_errors.rs:24:9
[INFO] [stderr]    |
[INFO] [stderr] 24 |         </html>
[INFO] [stderr]    |         ^^^^^^^
[INFO] [stderr] 
[INFO] [stderr] error: unexpected token: `}`
[INFO] [stderr]   --> tests/ui/multiple_errors.rs:13:34
[INFO] [stderr]    |
[INFO] [stderr] 13 |                         <div>"1" { world.} "2" </div>
[INFO] [stderr]    |                                  ^^^^^^^^^
[INFO] [stderr] 
[INFO] [stderr] error: unexpected token: `}`
[INFO] [stderr]   --> tests/ui/multiple_errors.rs:18:26
[INFO] [stderr]    |
[INFO] [stderr] 18 |                     <div {"some-attribute-from-rust-blocks22".}>"3"</div>
[INFO] [stderr]    |                          ^^^^^^^^^^^^^^^^^^^^^^^^^^^^^^^^^^^^^^
[INFO] [stderr] 
[INFO] [stderr] error[E0425]: cannot find value `x` in this scope
[INFO] [stderr]   --> tests/ui/multiple_errors.rs:12:28
[INFO] [stderr]    |
[INFO] [stderr] 12 |                     <div x=x a=2 x=3 >
[INFO] [stderr]    |                            ^ not found in this scope
[INFO] [stderr] 
[INFO] [stderr] error[E0425]: cannot find value `world` in this scope
[INFO] [stderr]   --> tests/ui/multiple_errors.rs:13:36
[INFO] [stderr]    |
[INFO] [stderr] 13 |                         <div>"1" { world.} "2" </div>
[INFO] [stderr]    |                                    ^^^^^ not found in this scope
[INFO] [stderr] 
[INFO] [stderr] error[E0425]: cannot find value `a` in this scope
[INFO] [stderr]   --> tests/ui/multiple_errors.rs:15:32
[INFO] [stderr]    |
[INFO] [stderr] 15 |                         <div x=a some text as attribute flags>  "2" </div>
[INFO] [stderr]    |                                ^ not found in this scope
[INFO] [stderr] 
[INFO] [stderr] error[E0425]: cannot find value `a` in this scope
[INFO] [stderr]   --> tests/ui/multiple_errors.rs:16:29
[INFO] [stderr]    |
[INFO] [stderr] 16 |                     <div x =a > some unquoted text with quotes "3". <div/></div>
[INFO] [stderr]    |                             ^ not found in this scope
[INFO] [stderr] 
[INFO] [stderr] error[E0425]: cannot find value `world` in this scope
[INFO] [stderr]   --> tests/ui/multiple_errors.rs:20:28
[INFO] [stderr]    |
[INFO] [stderr] 20 |                 <div hello=world x=x >
[INFO] [stderr]    |                            ^^^^^ not found in this scope
[INFO] [stderr] 
[INFO] [stderr] error[E0425]: cannot find value `x` in this scope
[INFO] [stderr]   --> tests/ui/multiple_errors.rs:20:36
[INFO] [stderr]    |
[INFO] [stderr] 20 |                 <div hello=world x=x >
[INFO] [stderr]    |                                    ^ not found in this scope
[INFO] [stderr] ┈┈┈┈┈┈┈┈┈┈┈┈┈┈┈┈┈┈┈┈┈┈┈┈┈┈┈┈┈┈┈┈┈┈┈┈┈┈┈┈┈┈┈┈┈┈┈┈┈┈┈┈┈┈┈┈┈┈┈┈
[INFO] [stderr] note: If the actual output is the correct output you can bless it by rerunning
[INFO] [stderr]       your test with the environment variable TRYBUILD=overwrite
[INFO] [stderr] 
[INFO] [stderr] test tests/ui/no_open_tag.rs ... mismatch
[INFO] [stderr] 
[INFO] [stderr] EXPECTED:
[INFO] [stderr] ┈┈┈┈┈┈┈┈┈┈┈┈┈┈┈┈┈┈┈┈┈┈┈┈┈┈┈┈┈┈┈┈┈┈┈┈┈┈┈┈┈┈┈┈┈┈┈┈┈┈┈┈┈┈┈┈┈┈┈┈
[INFO] [stderr] error: close tag was parsed while waiting for open tag
[INFO] [stderr]  --> tests/ui/no_open_tag.rs:5:14
[INFO] [stderr]   |
[INFO] [stderr] 5 |             </html>
[INFO] [stderr]   |              ^
[INFO] [stderr] 
[INFO] [stderr] error: open tag has no coresponding close tag
[INFO] [stderr]  --> tests/ui/no_open_tag.rs:5:13
[INFO] [stderr]   |
[INFO] [stderr] 5 |             </html>
[INFO] [stderr]   |             ^^^^^^^
[INFO] [stderr] ┈┈┈┈┈┈┈┈┈┈┈┈┈┈┈┈┈┈┈┈┈┈┈┈┈┈┈┈┈┈┈┈┈┈┈┈┈┈┈┈┈┈┈┈┈┈┈┈┈┈┈┈┈┈┈┈┈┈┈┈
[INFO] [stderr] 
[INFO] [stderr] ACTUAL OUTPUT:
[INFO] [stderr] ┈┈┈┈┈┈┈┈┈┈┈┈┈┈┈┈┈┈┈┈┈┈┈┈┈┈┈┈┈┈┈┈┈┈┈┈┈┈┈┈┈┈┈┈┈┈┈┈┈┈┈┈┈┈┈┈┈┈┈┈
[INFO] [stderr] error: close tag was parsed while waiting for open tag
[INFO] [stderr]  --> tests/ui/no_open_tag.rs:5:14
[INFO] [stderr]   |
[INFO] [stderr] 5 |             </html>
[INFO] [stderr]   |              ^
[INFO] [stderr] 
[INFO] [stderr] error: open tag has no corresponding close tag
[INFO] [stderr]  --> tests/ui/no_open_tag.rs:5:13
[INFO] [stderr]   |
[INFO] [stderr] 5 |             </html>
[INFO] [stderr]   |             ^^^^^^^
[INFO] [stderr] ┈┈┈┈┈┈┈┈┈┈┈┈┈┈┈┈┈┈┈┈┈┈┈┈┈┈┈┈┈┈┈┈┈┈┈┈┈┈┈┈┈┈┈┈┈┈┈┈┈┈┈┈┈┈┈┈┈┈┈┈
[INFO] [stderr] note: If the actual output is the correct output you can bless it by rerunning
[INFO] [stderr]       your test with the environment variable TRYBUILD=overwrite
[INFO] [stderr] 
[INFO] [stderr] test tests/ui/node_block_with_dot.rs ... ok
[INFO] [stderr] test tests/ui/not_closed_tag.rs ... mismatch
[INFO] [stderr] 
[INFO] [stderr] EXPECTED:
[INFO] [stderr] ┈┈┈┈┈┈┈┈┈┈┈┈┈┈┈┈┈┈┈┈┈┈┈┈┈┈┈┈┈┈┈┈┈┈┈┈┈┈┈┈┈┈┈┈┈┈┈┈┈┈┈┈┈┈┈┈┈┈┈┈
[INFO] [stderr] error: open tag has no coresponding close tag
[INFO] [stderr]  --> tests/ui/not_closed_tag.rs:5:13
[INFO] [stderr]   |
[INFO] [stderr] 5 |             <html>
[INFO] [stderr]   |             ^^^^^^
[INFO] [stderr] ┈┈┈┈┈┈┈┈┈┈┈┈┈┈┈┈┈┈┈┈┈┈┈┈┈┈┈┈┈┈┈┈┈┈┈┈┈┈┈┈┈┈┈┈┈┈┈┈┈┈┈┈┈┈┈┈┈┈┈┈
[INFO] [stderr] 
[INFO] [stderr] ACTUAL OUTPUT:
[INFO] [stderr] ┈┈┈┈┈┈┈┈┈┈┈┈┈┈┈┈┈┈┈┈┈┈┈┈┈┈┈┈┈┈┈┈┈┈┈┈┈┈┈┈┈┈┈┈┈┈┈┈┈┈┈┈┈┈┈┈┈┈┈┈
[INFO] [stderr] error: open tag has no corresponding close tag
[INFO] [stderr]  --> tests/ui/not_closed_tag.rs:5:13
[INFO] [stderr]   |
[INFO] [stderr] 5 |             <html>
[INFO] [stderr]   |             ^^^^^^
[INFO] [stderr] ┈┈┈┈┈┈┈┈┈┈┈┈┈┈┈┈┈┈┈┈┈┈┈┈┈┈┈┈┈┈┈┈┈┈┈┈┈┈┈┈┈┈┈┈┈┈┈┈┈┈┈┈┈┈┈┈┈┈┈┈
[INFO] [stderr] note: If the actual output is the correct output you can bless it by rerunning
[INFO] [stderr]       your test with the environment variable TRYBUILD=overwrite
[INFO] [stderr] 
[INFO] [stderr] 
[INFO] [stderr] 
[INFO] [stdout] test ui ... FAILED
[INFO] [stdout] 
[INFO] [stdout] failures:
[INFO] [stdout] 
[INFO] [stdout] ---- ui stdout ----
[INFO] [stdout] thread 'ui' panicked at /opt/rustwide/cargo-home/registry/src/index.crates.io-6f17d22bba15001f/trybuild-1.0.101/src/run.rs:101:13:
[INFO] [stdout] 3 of 5 tests failed
[INFO] [stdout] stack backtrace:
[INFO] [stdout]    0:     0x57b7497003ea - std::backtrace_rs::backtrace::libunwind::trace::h207520d6e9873551
[INFO] [stdout]                                at /rustc/df4ca44d3fbc9301ee17f30f4d474e6ae4b05252/library/std/src/../../backtrace/src/backtrace/libunwind.rs:116:5
[INFO] [stdout]    1:     0x57b7497003ea - std::backtrace_rs::backtrace::trace_unsynchronized::h2ed7433f370e3eca
[INFO] [stdout]                                at /rustc/df4ca44d3fbc9301ee17f30f4d474e6ae4b05252/library/std/src/../../backtrace/src/backtrace/mod.rs:66:5
[INFO] [stdout]    2:     0x57b7497003ea - std::sys::backtrace::_print_fmt::h916fac51166b18d7
[INFO] [stdout]                                at /rustc/df4ca44d3fbc9301ee17f30f4d474e6ae4b05252/library/std/src/sys/backtrace.rs:66:9
[INFO] [stdout]    3:     0x57b7497003ea - <std::sys::backtrace::BacktraceLock::print::DisplayBacktrace as core::fmt::Display>::fmt::ha0a4c9b8ce3802e6
[INFO] [stdout]                                at /rustc/df4ca44d3fbc9301ee17f30f4d474e6ae4b05252/library/std/src/sys/backtrace.rs:39:26
[INFO] [stdout]    4:     0x57b74972a893 - core::fmt::rt::Argument::fmt::h4cfc8587d52b3eb5
[INFO] [stdout]                                at /rustc/df4ca44d3fbc9301ee17f30f4d474e6ae4b05252/library/core/src/fmt/rt.rs:177:76
[INFO] [stdout]    5:     0x57b74972a893 - core::fmt::write::h522cc39e5b36ae9f
[INFO] [stdout]                                at /rustc/df4ca44d3fbc9301ee17f30f4d474e6ae4b05252/library/core/src/fmt/mod.rs:1190:21
[INFO] [stdout]    6:     0x57b7496fc423 - std::io::Write::write_fmt::h7d3c26752da97734
[INFO] [stdout]                                at /rustc/df4ca44d3fbc9301ee17f30f4d474e6ae4b05252/library/std/src/io/mod.rs:1839:15
[INFO] [stdout]    7:     0x57b749700232 - std::sys::backtrace::BacktraceLock::print::h4b9e00b29e9c0942
[INFO] [stdout]                                at /rustc/df4ca44d3fbc9301ee17f30f4d474e6ae4b05252/library/std/src/sys/backtrace.rs:42:9
[INFO] [stdout]    8:     0x57b749701e7a - std::panicking::default_hook::{{closure}}::hb59b88280d0324d9
[INFO] [stdout]                                at /rustc/df4ca44d3fbc9301ee17f30f4d474e6ae4b05252/library/std/src/panicking.rs:268:22
[INFO] [stdout]    9:     0x57b749701c84 - std::panicking::default_hook::he1dd496665be4a29
[INFO] [stdout]                                at /rustc/df4ca44d3fbc9301ee17f30f4d474e6ae4b05252/library/std/src/panicking.rs:292:9
[INFO] [stdout]   10:     0x57b7496c8979 - <alloc::boxed::Box<F,A> as core::ops::function::Fn<Args>>::call::h4ff71de18744e1dc
[INFO] [stdout]                                at /rustc/df4ca44d3fbc9301ee17f30f4d474e6ae4b05252/library/alloc/src/boxed.rs:2468:9
[INFO] [stdout]   11:     0x57b7496c8979 - test::test_main::{{closure}}::hcf7c055ce117aa81
[INFO] [stdout]                                at /rustc/df4ca44d3fbc9301ee17f30f4d474e6ae4b05252/library/test/src/lib.rs:133:21
[INFO] [stdout]   12:     0x57b749702578 - <alloc::boxed::Box<F,A> as core::ops::function::Fn<Args>>::call::h1d66c6bbd60c9692
[INFO] [stdout]                                at /rustc/df4ca44d3fbc9301ee17f30f4d474e6ae4b05252/library/alloc/src/boxed.rs:2468:9
[INFO] [stdout]   13:     0x57b749702578 - std::panicking::rust_panic_with_hook::h2ff17fe8f26dfcf8
[INFO] [stdout]                                at /rustc/df4ca44d3fbc9301ee17f30f4d474e6ae4b05252/library/std/src/panicking.rs:809:13
[INFO] [stdout]   14:     0x57b74970233a - std::panicking::begin_panic_handler::{{closure}}::h4fad77951c07e101
[INFO] [stdout]                                at /rustc/df4ca44d3fbc9301ee17f30f4d474e6ae4b05252/library/std/src/panicking.rs:674:13
[INFO] [stdout]   15:     0x57b7497008c9 - std::sys::backtrace::__rust_end_short_backtrace::hb1a25b3da5d0ea08
[INFO] [stdout]                                at /rustc/df4ca44d3fbc9301ee17f30f4d474e6ae4b05252/library/std/src/sys/backtrace.rs:170:18
[INFO] [stdout]   16:     0x57b749701fcc - rust_begin_unwind
[INFO] [stdout]                                at /rustc/df4ca44d3fbc9301ee17f30f4d474e6ae4b05252/library/std/src/panicking.rs:665:5
[INFO] [stdout]   17:     0x57b749728c40 - core::panicking::panic_fmt::ha9db07b529f9b256
[INFO] [stdout]                                at /rustc/df4ca44d3fbc9301ee17f30f4d474e6ae4b05252/library/core/src/panicking.rs:75:14
[INFO] [stdout]   18:     0x57b7493e851f - trybuild::run::<impl trybuild::Runner>::run::h220d146e2e5727e4
[INFO] [stdout]                                at /opt/rustwide/cargo-home/registry/src/index.crates.io-6f17d22bba15001f/trybuild-1.0.101/src/run.rs:101:13
[INFO] [stdout]   19:     0x57b7493eda38 - <trybuild::TestCases as core::ops::drop::Drop>::drop::h4df1af05e02abf00
[INFO] [stdout]                                at /opt/rustwide/cargo-home/registry/src/index.crates.io-6f17d22bba15001f/trybuild-1.0.101/src/lib.rs:340:13
[INFO] [stdout]   20:     0x57b7493d94f7 - core::ptr::drop_in_place<trybuild::TestCases>::h05aada51ef7749d0
[INFO] [stdout]                                at /rustc/df4ca44d3fbc9301ee17f30f4d474e6ae4b05252/library/core/src/ptr/mod.rs:521:1
[INFO] [stdout]   21:     0x57b7493d9c43 - compiletests::ui::h81fa3f994a14c0a1
[INFO] [stdout]                                at /opt/rustwide/workdir/tests/compiletests.rs:5:1
[INFO] [stdout]   22:     0x57b7493d9bd7 - compiletests::ui::{{closure}}::h7b2a068058bccfcb
[INFO] [stdout]                                at /opt/rustwide/workdir/tests/compiletests.rs:2:8
[INFO] [stdout]   23:     0x57b7493d9456 - core::ops::function::FnOnce::call_once::hdfc0b536d5bf3995
[INFO] [stdout]                                at /rustc/df4ca44d3fbc9301ee17f30f4d474e6ae4b05252/library/core/src/ops/function.rs:250:5
[INFO] [stdout]   24:     0x57b7496cd24b - core::ops::function::FnOnce::call_once::h22c3ba5715e93f05
[INFO] [stdout]                                at /rustc/df4ca44d3fbc9301ee17f30f4d474e6ae4b05252/library/core/src/ops/function.rs:250:5
[INFO] [stdout]   25:     0x57b7496cd24b - test::__rust_begin_short_backtrace::h8e82d8113d0da17f
[INFO] [stdout]                                at /rustc/df4ca44d3fbc9301ee17f30f4d474e6ae4b05252/library/test/src/lib.rs:621:18
[INFO] [stdout]   26:     0x57b7496ccbc7 - test::run_test_in_process::{{closure}}::h33235f4f20b7b7c7
[INFO] [stdout]                                at /rustc/df4ca44d3fbc9301ee17f30f4d474e6ae4b05252/library/test/src/lib.rs:644:60
[INFO] [stdout]   27:     0x57b7496ccbc7 - <core::panic::unwind_safe::AssertUnwindSafe<F> as core::ops::function::FnOnce<()>>::call_once::hb5043206310c586f
[INFO] [stdout]                                at /rustc/df4ca44d3fbc9301ee17f30f4d474e6ae4b05252/library/core/src/panic/unwind_safe.rs:272:9
[INFO] [stdout]   28:     0x57b7496ccbc7 - std::panicking::try::do_call::h9ad4731a60ab23e2
[INFO] [stdout]                                at /rustc/df4ca44d3fbc9301ee17f30f4d474e6ae4b05252/library/std/src/panicking.rs:557:40
[INFO] [stdout]   29:     0x57b7496ccbc7 - std::panicking::try::h3824d23db772a716
[INFO] [stdout]                                at /rustc/df4ca44d3fbc9301ee17f30f4d474e6ae4b05252/library/std/src/panicking.rs:520:19
[INFO] [stdout]   30:     0x57b7496ccbc7 - std::panic::catch_unwind::h5afd514605fde46b
[INFO] [stdout]                                at /rustc/df4ca44d3fbc9301ee17f30f4d474e6ae4b05252/library/std/src/panic.rs:358:14
[INFO] [stdout]   31:     0x57b7496ccbc7 - test::run_test_in_process::h0d5cbfa7067d1720
[INFO] [stdout]                                at /rustc/df4ca44d3fbc9301ee17f30f4d474e6ae4b05252/library/test/src/lib.rs:644:27
[INFO] [stdout]   32:     0x57b7496ccbc7 - test::run_test::{{closure}}::h708eb8872708115d
[INFO] [stdout]                                at /rustc/df4ca44d3fbc9301ee17f30f4d474e6ae4b05252/library/test/src/lib.rs:565:43
[INFO] [stdout]   33:     0x57b7496902e4 - test::run_test::{{closure}}::h392c51cee94713ab
[INFO] [stdout]                                at /rustc/df4ca44d3fbc9301ee17f30f4d474e6ae4b05252/library/test/src/lib.rs:595:41
[INFO] [stdout]   34:     0x57b7496902e4 - std::sys::backtrace::__rust_begin_short_backtrace::h2f40290710935a8b
[INFO] [stdout]                                at /rustc/df4ca44d3fbc9301ee17f30f4d474e6ae4b05252/library/std/src/sys/backtrace.rs:154:18
[INFO] [stdout]   35:     0x57b749693a8e - std::thread::Builder::spawn_unchecked_::{{closure}}::{{closure}}::h3fd968d89053a903
[INFO] [stdout]                                at /rustc/df4ca44d3fbc9301ee17f30f4d474e6ae4b05252/library/std/src/thread/mod.rs:541:17
[INFO] [stdout]   36:     0x57b749693a8e - <core::panic::unwind_safe::AssertUnwindSafe<F> as core::ops::function::FnOnce<()>>::call_once::h743f637ba4229880
[INFO] [stdout]                                at /rustc/df4ca44d3fbc9301ee17f30f4d474e6ae4b05252/library/core/src/panic/unwind_safe.rs:272:9
[INFO] [stdout]   37:     0x57b749693a8e - std::panicking::try::do_call::h07440897322525a6
[INFO] [stdout]                                at /rustc/df4ca44d3fbc9301ee17f30f4d474e6ae4b05252/library/std/src/panicking.rs:557:40
[INFO] [stdout]   38:     0x57b749693a8e - std::panicking::try::he5a2e00188156637
[INFO] [stdout]                                at /rustc/df4ca44d3fbc9301ee17f30f4d474e6ae4b05252/library/std/src/panicking.rs:520:19
[INFO] [stdout]   39:     0x57b749693a8e - std::panic::catch_unwind::hbaf3cae49b3c6433
[INFO] [stdout]                                at /rustc/df4ca44d3fbc9301ee17f30f4d474e6ae4b05252/library/std/src/panic.rs:358:14
[INFO] [stdout]   40:     0x57b749693a8e - std::thread::Builder::spawn_unchecked_::{{closure}}::h8e141ea224820bce
[INFO] [stdout]                                at /rustc/df4ca44d3fbc9301ee17f30f4d474e6ae4b05252/library/std/src/thread/mod.rs:540:30
[INFO] [stdout]   41:     0x57b749693a8e - core::ops::function::FnOnce::call_once{{vtable.shim}}::h90d312fedd7b8ea8
[INFO] [stdout]                                at /rustc/df4ca44d3fbc9301ee17f30f4d474e6ae4b05252/library/core/src/ops/function.rs:250:5
[INFO] [stdout]   42:     0x57b74970733b - <alloc::boxed::Box<F,A> as core::ops::function::FnOnce<Args>>::call_once::h69aa08ddb6adb8b6
[INFO] [stdout]                                at /rustc/df4ca44d3fbc9301ee17f30f4d474e6ae4b05252/library/alloc/src/boxed.rs:2454:9
[INFO] [stdout]   43:     0x57b74970733b - <alloc::boxed::Box<F,A> as core::ops::function::FnOnce<Args>>::call_once::h5aa36efdb79c806f
[INFO] [stdout]                                at /rustc/df4ca44d3fbc9301ee17f30f4d474e6ae4b05252/library/alloc/src/boxed.rs:2454:9
[INFO] [stdout]   44:     0x57b74970733b - std::sys::pal::unix::thread::Thread::new::thread_start::h6cd80a1b4be5158d
[INFO] [stdout]                                at /rustc/df4ca44d3fbc9301ee17f30f4d474e6ae4b05252/library/std/src/sys/pal/unix/thread.rs:105:17
[INFO] [stdout]   45:     0x7d6f9a51fac3 - <unknown>
[INFO] [stdout]   46:     0x7d6f9a5b0a04 - clone
[INFO] [stdout]   47:                0x0 - <unknown>
[INFO] [stdout] 
[INFO] [stdout] 
[INFO] [stdout] failures:
[INFO] [stdout]     ui
[INFO] [stdout] 
[INFO] [stdout] test result: FAILED. 0 passed; 1 failed; 0 ignored; 0 measured; 0 filtered out; finished in 7.34s
[INFO] [stdout] 
[INFO] [stderr] error: test failed, to rerun pass `--test compiletests`
[INFO] running `Command { std: "docker" "inspect" "3f9826efd202b211c3383e7034eddaf19c85907068a8d8fa2bd1d92f32d47f8f", kill_on_drop: false }`
[INFO] running `Command { std: "docker" "rm" "-f" "3f9826efd202b211c3383e7034eddaf19c85907068a8d8fa2bd1d92f32d47f8f", kill_on_drop: false }`
[INFO] [stdout] 3f9826efd202b211c3383e7034eddaf19c85907068a8d8fa2bd1d92f32d47f8f
