[INFO] fetching crate rspp 0.1.7...
[INFO] testing rspp-0.1.7 against nightly-2024-10-28+rustflags=-Zrandomize-layout for randomize-layout
[INFO] extracting crate rspp 0.1.7 into /workspace/builds/worker-3-tc2/source
[INFO] validating manifest of crates.io crate rspp 0.1.7 on toolchain nightly-2024-10-28
[INFO] running `Command { std: CARGO_HOME="/workspace/cargo-home" RUSTUP_HOME="/workspace/rustup-home" "/workspace/cargo-home/bin/cargo" "+nightly-2024-10-28" "metadata" "--manifest-path" "Cargo.toml" "--no-deps", kill_on_drop: false }`
[INFO] removed /workspace/builds/worker-3-tc2/source/.cargo/config.toml
[INFO] started tweaking crates.io crate rspp 0.1.7
[INFO] removed 0 missing tests
[INFO] finished tweaking crates.io crate rspp 0.1.7
[INFO] tweaked toml for crates.io crate rspp 0.1.7 written to /workspace/builds/worker-3-tc2/source/Cargo.toml
[INFO] crate crates.io crate rspp 0.1.7 already has a lockfile, it will not be regenerated
[INFO] running `Command { std: CARGO_HOME="/workspace/cargo-home" RUSTUP_HOME="/workspace/rustup-home" "/workspace/cargo-home/bin/cargo" "+nightly-2024-10-28" "fetch" "--manifest-path" "Cargo.toml", kill_on_drop: false }`
[INFO] running `Command { std: "docker" "create" "-v" "/var/lib/crater-agent-workspace/builds/worker-3-tc2/target:/opt/rustwide/target:rw,Z" "-v" "/var/lib/crater-agent-workspace/builds/worker-3-tc2/source:/opt/rustwide/workdir:ro,Z" "-v" "/var/lib/crater-agent-workspace/cargo-home:/opt/rustwide/cargo-home:ro,Z" "-v" "/var/lib/crater-agent-workspace/rustup-home:/opt/rustwide/rustup-home:ro,Z" "-e" "SOURCE_DIR=/opt/rustwide/workdir" "-e" "CARGO_TARGET_DIR=/opt/rustwide/target" "-e" "CARGO_HOME=/opt/rustwide/cargo-home" "-e" "RUSTUP_HOME=/opt/rustwide/rustup-home" "-w" "/opt/rustwide/workdir" "-m" "1610612736" "--user" "0:0" "--network" "none" "ghcr.io/rust-lang/crates-build-env/linux@sha256:4a844ea9eb2546a2d2c7022eacef16ef2e8229c7fbb2c7d4d55a9ceca922f72d" "/opt/rustwide/cargo-home/bin/cargo" "+nightly-2024-10-28" "metadata" "--no-deps" "--format-version=1", kill_on_drop: false }`
[INFO] [stdout] ceea789ee3dca62b8228f46772495333b2d491a545a5d272241a1632b03b02da
[INFO] running `Command { std: "docker" "start" "-a" "ceea789ee3dca62b8228f46772495333b2d491a545a5d272241a1632b03b02da", kill_on_drop: false }`
[INFO] running `Command { std: "docker" "inspect" "ceea789ee3dca62b8228f46772495333b2d491a545a5d272241a1632b03b02da", kill_on_drop: false }`
[INFO] running `Command { std: "docker" "rm" "-f" "ceea789ee3dca62b8228f46772495333b2d491a545a5d272241a1632b03b02da", kill_on_drop: false }`
[INFO] [stdout] ceea789ee3dca62b8228f46772495333b2d491a545a5d272241a1632b03b02da
[INFO] running `Command { std: "docker" "create" "-v" "/var/lib/crater-agent-workspace/builds/worker-3-tc2/target:/opt/rustwide/target:rw,Z" "-v" "/var/lib/crater-agent-workspace/builds/worker-3-tc2/source:/opt/rustwide/workdir:ro,Z" "-v" "/var/lib/crater-agent-workspace/cargo-home:/opt/rustwide/cargo-home:ro,Z" "-v" "/var/lib/crater-agent-workspace/rustup-home:/opt/rustwide/rustup-home:ro,Z" "-e" "SOURCE_DIR=/opt/rustwide/workdir" "-e" "CARGO_TARGET_DIR=/opt/rustwide/target" "-e" "CARGO_INCREMENTAL=0" "-e" "RUST_BACKTRACE=full" "-e" "RUSTFLAGS=--cap-lints=forbid -Zrandomize-layout" "-e" "RUSTDOCFLAGS=--cap-lints=forbid" "-e" "CARGO_HOME=/opt/rustwide/cargo-home" "-e" "RUSTUP_HOME=/opt/rustwide/rustup-home" "-w" "/opt/rustwide/workdir" "-m" "1610612736" "--user" "0:0" "--network" "none" "ghcr.io/rust-lang/crates-build-env/linux@sha256:4a844ea9eb2546a2d2c7022eacef16ef2e8229c7fbb2c7d4d55a9ceca922f72d" "/opt/rustwide/cargo-home/bin/cargo" "+nightly-2024-10-28" "build" "--frozen" "--message-format=json", kill_on_drop: false }`
[INFO] [stdout] 239cc28150a209ac77fa46aef5fb1780b7e33efd160b649258e257dcb44a53fc
[INFO] running `Command { std: "docker" "start" "-a" "239cc28150a209ac77fa46aef5fb1780b7e33efd160b649258e257dcb44a53fc", kill_on_drop: false }`
[INFO] [stderr]    Compiling proc-macro2 v1.0.86
[INFO] [stderr]    Compiling unicode-ident v1.0.12
[INFO] [stderr]    Compiling autocfg v1.3.0
[INFO] [stderr]    Compiling libm v0.2.8
[INFO] [stderr]    Compiling libc v0.2.155
[INFO] [stderr]    Compiling serde v1.0.204
[INFO] [stderr]    Compiling byteorder v1.5.0
[INFO] [stderr]    Compiling bytemuck v1.16.3
[INFO] [stderr]    Compiling memchr v2.7.4
[INFO] [stderr]    Compiling hashbrown v0.14.5
[INFO] [stderr]    Compiling equivalent v1.0.1
[INFO] [stderr]    Compiling regex-syntax v0.8.4
[INFO] [stderr]    Compiling winnow v0.6.18
[INFO] [stderr]    Compiling same-file v1.0.6
[INFO] [stderr]    Compiling serde_json v1.0.122
[INFO] [stderr]    Compiling anyhow v1.0.86
[INFO] [stderr]    Compiling walkdir v2.5.0
[INFO] [stderr]    Compiling common-path v1.0.0
[INFO] [stderr]    Compiling safe_arch v0.7.2
[INFO] [stderr]    Compiling once_cell v1.19.0
[INFO] [stderr]    Compiling termcolor v1.4.1
[INFO] [stderr]    Compiling either v1.13.0
[INFO] [stderr]    Compiling num-traits v0.2.19
[INFO] [stderr]    Compiling matrixmultiply v0.3.9
[INFO] [stderr]    Compiling rayon v1.10.0
[INFO] [stderr]    Compiling wide v0.7.26
[INFO] [stderr]    Compiling aho-corasick v1.1.3
[INFO] [stderr]    Compiling indexmap v2.4.0
[INFO] [stderr]    Compiling quote v1.0.36
[INFO] [stderr]    Compiling getrandom v0.2.15
[INFO] [stderr]    Compiling syn v2.0.72
[INFO] [stderr]    Compiling rand_core v0.6.4
[INFO] [stderr]    Compiling approx v0.5.1
[INFO] [stderr]    Compiling num-complex v0.4.6
[INFO] [stderr]    Compiling num-integer v0.1.46
[INFO] [stderr]    Compiling num-rational v0.4.2
[INFO] [stderr]    Compiling regex-automata v0.4.7
[INFO] [stderr]    Compiling simba v0.8.1
[INFO] [stderr]    Compiling simba v0.9.0
[INFO] [stderr]    Compiling serde_spanned v0.6.7
[INFO] [stderr]    Compiling toml_datetime v0.6.8
[INFO] [stderr]    Compiling toml_edit v0.22.20
[INFO] [stderr]    Compiling regex v1.10.6
[INFO] [stderr]    Compiling zerocopy-derive v0.7.35
[INFO] [stderr]    Compiling nalgebra-macros v0.2.2
[INFO] [stderr]    Compiling serde_derive v1.0.204
[INFO] [stderr]    Compiling derive-syn-parse v0.2.0
[INFO] [stderr]    Compiling zerocopy v0.7.35
[INFO] [stderr]    Compiling ppv-lite86 v0.2.20
[INFO] [stderr]    Compiling toml v0.8.19
[INFO] [stderr]    Compiling rand_chacha v0.3.1
[INFO] [stderr]    Compiling rand v0.8.5
[INFO] [stderr]    Compiling docify_macros v0.2.8
[INFO] [stderr]    Compiling rand_distr v0.4.3
[INFO] [stderr]    Compiling docify v0.2.8
[INFO] [stderr]    Compiling nalgebra v0.32.6
[INFO] [stderr]    Compiling nalgebra v0.33.0
[INFO] [stderr]    Compiling statrs v0.17.1
[INFO] [stderr]    Compiling rspp v0.1.7 (/opt/rustwide/workdir)
[INFO] [stderr]     Finished `dev` profile [unoptimized + debuginfo] target(s) in 14.24s
[INFO] running `Command { std: "docker" "inspect" "239cc28150a209ac77fa46aef5fb1780b7e33efd160b649258e257dcb44a53fc", kill_on_drop: false }`
[INFO] running `Command { std: "docker" "rm" "-f" "239cc28150a209ac77fa46aef5fb1780b7e33efd160b649258e257dcb44a53fc", kill_on_drop: false }`
[INFO] [stdout] 239cc28150a209ac77fa46aef5fb1780b7e33efd160b649258e257dcb44a53fc
[INFO] running `Command { std: "docker" "create" "-v" "/var/lib/crater-agent-workspace/builds/worker-3-tc2/target:/opt/rustwide/target:rw,Z" "-v" "/var/lib/crater-agent-workspace/builds/worker-3-tc2/source:/opt/rustwide/workdir:ro,Z" "-v" "/var/lib/crater-agent-workspace/cargo-home:/opt/rustwide/cargo-home:ro,Z" "-v" "/var/lib/crater-agent-workspace/rustup-home:/opt/rustwide/rustup-home:ro,Z" "-e" "SOURCE_DIR=/opt/rustwide/workdir" "-e" "CARGO_TARGET_DIR=/opt/rustwide/target" "-e" "CARGO_INCREMENTAL=0" "-e" "RUST_BACKTRACE=full" "-e" "RUSTFLAGS=--cap-lints=forbid -Zrandomize-layout" "-e" "RUSTDOCFLAGS=--cap-lints=forbid" "-e" "CARGO_HOME=/opt/rustwide/cargo-home" "-e" "RUSTUP_HOME=/opt/rustwide/rustup-home" "-w" "/opt/rustwide/workdir" "-m" "1610612736" "--user" "0:0" "--network" "none" "ghcr.io/rust-lang/crates-build-env/linux@sha256:4a844ea9eb2546a2d2c7022eacef16ef2e8229c7fbb2c7d4d55a9ceca922f72d" "/opt/rustwide/cargo-home/bin/cargo" "+nightly-2024-10-28" "test" "--frozen" "--no-run" "--message-format=json", kill_on_drop: false }`
[INFO] [stdout] fce1bd7b7596b1606264a823e5f09b28207d1f67f34d140311fd76bb3706e136
[INFO] running `Command { std: "docker" "start" "-a" "fce1bd7b7596b1606264a823e5f09b28207d1f67f34d140311fd76bb3706e136", kill_on_drop: false }`
[INFO] [stderr]    Compiling rspp v0.1.7 (/opt/rustwide/workdir)
[INFO] [stderr]     Finished `test` profile [unoptimized + debuginfo] target(s) in 0.90s
[INFO] running `Command { std: "docker" "inspect" "fce1bd7b7596b1606264a823e5f09b28207d1f67f34d140311fd76bb3706e136", kill_on_drop: false }`
[INFO] running `Command { std: "docker" "rm" "-f" "fce1bd7b7596b1606264a823e5f09b28207d1f67f34d140311fd76bb3706e136", kill_on_drop: false }`
[INFO] [stdout] fce1bd7b7596b1606264a823e5f09b28207d1f67f34d140311fd76bb3706e136
[INFO] running `Command { std: "docker" "create" "-v" "/var/lib/crater-agent-workspace/builds/worker-3-tc2/target:/opt/rustwide/target:rw,Z" "-v" "/var/lib/crater-agent-workspace/builds/worker-3-tc2/source:/opt/rustwide/workdir:ro,Z" "-v" "/var/lib/crater-agent-workspace/cargo-home:/opt/rustwide/cargo-home:ro,Z" "-v" "/var/lib/crater-agent-workspace/rustup-home:/opt/rustwide/rustup-home:ro,Z" "-e" "SOURCE_DIR=/opt/rustwide/workdir" "-e" "CARGO_TARGET_DIR=/opt/rustwide/target" "-e" "CARGO_INCREMENTAL=0" "-e" "RUST_BACKTRACE=full" "-e" "RUSTFLAGS=--cap-lints=forbid -Zrandomize-layout" "-e" "RUSTDOCFLAGS=--cap-lints=forbid" "-e" "CARGO_HOME=/opt/rustwide/cargo-home" "-e" "RUSTUP_HOME=/opt/rustwide/rustup-home" "-w" "/opt/rustwide/workdir" "-m" "1610612736" "--user" "0:0" "--network" "none" "ghcr.io/rust-lang/crates-build-env/linux@sha256:4a844ea9eb2546a2d2c7022eacef16ef2e8229c7fbb2c7d4d55a9ceca922f72d" "/opt/rustwide/cargo-home/bin/cargo" "+nightly-2024-10-28" "test" "--frozen", kill_on_drop: false }`
[INFO] [stdout] 11a626af53fe2584fef14302c6dacacc66fa4adeb7880dcffee779cbc1f8f5da
[INFO] running `Command { std: "docker" "start" "-a" "11a626af53fe2584fef14302c6dacacc66fa4adeb7880dcffee779cbc1f8f5da", kill_on_drop: false }`
[INFO] [stderr]     Finished `test` profile [unoptimized + debuginfo] target(s) in 0.05s
[INFO] [stderr]      Running unittests src/lib.rs (/opt/rustwide/target/debug/deps/rspp-c87d9d0acc867af7)
[INFO] [stdout] 
[INFO] [stdout] running 14 tests
[INFO] [stdout] test option_price::bsm::test_check_validate ... ok
[INFO] [stdout] test point_cloud::ransac_normal::test_normal ... ok
[INFO] [stdout] test robotics::ekf_slam::test_erf ... ok
[INFO] [stdout] test robotics::kinametics::test_f_kina ... ok
[INFO] [stdout] test robotics::particle_filter::test_particle ... ok
[INFO] [stdout] test tools::tool::test_resample ... ok
[INFO] [stdout] test stochastics::gbm::test_heston ... ok
[INFO] [stdout] test robotics::gaussian_grid_map::test_gaussian_map ... ok
[INFO] [stdout] test stochastics::gbm::test_jump ... ok
[INFO] [stdout] test option_price::mont_carlo::test_mont ... ok
[INFO] [stdout] test robotics::kalman::test_kalman ... ok
[INFO] [stdout] test option_price::binomial_tree::test_bintree ... ok
[INFO] [stdout] test option_price::baw::test_baw ... ok
[INFO] [stdout] test option_price::sabr::test_sabr ... ok
[INFO] [stdout] 
[INFO] [stdout] test result: ok. 14 passed; 0 failed; 0 ignored; 0 measured; 0 filtered out; finished in 0.09s
[INFO] [stdout] 
[INFO] [stderr]      Running unittests src/bin.rs (/opt/rustwide/target/debug/deps/rspp-08fc17bcb848de41)
[INFO] [stdout] 
[INFO] [stdout] running 8 tests
[INFO] [stdout] test option_price::bsm::test_check_validate ... ok
[INFO] [stdout] test stochastics::gbm::test_jump ... ok
[INFO] [stdout] test tools::tool::test_resample ... ok
[INFO] [stdout] test stochastics::gbm::test_heston ... ok
[INFO] [stdout] test option_price::mont_carlo::test_mont ... ok
[INFO] [stdout] test option_price::binomial_tree::test_bintree ... ok
[INFO] [stdout] test option_price::baw::test_baw ... ok
[INFO] [stdout] test option_price::sabr::test_sabr ... ok
[INFO] [stdout] 
[INFO] [stdout] test result: ok. 8 passed; 0 failed; 0 ignored; 0 measured; 0 filtered out; finished in 0.09s
[INFO] [stdout] 
[INFO] [stderr]      Running tests/test_op.rs (/opt/rustwide/target/debug/deps/test_op-00a91cd0eccc785a)
[INFO] [stdout] 
[INFO] [stdout] running 0 tests
[INFO] [stdout] 
[INFO] [stdout] test result: ok. 0 passed; 0 failed; 0 ignored; 0 measured; 0 filtered out; finished in 0.00s
[INFO] [stdout] 
[INFO] [stderr]    Doc-tests rspp
[INFO] [stdout] 
[INFO] [stdout] running 11 tests
[INFO] [stdout] test src/option_price/baw.rs - option_price::baw::Option (line 16) ... ignored
[INFO] [stdout] test src/option_price/binomial_tree.rs - option_price::binomial_tree::Option (line 9) ... ignored
[INFO] [stdout] test src/option_price/mont_carlo.rs - option_price::mont_carlo::Option (line 21) ... ignored
[INFO] [stdout] test src/robotics/kalman.rs - robotics::kalman::Kalman (line 35) ... ignored
[INFO] [stdout] test src/robotics/particle_filter.rs - robotics::particle_filter::Particle (line 58) ... ignored
[INFO] [stdout] test src/stochastics/heston.rs - stochastics::gbm::Heston (line 24) ... ignored
[INFO] [stdout] test src/stochastics/jump_dif.rs - stochastics::gbm::JumpDiffusion (line 3) ... ignored
[INFO] [stdout] test src/lib.rs - robotics (line 29) ... FAILED
[INFO] [stdout] test src/tools/tool.rs - tools::tool::jacbin_one_row (line 49) ... FAILED
[INFO] [stdout] test src/tools/tool.rs - tools::tool::resample_dup (line 22) ... FAILED
[INFO] [stdout] test src/option_price/bsm.rs - option_price::bsm::Option (line 36) ... ok
[INFO] [stdout] 
[INFO] [stdout] failures:
[INFO] [stdout] 
[INFO] [stdout] ---- src/lib.rs - robotics (line 29) stdout ----
[INFO] [stdout] error: expected one of `!`, `.`, `::`, `;`, `?`, `{`, `}`, or an operator, found `normal`
[INFO] [stdout]  --> src/lib.rs:30:11
[INFO] [stdout]   |
[INFO] [stdout] 3 | -- ransac normal estimation
[INFO] [stdout]   |           ^^^^^^ expected one of 8 possible tokens
[INFO] [stdout] 
[INFO] [stdout] error: aborting due to 1 previous error
[INFO] [stdout] 
[INFO] [stdout] Couldn't compile the test.
[INFO] [stdout] ---- src/tools/tool.rs - tools::tool::jacbin_one_row (line 49) stdout ----
[INFO] [stdout] error[E0432]: unresolved import `rspp::tools::resample`
[INFO] [stdout]  --> src/tools/tool.rs:51:18
[INFO] [stdout]   |
[INFO] [stdout] 5 | use rspp::tools::resample::jacbin_one_row;
[INFO] [stdout]   |                  ^^^^^^^^ could not find `resample` in `tools`
[INFO] [stdout] 
[INFO] [stdout] error: aborting due to 1 previous error
[INFO] [stdout] 
[INFO] [stdout] For more information about this error, try `rustc --explain E0432`.
[INFO] [stdout] Couldn't compile the test.
[INFO] [stdout] ---- src/tools/tool.rs - tools::tool::resample_dup (line 22) stdout ----
[INFO] [stdout] error[E0432]: unresolved import `rspp::tools::resample`
[INFO] [stdout]  --> src/tools/tool.rs:24:5
[INFO] [stdout]   |
[INFO] [stdout] 5 | use rspp::tools::resample;
[INFO] [stdout]   |     ^^^^^^^^^^^^^^^^^^^^^ no `resample` in `tools`
[INFO] [stdout] 
[INFO] [stdout] error: aborting due to 1 previous error
[INFO] [stdout] 
[INFO] [stdout] For more information about this error, try `rustc --explain E0432`.
[INFO] [stdout] Couldn't compile the test.
[INFO] [stdout] 
[INFO] [stdout] failures:
[INFO] [stdout]     src/lib.rs - robotics (line 29)
[INFO] [stdout]     src/tools/tool.rs - tools::tool::jacbin_one_row (line 49)
[INFO] [stdout]     src/tools/tool.rs - tools::tool::resample_dup (line 22)
[INFO] [stdout] 
[INFO] [stdout] test result: FAILED. 1 passed; 3 failed; 7 ignored; 0 measured; 0 filtered out; finished in 0.13s
[INFO] [stdout] 
[INFO] [stderr] error: doctest failed, to rerun pass `--doc`
[INFO] running `Command { std: "docker" "inspect" "11a626af53fe2584fef14302c6dacacc66fa4adeb7880dcffee779cbc1f8f5da", kill_on_drop: false }`
[INFO] running `Command { std: "docker" "rm" "-f" "11a626af53fe2584fef14302c6dacacc66fa4adeb7880dcffee779cbc1f8f5da", kill_on_drop: false }`
[INFO] [stdout] 11a626af53fe2584fef14302c6dacacc66fa4adeb7880dcffee779cbc1f8f5da
