[INFO] fetching crate rspamd-base32 0.1.0...
[INFO] testing rspamd-base32-0.1.0 against nightly-2024-10-28 for randomize-layout
[INFO] extracting crate rspamd-base32 0.1.0 into /workspace/builds/worker-5-tc1/source
[INFO] validating manifest of crates.io crate rspamd-base32 0.1.0 on toolchain nightly-2024-10-28
[INFO] running `Command { std: CARGO_HOME="/workspace/cargo-home" RUSTUP_HOME="/workspace/rustup-home" "/workspace/cargo-home/bin/cargo" "+nightly-2024-10-28" "metadata" "--manifest-path" "Cargo.toml" "--no-deps", kill_on_drop: false }`
[INFO] started tweaking crates.io crate rspamd-base32 0.1.0
[INFO] finished tweaking crates.io crate rspamd-base32 0.1.0
[INFO] tweaked toml for crates.io crate rspamd-base32 0.1.0 written to /workspace/builds/worker-5-tc1/source/Cargo.toml
[INFO] running `Command { std: CARGO_HOME="/workspace/cargo-home" RUSTUP_HOME="/workspace/rustup-home" "/workspace/cargo-home/bin/cargo" "+nightly-2024-10-28" "generate-lockfile" "--manifest-path" "Cargo.toml", kill_on_drop: false }`
[INFO] [stderr]     Updating crates.io index
[INFO] [stderr]      Locking 79 packages to latest compatible versions
[INFO] [stderr]       Adding criterion v0.3.6 (available: v0.5.1)
[INFO] running `Command { std: CARGO_HOME="/workspace/cargo-home" RUSTUP_HOME="/workspace/rustup-home" "/workspace/cargo-home/bin/cargo" "+nightly-2024-10-28" "fetch" "--manifest-path" "Cargo.toml", kill_on_drop: false }`
[INFO] running `Command { std: "docker" "create" "-v" "/var/lib/crater-agent-workspace/builds/worker-5-tc1/target:/opt/rustwide/target:rw,Z" "-v" "/var/lib/crater-agent-workspace/builds/worker-5-tc1/source:/opt/rustwide/workdir:ro,Z" "-v" "/var/lib/crater-agent-workspace/cargo-home:/opt/rustwide/cargo-home:ro,Z" "-v" "/var/lib/crater-agent-workspace/rustup-home:/opt/rustwide/rustup-home:ro,Z" "-e" "SOURCE_DIR=/opt/rustwide/workdir" "-e" "CARGO_TARGET_DIR=/opt/rustwide/target" "-e" "CARGO_HOME=/opt/rustwide/cargo-home" "-e" "RUSTUP_HOME=/opt/rustwide/rustup-home" "-w" "/opt/rustwide/workdir" "-m" "1610612736" "--user" "0:0" "--network" "none" "ghcr.io/rust-lang/crates-build-env/linux@sha256:4a844ea9eb2546a2d2c7022eacef16ef2e8229c7fbb2c7d4d55a9ceca922f72d" "/opt/rustwide/cargo-home/bin/cargo" "+nightly-2024-10-28" "metadata" "--no-deps" "--format-version=1", kill_on_drop: false }`
[INFO] [stdout] 4f34fbe0d666b27e0a4e5da41afe59714df64ff201278f91898dcd6db7c99ebc
[INFO] running `Command { std: "docker" "start" "-a" "4f34fbe0d666b27e0a4e5da41afe59714df64ff201278f91898dcd6db7c99ebc", kill_on_drop: false }`
[INFO] running `Command { std: "docker" "inspect" "4f34fbe0d666b27e0a4e5da41afe59714df64ff201278f91898dcd6db7c99ebc", kill_on_drop: false }`
[INFO] running `Command { std: "docker" "rm" "-f" "4f34fbe0d666b27e0a4e5da41afe59714df64ff201278f91898dcd6db7c99ebc", kill_on_drop: false }`
[INFO] [stdout] 4f34fbe0d666b27e0a4e5da41afe59714df64ff201278f91898dcd6db7c99ebc
[INFO] running `Command { std: "docker" "create" "-v" "/var/lib/crater-agent-workspace/builds/worker-5-tc1/target:/opt/rustwide/target:rw,Z" "-v" "/var/lib/crater-agent-workspace/builds/worker-5-tc1/source:/opt/rustwide/workdir:ro,Z" "-v" "/var/lib/crater-agent-workspace/cargo-home:/opt/rustwide/cargo-home:ro,Z" "-v" "/var/lib/crater-agent-workspace/rustup-home:/opt/rustwide/rustup-home:ro,Z" "-e" "SOURCE_DIR=/opt/rustwide/workdir" "-e" "CARGO_TARGET_DIR=/opt/rustwide/target" "-e" "CARGO_INCREMENTAL=0" "-e" "RUST_BACKTRACE=full" "-e" "RUSTFLAGS=--cap-lints=forbid" "-e" "RUSTDOCFLAGS=--cap-lints=forbid" "-e" "CARGO_HOME=/opt/rustwide/cargo-home" "-e" "RUSTUP_HOME=/opt/rustwide/rustup-home" "-w" "/opt/rustwide/workdir" "-m" "1610612736" "--user" "0:0" "--network" "none" "ghcr.io/rust-lang/crates-build-env/linux@sha256:4a844ea9eb2546a2d2c7022eacef16ef2e8229c7fbb2c7d4d55a9ceca922f72d" "/opt/rustwide/cargo-home/bin/cargo" "+nightly-2024-10-28" "build" "--frozen" "--message-format=json", kill_on_drop: false }`
[INFO] [stdout] 267e5dc18bf7860360b457da9c92d31dfe97f7f73ec5be9e822d3b77c12db9d2
[INFO] running `Command { std: "docker" "start" "-a" "267e5dc18bf7860360b457da9c92d31dfe97f7f73ec5be9e822d3b77c12db9d2", kill_on_drop: false }`
[INFO] [stderr]    Compiling rspamd-base32 v0.1.0 (/opt/rustwide/workdir)
[INFO] [stderr]     Finished `dev` profile [unoptimized + debuginfo] target(s) in 0.11s
[INFO] running `Command { std: "docker" "inspect" "267e5dc18bf7860360b457da9c92d31dfe97f7f73ec5be9e822d3b77c12db9d2", kill_on_drop: false }`
[INFO] running `Command { std: "docker" "rm" "-f" "267e5dc18bf7860360b457da9c92d31dfe97f7f73ec5be9e822d3b77c12db9d2", kill_on_drop: false }`
[INFO] [stdout] 267e5dc18bf7860360b457da9c92d31dfe97f7f73ec5be9e822d3b77c12db9d2
[INFO] running `Command { std: "docker" "create" "-v" "/var/lib/crater-agent-workspace/builds/worker-5-tc1/target:/opt/rustwide/target:rw,Z" "-v" "/var/lib/crater-agent-workspace/builds/worker-5-tc1/source:/opt/rustwide/workdir:ro,Z" "-v" "/var/lib/crater-agent-workspace/cargo-home:/opt/rustwide/cargo-home:ro,Z" "-v" "/var/lib/crater-agent-workspace/rustup-home:/opt/rustwide/rustup-home:ro,Z" "-e" "SOURCE_DIR=/opt/rustwide/workdir" "-e" "CARGO_TARGET_DIR=/opt/rustwide/target" "-e" "CARGO_INCREMENTAL=0" "-e" "RUST_BACKTRACE=full" "-e" "RUSTFLAGS=--cap-lints=forbid" "-e" "RUSTDOCFLAGS=--cap-lints=forbid" "-e" "CARGO_HOME=/opt/rustwide/cargo-home" "-e" "RUSTUP_HOME=/opt/rustwide/rustup-home" "-w" "/opt/rustwide/workdir" "-m" "1610612736" "--user" "0:0" "--network" "none" "ghcr.io/rust-lang/crates-build-env/linux@sha256:4a844ea9eb2546a2d2c7022eacef16ef2e8229c7fbb2c7d4d55a9ceca922f72d" "/opt/rustwide/cargo-home/bin/cargo" "+nightly-2024-10-28" "test" "--frozen" "--no-run" "--message-format=json", kill_on_drop: false }`
[INFO] [stdout] 94dfb27e0caf3941819f331b82c6d03ee85ea3629bab16dba6ff2cbf93495988
[INFO] running `Command { std: "docker" "start" "-a" "94dfb27e0caf3941819f331b82c6d03ee85ea3629bab16dba6ff2cbf93495988", kill_on_drop: false }`
[INFO] [stderr]    Compiling serde v1.0.214
[INFO] [stderr]    Compiling crossbeam-utils v0.8.20
[INFO] [stderr]    Compiling memchr v2.7.4
[INFO] [stderr]    Compiling serde_json v1.0.132
[INFO] [stderr]    Compiling rayon-core v1.12.1
[INFO] [stderr]    Compiling ryu v1.0.18
[INFO] [stderr]    Compiling byteorder v1.5.0
[INFO] [stderr]    Compiling either v1.13.0
[INFO] [stderr]    Compiling unicode-width v0.1.14
[INFO] [stderr]    Compiling plotters-backend v0.3.7
[INFO] [stderr]    Compiling num-traits v0.2.19
[INFO] [stderr]    Compiling regex-syntax v0.8.5
[INFO] [stderr]    Compiling half v1.8.3
[INFO] [stderr]    Compiling bitflags v1.3.2
[INFO] [stderr]    Compiling getrandom v0.2.15
[INFO] [stderr]    Compiling zerocopy-derive v0.7.35
[INFO] [stderr]    Compiling same-file v1.0.6
[INFO] [stderr]    Compiling cast v0.3.0
[INFO] [stderr]    Compiling atty v0.2.14
[INFO] [stderr]    Compiling rand_core v0.6.4
[INFO] [stderr]    Compiling plotters-svg v0.3.7
[INFO] [stderr]    Compiling itertools v0.10.5
[INFO] [stderr]    Compiling walkdir v2.5.0
[INFO] [stderr]    Compiling textwrap v0.11.0
[INFO] [stderr]    Compiling lazy_static v1.5.0
[INFO] [stderr]    Compiling oorandom v11.1.4
[INFO] [stderr]    Compiling clap v2.34.0
[INFO] [stderr]    Compiling csv-core v0.1.11
[INFO] [stderr]    Compiling crossbeam-epoch v0.9.18
[INFO] [stderr]    Compiling zerocopy v0.7.35
[INFO] [stderr]    Compiling crossbeam-deque v0.8.5
[INFO] [stderr]    Compiling plotters v0.3.7
[INFO] [stderr]    Compiling regex-automata v0.4.8
[INFO] [stderr]    Compiling rayon v1.10.0
[INFO] [stderr]    Compiling ppv-lite86 v0.2.20
[INFO] [stderr]    Compiling criterion-plot v0.4.5
[INFO] [stderr]    Compiling rand_chacha v0.3.1
[INFO] [stderr]    Compiling rand v0.8.5
[INFO] [stderr]    Compiling regex v1.11.1
[INFO] [stderr]    Compiling csv v1.3.0
[INFO] [stderr]    Compiling serde_cbor v0.11.2
[INFO] [stderr]    Compiling tinytemplate v1.2.1
[INFO] [stderr]    Compiling criterion v0.3.6
[INFO] [stderr]    Compiling rspamd-base32 v0.1.0 (/opt/rustwide/workdir)
[INFO] [stderr]     Finished `test` profile [unoptimized + debuginfo] target(s) in 8.18s
[INFO] running `Command { std: "docker" "inspect" "94dfb27e0caf3941819f331b82c6d03ee85ea3629bab16dba6ff2cbf93495988", kill_on_drop: false }`
[INFO] running `Command { std: "docker" "rm" "-f" "94dfb27e0caf3941819f331b82c6d03ee85ea3629bab16dba6ff2cbf93495988", kill_on_drop: false }`
[INFO] [stdout] 94dfb27e0caf3941819f331b82c6d03ee85ea3629bab16dba6ff2cbf93495988
[INFO] running `Command { std: "docker" "create" "-v" "/var/lib/crater-agent-workspace/builds/worker-5-tc1/target:/opt/rustwide/target:rw,Z" "-v" "/var/lib/crater-agent-workspace/builds/worker-5-tc1/source:/opt/rustwide/workdir:ro,Z" "-v" "/var/lib/crater-agent-workspace/cargo-home:/opt/rustwide/cargo-home:ro,Z" "-v" "/var/lib/crater-agent-workspace/rustup-home:/opt/rustwide/rustup-home:ro,Z" "-e" "SOURCE_DIR=/opt/rustwide/workdir" "-e" "CARGO_TARGET_DIR=/opt/rustwide/target" "-e" "CARGO_INCREMENTAL=0" "-e" "RUST_BACKTRACE=full" "-e" "RUSTFLAGS=--cap-lints=forbid" "-e" "RUSTDOCFLAGS=--cap-lints=forbid" "-e" "CARGO_HOME=/opt/rustwide/cargo-home" "-e" "RUSTUP_HOME=/opt/rustwide/rustup-home" "-w" "/opt/rustwide/workdir" "-m" "1610612736" "--user" "0:0" "--network" "none" "ghcr.io/rust-lang/crates-build-env/linux@sha256:4a844ea9eb2546a2d2c7022eacef16ef2e8229c7fbb2c7d4d55a9ceca922f72d" "/opt/rustwide/cargo-home/bin/cargo" "+nightly-2024-10-28" "test" "--frozen", kill_on_drop: false }`
[INFO] [stdout] 020615c680afc59080b7836c6a91c667627afe6d9fe1415c77eedd9ea9274a07
[INFO] running `Command { std: "docker" "start" "-a" "020615c680afc59080b7836c6a91c667627afe6d9fe1415c77eedd9ea9274a07", kill_on_drop: false }`
[INFO] [stderr]     Finished `test` profile [unoptimized + debuginfo] target(s) in 0.06s
[INFO] [stderr]      Running unittests src/lib.rs (/opt/rustwide/target/debug/deps/rspamd_base32-bf98a3bc547c7584)
[INFO] [stdout] 
[INFO] [stdout] running 21 tests
[INFO] [stdout] test alphabet::tests::detects_duplicate_end ... ok
[INFO] [stdout] test alphabet::tests::detects_duplicate_start ... ok
[INFO] [stdout] test alphabet::tests::detects_length ... ok
[INFO] [stdout] test alphabet::tests::detects_unprintable ... ok
[INFO] [stdout] test alphabet::tests::same_as_unchecked ... ok
[INFO] [stdout] test decode::tests::simple_decode_rfc ... ok
[INFO] [stdout] test decode::tests::simple_encode_decode_rfc ... ok
[INFO] [stdout] test alphabet::tests::detects_duplicate_middle ... ok
[INFO] [stdout] test encode::tests::empty_encode_rfc ... ok
[INFO] [stdout] test encode::tests::series_encode_rfc ... ok
[INFO] [stdout] test encode::tests::simple_encode_rfc ... ok
[INFO] [stdout] test decode::tests::simple_decode_zbase ... ok
[INFO] [stdout] test encode::tests::series_encode_zbase ... ok
[INFO] [stdout] test tests::tests::simple_decode_encode ... ok
[INFO] [stdout] test encode::tests::simple_encode_zbase ... ok
[INFO] [stdout] test decode::tests::simple_encode_decode_zbase ... ok
[INFO] [stdout] test encode::tests::empty_encode_zbase ... ok
[INFO] [stdout] test tests::tests::encode_decode_random_bleach_small ... ok
[INFO] [stdout] test tests::tests::encode_decode_random_rfc_small ... ok
[INFO] [stdout] test tests::tests::encode_decode_random_zbase_small ... ok
[INFO] [stdout] test tests::tests::encode_decode_random_zbase_different ... ok
[INFO] [stdout] 
[INFO] [stdout] test result: ok. 21 passed; 0 failed; 0 ignored; 0 measured; 0 filtered out; finished in 1.30s
[INFO] [stdout] 
[INFO] [stderr]    Doc-tests rspamd_base32
[INFO] [stdout] 
[INFO] [stdout] running 5 tests
[INFO] [stdout] test src/decode.rs - decode::decode (line 47) ... FAILED
[INFO] [stdout] test src/decode.rs - decode::decode_alphabet_vec (line 95) ... FAILED
[INFO] [stdout] test src/decode.rs - decode::decode_alphabet (line 66) ... FAILED
[INFO] [stdout] test src/encode.rs - encode::encode_alphabet (line 145) ... FAILED
[INFO] [stdout] test src/encode.rs - encode::encode (line 171) ... FAILED
[INFO] [stdout] 
[INFO] [stdout] failures:
[INFO] [stdout] 
[INFO] [stdout] ---- src/decode.rs - decode::decode (line 47) stdout ----
[INFO] [stdout] error[E0463]: can't find crate for `base32`
[INFO] [stdout]  --> src/decode.rs:48:1
[INFO] [stdout]   |
[INFO] [stdout] 2 | extern crate base32;
[INFO] [stdout]   | ^^^^^^^^^^^^^^^^^^^^ can't find crate
[INFO] [stdout] 
[INFO] [stdout] error: aborting due to 1 previous error
[INFO] [stdout] 
[INFO] [stdout] For more information about this error, try `rustc --explain E0463`.
[INFO] [stdout] Couldn't compile the test.
[INFO] [stdout] ---- src/decode.rs - decode::decode_alphabet_vec (line 95) stdout ----
[INFO] [stdout] error[E0463]: can't find crate for `base32`
[INFO] [stdout]  --> src/decode.rs:96:1
[INFO] [stdout]   |
[INFO] [stdout] 2 | extern crate base32;
[INFO] [stdout]   | ^^^^^^^^^^^^^^^^^^^^ can't find crate
[INFO] [stdout] 
[INFO] [stdout] error: aborting due to 1 previous error
[INFO] [stdout] 
[INFO] [stdout] For more information about this error, try `rustc --explain E0463`.
[INFO] [stdout] Couldn't compile the test.
[INFO] [stdout] ---- src/decode.rs - decode::decode_alphabet (line 66) stdout ----
[INFO] [stdout] error[E0463]: can't find crate for `base32`
[INFO] [stdout]  --> src/decode.rs:67:1
[INFO] [stdout]   |
[INFO] [stdout] 2 | extern crate base32;
[INFO] [stdout]   | ^^^^^^^^^^^^^^^^^^^^ can't find crate
[INFO] [stdout] 
[INFO] [stdout] error: aborting due to 1 previous error
[INFO] [stdout] 
[INFO] [stdout] For more information about this error, try `rustc --explain E0463`.
[INFO] [stdout] Couldn't compile the test.
[INFO] [stdout] ---- src/encode.rs - encode::encode_alphabet (line 145) stdout ----
[INFO] [stdout] error[E0463]: can't find crate for `base32`
[INFO] [stdout]  --> src/encode.rs:146:1
[INFO] [stdout]   |
[INFO] [stdout] 2 | extern crate base32;
[INFO] [stdout]   | ^^^^^^^^^^^^^^^^^^^^ can't find crate
[INFO] [stdout] 
[INFO] [stdout] error: aborting due to 1 previous error
[INFO] [stdout] 
[INFO] [stdout] For more information about this error, try `rustc --explain E0463`.
[INFO] [stdout] Couldn't compile the test.
[INFO] [stdout] ---- src/encode.rs - encode::encode (line 171) stdout ----
[INFO] [stdout] error[E0463]: can't find crate for `base32`
[INFO] [stdout]  --> src/encode.rs:172:1
[INFO] [stdout]   |
[INFO] [stdout] 2 | extern crate base32;
[INFO] [stdout]   | ^^^^^^^^^^^^^^^^^^^^ can't find crate
[INFO] [stdout] 
[INFO] [stdout] error: aborting due to 1 previous error
[INFO] [stdout] 
[INFO] [stdout] For more information about this error, try `rustc --explain E0463`.
[INFO] [stdout] Couldn't compile the test.
[INFO] [stdout] 
[INFO] [stdout] failures:
[INFO] [stdout]     src/decode.rs - decode::decode (line 47)
[INFO] [stdout]     src/decode.rs - decode::decode_alphabet (line 66)
[INFO] [stdout]     src/decode.rs - decode::decode_alphabet_vec (line 95)
[INFO] [stdout]     src/encode.rs - encode::encode (line 171)
[INFO] [stdout]     src/encode.rs - encode::encode_alphabet (line 145)
[INFO] [stdout] 
[INFO] [stdout] test result: FAILED. 0 passed; 5 failed; 0 ignored; 0 measured; 0 filtered out; finished in 0.03s
[INFO] [stdout] 
[INFO] [stderr] error: doctest failed, to rerun pass `--doc`
[INFO] running `Command { std: "docker" "inspect" "020615c680afc59080b7836c6a91c667627afe6d9fe1415c77eedd9ea9274a07", kill_on_drop: false }`
[INFO] running `Command { std: "docker" "rm" "-f" "020615c680afc59080b7836c6a91c667627afe6d9fe1415c77eedd9ea9274a07", kill_on_drop: false }`
[INFO] [stdout] 020615c680afc59080b7836c6a91c667627afe6d9fe1415c77eedd9ea9274a07
