[INFO] fetching crate rsmtp 0.1.3...
[INFO] testing rsmtp-0.1.3 against nightly-2024-10-28 for randomize-layout
[INFO] extracting crate rsmtp 0.1.3 into /workspace/builds/worker-7-tc1/source
[INFO] validating manifest of crates.io crate rsmtp 0.1.3 on toolchain nightly-2024-10-28
[INFO] running `Command { std: CARGO_HOME="/workspace/cargo-home" RUSTUP_HOME="/workspace/rustup-home" "/workspace/cargo-home/bin/cargo" "+nightly-2024-10-28" "metadata" "--manifest-path" "Cargo.toml" "--no-deps", kill_on_drop: false }`
[INFO] started tweaking crates.io crate rsmtp 0.1.3
[INFO] finished tweaking crates.io crate rsmtp 0.1.3
[INFO] tweaked toml for crates.io crate rsmtp 0.1.3 written to /workspace/builds/worker-7-tc1/source/Cargo.toml
[INFO] crate crates.io crate rsmtp 0.1.3 already has a lockfile, it will not be regenerated
[INFO] running `Command { std: CARGO_HOME="/workspace/cargo-home" RUSTUP_HOME="/workspace/rustup-home" "/workspace/cargo-home/bin/cargo" "+nightly-2024-10-28" "fetch" "--manifest-path" "Cargo.toml", kill_on_drop: false }`
[INFO] running `Command { std: "docker" "create" "-v" "/var/lib/crater-agent-workspace/builds/worker-7-tc1/target:/opt/rustwide/target:rw,Z" "-v" "/var/lib/crater-agent-workspace/builds/worker-7-tc1/source:/opt/rustwide/workdir:ro,Z" "-v" "/var/lib/crater-agent-workspace/cargo-home:/opt/rustwide/cargo-home:ro,Z" "-v" "/var/lib/crater-agent-workspace/rustup-home:/opt/rustwide/rustup-home:ro,Z" "-e" "SOURCE_DIR=/opt/rustwide/workdir" "-e" "CARGO_TARGET_DIR=/opt/rustwide/target" "-e" "CARGO_HOME=/opt/rustwide/cargo-home" "-e" "RUSTUP_HOME=/opt/rustwide/rustup-home" "-w" "/opt/rustwide/workdir" "-m" "1610612736" "--user" "0:0" "--network" "none" "ghcr.io/rust-lang/crates-build-env/linux@sha256:4a844ea9eb2546a2d2c7022eacef16ef2e8229c7fbb2c7d4d55a9ceca922f72d" "/opt/rustwide/cargo-home/bin/cargo" "+nightly-2024-10-28" "metadata" "--no-deps" "--format-version=1", kill_on_drop: false }`
[INFO] [stdout] 6e6b4b9422ae07e4c9011a62f63b1e5417421c3d09d0d5619d82762013e03bf9
[INFO] running `Command { std: "docker" "start" "-a" "6e6b4b9422ae07e4c9011a62f63b1e5417421c3d09d0d5619d82762013e03bf9", kill_on_drop: false }`
[INFO] running `Command { std: "docker" "inspect" "6e6b4b9422ae07e4c9011a62f63b1e5417421c3d09d0d5619d82762013e03bf9", kill_on_drop: false }`
[INFO] running `Command { std: "docker" "rm" "-f" "6e6b4b9422ae07e4c9011a62f63b1e5417421c3d09d0d5619d82762013e03bf9", kill_on_drop: false }`
[INFO] [stdout] 6e6b4b9422ae07e4c9011a62f63b1e5417421c3d09d0d5619d82762013e03bf9
[INFO] running `Command { std: "docker" "create" "-v" "/var/lib/crater-agent-workspace/builds/worker-7-tc1/target:/opt/rustwide/target:rw,Z" "-v" "/var/lib/crater-agent-workspace/builds/worker-7-tc1/source:/opt/rustwide/workdir:ro,Z" "-v" "/var/lib/crater-agent-workspace/cargo-home:/opt/rustwide/cargo-home:ro,Z" "-v" "/var/lib/crater-agent-workspace/rustup-home:/opt/rustwide/rustup-home:ro,Z" "-e" "SOURCE_DIR=/opt/rustwide/workdir" "-e" "CARGO_TARGET_DIR=/opt/rustwide/target" "-e" "CARGO_INCREMENTAL=0" "-e" "RUST_BACKTRACE=full" "-e" "RUSTFLAGS=--cap-lints=forbid" "-e" "RUSTDOCFLAGS=--cap-lints=forbid" "-e" "CARGO_HOME=/opt/rustwide/cargo-home" "-e" "RUSTUP_HOME=/opt/rustwide/rustup-home" "-w" "/opt/rustwide/workdir" "-m" "1610612736" "--user" "0:0" "--network" "none" "ghcr.io/rust-lang/crates-build-env/linux@sha256:4a844ea9eb2546a2d2c7022eacef16ef2e8229c7fbb2c7d4d55a9ceca922f72d" "/opt/rustwide/cargo-home/bin/cargo" "+nightly-2024-10-28" "build" "--frozen" "--message-format=json", kill_on_drop: false }`
[INFO] [stdout] 542e650c236de90909ef5bcbfc78527c5301b13f2437e523cba3116bcaeac516
[INFO] running `Command { std: "docker" "start" "-a" "542e650c236de90909ef5bcbfc78527c5301b13f2437e523cba3116bcaeac516", kill_on_drop: false }`
[INFO] [stderr]    Compiling libc v0.2.150
[INFO] [stderr]    Compiling rsmtp v0.1.3 (/opt/rustwide/workdir)
[INFO] [stdout] warning: method `ready` is never used
[INFO] [stdout]    --> src/server/mod.rs:175:8
[INFO] [stdout]     |
[INFO] [stdout] 134 | impl<CT, ST> Command<CT, ST> {
[INFO] [stdout]     | ---------------------------- method in this implementation
[INFO] [stdout] ...
[INFO] [stdout] 175 |     fn ready(&self) -> bool {
[INFO] [stdout]     |        ^^^^^
[INFO] [stdout]     |
[INFO] [stdout]     = note: `#[warn(dead_code)]` on by default
[INFO] [stdout] 
[INFO] [stdout] 
[INFO] [stdout] warning: methods `set_hostname`, `set_max_recipients`, `set_max_message_size`, `increase_max_command_line_size`, and `increase_max_text_line_size` are never used
[INFO] [stdout]    --> src/server/mod.rs:257:8
[INFO] [stdout]     |
[INFO] [stdout] 236 | impl<CT: 'static + Send + Sync + Clone> Server<CT> {
[INFO] [stdout]     | -------------------------------------------------- methods in this implementation
[INFO] [stdout] ...
[INFO] [stdout] 257 |     fn set_hostname(&mut self, hostname: &str) {
[INFO] [stdout]     |        ^^^^^^^^^^^^
[INFO] [stdout] ...
[INFO] [stdout] 261 |     fn set_max_recipients(&mut self, max: usize) {
[INFO] [stdout]     |        ^^^^^^^^^^^^^^^^^^
[INFO] [stdout] ...
[INFO] [stdout] 268 |     fn set_max_message_size(&mut self, max: usize) {
[INFO] [stdout]     |        ^^^^^^^^^^^^^^^^^^^^
[INFO] [stdout] ...
[INFO] [stdout] 283 |     fn increase_max_command_line_size(&mut self, bytes: usize) {
[INFO] [stdout]     |        ^^^^^^^^^^^^^^^^^^^^^^^^^^^^^^
[INFO] [stdout] ...
[INFO] [stdout] 287 |     fn increase_max_text_line_size(&mut self, bytes: usize) {
[INFO] [stdout]     |        ^^^^^^^^^^^^^^^^^^^^^^^^^^^
[INFO] [stdout] 
[INFO] [stdout] 
[INFO] [stderr]     Finished `dev` profile [unoptimized + debuginfo] target(s) in 0.94s
[INFO] running `Command { std: "docker" "inspect" "542e650c236de90909ef5bcbfc78527c5301b13f2437e523cba3116bcaeac516", kill_on_drop: false }`
[INFO] running `Command { std: "docker" "rm" "-f" "542e650c236de90909ef5bcbfc78527c5301b13f2437e523cba3116bcaeac516", kill_on_drop: false }`
[INFO] [stdout] 542e650c236de90909ef5bcbfc78527c5301b13f2437e523cba3116bcaeac516
[INFO] running `Command { std: "docker" "create" "-v" "/var/lib/crater-agent-workspace/builds/worker-7-tc1/target:/opt/rustwide/target:rw,Z" "-v" "/var/lib/crater-agent-workspace/builds/worker-7-tc1/source:/opt/rustwide/workdir:ro,Z" "-v" "/var/lib/crater-agent-workspace/cargo-home:/opt/rustwide/cargo-home:ro,Z" "-v" "/var/lib/crater-agent-workspace/rustup-home:/opt/rustwide/rustup-home:ro,Z" "-e" "SOURCE_DIR=/opt/rustwide/workdir" "-e" "CARGO_TARGET_DIR=/opt/rustwide/target" "-e" "CARGO_INCREMENTAL=0" "-e" "RUST_BACKTRACE=full" "-e" "RUSTFLAGS=--cap-lints=forbid" "-e" "RUSTDOCFLAGS=--cap-lints=forbid" "-e" "CARGO_HOME=/opt/rustwide/cargo-home" "-e" "RUSTUP_HOME=/opt/rustwide/rustup-home" "-w" "/opt/rustwide/workdir" "-m" "1610612736" "--user" "0:0" "--network" "none" "ghcr.io/rust-lang/crates-build-env/linux@sha256:4a844ea9eb2546a2d2c7022eacef16ef2e8229c7fbb2c7d4d55a9ceca922f72d" "/opt/rustwide/cargo-home/bin/cargo" "+nightly-2024-10-28" "test" "--frozen" "--no-run" "--message-format=json", kill_on_drop: false }`
[INFO] [stdout] 363b4a8d621df76ba09f2de80d99c0bce09936847455b2daf535e91e073b8d04
[INFO] running `Command { std: "docker" "start" "-a" "363b4a8d621df76ba09f2de80d99c0bce09936847455b2daf535e91e073b8d04", kill_on_drop: false }`
[INFO] [stdout] warning: method `ready` is never used
[INFO] [stdout]    --> src/server/mod.rs:175:8
[INFO] [stdout]     |
[INFO] [stdout] 134 | impl<CT, ST> Command<CT, ST> {
[INFO] [stdout]     | ---------------------------- method in this implementation
[INFO] [stdout] ...
[INFO] [stdout] 175 |     fn ready(&self) -> bool {
[INFO] [stdout]     |        ^^^^^
[INFO] [stdout]     |
[INFO] [stdout]     = note: `#[warn(dead_code)]` on by default
[INFO] [stdout] 
[INFO] [stdout] 
[INFO] [stderr]    Compiling rsmtp v0.1.3 (/opt/rustwide/workdir)
[INFO] [stdout] warning: methods `set_hostname`, `set_max_recipients`, `set_max_message_size`, `increase_max_command_line_size`, and `increase_max_text_line_size` are never used
[INFO] [stdout]    --> src/server/mod.rs:257:8
[INFO] [stdout]     |
[INFO] [stdout] 236 | impl<CT: 'static + Send + Sync + Clone> Server<CT> {
[INFO] [stdout]     | -------------------------------------------------- methods in this implementation
[INFO] [stdout] ...
[INFO] [stdout] 257 |     fn set_hostname(&mut self, hostname: &str) {
[INFO] [stdout]     |        ^^^^^^^^^^^^
[INFO] [stdout] ...
[INFO] [stdout] 261 |     fn set_max_recipients(&mut self, max: usize) {
[INFO] [stdout]     |        ^^^^^^^^^^^^^^^^^^
[INFO] [stdout] ...
[INFO] [stdout] 268 |     fn set_max_message_size(&mut self, max: usize) {
[INFO] [stdout]     |        ^^^^^^^^^^^^^^^^^^^^
[INFO] [stdout] ...
[INFO] [stdout] 283 |     fn increase_max_command_line_size(&mut self, bytes: usize) {
[INFO] [stdout]     |        ^^^^^^^^^^^^^^^^^^^^^^^^^^^^^^
[INFO] [stdout] ...
[INFO] [stdout] 287 |     fn increase_max_text_line_size(&mut self, bytes: usize) {
[INFO] [stdout]     |        ^^^^^^^^^^^^^^^^^^^^^^^^^^^
[INFO] [stdout] 
[INFO] [stdout] 
[INFO] [stdout] warning: unused import: `std::error::Error`
[INFO] [stdout]   --> src/common/stream.rs:20:5
[INFO] [stdout]    |
[INFO] [stdout] 20 | use std::error::Error;
[INFO] [stdout]    |     ^^^^^^^^^^^^^^^^^
[INFO] [stdout]    |
[INFO] [stdout]    = note: `#[warn(unused_imports)]` on by default
[INFO] [stdout] 
[INFO] [stdout] 
[INFO] [stdout] warning: method `ready` is never used
[INFO] [stdout]    --> src/server/mod.rs:175:8
[INFO] [stdout]     |
[INFO] [stdout] 134 | impl<CT, ST> Command<CT, ST> {
[INFO] [stdout]     | ---------------------------- method in this implementation
[INFO] [stdout] ...
[INFO] [stdout] 175 |     fn ready(&self) -> bool {
[INFO] [stdout]     |        ^^^^^
[INFO] [stdout]     |
[INFO] [stdout]     = note: `#[warn(dead_code)]` on by default
[INFO] [stdout] 
[INFO] [stdout] 
[INFO] [stdout] warning: methods `set_hostname`, `set_max_recipients`, `set_max_message_size`, `increase_max_command_line_size`, and `increase_max_text_line_size` are never used
[INFO] [stdout]    --> src/server/mod.rs:257:8
[INFO] [stdout]     |
[INFO] [stdout] 236 | impl<CT: 'static + Send + Sync + Clone> Server<CT> {
[INFO] [stdout]     | -------------------------------------------------- methods in this implementation
[INFO] [stdout] ...
[INFO] [stdout] 257 |     fn set_hostname(&mut self, hostname: &str) {
[INFO] [stdout]     |        ^^^^^^^^^^^^
[INFO] [stdout] ...
[INFO] [stdout] 261 |     fn set_max_recipients(&mut self, max: usize) {
[INFO] [stdout]     |        ^^^^^^^^^^^^^^^^^^
[INFO] [stdout] ...
[INFO] [stdout] 268 |     fn set_max_message_size(&mut self, max: usize) {
[INFO] [stdout]     |        ^^^^^^^^^^^^^^^^^^^^
[INFO] [stdout] ...
[INFO] [stdout] 283 |     fn increase_max_command_line_size(&mut self, bytes: usize) {
[INFO] [stdout]     |        ^^^^^^^^^^^^^^^^^^^^^^^^^^^^^^
[INFO] [stdout] ...
[INFO] [stdout] 287 |     fn increase_max_text_line_size(&mut self, bytes: usize) {
[INFO] [stdout]     |        ^^^^^^^^^^^^^^^^^^^^^^^^^^^
[INFO] [stdout] 
[INFO] [stdout] 
[INFO] [stderr]     Finished `test` profile [unoptimized + debuginfo] target(s) in 0.73s
[INFO] running `Command { std: "docker" "inspect" "363b4a8d621df76ba09f2de80d99c0bce09936847455b2daf535e91e073b8d04", kill_on_drop: false }`
[INFO] running `Command { std: "docker" "rm" "-f" "363b4a8d621df76ba09f2de80d99c0bce09936847455b2daf535e91e073b8d04", kill_on_drop: false }`
[INFO] [stdout] 363b4a8d621df76ba09f2de80d99c0bce09936847455b2daf535e91e073b8d04
[INFO] running `Command { std: "docker" "create" "-v" "/var/lib/crater-agent-workspace/builds/worker-7-tc1/target:/opt/rustwide/target:rw,Z" "-v" "/var/lib/crater-agent-workspace/builds/worker-7-tc1/source:/opt/rustwide/workdir:ro,Z" "-v" "/var/lib/crater-agent-workspace/cargo-home:/opt/rustwide/cargo-home:ro,Z" "-v" "/var/lib/crater-agent-workspace/rustup-home:/opt/rustwide/rustup-home:ro,Z" "-e" "SOURCE_DIR=/opt/rustwide/workdir" "-e" "CARGO_TARGET_DIR=/opt/rustwide/target" "-e" "CARGO_INCREMENTAL=0" "-e" "RUST_BACKTRACE=full" "-e" "RUSTFLAGS=--cap-lints=forbid" "-e" "RUSTDOCFLAGS=--cap-lints=forbid" "-e" "CARGO_HOME=/opt/rustwide/cargo-home" "-e" "RUSTUP_HOME=/opt/rustwide/rustup-home" "-w" "/opt/rustwide/workdir" "-m" "1610612736" "--user" "0:0" "--network" "none" "ghcr.io/rust-lang/crates-build-env/linux@sha256:4a844ea9eb2546a2d2c7022eacef16ef2e8229c7fbb2c7d4d55a9ceca922f72d" "/opt/rustwide/cargo-home/bin/cargo" "+nightly-2024-10-28" "test" "--frozen", kill_on_drop: false }`
[INFO] [stdout] efc4feedce5deba40288a93f5258c5702c189ebdef52719c94c94b6ede79e50a
[INFO] running `Command { std: "docker" "start" "-a" "efc4feedce5deba40288a93f5258c5702c189ebdef52719c94c94b6ede79e50a", kill_on_drop: false }`
[INFO] [stderr] warning: method `ready` is never used
[INFO] [stderr]    --> src/server/mod.rs:175:8
[INFO] [stderr]     |
[INFO] [stderr] 134 | impl<CT, ST> Command<CT, ST> {
[INFO] [stderr]     | ---------------------------- method in this implementation
[INFO] [stderr] ...
[INFO] [stderr] 175 |     fn ready(&self) -> bool {
[INFO] [stderr]     |        ^^^^^
[INFO] [stderr]     |
[INFO] [stderr]     = note: `#[warn(dead_code)]` on by default
[INFO] [stderr] 
[INFO] [stderr] warning: methods `set_hostname`, `set_max_recipients`, `set_max_message_size`, `increase_max_command_line_size`, and `increase_max_text_line_size` are never used
[INFO] [stderr]    --> src/server/mod.rs:257:8
[INFO] [stderr]     |
[INFO] [stderr] 236 | impl<CT: 'static + Send + Sync + Clone> Server<CT> {
[INFO] [stderr]     | -------------------------------------------------- methods in this implementation
[INFO] [stderr] ...
[INFO] [stderr] 257 |     fn set_hostname(&mut self, hostname: &str) {
[INFO] [stderr]     |        ^^^^^^^^^^^^
[INFO] [stderr] ...
[INFO] [stderr] 261 |     fn set_max_recipients(&mut self, max: usize) {
[INFO] [stderr]     |        ^^^^^^^^^^^^^^^^^^
[INFO] [stderr] ...
[INFO] [stderr] 268 |     fn set_max_message_size(&mut self, max: usize) {
[INFO] [stderr]     |        ^^^^^^^^^^^^^^^^^^^^
[INFO] [stderr] ...
[INFO] [stderr] 283 |     fn increase_max_command_line_size(&mut self, bytes: usize) {
[INFO] [stderr]     |        ^^^^^^^^^^^^^^^^^^^^^^^^^^^^^^
[INFO] [stderr] ...
[INFO] [stderr] 287 |     fn increase_max_text_line_size(&mut self, bytes: usize) {
[INFO] [stderr]     |        ^^^^^^^^^^^^^^^^^^^^^^^^^^^
[INFO] [stderr] 
[INFO] [stderr] warning: `rsmtp` (lib) generated 2 warnings
[INFO] [stderr] warning: unused import: `std::error::Error`
[INFO] [stderr]   --> src/common/stream.rs:20:5
[INFO] [stderr]    |
[INFO] [stderr] 20 | use std::error::Error;
[INFO] [stderr]    |     ^^^^^^^^^^^^^^^^^
[INFO] [stderr]    |
[INFO] [stderr]    = note: `#[warn(unused_imports)]` on by default
[INFO] [stderr] 
[INFO] [stderr] warning: `rsmtp` (lib test) generated 3 warnings (2 duplicates) (run `cargo fix --lib -p rsmtp --tests` to apply 1 suggestion)
[INFO] [stderr]     Finished `test` profile [unoptimized + debuginfo] target(s) in 0.01s
[INFO] [stderr]      Running unittests src/lib.rs (/opt/rustwide/target/debug/deps/rsmtp-58afd6f887305e82)
[INFO] [stdout] 
[INFO] [stdout] running 23 tests
[INFO] [stdout] test common::mailbox::test_local_part ... ok
[INFO] [stdout] test common::mailbox::test_foreign_part ... ok
[INFO] [stdout] test common::mailbox::test_static_vars ... ok
[INFO] [stdout] test common::stream::test_limits ... ok
[INFO] [stdout] test common::stream::test_static_vars ... ok
[INFO] [stdout] test common::stream::test_read_line ... ok
[INFO] [stdout] test common::mailbox::test_mailbox ... ok
[INFO] [stdout] test common::stream::test_new ... ok
[INFO] [stdout] test common::utils::test_get_at_domain ... ok
[INFO] [stdout] test common::utils::test_get_dot_string ... ok
[INFO] [stdout] test common::utils::test_get_possible_mailbox ... ok
[INFO] [stdout] test common::utils::test_get_possible_mailbox_ipv4 ... ok
[INFO] [stdout] test common::utils::test_get_atom ... ok
[INFO] [stdout] test common::utils::test_get_domain ... ok
[INFO] [stdout] test common::utils::test_get_possible_mailbox_ipv6 ... ok
[INFO] [stdout] test common::utils::test_get_quoted_string ... ok
[INFO] [stdout] test common::utils::test_get_source_route ... ok
[INFO] [stdout] test common::utils::test_get_subdomain ... ok
[INFO] [stdout] test common::utils::test_is_alnum ... ok
[INFO] [stdout] test common::utils::test_is_atext ... ok
[INFO] [stdout] test common::utils::test_is_qtext_smtp ... ok
[INFO] [stdout] test common::utils::test_is_quoted_pair_smtp ... ok
[INFO] [stdout] test common::stream::test_write_line ... FAILED
[INFO] [stdout] 
[INFO] [stdout] failures:
[INFO] [stdout] 
[INFO] [stdout] ---- common::stream::test_write_line stdout ----
[INFO] [stdout] thread 'common::stream::test_write_line' panicked at src/common/stream.rs:257:14:
[INFO] [stdout] called `Result::unwrap()` on an `Err` value: Os { code: 30, kind: ReadOnlyFilesystem, message: "Read-only file system" }
[INFO] [stdout] stack backtrace:
[INFO] [stdout]    0:     0x630909400e8a - std::backtrace_rs::backtrace::libunwind::trace::h207520d6e9873551
[INFO] [stdout]                                at /rustc/df4ca44d3fbc9301ee17f30f4d474e6ae4b05252/library/std/src/../../backtrace/src/backtrace/libunwind.rs:116:5
[INFO] [stdout]    1:     0x630909400e8a - std::backtrace_rs::backtrace::trace_unsynchronized::h2ed7433f370e3eca
[INFO] [stdout]                                at /rustc/df4ca44d3fbc9301ee17f30f4d474e6ae4b05252/library/std/src/../../backtrace/src/backtrace/mod.rs:66:5
[INFO] [stdout]    2:     0x630909400e8a - std::sys::backtrace::_print_fmt::h916fac51166b18d7
[INFO] [stdout]                                at /rustc/df4ca44d3fbc9301ee17f30f4d474e6ae4b05252/library/std/src/sys/backtrace.rs:66:9
[INFO] [stdout]    3:     0x630909400e8a - <std::sys::backtrace::BacktraceLock::print::DisplayBacktrace as core::fmt::Display>::fmt::ha0a4c9b8ce3802e6
[INFO] [stdout]                                at /rustc/df4ca44d3fbc9301ee17f30f4d474e6ae4b05252/library/std/src/sys/backtrace.rs:39:26
[INFO] [stdout]    4:     0x630909429833 - core::fmt::rt::Argument::fmt::h4cfc8587d52b3eb5
[INFO] [stdout]                                at /rustc/df4ca44d3fbc9301ee17f30f4d474e6ae4b05252/library/core/src/fmt/rt.rs:177:76
[INFO] [stdout]    5:     0x630909429833 - core::fmt::write::h522cc39e5b36ae9f
[INFO] [stdout]                                at /rustc/df4ca44d3fbc9301ee17f30f4d474e6ae4b05252/library/core/src/fmt/mod.rs:1190:21
[INFO] [stdout]    6:     0x6309093fdaf3 - std::io::Write::write_fmt::h7d3c26752da97734
[INFO] [stdout]                                at /rustc/df4ca44d3fbc9301ee17f30f4d474e6ae4b05252/library/std/src/io/mod.rs:1839:15
[INFO] [stdout]    7:     0x630909400cd2 - std::sys::backtrace::BacktraceLock::print::h4b9e00b29e9c0942
[INFO] [stdout]                                at /rustc/df4ca44d3fbc9301ee17f30f4d474e6ae4b05252/library/std/src/sys/backtrace.rs:42:9
[INFO] [stdout]    8:     0x63090940231a - std::panicking::default_hook::{{closure}}::hb59b88280d0324d9
[INFO] [stdout]                                at /rustc/df4ca44d3fbc9301ee17f30f4d474e6ae4b05252/library/std/src/panicking.rs:268:22
[INFO] [stdout]    9:     0x630909402124 - std::panicking::default_hook::he1dd496665be4a29
[INFO] [stdout]                                at /rustc/df4ca44d3fbc9301ee17f30f4d474e6ae4b05252/library/std/src/panicking.rs:292:9
[INFO] [stdout]   10:     0x6309093cbef9 - <alloc::boxed::Box<F,A> as core::ops::function::Fn<Args>>::call::h4ff71de18744e1dc
[INFO] [stdout]                                at /rustc/df4ca44d3fbc9301ee17f30f4d474e6ae4b05252/library/alloc/src/boxed.rs:2468:9
[INFO] [stdout]   11:     0x6309093cbef9 - test::test_main::{{closure}}::hcf7c055ce117aa81
[INFO] [stdout]                                at /rustc/df4ca44d3fbc9301ee17f30f4d474e6ae4b05252/library/test/src/lib.rs:133:21
[INFO] [stdout]   12:     0x630909402a18 - <alloc::boxed::Box<F,A> as core::ops::function::Fn<Args>>::call::h1d66c6bbd60c9692
[INFO] [stdout]                                at /rustc/df4ca44d3fbc9301ee17f30f4d474e6ae4b05252/library/alloc/src/boxed.rs:2468:9
[INFO] [stdout]   13:     0x630909402a18 - std::panicking::rust_panic_with_hook::h2ff17fe8f26dfcf8
[INFO] [stdout]                                at /rustc/df4ca44d3fbc9301ee17f30f4d474e6ae4b05252/library/std/src/panicking.rs:809:13
[INFO] [stdout]   14:     0x6309094027da - std::panicking::begin_panic_handler::{{closure}}::h4fad77951c07e101
[INFO] [stdout]                                at /rustc/df4ca44d3fbc9301ee17f30f4d474e6ae4b05252/library/std/src/panicking.rs:674:13
[INFO] [stdout]   15:     0x630909401369 - std::sys::backtrace::__rust_end_short_backtrace::hb1a25b3da5d0ea08
[INFO] [stdout]                                at /rustc/df4ca44d3fbc9301ee17f30f4d474e6ae4b05252/library/std/src/sys/backtrace.rs:170:18
[INFO] [stdout]   16:     0x63090940246c - rust_begin_unwind
[INFO] [stdout]                                at /rustc/df4ca44d3fbc9301ee17f30f4d474e6ae4b05252/library/std/src/panicking.rs:665:5
[INFO] [stdout]   17:     0x6309094280b0 - core::panicking::panic_fmt::ha9db07b529f9b256
[INFO] [stdout]                                at /rustc/df4ca44d3fbc9301ee17f30f4d474e6ae4b05252/library/core/src/panicking.rs:75:14
[INFO] [stdout]   18:     0x630909428456 - core::result::unwrap_failed::h5e8218e4d4338b8a
[INFO] [stdout]                                at /rustc/df4ca44d3fbc9301ee17f30f4d474e6ae4b05252/library/core/src/result.rs:1698:5
[INFO] [stdout]   19:     0x6309093884a6 - core::result::Result<T,E>::unwrap::hc0e981739d179ca9
[INFO] [stdout]                                at /rustc/df4ca44d3fbc9301ee17f30f4d474e6ae4b05252/library/core/src/result.rs:1103:23
[INFO] [stdout]   20:     0x6309093884a6 - rsmtp::common::stream::test_write_line::hbe8a89dd9c90e7dd
[INFO] [stdout]                                at /opt/rustwide/workdir/src/common/stream.rs:253:22
[INFO] [stdout]   21:     0x630909388337 - rsmtp::common::stream::test_write_line::{{closure}}::hd16b4feb89bac492
[INFO] [stdout]                                at /opt/rustwide/workdir/src/common/stream.rs:247:21
[INFO] [stdout]   22:     0x63090937a306 - core::ops::function::FnOnce::call_once::hb25433214ad3f09e
[INFO] [stdout]                                at /rustc/df4ca44d3fbc9301ee17f30f4d474e6ae4b05252/library/core/src/ops/function.rs:250:5
[INFO] [stdout]   23:     0x6309093d07cb - core::ops::function::FnOnce::call_once::h22c3ba5715e93f05
[INFO] [stdout]                                at /rustc/df4ca44d3fbc9301ee17f30f4d474e6ae4b05252/library/core/src/ops/function.rs:250:5
[INFO] [stdout]   24:     0x6309093d07cb - test::__rust_begin_short_backtrace::h8e82d8113d0da17f
[INFO] [stdout]                                at /rustc/df4ca44d3fbc9301ee17f30f4d474e6ae4b05252/library/test/src/lib.rs:621:18
[INFO] [stdout]   25:     0x6309093d0147 - test::run_test_in_process::{{closure}}::h33235f4f20b7b7c7
[INFO] [stdout]                                at /rustc/df4ca44d3fbc9301ee17f30f4d474e6ae4b05252/library/test/src/lib.rs:644:60
[INFO] [stdout]   26:     0x6309093d0147 - <core::panic::unwind_safe::AssertUnwindSafe<F> as core::ops::function::FnOnce<()>>::call_once::hb5043206310c586f
[INFO] [stdout]                                at /rustc/df4ca44d3fbc9301ee17f30f4d474e6ae4b05252/library/core/src/panic/unwind_safe.rs:272:9
[INFO] [stdout]   27:     0x6309093d0147 - std::panicking::try::do_call::h9ad4731a60ab23e2
[INFO] [stdout]                                at /rustc/df4ca44d3fbc9301ee17f30f4d474e6ae4b05252/library/std/src/panicking.rs:557:40
[INFO] [stdout]   28:     0x6309093d0147 - std::panicking::try::h3824d23db772a716
[INFO] [stdout]                                at /rustc/df4ca44d3fbc9301ee17f30f4d474e6ae4b05252/library/std/src/panicking.rs:520:19
[INFO] [stdout]   29:     0x6309093d0147 - std::panic::catch_unwind::h5afd514605fde46b
[INFO] [stdout]                                at /rustc/df4ca44d3fbc9301ee17f30f4d474e6ae4b05252/library/std/src/panic.rs:358:14
[INFO] [stdout]   30:     0x6309093d0147 - test::run_test_in_process::h0d5cbfa7067d1720
[INFO] [stdout]                                at /rustc/df4ca44d3fbc9301ee17f30f4d474e6ae4b05252/library/test/src/lib.rs:644:27
[INFO] [stdout]   31:     0x6309093d0147 - test::run_test::{{closure}}::h708eb8872708115d
[INFO] [stdout]                                at /rustc/df4ca44d3fbc9301ee17f30f4d474e6ae4b05252/library/test/src/lib.rs:565:43
[INFO] [stdout]   32:     0x630909393864 - test::run_test::{{closure}}::h392c51cee94713ab
[INFO] [stdout]                                at /rustc/df4ca44d3fbc9301ee17f30f4d474e6ae4b05252/library/test/src/lib.rs:595:41
[INFO] [stdout]   33:     0x630909393864 - std::sys::backtrace::__rust_begin_short_backtrace::h2f40290710935a8b
[INFO] [stdout]                                at /rustc/df4ca44d3fbc9301ee17f30f4d474e6ae4b05252/library/std/src/sys/backtrace.rs:154:18
[INFO] [stdout]   34:     0x63090939700e - std::thread::Builder::spawn_unchecked_::{{closure}}::{{closure}}::h3fd968d89053a903
[INFO] [stdout]                                at /rustc/df4ca44d3fbc9301ee17f30f4d474e6ae4b05252/library/std/src/thread/mod.rs:541:17
[INFO] [stdout]   35:     0x63090939700e - <core::panic::unwind_safe::AssertUnwindSafe<F> as core::ops::function::FnOnce<()>>::call_once::h743f637ba4229880
[INFO] [stdout]                                at /rustc/df4ca44d3fbc9301ee17f30f4d474e6ae4b05252/library/core/src/panic/unwind_safe.rs:272:9
[INFO] [stdout]   36:     0x63090939700e - std::panicking::try::do_call::h07440897322525a6
[INFO] [stdout]                                at /rustc/df4ca44d3fbc9301ee17f30f4d474e6ae4b05252/library/std/src/panicking.rs:557:40
[INFO] [stdout]   37:     0x63090939700e - std::panicking::try::he5a2e00188156637
[INFO] [stdout]                                at /rustc/df4ca44d3fbc9301ee17f30f4d474e6ae4b05252/library/std/src/panicking.rs:520:19
[INFO] [stdout]   38:     0x63090939700e - std::panic::catch_unwind::hbaf3cae49b3c6433
[INFO] [stdout]                                at /rustc/df4ca44d3fbc9301ee17f30f4d474e6ae4b05252/library/std/src/panic.rs:358:14
[INFO] [stdout]   39:     0x63090939700e - std::thread::Builder::spawn_unchecked_::{{closure}}::h8e141ea224820bce
[INFO] [stdout]                                at /rustc/df4ca44d3fbc9301ee17f30f4d474e6ae4b05252/library/std/src/thread/mod.rs:540:30
[INFO] [stdout]   40:     0x63090939700e - core::ops::function::FnOnce::call_once{{vtable.shim}}::h90d312fedd7b8ea8
[INFO] [stdout]                                at /rustc/df4ca44d3fbc9301ee17f30f4d474e6ae4b05252/library/core/src/ops/function.rs:250:5
[INFO] [stdout]   41:     0x63090940681b - <alloc::boxed::Box<F,A> as core::ops::function::FnOnce<Args>>::call_once::h69aa08ddb6adb8b6
[INFO] [stdout]                                at /rustc/df4ca44d3fbc9301ee17f30f4d474e6ae4b05252/library/alloc/src/boxed.rs:2454:9
[INFO] [stdout]   42:     0x63090940681b - <alloc::boxed::Box<F,A> as core::ops::function::FnOnce<Args>>::call_once::h5aa36efdb79c806f
[INFO] [stdout]                                at /rustc/df4ca44d3fbc9301ee17f30f4d474e6ae4b05252/library/alloc/src/boxed.rs:2454:9
[INFO] [stdout]   43:     0x63090940681b - std::sys::pal::unix::thread::Thread::new::thread_start::h6cd80a1b4be5158d
[INFO] [stdout]                                at /rustc/df4ca44d3fbc9301ee17f30f4d474e6ae4b05252/library/std/src/sys/pal/unix/thread.rs:105:17
[INFO] [stdout]   44:     0x7568a0a7fac3 - <unknown>
[INFO] [stdout]   45:     0x7568a0b10a04 - clone
[INFO] [stdout]   46:                0x0 - <unknown>
[INFO] [stdout] 
[INFO] [stdout] 
[INFO] [stdout] failures:
[INFO] [stdout]     common::stream::test_write_line
[INFO] [stdout] 
[INFO] [stdout] test result: FAILED. 22 passed; 1 failed; 0 ignored; 0 measured; 0 filtered out; finished in 0.03s
[INFO] [stdout] 
[INFO] [stderr] error: test failed, to rerun pass `--lib`
[INFO] running `Command { std: "docker" "inspect" "efc4feedce5deba40288a93f5258c5702c189ebdef52719c94c94b6ede79e50a", kill_on_drop: false }`
[INFO] running `Command { std: "docker" "rm" "-f" "efc4feedce5deba40288a93f5258c5702c189ebdef52719c94c94b6ede79e50a", kill_on_drop: false }`
[INFO] [stdout] efc4feedce5deba40288a93f5258c5702c189ebdef52719c94c94b6ede79e50a
