[INFO] fetching crate rsiot 0.0.82...
[INFO] testing rsiot-0.0.82 against nightly-2024-10-28+rustflags=-Zrandomize-layout for randomize-layout
[INFO] extracting crate rsiot 0.0.82 into /workspace/builds/worker-5-tc2/source
[INFO] validating manifest of crates.io crate rsiot 0.0.82 on toolchain nightly-2024-10-28
[INFO] running `Command { std: CARGO_HOME="/workspace/cargo-home" RUSTUP_HOME="/workspace/rustup-home" "/workspace/cargo-home/bin/cargo" "+nightly-2024-10-28" "metadata" "--manifest-path" "Cargo.toml" "--no-deps", kill_on_drop: false }`
[INFO] removed /workspace/builds/worker-5-tc2/source/.cargo/config.toml
[INFO] removed /workspace/builds/worker-5-tc2/source/rust-toolchain.toml
[INFO] started tweaking crates.io crate rsiot 0.0.82
[INFO] removed 0 missing examples
[INFO] finished tweaking crates.io crate rsiot 0.0.82
[INFO] tweaked toml for crates.io crate rsiot 0.0.82 written to /workspace/builds/worker-5-tc2/source/Cargo.toml
[INFO] crate crates.io crate rsiot 0.0.82 already has a lockfile, it will not be regenerated
[INFO] running `Command { std: CARGO_HOME="/workspace/cargo-home" RUSTUP_HOME="/workspace/rustup-home" "/workspace/cargo-home/bin/cargo" "+nightly-2024-10-28" "fetch" "--manifest-path" "Cargo.toml", kill_on_drop: false }`
[INFO] running `Command { std: "docker" "create" "-v" "/var/lib/crater-agent-workspace/builds/worker-5-tc2/target:/opt/rustwide/target:rw,Z" "-v" "/var/lib/crater-agent-workspace/builds/worker-5-tc2/source:/opt/rustwide/workdir:ro,Z" "-v" "/var/lib/crater-agent-workspace/cargo-home:/opt/rustwide/cargo-home:ro,Z" "-v" "/var/lib/crater-agent-workspace/rustup-home:/opt/rustwide/rustup-home:ro,Z" "-e" "SOURCE_DIR=/opt/rustwide/workdir" "-e" "CARGO_TARGET_DIR=/opt/rustwide/target" "-e" "CARGO_HOME=/opt/rustwide/cargo-home" "-e" "RUSTUP_HOME=/opt/rustwide/rustup-home" "-w" "/opt/rustwide/workdir" "-m" "1610612736" "--user" "0:0" "--network" "none" "ghcr.io/rust-lang/crates-build-env/linux@sha256:4a844ea9eb2546a2d2c7022eacef16ef2e8229c7fbb2c7d4d55a9ceca922f72d" "/opt/rustwide/cargo-home/bin/cargo" "+nightly-2024-10-28" "metadata" "--no-deps" "--format-version=1", kill_on_drop: false }`
[INFO] [stdout] 24a5ea17d95b083c7660adc15b7f7f34c4ed23d90cc030d1d5bb1a5c3d72f2bd
[INFO] running `Command { std: "docker" "start" "-a" "24a5ea17d95b083c7660adc15b7f7f34c4ed23d90cc030d1d5bb1a5c3d72f2bd", kill_on_drop: false }`
[INFO] running `Command { std: "docker" "inspect" "24a5ea17d95b083c7660adc15b7f7f34c4ed23d90cc030d1d5bb1a5c3d72f2bd", kill_on_drop: false }`
[INFO] running `Command { std: "docker" "rm" "-f" "24a5ea17d95b083c7660adc15b7f7f34c4ed23d90cc030d1d5bb1a5c3d72f2bd", kill_on_drop: false }`
[INFO] [stdout] 24a5ea17d95b083c7660adc15b7f7f34c4ed23d90cc030d1d5bb1a5c3d72f2bd
[INFO] running `Command { std: "docker" "create" "-v" "/var/lib/crater-agent-workspace/builds/worker-5-tc2/target:/opt/rustwide/target:rw,Z" "-v" "/var/lib/crater-agent-workspace/builds/worker-5-tc2/source:/opt/rustwide/workdir:ro,Z" "-v" "/var/lib/crater-agent-workspace/cargo-home:/opt/rustwide/cargo-home:ro,Z" "-v" "/var/lib/crater-agent-workspace/rustup-home:/opt/rustwide/rustup-home:ro,Z" "-e" "SOURCE_DIR=/opt/rustwide/workdir" "-e" "CARGO_TARGET_DIR=/opt/rustwide/target" "-e" "CARGO_INCREMENTAL=0" "-e" "RUST_BACKTRACE=full" "-e" "RUSTFLAGS=--cap-lints=forbid -Zrandomize-layout" "-e" "RUSTDOCFLAGS=--cap-lints=forbid" "-e" "CARGO_HOME=/opt/rustwide/cargo-home" "-e" "RUSTUP_HOME=/opt/rustwide/rustup-home" "-w" "/opt/rustwide/workdir" "-m" "1610612736" "--user" "0:0" "--network" "none" "ghcr.io/rust-lang/crates-build-env/linux@sha256:4a844ea9eb2546a2d2c7022eacef16ef2e8229c7fbb2c7d4d55a9ceca922f72d" "/opt/rustwide/cargo-home/bin/cargo" "+nightly-2024-10-28" "build" "--frozen" "--message-format=json", kill_on_drop: false }`
[INFO] [stdout] 88ca4191db4c120b135afdb06c38348a26cb5f6e91d07fe4e83f132fd954e0a8
[INFO] running `Command { std: "docker" "start" "-a" "88ca4191db4c120b135afdb06c38348a26cb5f6e91d07fe4e83f132fd954e0a8", kill_on_drop: false }`
[INFO] [stderr]    Compiling proc-macro2 v1.0.85
[INFO] [stderr]    Compiling serde v1.0.203
[INFO] [stderr]    Compiling cfg-if v1.0.0
[INFO] [stderr]    Compiling libc v0.2.155
[INFO] [stderr]    Compiling syn v1.0.109
[INFO] [stderr]    Compiling thiserror v1.0.61
[INFO] [stderr]    Compiling rustix v0.38.34
[INFO] [stderr]    Compiling serde_json v1.0.117
[INFO] [stderr]    Compiling rustversion v1.0.17
[INFO] [stderr]    Compiling anyhow v1.0.86
[INFO] [stderr]    Compiling bitflags v2.5.0
[INFO] [stderr]    Compiling linux-raw-sys v0.4.14
[INFO] [stderr]    Compiling bitflags v1.3.2
[INFO] [stderr]    Compiling autocfg v1.3.0
[INFO] [stderr]    Compiling home v0.5.9
[INFO] [stderr]    Compiling cvt v0.1.2
[INFO] [stderr]    Compiling normpath v1.2.0
[INFO] [stderr]    Compiling either v1.12.0
[INFO] [stderr]    Compiling itoa v1.0.11
[INFO] [stderr]    Compiling lazy_static v1.4.0
[INFO] [stderr]    Compiling ryu v1.0.18
[INFO] [stderr]    Compiling fastrand v2.1.0
[INFO] [stderr]    Compiling radium v0.7.0
[INFO] [stderr]    Compiling log v0.4.21
[INFO] [stderr]    Compiling cfg_aliases v0.2.1
[INFO] [stderr]    Compiling tap v1.0.1
[INFO] [stderr]    Compiling once_cell v1.19.0
[INFO] [stderr]    Compiling wyz v0.5.1
[INFO] [stderr]    Compiling num-traits v0.2.19
[INFO] [stderr]    Compiling funty v2.0.0
[INFO] [stderr]    Compiling iana-time-zone v0.1.60
[INFO] [stderr]    Compiling litrs v0.4.1
[INFO] [stderr]    Compiling tracing-core v0.1.32
[INFO] [stderr]    Compiling pin-project-lite v0.2.14
[INFO] [stderr]    Compiling byteorder v1.5.0
[INFO] [stderr]    Compiling quote v1.0.36
[INFO] [stderr]    Compiling bitvec v1.0.1
[INFO] [stderr]    Compiling document-features v0.2.8
[INFO] [stderr]    Compiling syn v2.0.66
[INFO] [stderr]    Compiling proc-macro-error-attr v1.0.4
[INFO] [stderr]    Compiling getrandom v0.2.15
[INFO] [stderr]    Compiling nix v0.26.4
[INFO] [stderr]    Compiling filetime v0.2.23
[INFO] [stderr]    Compiling fs_at v0.1.10
[INFO] [stderr]    Compiling tempfile v3.10.1
[INFO] [stderr]    Compiling which v4.4.2
[INFO] [stderr]    Compiling remove_dir_all v0.8.2
[INFO] [stderr]    Compiling proc-macro-error v1.0.4
[INFO] [stderr]    Compiling strum_macros v0.24.3
[INFO] [stderr]    Compiling strum v0.24.1
[INFO] [stderr]    Compiling serde_derive v1.0.203
[INFO] [stderr]    Compiling thiserror-impl v1.0.61
[INFO] [stderr]    Compiling tracing-attributes v0.1.27
[INFO] [stderr]    Compiling rsiot-macros v0.0.72
[INFO] [stderr]    Compiling tracing v0.1.40
[INFO] [stderr]    Compiling uuid v1.8.0
[INFO] [stderr]    Compiling bincode v1.3.3
[INFO] [stderr]    Compiling chrono v0.4.38
[INFO] [stderr]    Compiling embuild v0.31.4
[INFO] [stderr]    Compiling rsiot v0.0.82 (/opt/rustwide/workdir)
[INFO] [stderr]     Finished `dev` profile [optimized + debuginfo] target(s) in 11.86s
[INFO] running `Command { std: "docker" "inspect" "88ca4191db4c120b135afdb06c38348a26cb5f6e91d07fe4e83f132fd954e0a8", kill_on_drop: false }`
[INFO] running `Command { std: "docker" "rm" "-f" "88ca4191db4c120b135afdb06c38348a26cb5f6e91d07fe4e83f132fd954e0a8", kill_on_drop: false }`
[INFO] [stdout] 88ca4191db4c120b135afdb06c38348a26cb5f6e91d07fe4e83f132fd954e0a8
[INFO] running `Command { std: "docker" "create" "-v" "/var/lib/crater-agent-workspace/builds/worker-5-tc2/target:/opt/rustwide/target:rw,Z" "-v" "/var/lib/crater-agent-workspace/builds/worker-5-tc2/source:/opt/rustwide/workdir:ro,Z" "-v" "/var/lib/crater-agent-workspace/cargo-home:/opt/rustwide/cargo-home:ro,Z" "-v" "/var/lib/crater-agent-workspace/rustup-home:/opt/rustwide/rustup-home:ro,Z" "-e" "SOURCE_DIR=/opt/rustwide/workdir" "-e" "CARGO_TARGET_DIR=/opt/rustwide/target" "-e" "CARGO_INCREMENTAL=0" "-e" "RUST_BACKTRACE=full" "-e" "RUSTFLAGS=--cap-lints=forbid -Zrandomize-layout" "-e" "RUSTDOCFLAGS=--cap-lints=forbid" "-e" "CARGO_HOME=/opt/rustwide/cargo-home" "-e" "RUSTUP_HOME=/opt/rustwide/rustup-home" "-w" "/opt/rustwide/workdir" "-m" "1610612736" "--user" "0:0" "--network" "none" "ghcr.io/rust-lang/crates-build-env/linux@sha256:4a844ea9eb2546a2d2c7022eacef16ef2e8229c7fbb2c7d4d55a9ceca922f72d" "/opt/rustwide/cargo-home/bin/cargo" "+nightly-2024-10-28" "test" "--frozen" "--no-run" "--message-format=json", kill_on_drop: false }`
[INFO] [stdout] 34f50db8cc9918d49b7136c2e4a634ab5b62c2d653a6dcdcc70f229dc653b7ee
[INFO] running `Command { std: "docker" "start" "-a" "34f50db8cc9918d49b7136c2e4a634ab5b62c2d653a6dcdcc70f229dc653b7ee", kill_on_drop: false }`
[INFO] [stderr]    Compiling libc v0.2.155
[INFO] [stderr]    Compiling tracing-core v0.1.32
[INFO] [stderr]    Compiling log v0.4.21
[INFO] [stderr]    Compiling regex-syntax v0.8.4
[INFO] [stderr]    Compiling regex-syntax v0.6.29
[INFO] [stderr]    Compiling overload v0.1.1
[INFO] [stderr]    Compiling lazy_static v1.4.0
[INFO] [stderr]    Compiling tokio-macros v2.3.0
[INFO] [stderr]    Compiling thread_local v1.1.8
[INFO] [stderr]    Compiling smallvec v1.13.2
[INFO] [stderr]    Compiling nu-ansi-term v0.46.0
[INFO] [stderr]    Compiling sharded-slab v0.1.7
[INFO] [stderr]    Compiling tracing v0.1.40
[INFO] [stderr]    Compiling tracing-log v0.2.0
[INFO] [stderr]    Compiling getrandom v0.2.15
[INFO] [stderr]    Compiling num_cpus v1.16.0
[INFO] [stderr]    Compiling uuid v1.8.0
[INFO] [stderr]    Compiling tokio v1.38.0
[INFO] [stderr]    Compiling rsiot v0.0.82 (/opt/rustwide/workdir)
[INFO] [stderr]    Compiling regex-automata v0.4.7
[INFO] [stderr]    Compiling regex-automata v0.1.10
[INFO] [stderr]    Compiling matchers v0.1.0
[INFO] [stderr]    Compiling regex v1.10.5
[INFO] [stderr]    Compiling tracing-subscriber v0.3.18
[INFO] [stderr]     Finished `test` profile [optimized + debuginfo] target(s) in 7.49s
[INFO] running `Command { std: "docker" "inspect" "34f50db8cc9918d49b7136c2e4a634ab5b62c2d653a6dcdcc70f229dc653b7ee", kill_on_drop: false }`
[INFO] running `Command { std: "docker" "rm" "-f" "34f50db8cc9918d49b7136c2e4a634ab5b62c2d653a6dcdcc70f229dc653b7ee", kill_on_drop: false }`
[INFO] [stdout] 34f50db8cc9918d49b7136c2e4a634ab5b62c2d653a6dcdcc70f229dc653b7ee
[INFO] running `Command { std: "docker" "create" "-v" "/var/lib/crater-agent-workspace/builds/worker-5-tc2/target:/opt/rustwide/target:rw,Z" "-v" "/var/lib/crater-agent-workspace/builds/worker-5-tc2/source:/opt/rustwide/workdir:ro,Z" "-v" "/var/lib/crater-agent-workspace/cargo-home:/opt/rustwide/cargo-home:ro,Z" "-v" "/var/lib/crater-agent-workspace/rustup-home:/opt/rustwide/rustup-home:ro,Z" "-e" "SOURCE_DIR=/opt/rustwide/workdir" "-e" "CARGO_TARGET_DIR=/opt/rustwide/target" "-e" "CARGO_INCREMENTAL=0" "-e" "RUST_BACKTRACE=full" "-e" "RUSTFLAGS=--cap-lints=forbid -Zrandomize-layout" "-e" "RUSTDOCFLAGS=--cap-lints=forbid" "-e" "CARGO_HOME=/opt/rustwide/cargo-home" "-e" "RUSTUP_HOME=/opt/rustwide/rustup-home" "-w" "/opt/rustwide/workdir" "-m" "1610612736" "--user" "0:0" "--network" "none" "ghcr.io/rust-lang/crates-build-env/linux@sha256:4a844ea9eb2546a2d2c7022eacef16ef2e8229c7fbb2c7d4d55a9ceca922f72d" "/opt/rustwide/cargo-home/bin/cargo" "+nightly-2024-10-28" "test" "--frozen", kill_on_drop: false }`
[INFO] [stdout] 2f8560b5d3fb11a862d5e900902e260d85c2bdac759497e0a202c82ef3d1b12b
[INFO] running `Command { std: "docker" "start" "-a" "2f8560b5d3fb11a862d5e900902e260d85c2bdac759497e0a202c82ef3d1b12b", kill_on_drop: false }`
[INFO] [stderr]     Finished `test` profile [optimized + debuginfo] target(s) in 1.26s
[INFO] [stderr]      Running unittests src/lib.rs (/opt/rustwide/target/debug/deps/rsiot-d4ff1ecf5edf3a84)
[INFO] [stdout] 
[INFO] [stdout] running 2 tests
[INFO] [stdout] test message::example_message::tests::test_key ... ok
[INFO] [stdout] test message::example_message::tests::test1 ... ok
[INFO] [stdout] 
[INFO] [stdout] test result: ok. 2 passed; 0 failed; 0 ignored; 0 measured; 0 filtered out; finished in 0.00s
[INFO] [stdout] 
[INFO] [stderr]    Doc-tests rsiot
[INFO] [stdout] 
[INFO] [stdout] running 3 tests
[INFO] [stdout] test src/message/msg_data_bound.rs - message::msg_data_bound::MsgDataBound (line 9) ... FAILED
[INFO] [stdout] test src/lib.rs - (line 80) ... FAILED
[INFO] [stdout] test src/lib.rs - (line 106) ... FAILED
[INFO] [stdout] 
[INFO] [stdout] failures:
[INFO] [stdout] 
[INFO] [stdout] ---- src/message/msg_data_bound.rs - message::msg_data_bound::MsgDataBound (line 9) stdout ----
[INFO] [stdout] error: expected statement after outer attribute
[INFO] [stdout]  --> src/message/msg_data_bound.rs:12:1
[INFO] [stdout]   |
[INFO] [stdout] 5 | #[derive(Clone, Debug, Deserialize, PartialEq, Serialize)]
[INFO] [stdout]   | ^^^^^^^^^^^^^^^^^^^^^^^^^^^^^^^^^^^^^^^^^^^^^^^^^^^^^^^^^^
[INFO] [stdout] 
[INFO] [stdout] error: aborting due to 1 previous error
[INFO] [stdout] 
[INFO] [stdout] Couldn't compile the test.
[INFO] [stdout] ---- src/lib.rs - (line 80) stdout ----
[INFO] [stdout] error[E0432]: unresolved import `rsiot_messages_core`
[INFO] [stdout]  --> src/lib.rs:83:5
[INFO] [stdout]   |
[INFO] [stdout] 6 | use rsiot_messages_core::IMessage;
[INFO] [stdout]   |     ^^^^^^^^^^^^^^^^^^^ use of undeclared crate or module `rsiot_messages_core`
[INFO] [stdout] 
[INFO] [stdout] error: aborting due to 1 previous error
[INFO] [stdout] 
[INFO] [stdout] For more information about this error, try `rustc --explain E0432`.
[INFO] [stdout] Couldn't compile the test.
[INFO] [stdout] ---- src/lib.rs - (line 106) stdout ----
[INFO] [stdout] error: expected `;`, found keyword `enum`
[INFO] [stdout]   --> src/lib.rs:112:47
[INFO] [stdout]    |
[INFO] [stdout] 9  | [derive(Clone, Debug, Deserialize, Serialize)]
[INFO] [stdout]    |                                               ^ help: add `;` here
[INFO] [stdout] 10 | enum Message {
[INFO] [stdout]    | ---- unexpected token
[INFO] [stdout] 
[INFO] [stdout] error[E0433]: failed to resolve: use of undeclared crate or module `rsiot_messages_core`
[INFO] [stdout]  --> src/lib.rs:108:5
[INFO] [stdout]   |
[INFO] [stdout] 5 | use rsiot_messages_core::eav::EavModel;
[INFO] [stdout]   |     ^^^^^^^^^^^^^^^^^^^ use of undeclared crate or module `rsiot_messages_core`
[INFO] [stdout] 
[INFO] [stdout] error[E0432]: unresolved import `rsiot_messages_core`
[INFO] [stdout]  --> src/lib.rs:109:5
[INFO] [stdout]   |
[INFO] [stdout] 6 | use rsiot_messages_core::IMessage;
[INFO] [stdout]   |     ^^^^^^^^^^^^^^^^^^^ use of undeclared crate or module `rsiot_messages_core`
[INFO] [stdout] 
[INFO] [stdout] error: aborting due to 3 previous errors
[INFO] [stdout] 
[INFO] [stdout] Some errors have detailed explanations: E0432, E0433.
[INFO] [stdout] For more information about an error, try `rustc --explain E0432`.
[INFO] [stdout] Couldn't compile the test.
[INFO] [stdout] 
[INFO] [stdout] failures:
[INFO] [stdout]     src/lib.rs - (line 106)
[INFO] [stdout]     src/lib.rs - (line 80)
[INFO] [stdout]     src/message/msg_data_bound.rs - message::msg_data_bound::MsgDataBound (line 9)
[INFO] [stdout] 
[INFO] [stdout] test result: FAILED. 0 passed; 3 failed; 0 ignored; 0 measured; 0 filtered out; finished in 0.32s
[INFO] [stdout] 
[INFO] [stderr] error: doctest failed, to rerun pass `--doc`
[INFO] running `Command { std: "docker" "inspect" "2f8560b5d3fb11a862d5e900902e260d85c2bdac759497e0a202c82ef3d1b12b", kill_on_drop: false }`
[INFO] running `Command { std: "docker" "rm" "-f" "2f8560b5d3fb11a862d5e900902e260d85c2bdac759497e0a202c82ef3d1b12b", kill_on_drop: false }`
[INFO] [stdout] 2f8560b5d3fb11a862d5e900902e260d85c2bdac759497e0a202c82ef3d1b12b
