[INFO] fetching crate rsiot-extra-components 0.0.71...
[INFO] testing rsiot-extra-components-0.0.71 against nightly-2024-10-28 for randomize-layout
[INFO] extracting crate rsiot-extra-components 0.0.71 into /workspace/builds/worker-3-tc1/source
[INFO] validating manifest of crates.io crate rsiot-extra-components 0.0.71 on toolchain nightly-2024-10-28
[INFO] running `Command { std: CARGO_HOME="/workspace/cargo-home" RUSTUP_HOME="/workspace/rustup-home" "/workspace/cargo-home/bin/cargo" "+nightly-2024-10-28" "metadata" "--manifest-path" "Cargo.toml" "--no-deps", kill_on_drop: false }`
[INFO] started tweaking crates.io crate rsiot-extra-components 0.0.71
[INFO] finished tweaking crates.io crate rsiot-extra-components 0.0.71
[INFO] tweaked toml for crates.io crate rsiot-extra-components 0.0.71 written to /workspace/builds/worker-3-tc1/source/Cargo.toml
[INFO] crate crates.io crate rsiot-extra-components 0.0.71 already has a lockfile, it will not be regenerated
[INFO] running `Command { std: CARGO_HOME="/workspace/cargo-home" RUSTUP_HOME="/workspace/rustup-home" "/workspace/cargo-home/bin/cargo" "+nightly-2024-10-28" "fetch" "--manifest-path" "Cargo.toml", kill_on_drop: false }`
[INFO] [stderr]     Updating crates.io index
[INFO] [stderr]  Downloading crates ...
[INFO] [stderr]   Downloaded rsiot-macros v0.0.64
[INFO] [stderr]   Downloaded rsiot-messages-core v0.0.70
[INFO] [stderr]   Downloaded rsiot-component-core v0.0.71
[INFO] running `Command { std: "docker" "create" "-v" "/var/lib/crater-agent-workspace/builds/worker-3-tc1/target:/opt/rustwide/target:rw,Z" "-v" "/var/lib/crater-agent-workspace/builds/worker-3-tc1/source:/opt/rustwide/workdir:ro,Z" "-v" "/var/lib/crater-agent-workspace/cargo-home:/opt/rustwide/cargo-home:ro,Z" "-v" "/var/lib/crater-agent-workspace/rustup-home:/opt/rustwide/rustup-home:ro,Z" "-e" "SOURCE_DIR=/opt/rustwide/workdir" "-e" "CARGO_TARGET_DIR=/opt/rustwide/target" "-e" "CARGO_HOME=/opt/rustwide/cargo-home" "-e" "RUSTUP_HOME=/opt/rustwide/rustup-home" "-w" "/opt/rustwide/workdir" "-m" "1610612736" "--user" "0:0" "--network" "none" "ghcr.io/rust-lang/crates-build-env/linux@sha256:4a844ea9eb2546a2d2c7022eacef16ef2e8229c7fbb2c7d4d55a9ceca922f72d" "/opt/rustwide/cargo-home/bin/cargo" "+nightly-2024-10-28" "metadata" "--no-deps" "--format-version=1", kill_on_drop: false }`
[INFO] [stdout] b259f963751ffbf51620b8a76b35f2ba887b228457c4cccbc64d818b91e73adc
[INFO] running `Command { std: "docker" "start" "-a" "b259f963751ffbf51620b8a76b35f2ba887b228457c4cccbc64d818b91e73adc", kill_on_drop: false }`
[INFO] running `Command { std: "docker" "inspect" "b259f963751ffbf51620b8a76b35f2ba887b228457c4cccbc64d818b91e73adc", kill_on_drop: false }`
[INFO] running `Command { std: "docker" "rm" "-f" "b259f963751ffbf51620b8a76b35f2ba887b228457c4cccbc64d818b91e73adc", kill_on_drop: false }`
[INFO] [stdout] b259f963751ffbf51620b8a76b35f2ba887b228457c4cccbc64d818b91e73adc
[INFO] running `Command { std: "docker" "create" "-v" "/var/lib/crater-agent-workspace/builds/worker-3-tc1/target:/opt/rustwide/target:rw,Z" "-v" "/var/lib/crater-agent-workspace/builds/worker-3-tc1/source:/opt/rustwide/workdir:ro,Z" "-v" "/var/lib/crater-agent-workspace/cargo-home:/opt/rustwide/cargo-home:ro,Z" "-v" "/var/lib/crater-agent-workspace/rustup-home:/opt/rustwide/rustup-home:ro,Z" "-e" "SOURCE_DIR=/opt/rustwide/workdir" "-e" "CARGO_TARGET_DIR=/opt/rustwide/target" "-e" "CARGO_INCREMENTAL=0" "-e" "RUST_BACKTRACE=full" "-e" "RUSTFLAGS=--cap-lints=forbid" "-e" "RUSTDOCFLAGS=--cap-lints=forbid" "-e" "CARGO_HOME=/opt/rustwide/cargo-home" "-e" "RUSTUP_HOME=/opt/rustwide/rustup-home" "-w" "/opt/rustwide/workdir" "-m" "1610612736" "--user" "0:0" "--network" "none" "ghcr.io/rust-lang/crates-build-env/linux@sha256:4a844ea9eb2546a2d2c7022eacef16ef2e8229c7fbb2c7d4d55a9ceca922f72d" "/opt/rustwide/cargo-home/bin/cargo" "+nightly-2024-10-28" "build" "--frozen" "--message-format=json", kill_on_drop: false }`
[INFO] [stdout] 1a2143623ce31e3c8f766a39ff8e47476600e8e0a2629272fa3451e889f5d7b1
[INFO] running `Command { std: "docker" "start" "-a" "1a2143623ce31e3c8f766a39ff8e47476600e8e0a2629272fa3451e889f5d7b1", kill_on_drop: false }`
[INFO] [stderr]    Compiling proc-macro2 v1.0.78
[INFO] [stderr]    Compiling unicode-ident v1.0.12
[INFO] [stderr]    Compiling autocfg v1.1.0
[INFO] [stderr]    Compiling version_check v0.9.4
[INFO] [stderr]    Compiling pin-project-lite v0.2.13
[INFO] [stderr]    Compiling libc v0.2.153
[INFO] [stderr]    Compiling serde v1.0.197
[INFO] [stderr]    Compiling syn v1.0.109
[INFO] [stderr]    Compiling futures-core v0.3.30
[INFO] [stderr]    Compiling futures-sink v0.3.30
[INFO] [stderr]    Compiling thiserror v1.0.57
[INFO] [stderr]    Compiling cfg-if v1.0.0
[INFO] [stderr]    Compiling pin-utils v0.1.0
[INFO] [stderr]    Compiling futures-io v0.3.30
[INFO] [stderr]    Compiling futures-task v0.3.30
[INFO] [stderr]    Compiling memchr v2.7.1
[INFO] [stderr]    Compiling once_cell v1.19.0
[INFO] [stderr]    Compiling iana-time-zone v0.1.60
[INFO] [stderr]    Compiling async-trait v0.1.77
[INFO] [stderr]    Compiling log v0.4.21
[INFO] [stderr]    Compiling futures-channel v0.3.30
[INFO] [stderr]    Compiling tracing-core v0.1.32
[INFO] [stderr]    Compiling proc-macro-error-attr v1.0.4
[INFO] [stderr]    Compiling proc-macro-error v1.0.4
[INFO] [stderr]    Compiling slab v0.4.9
[INFO] [stderr]    Compiling num-traits v0.2.18
[INFO] [stderr]    Compiling quote v1.0.35
[INFO] [stderr]    Compiling getrandom v0.2.12
[INFO] [stderr]    Compiling syn v2.0.52
[INFO] [stderr]    Compiling serde_derive v1.0.197
[INFO] [stderr]    Compiling futures-macro v0.3.30
[INFO] [stderr]    Compiling thiserror-impl v1.0.57
[INFO] [stderr]    Compiling tracing-attributes v0.1.27
[INFO] [stderr]    Compiling rsiot-macros v0.0.64
[INFO] [stderr]    Compiling tokio-macros v2.2.0
[INFO] [stderr]    Compiling tokio v1.36.0
[INFO] [stderr]    Compiling futures-util v0.3.30
[INFO] [stderr]    Compiling tracing v0.1.40
[INFO] [stderr]    Compiling futures-executor v0.3.30
[INFO] [stderr]    Compiling futures v0.3.30
[INFO] [stderr]    Compiling chrono v0.4.35
[INFO] [stderr]    Compiling uuid v1.7.0
[INFO] [stderr]    Compiling rsiot-messages-core v0.0.70
[INFO] [stderr]    Compiling rsiot-component-core v0.0.71
[INFO] [stderr]    Compiling rsiot-extra-components v0.0.71 (/opt/rustwide/workdir)
[INFO] [stderr]     Finished `dev` profile [unoptimized + debuginfo] target(s) in 8.94s
[INFO] running `Command { std: "docker" "inspect" "1a2143623ce31e3c8f766a39ff8e47476600e8e0a2629272fa3451e889f5d7b1", kill_on_drop: false }`
[INFO] running `Command { std: "docker" "rm" "-f" "1a2143623ce31e3c8f766a39ff8e47476600e8e0a2629272fa3451e889f5d7b1", kill_on_drop: false }`
[INFO] [stdout] 1a2143623ce31e3c8f766a39ff8e47476600e8e0a2629272fa3451e889f5d7b1
[INFO] running `Command { std: "docker" "create" "-v" "/var/lib/crater-agent-workspace/builds/worker-3-tc1/target:/opt/rustwide/target:rw,Z" "-v" "/var/lib/crater-agent-workspace/builds/worker-3-tc1/source:/opt/rustwide/workdir:ro,Z" "-v" "/var/lib/crater-agent-workspace/cargo-home:/opt/rustwide/cargo-home:ro,Z" "-v" "/var/lib/crater-agent-workspace/rustup-home:/opt/rustwide/rustup-home:ro,Z" "-e" "SOURCE_DIR=/opt/rustwide/workdir" "-e" "CARGO_TARGET_DIR=/opt/rustwide/target" "-e" "CARGO_INCREMENTAL=0" "-e" "RUST_BACKTRACE=full" "-e" "RUSTFLAGS=--cap-lints=forbid" "-e" "RUSTDOCFLAGS=--cap-lints=forbid" "-e" "CARGO_HOME=/opt/rustwide/cargo-home" "-e" "RUSTUP_HOME=/opt/rustwide/rustup-home" "-w" "/opt/rustwide/workdir" "-m" "1610612736" "--user" "0:0" "--network" "none" "ghcr.io/rust-lang/crates-build-env/linux@sha256:4a844ea9eb2546a2d2c7022eacef16ef2e8229c7fbb2c7d4d55a9ceca922f72d" "/opt/rustwide/cargo-home/bin/cargo" "+nightly-2024-10-28" "test" "--frozen" "--no-run" "--message-format=json", kill_on_drop: false }`
[INFO] [stdout] f31d23f37134e5c6bfe809ba6c9d4f1cc09248ae19cefe1fb071e48950b715f0
[INFO] running `Command { std: "docker" "start" "-a" "f31d23f37134e5c6bfe809ba6c9d4f1cc09248ae19cefe1fb071e48950b715f0", kill_on_drop: false }`
[INFO] [stderr]    Compiling libc v0.2.153
[INFO] [stderr]    Compiling tracing-core v0.1.32
[INFO] [stderr]    Compiling log v0.4.21
[INFO] [stderr]    Compiling regex-syntax v0.8.2
[INFO] [stderr]    Compiling regex-syntax v0.6.29
[INFO] [stderr]    Compiling anyhow v1.0.80
[INFO] [stderr]    Compiling overload v0.1.1
[INFO] [stderr]    Compiling lazy_static v1.4.0
[INFO] [stderr]    Compiling thread_local v1.1.8
[INFO] [stderr]    Compiling smallvec v1.13.1
[INFO] [stderr]    Compiling nu-ansi-term v0.46.0
[INFO] [stderr]    Compiling sharded-slab v0.1.7
[INFO] [stderr]    Compiling tracing v0.1.40
[INFO] [stderr]    Compiling tracing-log v0.2.0
[INFO] [stderr]    Compiling getrandom v0.2.12
[INFO] [stderr]    Compiling num_cpus v1.16.0
[INFO] [stderr]    Compiling uuid v1.7.0
[INFO] [stderr]    Compiling tokio v1.36.0
[INFO] [stderr]    Compiling rsiot-messages-core v0.0.70
[INFO] [stderr]    Compiling regex-automata v0.4.6
[INFO] [stderr]    Compiling regex-automata v0.1.10
[INFO] [stderr]    Compiling matchers v0.1.0
[INFO] [stderr]    Compiling rsiot-component-core v0.0.71
[INFO] [stderr]    Compiling rsiot-extra-components v0.0.71 (/opt/rustwide/workdir)
[INFO] [stderr]    Compiling regex v1.10.3
[INFO] [stderr]    Compiling tracing-subscriber v0.3.18
[INFO] [stderr]     Finished `test` profile [unoptimized + debuginfo] target(s) in 8.25s
[INFO] running `Command { std: "docker" "inspect" "f31d23f37134e5c6bfe809ba6c9d4f1cc09248ae19cefe1fb071e48950b715f0", kill_on_drop: false }`
[INFO] running `Command { std: "docker" "rm" "-f" "f31d23f37134e5c6bfe809ba6c9d4f1cc09248ae19cefe1fb071e48950b715f0", kill_on_drop: false }`
[INFO] [stdout] f31d23f37134e5c6bfe809ba6c9d4f1cc09248ae19cefe1fb071e48950b715f0
[INFO] running `Command { std: "docker" "create" "-v" "/var/lib/crater-agent-workspace/builds/worker-3-tc1/target:/opt/rustwide/target:rw,Z" "-v" "/var/lib/crater-agent-workspace/builds/worker-3-tc1/source:/opt/rustwide/workdir:ro,Z" "-v" "/var/lib/crater-agent-workspace/cargo-home:/opt/rustwide/cargo-home:ro,Z" "-v" "/var/lib/crater-agent-workspace/rustup-home:/opt/rustwide/rustup-home:ro,Z" "-e" "SOURCE_DIR=/opt/rustwide/workdir" "-e" "CARGO_TARGET_DIR=/opt/rustwide/target" "-e" "CARGO_INCREMENTAL=0" "-e" "RUST_BACKTRACE=full" "-e" "RUSTFLAGS=--cap-lints=forbid" "-e" "RUSTDOCFLAGS=--cap-lints=forbid" "-e" "CARGO_HOME=/opt/rustwide/cargo-home" "-e" "RUSTUP_HOME=/opt/rustwide/rustup-home" "-w" "/opt/rustwide/workdir" "-m" "1610612736" "--user" "0:0" "--network" "none" "ghcr.io/rust-lang/crates-build-env/linux@sha256:4a844ea9eb2546a2d2c7022eacef16ef2e8229c7fbb2c7d4d55a9ceca922f72d" "/opt/rustwide/cargo-home/bin/cargo" "+nightly-2024-10-28" "test" "--frozen", kill_on_drop: false }`
[INFO] [stdout] 01e3e311ed22c38ce9e859575472a5c922b786580ec455e904786cf7ac09fdea
[INFO] running `Command { std: "docker" "start" "-a" "01e3e311ed22c38ce9e859575472a5c922b786580ec455e904786cf7ac09fdea", kill_on_drop: false }`
[INFO] [stderr]     Finished `test` profile [unoptimized + debuginfo] target(s) in 0.05s
[INFO] [stderr]      Running unittests src/lib.rs (/opt/rustwide/target/debug/deps/rsiot_extra_components-7180b6471f113d97)
[INFO] [stdout] 
[INFO] [stdout] running 1 test
[INFO] [stdout] test cmp_external_fn_process::tests::multi_thread ... ok
[INFO] [stdout] 
[INFO] [stdout] test result: ok. 1 passed; 0 failed; 0 ignored; 0 measured; 0 filtered out; finished in 0.00s
[INFO] [stdout] 
[INFO] [stderr]    Doc-tests rsiot_extra_components
[INFO] [stdout] 
[INFO] [stdout] running 2 tests
[INFO] [stdout] test src/cmp_external_fn_process.rs - cmp_external_fn_process::Config::fn_process (line 77) ... FAILED
[INFO] [stdout] test src/cmp_derive/config.rs - cmp_derive::config::Config::derive_items (line 8) ... ok
[INFO] [stdout] 
[INFO] [stdout] failures:
[INFO] [stdout] 
[INFO] [stdout] ---- src/cmp_external_fn_process.rs - cmp_external_fn_process::Config::fn_process (line 77) stdout ----
[INFO] [stdout] error[E0432]: unresolved imports `rsiot_component_core::CmpInput`, `rsiot_component_core::CmpOutput`
[INFO] [stdout]   --> src/cmp_external_fn_process.rs:87:35
[INFO] [stdout]    |
[INFO] [stdout] 13 | use rsiot_component_core::{Cache, CmpInput, CmpOutput, ComponentResult};
[INFO] [stdout]    |                                   ^^^^^^^^  ^^^^^^^^^ no `CmpOutput` in the root
[INFO] [stdout]    |                                   |
[INFO] [stdout]    |                                   no `CmpInput` in the root
[INFO] [stdout]    |                                   help: a similar name exists in the module: `CmpInOut`
[INFO] [stdout]    |
[INFO] [stdout]    = help: consider importing this variant instead:
[INFO] [stdout]            rsiot_component_core::ComponentError::CmpInput
[INFO] [stdout]    = help: consider importing this variant instead:
[INFO] [stdout]            rsiot_component_core::ComponentError::CmpOutput
[INFO] [stdout] 
[INFO] [stdout] error[E0593]: function is expected to take 1 argument, but it takes 3 arguments
[INFO] [stdout]   --> src/cmp_external_fn_process.rs:113:17
[INFO] [stdout]    |
[INFO] [stdout] 16 | / fn fn_process_wrapper<TMsg>(
[INFO] [stdout] 17 | |     input: CmpInput<TMsg>,
[INFO] [stdout] 18 | |     output: CmpOutput<TMsg>,
[INFO] [stdout] 19 | |     cache: Cache<TMsg>,
[INFO] [stdout] 20 | | ) -> BoxFuture<'static, ComponentResult>
[INFO] [stdout] 21 | | where
[INFO] [stdout] 22 | |     TMsg: MsgDataBound + 'static,
[INFO] [stdout]    | |_________________________________- takes 3 arguments
[INFO] [stdout] ...
[INFO] [stdout] 39 |       fn_process: Box::new(fn_process_wrapper::<Custom>),
[INFO] [stdout]    |                   ^^^^^^^^^^^^^^^^^^^^^^^^^^^^^^^^^^^^^^ expected function that takes 1 argument
[INFO] [stdout]    |
[INFO] [stdout]    = note: required for the cast from `Box<fn({type error}, {type error}, Cache<Custom>) -> Pin<Box<...>> {fn_process_wrapper::<...>}>` to `Box<dyn Fn(CmpInOut<_>) -> Pin<Box<dyn Future<Output = Result<(), ComponentError>> + Send>> + Send + Sync>`
[INFO] [stdout]    = note: the full name for the type has been written to '/tmp/rustdoctestqJHbGv/rust_out.long-type-17532989572311662075.txt'
[INFO] [stdout]    = note: consider using `--verbose` to print the full type name to the console
[INFO] [stdout] 
[INFO] [stdout] error: aborting due to 2 previous errors
[INFO] [stdout] 
[INFO] [stdout] Some errors have detailed explanations: E0432, E0593.
[INFO] [stdout] For more information about an error, try `rustc --explain E0432`.
[INFO] [stdout] Couldn't compile the test.
[INFO] [stdout] 
[INFO] [stdout] failures:
[INFO] [stdout]     src/cmp_external_fn_process.rs - cmp_external_fn_process::Config::fn_process (line 77)
[INFO] [stdout] 
[INFO] [stdout] test result: FAILED. 1 passed; 1 failed; 0 ignored; 0 measured; 0 filtered out; finished in 0.08s
[INFO] [stdout] 
[INFO] [stderr] error: doctest failed, to rerun pass `--doc`
[INFO] running `Command { std: "docker" "inspect" "01e3e311ed22c38ce9e859575472a5c922b786580ec455e904786cf7ac09fdea", kill_on_drop: false }`
[INFO] running `Command { std: "docker" "rm" "-f" "01e3e311ed22c38ce9e859575472a5c922b786580ec455e904786cf7ac09fdea", kill_on_drop: false }`
[INFO] [stdout] 01e3e311ed22c38ce9e859575472a5c922b786580ec455e904786cf7ac09fdea
