[INFO] fetching crate rs_web_component 0.1.7...
[INFO] testing rs_web_component-0.1.7 against nightly-2024-10-28+rustflags=-Zrandomize-layout for randomize-layout
[INFO] extracting crate rs_web_component 0.1.7 into /workspace/builds/worker-2-tc2/source
[INFO] validating manifest of crates.io crate rs_web_component 0.1.7 on toolchain nightly-2024-10-28
[INFO] running `Command { std: CARGO_HOME="/workspace/cargo-home" RUSTUP_HOME="/workspace/rustup-home" "/workspace/cargo-home/bin/cargo" "+nightly-2024-10-28" "metadata" "--manifest-path" "Cargo.toml" "--no-deps", kill_on_drop: false }`
[INFO] started tweaking crates.io crate rs_web_component 0.1.7
[INFO] finished tweaking crates.io crate rs_web_component 0.1.7
[INFO] tweaked toml for crates.io crate rs_web_component 0.1.7 written to /workspace/builds/worker-2-tc2/source/Cargo.toml
[INFO] running `Command { std: CARGO_HOME="/workspace/cargo-home" RUSTUP_HOME="/workspace/rustup-home" "/workspace/cargo-home/bin/cargo" "+nightly-2024-10-28" "generate-lockfile" "--manifest-path" "Cargo.toml", kill_on_drop: false }`
[INFO] [stderr]     Updating crates.io index
[INFO] [stderr]      Locking 15 packages to latest compatible versions
[INFO] running `Command { std: CARGO_HOME="/workspace/cargo-home" RUSTUP_HOME="/workspace/rustup-home" "/workspace/cargo-home/bin/cargo" "+nightly-2024-10-28" "fetch" "--manifest-path" "Cargo.toml", kill_on_drop: false }`
[INFO] running `Command { std: "docker" "create" "-v" "/var/lib/crater-agent-workspace/builds/worker-2-tc2/target:/opt/rustwide/target:rw,Z" "-v" "/var/lib/crater-agent-workspace/builds/worker-2-tc2/source:/opt/rustwide/workdir:ro,Z" "-v" "/var/lib/crater-agent-workspace/cargo-home:/opt/rustwide/cargo-home:ro,Z" "-v" "/var/lib/crater-agent-workspace/rustup-home:/opt/rustwide/rustup-home:ro,Z" "-e" "SOURCE_DIR=/opt/rustwide/workdir" "-e" "CARGO_TARGET_DIR=/opt/rustwide/target" "-e" "CARGO_HOME=/opt/rustwide/cargo-home" "-e" "RUSTUP_HOME=/opt/rustwide/rustup-home" "-w" "/opt/rustwide/workdir" "-m" "1610612736" "--user" "0:0" "--network" "none" "ghcr.io/rust-lang/crates-build-env/linux@sha256:4a844ea9eb2546a2d2c7022eacef16ef2e8229c7fbb2c7d4d55a9ceca922f72d" "/opt/rustwide/cargo-home/bin/cargo" "+nightly-2024-10-28" "metadata" "--no-deps" "--format-version=1", kill_on_drop: false }`
[INFO] [stdout] f2dddb0fede82d0dbfd71bc929540894f1bc7474cded3f1a20e7a4b044992a96
[INFO] running `Command { std: "docker" "start" "-a" "f2dddb0fede82d0dbfd71bc929540894f1bc7474cded3f1a20e7a4b044992a96", kill_on_drop: false }`
[INFO] running `Command { std: "docker" "inspect" "f2dddb0fede82d0dbfd71bc929540894f1bc7474cded3f1a20e7a4b044992a96", kill_on_drop: false }`
[INFO] running `Command { std: "docker" "rm" "-f" "f2dddb0fede82d0dbfd71bc929540894f1bc7474cded3f1a20e7a4b044992a96", kill_on_drop: false }`
[INFO] [stdout] f2dddb0fede82d0dbfd71bc929540894f1bc7474cded3f1a20e7a4b044992a96
[INFO] running `Command { std: "docker" "create" "-v" "/var/lib/crater-agent-workspace/builds/worker-2-tc2/target:/opt/rustwide/target:rw,Z" "-v" "/var/lib/crater-agent-workspace/builds/worker-2-tc2/source:/opt/rustwide/workdir:ro,Z" "-v" "/var/lib/crater-agent-workspace/cargo-home:/opt/rustwide/cargo-home:ro,Z" "-v" "/var/lib/crater-agent-workspace/rustup-home:/opt/rustwide/rustup-home:ro,Z" "-e" "SOURCE_DIR=/opt/rustwide/workdir" "-e" "CARGO_TARGET_DIR=/opt/rustwide/target" "-e" "CARGO_INCREMENTAL=0" "-e" "RUST_BACKTRACE=full" "-e" "RUSTFLAGS=--cap-lints=forbid -Zrandomize-layout" "-e" "RUSTDOCFLAGS=--cap-lints=forbid" "-e" "CARGO_HOME=/opt/rustwide/cargo-home" "-e" "RUSTUP_HOME=/opt/rustwide/rustup-home" "-w" "/opt/rustwide/workdir" "-m" "1610612736" "--user" "0:0" "--network" "none" "ghcr.io/rust-lang/crates-build-env/linux@sha256:4a844ea9eb2546a2d2c7022eacef16ef2e8229c7fbb2c7d4d55a9ceca922f72d" "/opt/rustwide/cargo-home/bin/cargo" "+nightly-2024-10-28" "build" "--frozen" "--message-format=json", kill_on_drop: false }`
[INFO] [stdout] 7db31498cf0d69e978897479fcd9c925b1e2b5efda25dd8e1fb60a3e1b2cc89d
[INFO] running `Command { std: "docker" "start" "-a" "7db31498cf0d69e978897479fcd9c925b1e2b5efda25dd8e1fb60a3e1b2cc89d", kill_on_drop: false }`
[INFO] [stderr]    Compiling wasm-bindgen-shared v0.2.95
[INFO] [stderr]    Compiling bumpalo v3.16.0
[INFO] [stderr]    Compiling wasm-bindgen v0.2.95
[INFO] [stderr]    Compiling syn v2.0.86
[INFO] [stderr]    Compiling wasm-bindgen-backend v0.2.95
[INFO] [stderr]    Compiling wasm-bindgen-macro-support v0.2.95
[INFO] [stderr]    Compiling wasm-bindgen-macro v0.2.95
[INFO] [stderr]    Compiling js-sys v0.3.72
[INFO] [stderr]    Compiling web-sys v0.3.72
[INFO] [stderr]    Compiling rs_web_component v0.1.7 (/opt/rustwide/workdir)
[INFO] [stderr]     Finished `dev` profile [unoptimized + debuginfo] target(s) in 14.42s
[INFO] running `Command { std: "docker" "inspect" "7db31498cf0d69e978897479fcd9c925b1e2b5efda25dd8e1fb60a3e1b2cc89d", kill_on_drop: false }`
[INFO] running `Command { std: "docker" "rm" "-f" "7db31498cf0d69e978897479fcd9c925b1e2b5efda25dd8e1fb60a3e1b2cc89d", kill_on_drop: false }`
[INFO] [stdout] 7db31498cf0d69e978897479fcd9c925b1e2b5efda25dd8e1fb60a3e1b2cc89d
[INFO] running `Command { std: "docker" "create" "-v" "/var/lib/crater-agent-workspace/builds/worker-2-tc2/target:/opt/rustwide/target:rw,Z" "-v" "/var/lib/crater-agent-workspace/builds/worker-2-tc2/source:/opt/rustwide/workdir:ro,Z" "-v" "/var/lib/crater-agent-workspace/cargo-home:/opt/rustwide/cargo-home:ro,Z" "-v" "/var/lib/crater-agent-workspace/rustup-home:/opt/rustwide/rustup-home:ro,Z" "-e" "SOURCE_DIR=/opt/rustwide/workdir" "-e" "CARGO_TARGET_DIR=/opt/rustwide/target" "-e" "CARGO_INCREMENTAL=0" "-e" "RUST_BACKTRACE=full" "-e" "RUSTFLAGS=--cap-lints=forbid -Zrandomize-layout" "-e" "RUSTDOCFLAGS=--cap-lints=forbid" "-e" "CARGO_HOME=/opt/rustwide/cargo-home" "-e" "RUSTUP_HOME=/opt/rustwide/rustup-home" "-w" "/opt/rustwide/workdir" "-m" "1610612736" "--user" "0:0" "--network" "none" "ghcr.io/rust-lang/crates-build-env/linux@sha256:4a844ea9eb2546a2d2c7022eacef16ef2e8229c7fbb2c7d4d55a9ceca922f72d" "/opt/rustwide/cargo-home/bin/cargo" "+nightly-2024-10-28" "test" "--frozen" "--no-run" "--message-format=json", kill_on_drop: false }`
[INFO] [stdout] 6747db5ddb8ecfdef9d0abeba14522618c8dd0b9d6373cf086a2ea93b615d7f2
[INFO] running `Command { std: "docker" "start" "-a" "6747db5ddb8ecfdef9d0abeba14522618c8dd0b9d6373cf086a2ea93b615d7f2", kill_on_drop: false }`
[INFO] [stderr]    Compiling rs_web_component v0.1.7 (/opt/rustwide/workdir)
[INFO] [stderr]     Finished `test` profile [unoptimized + debuginfo] target(s) in 0.15s
[INFO] running `Command { std: "docker" "inspect" "6747db5ddb8ecfdef9d0abeba14522618c8dd0b9d6373cf086a2ea93b615d7f2", kill_on_drop: false }`
[INFO] running `Command { std: "docker" "rm" "-f" "6747db5ddb8ecfdef9d0abeba14522618c8dd0b9d6373cf086a2ea93b615d7f2", kill_on_drop: false }`
[INFO] [stdout] 6747db5ddb8ecfdef9d0abeba14522618c8dd0b9d6373cf086a2ea93b615d7f2
[INFO] running `Command { std: "docker" "create" "-v" "/var/lib/crater-agent-workspace/builds/worker-2-tc2/target:/opt/rustwide/target:rw,Z" "-v" "/var/lib/crater-agent-workspace/builds/worker-2-tc2/source:/opt/rustwide/workdir:ro,Z" "-v" "/var/lib/crater-agent-workspace/cargo-home:/opt/rustwide/cargo-home:ro,Z" "-v" "/var/lib/crater-agent-workspace/rustup-home:/opt/rustwide/rustup-home:ro,Z" "-e" "SOURCE_DIR=/opt/rustwide/workdir" "-e" "CARGO_TARGET_DIR=/opt/rustwide/target" "-e" "CARGO_INCREMENTAL=0" "-e" "RUST_BACKTRACE=full" "-e" "RUSTFLAGS=--cap-lints=forbid -Zrandomize-layout" "-e" "RUSTDOCFLAGS=--cap-lints=forbid" "-e" "CARGO_HOME=/opt/rustwide/cargo-home" "-e" "RUSTUP_HOME=/opt/rustwide/rustup-home" "-w" "/opt/rustwide/workdir" "-m" "1610612736" "--user" "0:0" "--network" "none" "ghcr.io/rust-lang/crates-build-env/linux@sha256:4a844ea9eb2546a2d2c7022eacef16ef2e8229c7fbb2c7d4d55a9ceca922f72d" "/opt/rustwide/cargo-home/bin/cargo" "+nightly-2024-10-28" "test" "--frozen", kill_on_drop: false }`
[INFO] [stdout] d55aa62e361a3d81f7a2701d76b0c33df9c39a66ff3cc2672f31f5ec16954b66
[INFO] running `Command { std: "docker" "start" "-a" "d55aa62e361a3d81f7a2701d76b0c33df9c39a66ff3cc2672f31f5ec16954b66", kill_on_drop: false }`
[INFO] [stderr]     Finished `test` profile [unoptimized + debuginfo] target(s) in 0.03s
[INFO] [stderr]      Running unittests src/lib.rs (/opt/rustwide/target/debug/deps/rs_web_component-43fac51891e3a6ce)
[INFO] [stdout] 
[INFO] [stdout] running 0 tests
[INFO] [stderr]    Doc-tests rs_web_component
[INFO] [stdout] 
[INFO] [stdout] test result: ok. 0 passed; 0 failed; 0 ignored; 0 measured; 0 filtered out; finished in 0.00s
[INFO] [stdout] 
[INFO] [stdout] 
[INFO] [stdout] running 2 tests
[INFO] [stdout] test src/lib.rs - create_global_func (line 20) ... FAILED
[INFO] [stdout] test src/lib.rs - create_global_func (line 88) ... FAILED
[INFO] [stdout] 
[INFO] [stdout] failures:
[INFO] [stdout] 
[INFO] [stdout] ---- src/lib.rs - create_global_func (line 20) stdout ----
[INFO] [stdout] error[E0432]: unresolved import `rs_web_component::define_component`
[INFO] [stdout]  --> src/lib.rs:22:24
[INFO] [stdout]   |
[INFO] [stdout] 5 | use rs_web_component::{define_component, Component};
[INFO] [stdout]   |                        ^^^^^^^^^^^^^^^^ no `define_component` in the root
[INFO] [stdout] 
[INFO] [stdout] error[E0432]: unresolved imports `web_sys::ShadowRoot`, `web_sys::ShadowRootInit`, `web_sys::ShadowRootMode`
[INFO] [stdout]  --> src/lib.rs:24:28
[INFO] [stdout]   |
[INFO] [stdout] 7 | use web_sys::{HtmlElement, ShadowRoot, ShadowRootInit, ShadowRootMode};
[INFO] [stdout]   |                            ^^^^^^^^^^  ^^^^^^^^^^^^^^  ^^^^^^^^^^^^^^ no `ShadowRootMode` in the root
[INFO] [stdout]   |                            |           |
[INFO] [stdout]   |                            |           no `ShadowRootInit` in the root
[INFO] [stdout]   |                            no `ShadowRoot` in the root
[INFO] [stdout] 
[INFO] [stdout] error[E0599]: no method named `attach_shadow` found for reference `&HtmlElement` in the current scope
[INFO] [stdout]   --> src/lib.rs:52:18
[INFO] [stdout]    |
[INFO] [stdout] 34 | /             self.get_this()
[INFO] [stdout] 35 | |                 .attach_shadow(&ShadowRootInit::new(ShadowRootMode::Open))
[INFO] [stdout]    | |                 -^^^^^^^^^^^^^ method not found in `&HtmlElement`
[INFO] [stdout]    | |_________________|
[INFO] [stdout]    |
[INFO] [stdout] 
[INFO] [stdout] error: aborting due to 3 previous errors
[INFO] [stdout] 
[INFO] [stdout] Some errors have detailed explanations: E0432, E0599.
[INFO] [stdout] For more information about an error, try `rustc --explain E0432`.
[INFO] [stdout] Couldn't compile the test.
[INFO] [stdout] ---- src/lib.rs - create_global_func (line 88) stdout ----
[INFO] [stdout] error[E0432]: unresolved imports `web_sys::CustomEvent`, `web_sys::CustomEventInit`, `web_sys::Event`, `web_sys::ShadowRoot`, `web_sys::ShadowRootInit`, `web_sys::ShadowRootMode`
[INFO] [stdout]  --> src/lib.rs:93:5
[INFO] [stdout]   |
[INFO] [stdout] 8 |     CustomEvent, CustomEventInit, Event, HtmlElement, ShadowRoot, ShadowRootInit, ShadowRootMode,
[INFO] [stdout]   |     ^^^^^^^^^^^  ^^^^^^^^^^^^^^^  ^^^^^               ^^^^^^^^^^  ^^^^^^^^^^^^^^  ^^^^^^^^^^^^^^ no `ShadowRootMode` in the root
[INFO] [stdout]   |     |            |                |                   |           |
[INFO] [stdout]   |     |            |                |                   |           no `ShadowRootInit` in the root
[INFO] [stdout]   |     |            |                |                   no `ShadowRoot` in the root
[INFO] [stdout]   |     |            |                no `Event` in the root
[INFO] [stdout]   |     |            no `CustomEventInit` in the root
[INFO] [stdout]   |     no `CustomEvent` in the root
[INFO] [stdout] 
[INFO] [stdout] error[E0599]: no method named `attach_shadow` found for reference `&HtmlElement` in the current scope
[INFO] [stdout]   --> src/lib.rs:127:18
[INFO] [stdout]    |
[INFO] [stdout] 41 | /             self.get_this()
[INFO] [stdout] 42 | |                 .attach_shadow(&ShadowRootInit::new(ShadowRootMode::Open))
[INFO] [stdout]    | |                 -^^^^^^^^^^^^^ method not found in `&HtmlElement`
[INFO] [stdout]    | |_________________|
[INFO] [stdout]    |
[INFO] [stdout] 
[INFO] [stdout] error: aborting due to 2 previous errors
[INFO] [stdout] 
[INFO] [stdout] Some errors have detailed explanations: E0432, E0599.
[INFO] [stdout] For more information about an error, try `rustc --explain E0432`.
[INFO] [stdout] Couldn't compile the test.
[INFO] [stdout] 
[INFO] [stdout] failures:
[INFO] [stdout]     src/lib.rs - create_global_func (line 20)
[INFO] [stdout]     src/lib.rs - create_global_func (line 88)
[INFO] [stdout] 
[INFO] [stdout] test result: FAILED. 0 passed; 2 failed; 0 ignored; 0 measured; 0 filtered out; finished in 0.11s
[INFO] [stdout] 
[INFO] [stderr] error: doctest failed, to rerun pass `--doc`
[INFO] running `Command { std: "docker" "inspect" "d55aa62e361a3d81f7a2701d76b0c33df9c39a66ff3cc2672f31f5ec16954b66", kill_on_drop: false }`
[INFO] running `Command { std: "docker" "rm" "-f" "d55aa62e361a3d81f7a2701d76b0c33df9c39a66ff3cc2672f31f5ec16954b66", kill_on_drop: false }`
[INFO] [stdout] d55aa62e361a3d81f7a2701d76b0c33df9c39a66ff3cc2672f31f5ec16954b66
