[INFO] fetching crate rs_bybit 0.3.2...
[INFO] testing rs_bybit-0.3.2 against nightly-2024-10-28 for randomize-layout
[INFO] extracting crate rs_bybit 0.3.2 into /workspace/builds/worker-5-tc1/source
[INFO] validating manifest of crates.io crate rs_bybit 0.3.2 on toolchain nightly-2024-10-28
[INFO] running `Command { std: CARGO_HOME="/workspace/cargo-home" RUSTUP_HOME="/workspace/rustup-home" "/workspace/cargo-home/bin/cargo" "+nightly-2024-10-28" "metadata" "--manifest-path" "Cargo.toml" "--no-deps", kill_on_drop: false }`
[INFO] started tweaking crates.io crate rs_bybit 0.3.2
[INFO] removed 0 missing tests
[INFO] finished tweaking crates.io crate rs_bybit 0.3.2
[INFO] tweaked toml for crates.io crate rs_bybit 0.3.2 written to /workspace/builds/worker-5-tc1/source/Cargo.toml
[INFO] running `Command { std: CARGO_HOME="/workspace/cargo-home" RUSTUP_HOME="/workspace/rustup-home" "/workspace/cargo-home/bin/cargo" "+nightly-2024-10-28" "generate-lockfile" "--manifest-path" "Cargo.toml", kill_on_drop: false }`
[INFO] [stderr]     Updating crates.io index
[INFO] [stderr]      Locking 175 packages to latest compatible versions
[INFO] running `Command { std: CARGO_HOME="/workspace/cargo-home" RUSTUP_HOME="/workspace/rustup-home" "/workspace/cargo-home/bin/cargo" "+nightly-2024-10-28" "fetch" "--manifest-path" "Cargo.toml", kill_on_drop: false }`
[INFO] running `Command { std: "docker" "create" "-v" "/var/lib/crater-agent-workspace/builds/worker-5-tc1/target:/opt/rustwide/target:rw,Z" "-v" "/var/lib/crater-agent-workspace/builds/worker-5-tc1/source:/opt/rustwide/workdir:ro,Z" "-v" "/var/lib/crater-agent-workspace/cargo-home:/opt/rustwide/cargo-home:ro,Z" "-v" "/var/lib/crater-agent-workspace/rustup-home:/opt/rustwide/rustup-home:ro,Z" "-e" "SOURCE_DIR=/opt/rustwide/workdir" "-e" "CARGO_TARGET_DIR=/opt/rustwide/target" "-e" "CARGO_HOME=/opt/rustwide/cargo-home" "-e" "RUSTUP_HOME=/opt/rustwide/rustup-home" "-w" "/opt/rustwide/workdir" "-m" "1610612736" "--user" "0:0" "--network" "none" "ghcr.io/rust-lang/crates-build-env/linux@sha256:4a844ea9eb2546a2d2c7022eacef16ef2e8229c7fbb2c7d4d55a9ceca922f72d" "/opt/rustwide/cargo-home/bin/cargo" "+nightly-2024-10-28" "metadata" "--no-deps" "--format-version=1", kill_on_drop: false }`
[INFO] [stdout] ace8af18faa1efc1488ee0220ebca25ff1da80794d17bc475c23ee6cec32dfbd
[INFO] running `Command { std: "docker" "start" "-a" "ace8af18faa1efc1488ee0220ebca25ff1da80794d17bc475c23ee6cec32dfbd", kill_on_drop: false }`
[INFO] running `Command { std: "docker" "inspect" "ace8af18faa1efc1488ee0220ebca25ff1da80794d17bc475c23ee6cec32dfbd", kill_on_drop: false }`
[INFO] running `Command { std: "docker" "rm" "-f" "ace8af18faa1efc1488ee0220ebca25ff1da80794d17bc475c23ee6cec32dfbd", kill_on_drop: false }`
[INFO] [stdout] ace8af18faa1efc1488ee0220ebca25ff1da80794d17bc475c23ee6cec32dfbd
[INFO] running `Command { std: "docker" "create" "-v" "/var/lib/crater-agent-workspace/builds/worker-5-tc1/target:/opt/rustwide/target:rw,Z" "-v" "/var/lib/crater-agent-workspace/builds/worker-5-tc1/source:/opt/rustwide/workdir:ro,Z" "-v" "/var/lib/crater-agent-workspace/cargo-home:/opt/rustwide/cargo-home:ro,Z" "-v" "/var/lib/crater-agent-workspace/rustup-home:/opt/rustwide/rustup-home:ro,Z" "-e" "SOURCE_DIR=/opt/rustwide/workdir" "-e" "CARGO_TARGET_DIR=/opt/rustwide/target" "-e" "CARGO_INCREMENTAL=0" "-e" "RUST_BACKTRACE=full" "-e" "RUSTFLAGS=--cap-lints=forbid" "-e" "RUSTDOCFLAGS=--cap-lints=forbid" "-e" "CARGO_HOME=/opt/rustwide/cargo-home" "-e" "RUSTUP_HOME=/opt/rustwide/rustup-home" "-w" "/opt/rustwide/workdir" "-m" "1610612736" "--user" "0:0" "--network" "none" "ghcr.io/rust-lang/crates-build-env/linux@sha256:4a844ea9eb2546a2d2c7022eacef16ef2e8229c7fbb2c7d4d55a9ceca922f72d" "/opt/rustwide/cargo-home/bin/cargo" "+nightly-2024-10-28" "build" "--frozen" "--message-format=json", kill_on_drop: false }`
[INFO] [stdout] 3785d47fa91ce9ee664a9344931d6708ed540c737cfe55ad8914991bae76cc64
[INFO] running `Command { std: "docker" "start" "-a" "3785d47fa91ce9ee664a9344931d6708ed540c737cfe55ad8914991bae76cc64", kill_on_drop: false }`
[INFO] [stderr]    Compiling proc-macro2 v1.0.89
[INFO] [stderr]    Compiling unicode-ident v1.0.13
[INFO] [stderr]    Compiling autocfg v1.4.0
[INFO] [stderr]    Compiling libc v0.2.161
[INFO] [stderr]    Compiling cfg-if v1.0.0
[INFO] [stderr]    Compiling pin-project-lite v0.2.15
[INFO] [stderr]    Compiling shlex v1.3.0
[INFO] [stderr]    Compiling bytes v1.8.0
[INFO] [stderr]    Compiling futures-core v0.3.31
[INFO] [stderr]    Compiling pkg-config v0.3.31
[INFO] [stderr]    Compiling once_cell v1.20.2
[INFO] [stderr]    Compiling cc v1.1.31
[INFO] [stderr]    Compiling itoa v1.0.11
[INFO] [stderr]    Compiling parking_lot_core v0.9.10
[INFO] [stderr]    Compiling futures-sink v0.3.31
[INFO] [stderr]    Compiling vcpkg v0.2.15
[INFO] [stderr]    Compiling lock_api v0.4.12
[INFO] [stderr]    Compiling slab v0.4.9
[INFO] [stderr]    Compiling scopeguard v1.2.0
[INFO] [stderr]    Compiling version_check v0.9.5
[INFO] [stderr]    Compiling typenum v1.17.0
[INFO] [stderr]    Compiling smallvec v1.13.2
[INFO] [stderr]    Compiling quote v1.0.37
[INFO] [stderr]    Compiling syn v2.0.86
[INFO] [stderr]    Compiling generic-array v0.14.7
[INFO] [stderr]    Compiling fnv v1.0.7
[INFO] [stderr]    Compiling memchr v2.7.4
[INFO] [stderr]    Compiling http v1.1.0
[INFO] [stderr]    Compiling parking_lot v0.12.3
[INFO] [stderr]    Compiling signal-hook-registry v1.4.2
[INFO] [stderr]    Compiling socket2 v0.5.7
[INFO] [stderr]    Compiling mio v1.0.2
[INFO] [stderr]    Compiling futures-channel v0.3.31
[INFO] [stderr]    Compiling openssl-sys v0.9.104
[INFO] [stderr]    Compiling futures-task v0.3.31
[INFO] [stderr]    Compiling pin-utils v0.1.0
[INFO] [stderr]    Compiling futures-io v0.3.31
[INFO] [stderr]    Compiling openssl v0.10.68
[INFO] [stderr]    Compiling foreign-types-shared v0.1.1
[INFO] [stderr]    Compiling httparse v1.9.5
[INFO] [stderr]    Compiling foreign-types v0.3.2
[INFO] [stderr]    Compiling bitflags v2.6.0
[INFO] [stderr]    Compiling native-tls v0.2.12
[INFO] [stderr]    Compiling tracing-core v0.1.32
[INFO] [stderr]    Compiling log v0.4.22
[INFO] [stderr]    Compiling openssl-probe v0.1.5
[INFO] [stderr]    Compiling equivalent v1.0.1
[INFO] [stderr]    Compiling byteorder v1.5.0
[INFO] [stderr]    Compiling block-buffer v0.10.4
[INFO] [stderr]    Compiling crypto-common v0.1.6
[INFO] [stderr]    Compiling hashbrown v0.15.0
[INFO] [stderr]    Compiling subtle v2.6.1
[INFO] [stderr]    Compiling tracing v0.1.40
[INFO] [stderr]    Compiling http-body v1.0.1
[INFO] [stderr]    Compiling digest v0.10.7
[INFO] [stderr]    Compiling getrandom v0.2.15
[INFO] [stderr]    Compiling tinyvec_macros v0.1.1
[INFO] [stderr]    Compiling serde v1.0.214
[INFO] [stderr]    Compiling try-lock v0.2.5
[INFO] [stderr]    Compiling atomic-waker v1.1.2
[INFO] [stderr]    Compiling rand_core v0.6.4
[INFO] [stderr]    Compiling want v0.3.1
[INFO] [stderr]    Compiling tinyvec v1.8.0
[INFO] [stderr]    Compiling percent-encoding v2.3.1
[INFO] [stderr]    Compiling indexmap v2.6.0
[INFO] [stderr]    Compiling cpufeatures v0.2.14
[INFO] [stderr]    Compiling thiserror v1.0.66
[INFO] [stderr]    Compiling form_urlencoded v1.2.1
[INFO] [stderr]    Compiling num-traits v0.2.19
[INFO] [stderr]    Compiling unicode-bidi v0.3.17
[INFO] [stderr]    Compiling serde_json v1.0.132
[INFO] [stderr]    Compiling ryu v1.0.18
[INFO] [stderr]    Compiling tower-service v0.3.3
[INFO] [stderr]    Compiling sha1 v0.10.6
[INFO] [stderr]    Compiling data-encoding v2.6.0
[INFO] [stderr]    Compiling utf-8 v0.7.6
[INFO] [stderr]    Compiling rustls-pki-types v1.10.0
[INFO] [stderr]    Compiling sync_wrapper v1.0.1
[INFO] [stderr]    Compiling unicode-normalization v0.1.24
[INFO] [stderr]    Compiling encoding_rs v0.8.35
[INFO] [stderr]    Compiling ipnet v2.10.1
[INFO] [stderr]    Compiling rustls-pemfile v2.2.0
[INFO] [stderr]    Compiling either v1.13.0
[INFO] [stderr]    Compiling idna v0.5.0
[INFO] [stderr]    Compiling base64 v0.22.1
[INFO] [stderr]    Compiling iana-time-zone v0.1.61
[INFO] [stderr]    Compiling mime v0.3.17
[INFO] [stderr]    Compiling itertools v0.13.0
[INFO] [stderr]    Compiling chrono v0.4.38
[INFO] [stderr]    Compiling url v2.5.2
[INFO] [stderr]    Compiling sha2 v0.10.8
[INFO] [stderr]    Compiling hmac v0.12.1
[INFO] [stderr]    Compiling hex v0.4.3
[INFO] [stderr]    Compiling tokio-macros v2.4.0
[INFO] [stderr]    Compiling futures-macro v0.3.31
[INFO] [stderr]    Compiling openssl-macros v0.1.1
[INFO] [stderr]    Compiling zerocopy-derive v0.7.35
[INFO] [stderr]    Compiling serde_derive v1.0.214
[INFO] [stderr]    Compiling thiserror-impl v1.0.66
[INFO] [stderr]    Compiling tokio v1.41.0
[INFO] [stderr]    Compiling futures-util v0.3.31
[INFO] [stderr]    Compiling zerocopy v0.7.35
[INFO] [stderr]    Compiling ppv-lite86 v0.2.20
[INFO] [stderr]    Compiling rand_chacha v0.3.1
[INFO] [stderr]    Compiling rand v0.8.5
[INFO] [stderr]    Compiling http-body-util v0.1.2
[INFO] [stderr]    Compiling tungstenite v0.24.0
[INFO] [stderr]    Compiling futures-executor v0.3.31
[INFO] [stderr]    Compiling futures v0.3.31
[INFO] [stderr]    Compiling tokio-util v0.7.12
[INFO] [stderr]    Compiling tokio-native-tls v0.3.1
[INFO] [stderr]    Compiling tokio-tungstenite v0.24.0
[INFO] [stderr]    Compiling serde_urlencoded v0.7.1
[INFO] [stderr]    Compiling h2 v0.4.6
[INFO] [stderr]    Compiling hyper v1.5.0
[INFO] [stderr]    Compiling hyper-util v0.1.10
[INFO] [stderr]    Compiling hyper-tls v0.6.0
[INFO] [stderr]    Compiling reqwest v0.12.9
[INFO] [stderr]    Compiling rs_bybit v0.3.2 (/opt/rustwide/workdir)
[INFO] [stderr]     Finished `dev` profile [unoptimized + debuginfo] target(s) in 21.63s
[INFO] running `Command { std: "docker" "inspect" "3785d47fa91ce9ee664a9344931d6708ed540c737cfe55ad8914991bae76cc64", kill_on_drop: false }`
[INFO] running `Command { std: "docker" "rm" "-f" "3785d47fa91ce9ee664a9344931d6708ed540c737cfe55ad8914991bae76cc64", kill_on_drop: false }`
[INFO] [stdout] 3785d47fa91ce9ee664a9344931d6708ed540c737cfe55ad8914991bae76cc64
[INFO] running `Command { std: "docker" "create" "-v" "/var/lib/crater-agent-workspace/builds/worker-5-tc1/target:/opt/rustwide/target:rw,Z" "-v" "/var/lib/crater-agent-workspace/builds/worker-5-tc1/source:/opt/rustwide/workdir:ro,Z" "-v" "/var/lib/crater-agent-workspace/cargo-home:/opt/rustwide/cargo-home:ro,Z" "-v" "/var/lib/crater-agent-workspace/rustup-home:/opt/rustwide/rustup-home:ro,Z" "-e" "SOURCE_DIR=/opt/rustwide/workdir" "-e" "CARGO_TARGET_DIR=/opt/rustwide/target" "-e" "CARGO_INCREMENTAL=0" "-e" "RUST_BACKTRACE=full" "-e" "RUSTFLAGS=--cap-lints=forbid" "-e" "RUSTDOCFLAGS=--cap-lints=forbid" "-e" "CARGO_HOME=/opt/rustwide/cargo-home" "-e" "RUSTUP_HOME=/opt/rustwide/rustup-home" "-w" "/opt/rustwide/workdir" "-m" "1610612736" "--user" "0:0" "--network" "none" "ghcr.io/rust-lang/crates-build-env/linux@sha256:4a844ea9eb2546a2d2c7022eacef16ef2e8229c7fbb2c7d4d55a9ceca922f72d" "/opt/rustwide/cargo-home/bin/cargo" "+nightly-2024-10-28" "test" "--frozen" "--no-run" "--message-format=json", kill_on_drop: false }`
[INFO] [stdout] 25cf67c2737a348cbf07fa498ad59c982035d397c0a246f19266471a9181dc51
[INFO] running `Command { std: "docker" "start" "-a" "25cf67c2737a348cbf07fa498ad59c982035d397c0a246f19266471a9181dc51", kill_on_drop: false }`
[INFO] [stderr]    Compiling tokio v1.41.0
[INFO] [stderr]    Compiling tokio-util v0.7.12
[INFO] [stderr]    Compiling tokio-native-tls v0.3.1
[INFO] [stderr]    Compiling tokio-tungstenite v0.24.0
[INFO] [stderr]    Compiling h2 v0.4.6
[INFO] [stderr]    Compiling hyper v1.5.0
[INFO] [stderr]    Compiling hyper-util v0.1.10
[INFO] [stderr]    Compiling hyper-tls v0.6.0
[INFO] [stderr]    Compiling reqwest v0.12.9
[INFO] [stderr]    Compiling rs_bybit v0.3.2 (/opt/rustwide/workdir)
[INFO] [stderr]     Finished `test` profile [unoptimized + debuginfo] target(s) in 14.05s
[INFO] running `Command { std: "docker" "inspect" "25cf67c2737a348cbf07fa498ad59c982035d397c0a246f19266471a9181dc51", kill_on_drop: false }`
[INFO] running `Command { std: "docker" "rm" "-f" "25cf67c2737a348cbf07fa498ad59c982035d397c0a246f19266471a9181dc51", kill_on_drop: false }`
[INFO] [stdout] 25cf67c2737a348cbf07fa498ad59c982035d397c0a246f19266471a9181dc51
[INFO] running `Command { std: "docker" "create" "-v" "/var/lib/crater-agent-workspace/builds/worker-5-tc1/target:/opt/rustwide/target:rw,Z" "-v" "/var/lib/crater-agent-workspace/builds/worker-5-tc1/source:/opt/rustwide/workdir:ro,Z" "-v" "/var/lib/crater-agent-workspace/cargo-home:/opt/rustwide/cargo-home:ro,Z" "-v" "/var/lib/crater-agent-workspace/rustup-home:/opt/rustwide/rustup-home:ro,Z" "-e" "SOURCE_DIR=/opt/rustwide/workdir" "-e" "CARGO_TARGET_DIR=/opt/rustwide/target" "-e" "CARGO_INCREMENTAL=0" "-e" "RUST_BACKTRACE=full" "-e" "RUSTFLAGS=--cap-lints=forbid" "-e" "RUSTDOCFLAGS=--cap-lints=forbid" "-e" "CARGO_HOME=/opt/rustwide/cargo-home" "-e" "RUSTUP_HOME=/opt/rustwide/rustup-home" "-w" "/opt/rustwide/workdir" "-m" "1610612736" "--user" "0:0" "--network" "none" "ghcr.io/rust-lang/crates-build-env/linux@sha256:4a844ea9eb2546a2d2c7022eacef16ef2e8229c7fbb2c7d4d55a9ceca922f72d" "/opt/rustwide/cargo-home/bin/cargo" "+nightly-2024-10-28" "test" "--frozen", kill_on_drop: false }`
[INFO] [stdout] d5702ecab0c498f1bbff72f166c07ea2b0fba4ef0e39ef2217413b37eadf3490
[INFO] running `Command { std: "docker" "start" "-a" "d5702ecab0c498f1bbff72f166c07ea2b0fba4ef0e39ef2217413b37eadf3490", kill_on_drop: false }`
[INFO] [stderr]     Finished `test` profile [unoptimized + debuginfo] target(s) in 0.09s
[INFO] [stderr]      Running unittests src/lib.rs (/opt/rustwide/target/debug/deps/bybit-8d8bf9d214eebb23)
[INFO] [stdout] 
[INFO] [stdout] running 0 tests
[INFO] [stdout] 
[INFO] [stdout] test result: ok. 0 passed; 0 failed; 0 ignored; 0 measured; 0 filtered out; finished in 0.00s
[INFO] [stdout] 
[INFO] [stderr]      Running tests/account_test.rs (/opt/rustwide/target/debug/deps/account_test-a8473cc307a3fed6)
[INFO] [stdout] 
[INFO] [stdout] running 3 tests
[INFO] [stdout] test tests::test_fee_rate ... ok
[INFO] [stdout] test tests::test_borrow_history ... ok
[INFO] [stdout] test tests::test_wallet ... ok
[INFO] [stdout] 
[INFO] [stdout] test result: ok. 3 passed; 0 failed; 0 ignored; 0 measured; 0 filtered out; finished in 0.07s
[INFO] [stdout] 
[INFO] [stderr]      Running tests/general_test.rs (/opt/rustwide/target/debug/deps/general_test-c7b12880e2e3a92a)
[INFO] [stdout] 
[INFO] [stdout] running 2 tests
[INFO] [stdout] test tests::test_time ... ok
[INFO] [stdout] test tests::test_ping ... ok
[INFO] [stdout] 
[INFO] [stdout] test result: ok. 2 passed; 0 failed; 0 ignored; 0 measured; 0 filtered out; finished in 0.05s
[INFO] [stdout] 
[INFO] [stderr]      Running tests/market_test.rs (/opt/rustwide/target/debug/deps/market_test-5e23638a0eaf5555)
[INFO] [stdout] 
[INFO] [stdout] running 12 tests
[INFO] [stdout] test tests::test_historical_volatility ... ok
[INFO] [stdout] test tests::test_funding_rate ... ok
[INFO] [stdout] test tests::test_kline ... ok
[INFO] [stdout] test tests::test_insurance ... ok
[INFO] [stdout] test tests::test_longshort_ratio ... ok
[INFO] [stdout] test tests::test_instrument ... ok
[INFO] [stdout] test tests::test_delivery_price ... ok
[INFO] [stdout] test tests::test_risk_limit ... ok
[INFO] [stdout] test tests::test_ticker ... ok
[INFO] [stdout] test tests::test_open_interest ... ok
[INFO] [stdout] test tests::test_recent_trades ... ok
[INFO] [stdout] test tests::test_market has been running for over 60 seconds
[INFO] [stdout] test tests::test_market ... ok
[INFO] [stdout] 
[INFO] [stdout] test result: ok. 12 passed; 0 failed; 0 ignored; 0 measured; 0 filtered out; finished in 300.17s
[INFO] [stdout] 
[INFO] [stderr]      Running tests/position_test.rs (/opt/rustwide/target/debug/deps/position_test-505570da81d2a0c7)
[INFO] [stdout] 
[INFO] [stdout] running 2 tests
[INFO] [stdout] test tests::set_leverage ... ok
[INFO] [stderr]      Running tests/trade_test.rs (/opt/rustwide/target/debug/deps/trade_test-0baa3f0088c1c485)
[INFO] [stdout] test tests::position_info ... ok
[INFO] [stdout] 
[INFO] [stdout] test result: ok. 2 passed; 0 failed; 0 ignored; 0 measured; 0 filtered out; finished in 0.12s
[INFO] [stdout] 
[INFO] [stdout] 
[INFO] [stdout] running 4 tests
[INFO] [stdout] test tests::test_trade_history ... ok
[INFO] [stdout] test tests::test_batch ... ok
[INFO] [stdout] test tests::test_order_history ... ok
[INFO] [stdout] test tests::test_trade ... ok
[INFO] [stdout] 
[INFO] [stdout] test result: ok. 4 passed; 0 failed; 0 ignored; 0 measured; 0 filtered out; finished in 0.16s
[INFO] [stdout] 
[INFO] [stderr]      Running tests/ws_test.rs (/opt/rustwide/target/debug/deps/ws_test-676326c0c1f098ac)
[INFO] [stdout] 
[INFO] [stdout] running 7 tests
[INFO] [stdout] test tests::test_order_book ... ok
[INFO] [stdout] test tests::ping ... ok
[INFO] [stdout] test tests::test_default_orderbook ... ok
[INFO] [stdout] test tests::test_auth ... ok
[INFO] [stdout] test tests::test_default_tickers ... ok
[INFO] [stdout] test tests::test_default_klines ... ok
[INFO] [stdout] test tests::test_default_trades ... ok
[INFO] [stdout] 
[INFO] [stdout] test result: ok. 7 passed; 0 failed; 0 ignored; 0 measured; 0 filtered out; finished in 0.36s
[INFO] [stdout] 
[INFO] [stderr]    Doc-tests bybit
[INFO] [stdout] 
[INFO] [stdout] running 4 tests
[INFO] [stdout] test src/ws.rs - ws::Stream::ws_tickers (line 243) ... FAILED
[INFO] [stdout] test src/ws.rs - ws::Stream::ws_orderbook (line 173) ... FAILED
[INFO] [stdout] test src/position.rs - position::PositionManager::get_info (line 37) ... FAILED
[INFO] [stdout] test src/ws.rs - ws::Stream::ws_trades (line 205) ... FAILED
[INFO] [stdout] 
[INFO] [stdout] failures:
[INFO] [stdout] 
[INFO] [stdout] ---- src/ws.rs - ws::Stream::ws_tickers (line 243) stdout ----
[INFO] [stdout] error: comparison operators cannot be chained
[INFO] [stdout]  --> src/ws.rs:247:29
[INFO] [stdout]   |
[INFO] [stdout] 6 | let sender = UnboundedSender<Tickers>;
[INFO] [stdout]   |                             ^       ^
[INFO] [stdout]   |
[INFO] [stdout]   = help: use `::<...>` instead of `<...>` to specify lifetime, type, or const arguments
[INFO] [stdout]   = help: or use `(...)` if you meant to specify fn arguments
[INFO] [stdout] 
[INFO] [stdout] error[E0432]: unresolved import `your_crate_name`
[INFO] [stdout]  --> src/ws.rs:244:5
[INFO] [stdout]   |
[INFO] [stdout] 3 | use your_crate_name::Category;
[INFO] [stdout]   |     ^^^^^^^^^^^^^^^ use of undeclared crate or module `your_crate_name`
[INFO] [stdout] 
[INFO] [stdout] error: aborting due to 2 previous errors
[INFO] [stdout] 
[INFO] [stdout] For more information about this error, try `rustc --explain E0432`.
[INFO] [stdout] Couldn't compile the test.
[INFO] [stdout] ---- src/ws.rs - ws::Stream::ws_orderbook (line 173) stdout ----
[INFO] [stdout] error[E0432]: unresolved import `your_crate_name`
[INFO] [stdout]  --> src/ws.rs:174:5
[INFO] [stdout]   |
[INFO] [stdout] 3 | use your_crate_name::Category;
[INFO] [stdout]   |     ^^^^^^^^^^^^^^^ use of undeclared crate or module `your_crate_name`
[INFO] [stdout] 
[INFO] [stdout] error: aborting due to 1 previous error
[INFO] [stdout] 
[INFO] [stdout] For more information about this error, try `rustc --explain E0432`.
[INFO] [stdout] Couldn't compile the test.
[INFO] [stdout] ---- src/position.rs - position::PositionManager::get_info (line 37) stdout ----
[INFO] [stdout] error[E0432]: unresolved import `crate::model`
[INFO] [stdout]  --> src/position.rs:38:12
[INFO] [stdout]   |
[INFO] [stdout] 2 | use crate::model::{PositionRequest, Category};
[INFO] [stdout]   |            ^^^^^
[INFO] [stdout]   |            |
[INFO] [stdout]   |            unresolved import
[INFO] [stdout]   |            help: a similar path exists: `bybit::model`
[INFO] [stdout] 
[INFO] [stdout] error[E0432]: unresolved import `crate::errors`
[INFO] [stdout]  --> src/position.rs:39:12
[INFO] [stdout]   |
[INFO] [stdout] 3 | use crate::errors::Result;
[INFO] [stdout]   |            ^^^^^^
[INFO] [stdout]   |            |
[INFO] [stdout]   |            unresolved import
[INFO] [stdout]   |            help: a similar path exists: `bybit::errors`
[INFO] [stdout] 
[INFO] [stdout] error[E0432]: unresolved import `crate::api`
[INFO] [stdout]  --> src/position.rs:40:12
[INFO] [stdout]   |
[INFO] [stdout] 4 | use crate::api::PositionInfo;
[INFO] [stdout]   |            ^^^
[INFO] [stdout]   |            |
[INFO] [stdout]   |            unresolved import
[INFO] [stdout]   |            help: a similar path exists: `bybit::api`
[INFO] [stdout] 
[INFO] [stdout] error[E0432]: unresolved import `my_module`
[INFO] [stdout]  --> src/position.rs:41:5
[INFO] [stdout]   |
[INFO] [stdout] 5 | use my_module::PositionManager;
[INFO] [stdout]   |     ^^^^^^^^^ use of undeclared crate or module `my_module`
[INFO] [stdout] 
[INFO] [stdout] error: aborting due to 4 previous errors
[INFO] [stdout] 
[INFO] [stdout] For more information about this error, try `rustc --explain E0432`.
[INFO] [stdout] Couldn't compile the test.
[INFO] [stdout] ---- src/ws.rs - ws::Stream::ws_trades (line 205) stdout ----
[INFO] [stdout] error[E0432]: unresolved import `your_crate_name`
[INFO] [stdout]  --> src/ws.rs:206:5
[INFO] [stdout]   |
[INFO] [stdout] 3 | use your_crate_name::Category;
[INFO] [stdout]   |     ^^^^^^^^^^^^^^^ use of undeclared crate or module `your_crate_name`
[INFO] [stdout] 
[INFO] [stdout] error[E0425]: cannot find function `ws_trades` in this scope
[INFO] [stdout]  --> src/ws.rs:209:1
[INFO] [stdout]   |
[INFO] [stdout] 6 | ws_trades(subs, category);
[INFO] [stdout]   | ^^^^^^^^^ not found in this scope
[INFO] [stdout] 
[INFO] [stdout] error: aborting due to 2 previous errors
[INFO] [stdout] 
[INFO] [stdout] Some errors have detailed explanations: E0425, E0432.
[INFO] [stdout] For more information about an error, try `rustc --explain E0425`.
[INFO] [stdout] Couldn't compile the test.
[INFO] [stdout] 
[INFO] [stdout] failures:
[INFO] [stdout]     src/position.rs - position::PositionManager::get_info (line 37)
[INFO] [stdout]     src/ws.rs - ws::Stream::ws_orderbook (line 173)
[INFO] [stdout]     src/ws.rs - ws::Stream::ws_tickers (line 243)
[INFO] [stdout]     src/ws.rs - ws::Stream::ws_trades (line 205)
[INFO] [stdout] 
[INFO] [stdout] test result: FAILED. 0 passed; 4 failed; 0 ignored; 0 measured; 0 filtered out; finished in 0.33s
[INFO] [stdout] 
[INFO] [stderr] error: doctest failed, to rerun pass `--doc`
[INFO] running `Command { std: "docker" "inspect" "d5702ecab0c498f1bbff72f166c07ea2b0fba4ef0e39ef2217413b37eadf3490", kill_on_drop: false }`
[INFO] running `Command { std: "docker" "rm" "-f" "d5702ecab0c498f1bbff72f166c07ea2b0fba4ef0e39ef2217413b37eadf3490", kill_on_drop: false }`
[INFO] [stdout] d5702ecab0c498f1bbff72f166c07ea2b0fba4ef0e39ef2217413b37eadf3490
