[INFO] fetching crate rs-urlencoding 1.0.0...
[INFO] testing rs-urlencoding-1.0.0 against nightly-2024-10-28 for randomize-layout
[INFO] extracting crate rs-urlencoding 1.0.0 into /workspace/builds/worker-2-tc1/source
[INFO] validating manifest of crates.io crate rs-urlencoding 1.0.0 on toolchain nightly-2024-10-28
[INFO] running `Command { std: CARGO_HOME="/workspace/cargo-home" RUSTUP_HOME="/workspace/rustup-home" "/workspace/cargo-home/bin/cargo" "+nightly-2024-10-28" "metadata" "--manifest-path" "Cargo.toml" "--no-deps", kill_on_drop: false }`
[INFO] started tweaking crates.io crate rs-urlencoding 1.0.0
[INFO] finished tweaking crates.io crate rs-urlencoding 1.0.0
[INFO] tweaked toml for crates.io crate rs-urlencoding 1.0.0 written to /workspace/builds/worker-2-tc1/source/Cargo.toml
[INFO] running `Command { std: CARGO_HOME="/workspace/cargo-home" RUSTUP_HOME="/workspace/rustup-home" "/workspace/cargo-home/bin/cargo" "+nightly-2024-10-28" "generate-lockfile" "--manifest-path" "Cargo.toml", kill_on_drop: false }`
[INFO] running `Command { std: CARGO_HOME="/workspace/cargo-home" RUSTUP_HOME="/workspace/rustup-home" "/workspace/cargo-home/bin/cargo" "+nightly-2024-10-28" "fetch" "--manifest-path" "Cargo.toml", kill_on_drop: false }`
[INFO] running `Command { std: "docker" "create" "-v" "/var/lib/crater-agent-workspace/builds/worker-2-tc1/target:/opt/rustwide/target:rw,Z" "-v" "/var/lib/crater-agent-workspace/builds/worker-2-tc1/source:/opt/rustwide/workdir:ro,Z" "-v" "/var/lib/crater-agent-workspace/cargo-home:/opt/rustwide/cargo-home:ro,Z" "-v" "/var/lib/crater-agent-workspace/rustup-home:/opt/rustwide/rustup-home:ro,Z" "-e" "SOURCE_DIR=/opt/rustwide/workdir" "-e" "CARGO_TARGET_DIR=/opt/rustwide/target" "-e" "CARGO_HOME=/opt/rustwide/cargo-home" "-e" "RUSTUP_HOME=/opt/rustwide/rustup-home" "-w" "/opt/rustwide/workdir" "-m" "1610612736" "--user" "0:0" "--network" "none" "ghcr.io/rust-lang/crates-build-env/linux@sha256:4a844ea9eb2546a2d2c7022eacef16ef2e8229c7fbb2c7d4d55a9ceca922f72d" "/opt/rustwide/cargo-home/bin/cargo" "+nightly-2024-10-28" "metadata" "--no-deps" "--format-version=1", kill_on_drop: false }`
[INFO] [stdout] 40016866f2ca07cd1a3d92a08b07502b274da2738a8bf2ba419d0587051268b5
[INFO] running `Command { std: "docker" "start" "-a" "40016866f2ca07cd1a3d92a08b07502b274da2738a8bf2ba419d0587051268b5", kill_on_drop: false }`
[INFO] running `Command { std: "docker" "inspect" "40016866f2ca07cd1a3d92a08b07502b274da2738a8bf2ba419d0587051268b5", kill_on_drop: false }`
[INFO] running `Command { std: "docker" "rm" "-f" "40016866f2ca07cd1a3d92a08b07502b274da2738a8bf2ba419d0587051268b5", kill_on_drop: false }`
[INFO] [stdout] 40016866f2ca07cd1a3d92a08b07502b274da2738a8bf2ba419d0587051268b5
[INFO] running `Command { std: "docker" "create" "-v" "/var/lib/crater-agent-workspace/builds/worker-2-tc1/target:/opt/rustwide/target:rw,Z" "-v" "/var/lib/crater-agent-workspace/builds/worker-2-tc1/source:/opt/rustwide/workdir:ro,Z" "-v" "/var/lib/crater-agent-workspace/cargo-home:/opt/rustwide/cargo-home:ro,Z" "-v" "/var/lib/crater-agent-workspace/rustup-home:/opt/rustwide/rustup-home:ro,Z" "-e" "SOURCE_DIR=/opt/rustwide/workdir" "-e" "CARGO_TARGET_DIR=/opt/rustwide/target" "-e" "CARGO_INCREMENTAL=0" "-e" "RUST_BACKTRACE=full" "-e" "RUSTFLAGS=--cap-lints=forbid" "-e" "RUSTDOCFLAGS=--cap-lints=forbid" "-e" "CARGO_HOME=/opt/rustwide/cargo-home" "-e" "RUSTUP_HOME=/opt/rustwide/rustup-home" "-w" "/opt/rustwide/workdir" "-m" "1610612736" "--user" "0:0" "--network" "none" "ghcr.io/rust-lang/crates-build-env/linux@sha256:4a844ea9eb2546a2d2c7022eacef16ef2e8229c7fbb2c7d4d55a9ceca922f72d" "/opt/rustwide/cargo-home/bin/cargo" "+nightly-2024-10-28" "build" "--frozen" "--message-format=json", kill_on_drop: false }`
[INFO] [stdout] e8acdbebf29d40f3fd03ae1fa4b706934b0a95e0f6a35b2736a74895e59e134d
[INFO] running `Command { std: "docker" "start" "-a" "e8acdbebf29d40f3fd03ae1fa4b706934b0a95e0f6a35b2736a74895e59e134d", kill_on_drop: false }`
[INFO] [stderr]    Compiling rs-urlencoding v1.0.0 (/opt/rustwide/workdir)
[INFO] [stdout] warning: the feature `matches_macro` has been stable since 1.42.0 and no longer requires an attribute to enable
[INFO] [stdout]   --> src/lib.rs:41:12
[INFO] [stdout]    |
[INFO] [stdout] 41 | #![feature(matches_macro)]
[INFO] [stdout]    |            ^^^^^^^^^^^^^
[INFO] [stdout]    |
[INFO] [stdout]    = note: `#[warn(stable_features)]` on by default
[INFO] [stdout] 
[INFO] [stdout] 
[INFO] [stderr]     Finished `dev` profile [unoptimized + debuginfo] target(s) in 0.20s
[INFO] running `Command { std: "docker" "inspect" "e8acdbebf29d40f3fd03ae1fa4b706934b0a95e0f6a35b2736a74895e59e134d", kill_on_drop: false }`
[INFO] running `Command { std: "docker" "rm" "-f" "e8acdbebf29d40f3fd03ae1fa4b706934b0a95e0f6a35b2736a74895e59e134d", kill_on_drop: false }`
[INFO] [stdout] e8acdbebf29d40f3fd03ae1fa4b706934b0a95e0f6a35b2736a74895e59e134d
[INFO] running `Command { std: "docker" "create" "-v" "/var/lib/crater-agent-workspace/builds/worker-2-tc1/target:/opt/rustwide/target:rw,Z" "-v" "/var/lib/crater-agent-workspace/builds/worker-2-tc1/source:/opt/rustwide/workdir:ro,Z" "-v" "/var/lib/crater-agent-workspace/cargo-home:/opt/rustwide/cargo-home:ro,Z" "-v" "/var/lib/crater-agent-workspace/rustup-home:/opt/rustwide/rustup-home:ro,Z" "-e" "SOURCE_DIR=/opt/rustwide/workdir" "-e" "CARGO_TARGET_DIR=/opt/rustwide/target" "-e" "CARGO_INCREMENTAL=0" "-e" "RUST_BACKTRACE=full" "-e" "RUSTFLAGS=--cap-lints=forbid" "-e" "RUSTDOCFLAGS=--cap-lints=forbid" "-e" "CARGO_HOME=/opt/rustwide/cargo-home" "-e" "RUSTUP_HOME=/opt/rustwide/rustup-home" "-w" "/opt/rustwide/workdir" "-m" "1610612736" "--user" "0:0" "--network" "none" "ghcr.io/rust-lang/crates-build-env/linux@sha256:4a844ea9eb2546a2d2c7022eacef16ef2e8229c7fbb2c7d4d55a9ceca922f72d" "/opt/rustwide/cargo-home/bin/cargo" "+nightly-2024-10-28" "test" "--frozen" "--no-run" "--message-format=json", kill_on_drop: false }`
[INFO] [stdout] 2970e02f0e28d44ec140e54f9c02cef5c1055b7abbfd013f2853e272d0c185bd
[INFO] running `Command { std: "docker" "start" "-a" "2970e02f0e28d44ec140e54f9c02cef5c1055b7abbfd013f2853e272d0c185bd", kill_on_drop: false }`
[INFO] [stdout] warning: the feature `matches_macro` has been stable since 1.42.0 and no longer requires an attribute to enable
[INFO] [stdout]   --> src/lib.rs:41:12
[INFO] [stdout]    |
[INFO] [stdout] 41 | #![feature(matches_macro)]
[INFO] [stdout]    |            ^^^^^^^^^^^^^
[INFO] [stdout]    |
[INFO] [stdout]    = note: `#[warn(stable_features)]` on by default
[INFO] [stdout] 
[INFO] [stdout] 
[INFO] [stderr]    Compiling rs-urlencoding v1.0.0 (/opt/rustwide/workdir)
[INFO] [stdout] warning: the feature `matches_macro` has been stable since 1.42.0 and no longer requires an attribute to enable
[INFO] [stdout]   --> src/lib.rs:41:12
[INFO] [stdout]    |
[INFO] [stdout] 41 | #![feature(matches_macro)]
[INFO] [stdout]    |            ^^^^^^^^^^^^^
[INFO] [stdout]    |
[INFO] [stdout]    = note: `#[warn(stable_features)]` on by default
[INFO] [stdout] 
[INFO] [stdout] 
[INFO] [stderr]     Finished `test` profile [unoptimized + debuginfo] target(s) in 0.46s
[INFO] running `Command { std: "docker" "inspect" "2970e02f0e28d44ec140e54f9c02cef5c1055b7abbfd013f2853e272d0c185bd", kill_on_drop: false }`
[INFO] running `Command { std: "docker" "rm" "-f" "2970e02f0e28d44ec140e54f9c02cef5c1055b7abbfd013f2853e272d0c185bd", kill_on_drop: false }`
[INFO] [stdout] 2970e02f0e28d44ec140e54f9c02cef5c1055b7abbfd013f2853e272d0c185bd
[INFO] running `Command { std: "docker" "create" "-v" "/var/lib/crater-agent-workspace/builds/worker-2-tc1/target:/opt/rustwide/target:rw,Z" "-v" "/var/lib/crater-agent-workspace/builds/worker-2-tc1/source:/opt/rustwide/workdir:ro,Z" "-v" "/var/lib/crater-agent-workspace/cargo-home:/opt/rustwide/cargo-home:ro,Z" "-v" "/var/lib/crater-agent-workspace/rustup-home:/opt/rustwide/rustup-home:ro,Z" "-e" "SOURCE_DIR=/opt/rustwide/workdir" "-e" "CARGO_TARGET_DIR=/opt/rustwide/target" "-e" "CARGO_INCREMENTAL=0" "-e" "RUST_BACKTRACE=full" "-e" "RUSTFLAGS=--cap-lints=forbid" "-e" "RUSTDOCFLAGS=--cap-lints=forbid" "-e" "CARGO_HOME=/opt/rustwide/cargo-home" "-e" "RUSTUP_HOME=/opt/rustwide/rustup-home" "-w" "/opt/rustwide/workdir" "-m" "1610612736" "--user" "0:0" "--network" "none" "ghcr.io/rust-lang/crates-build-env/linux@sha256:4a844ea9eb2546a2d2c7022eacef16ef2e8229c7fbb2c7d4d55a9ceca922f72d" "/opt/rustwide/cargo-home/bin/cargo" "+nightly-2024-10-28" "test" "--frozen", kill_on_drop: false }`
[INFO] [stdout] bbba6db22292cf8c265323560c0cb41a683a0e72bbc43c5f106c4fae7c09e1d8
[INFO] running `Command { std: "docker" "start" "-a" "bbba6db22292cf8c265323560c0cb41a683a0e72bbc43c5f106c4fae7c09e1d8", kill_on_drop: false }`
[INFO] [stderr] warning: the feature `matches_macro` has been stable since 1.42.0 and no longer requires an attribute to enable
[INFO] [stderr]   --> src/lib.rs:41:12
[INFO] [stderr]    |
[INFO] [stderr] 41 | #![feature(matches_macro)]
[INFO] [stderr]    |            ^^^^^^^^^^^^^
[INFO] [stderr]    |
[INFO] [stderr]    = note: `#[warn(stable_features)]` on by default
[INFO] [stderr] 
[INFO] [stderr] warning: `rs-urlencoding` (lib) generated 1 warning
[INFO] [stderr] warning: `rs-urlencoding` (lib test) generated 1 warning (1 duplicate)
[INFO] [stderr]     Finished `test` profile [unoptimized + debuginfo] target(s) in 0.01s
[INFO] [stderr]      Running unittests src/lib.rs (/opt/rustwide/target/debug/deps/rs_urlencoding-db250efa46a44424)
[INFO] [stderr]    Doc-tests rs_urlencoding
[INFO] [stdout] 
[INFO] [stdout] running 8 tests
[INFO] [stdout] test tests::it_decodes_successfully ... ok
[INFO] [stdout] test tests::it_decodes_successfully_emoji ... ok
[INFO] [stdout] test tests::it_decodes_unsuccessfully_emoji ... ok
[INFO] [stdout] test tests::it_encodes_successfully ... ok
[INFO] [stdout] test tests::it_encodes_successfully_emoji ... ok
[INFO] [stdout] test tests::lazy_writer ... ok
[INFO] [stdout] test tests::misc ... ok
[INFO] [stdout] test tests::whatwg_examples ... ok
[INFO] [stdout] 
[INFO] [stdout] test result: ok. 8 passed; 0 failed; 0 ignored; 0 measured; 0 filtered out; finished in 0.00s
[INFO] [stdout] 
[INFO] [stdout] 
[INFO] [stdout] running 4 tests
[INFO] [stdout] test src/enc.rs - enc::Encoded (line 9) ... FAILED
[INFO] [stdout] test src/lib.rs - (line 13) ... FAILED
[INFO] [stdout] test src/lib.rs - (line 3) ... FAILED
[INFO] [stdout] test src/lib.rs - (line 23) ... FAILED
[INFO] [stdout] 
[INFO] [stdout] failures:
[INFO] [stdout] 
[INFO] [stdout] ---- src/enc.rs - enc::Encoded (line 9) stdout ----
[INFO] [stdout] error[E0432]: unresolved import `urlencoding`
[INFO] [stdout]  --> src/enc.rs:10:5
[INFO] [stdout]   |
[INFO] [stdout] 3 | use urlencoding::Encoded;
[INFO] [stdout]   |     ^^^^^^^^^^^ use of undeclared crate or module `urlencoding`
[INFO] [stdout]   |
[INFO] [stdout] help: there is a crate or module with a similar name
[INFO] [stdout]   |
[INFO] [stdout] 3 | use rs_urlencoding::Encoded;
[INFO] [stdout]   |     ~~~~~~~~~~~~~~
[INFO] [stdout] 
[INFO] [stdout] error: aborting due to 1 previous error
[INFO] [stdout] 
[INFO] [stdout] For more information about this error, try `rustc --explain E0432`.
[INFO] [stdout] Couldn't compile the test.
[INFO] [stdout] ---- src/lib.rs - (line 13) stdout ----
[INFO] [stdout] error[E0432]: unresolved import `urlencoding`
[INFO] [stdout]  --> src/lib.rs:14:5
[INFO] [stdout]   |
[INFO] [stdout] 3 | use urlencoding::decode;
[INFO] [stdout]   |     ^^^^^^^^^^^ use of undeclared crate or module `urlencoding`
[INFO] [stdout]   |
[INFO] [stdout] help: there is a crate or module with a similar name
[INFO] [stdout]   |
[INFO] [stdout] 3 | use rs_urlencoding::decode;
[INFO] [stdout]   |     ~~~~~~~~~~~~~~
[INFO] [stdout] 
[INFO] [stdout] error: aborting due to 1 previous error
[INFO] [stdout] 
[INFO] [stdout] For more information about this error, try `rustc --explain E0432`.
[INFO] [stdout] Couldn't compile the test.
[INFO] [stdout] ---- src/lib.rs - (line 3) stdout ----
[INFO] [stdout] error[E0432]: unresolved import `urlencoding`
[INFO] [stdout]  --> src/lib.rs:4:5
[INFO] [stdout]   |
[INFO] [stdout] 3 | use urlencoding::encode;
[INFO] [stdout]   |     ^^^^^^^^^^^ use of undeclared crate or module `urlencoding`
[INFO] [stdout]   |
[INFO] [stdout] help: there is a crate or module with a similar name
[INFO] [stdout]   |
[INFO] [stdout] 3 | use rs_urlencoding::encode;
[INFO] [stdout]   |     ~~~~~~~~~~~~~~
[INFO] [stdout] 
[INFO] [stdout] error: aborting due to 1 previous error
[INFO] [stdout] 
[INFO] [stdout] For more information about this error, try `rustc --explain E0432`.
[INFO] [stdout] Couldn't compile the test.
[INFO] [stdout] ---- src/lib.rs - (line 23) stdout ----
[INFO] [stdout] error[E0432]: unresolved import `urlencoding`
[INFO] [stdout]  --> src/lib.rs:24:5
[INFO] [stdout]   |
[INFO] [stdout] 3 | use urlencoding::decode_binary;
[INFO] [stdout]   |     ^^^^^^^^^^^ use of undeclared crate or module `urlencoding`
[INFO] [stdout]   |
[INFO] [stdout] help: there is a crate or module with a similar name
[INFO] [stdout]   |
[INFO] [stdout] 3 | use rs_urlencoding::decode_binary;
[INFO] [stdout]   |     ~~~~~~~~~~~~~~
[INFO] [stdout] 
[INFO] [stdout] error: aborting due to 1 previous error
[INFO] [stdout] 
[INFO] [stdout] For more information about this error, try `rustc --explain E0432`.
[INFO] [stdout] Couldn't compile the test.
[INFO] [stdout] 
[INFO] [stdout] failures:
[INFO] [stdout]     src/enc.rs - enc::Encoded (line 9)
[INFO] [stdout]     src/lib.rs - (line 13)
[INFO] [stdout]     src/lib.rs - (line 23)
[INFO] [stdout]     src/lib.rs - (line 3)
[INFO] [stdout] 
[INFO] [stdout] test result: FAILED. 0 passed; 4 failed; 0 ignored; 0 measured; 0 filtered out; finished in 0.12s
[INFO] [stdout] 
[INFO] [stderr] error: doctest failed, to rerun pass `--doc`
[INFO] running `Command { std: "docker" "inspect" "bbba6db22292cf8c265323560c0cb41a683a0e72bbc43c5f106c4fae7c09e1d8", kill_on_drop: false }`
[INFO] running `Command { std: "docker" "rm" "-f" "bbba6db22292cf8c265323560c0cb41a683a0e72bbc43c5f106c4fae7c09e1d8", kill_on_drop: false }`
[INFO] [stdout] bbba6db22292cf8c265323560c0cb41a683a0e72bbc43c5f106c4fae7c09e1d8
