[INFO] fetching crate rs-jsonrpc-macros 8.0.0...
[INFO] testing rs-jsonrpc-macros-8.0.0 against nightly-2024-10-28 for randomize-layout
[INFO] extracting crate rs-jsonrpc-macros 8.0.0 into /workspace/builds/worker-2-tc1/source
[INFO] validating manifest of crates.io crate rs-jsonrpc-macros 8.0.0 on toolchain nightly-2024-10-28
[INFO] running `Command { std: CARGO_HOME="/workspace/cargo-home" RUSTUP_HOME="/workspace/rustup-home" "/workspace/cargo-home/bin/cargo" "+nightly-2024-10-28" "metadata" "--manifest-path" "Cargo.toml" "--no-deps", kill_on_drop: false }`
[INFO] started tweaking crates.io crate rs-jsonrpc-macros 8.0.0
[INFO] finished tweaking crates.io crate rs-jsonrpc-macros 8.0.0
[INFO] tweaked toml for crates.io crate rs-jsonrpc-macros 8.0.0 written to /workspace/builds/worker-2-tc1/source/Cargo.toml
[INFO] running `Command { std: CARGO_HOME="/workspace/cargo-home" RUSTUP_HOME="/workspace/rustup-home" "/workspace/cargo-home/bin/cargo" "+nightly-2024-10-28" "generate-lockfile" "--manifest-path" "Cargo.toml", kill_on_drop: false }`
[INFO] [stderr]     Blocking waiting for file lock on package cache
[INFO] [stderr]     Updating crates.io index
[INFO] [stderr]     Blocking waiting for file lock on package cache
[INFO] [stderr]      Locking 91 packages to latest compatible versions
[INFO] running `Command { std: CARGO_HOME="/workspace/cargo-home" RUSTUP_HOME="/workspace/rustup-home" "/workspace/cargo-home/bin/cargo" "+nightly-2024-10-28" "fetch" "--manifest-path" "Cargo.toml", kill_on_drop: false }`
[INFO] [stderr] warning: no edition set: defaulting to the 2015 edition while the latest is 2021
[INFO] [stderr]  Downloading crates ...
[INFO] [stderr]   Downloaded globset v0.1.4
[INFO] [stderr]   Downloaded rs-jsonrpc-server-utils v8.0.0
[INFO] [stderr]   Downloaded rs-jsonrpc-pubsub v8.0.0
[INFO] [stderr]   Downloaded rs-jsonrpc-tcp-server v8.0.0
[INFO] [stderr]   Downloaded rs-jsonrpc-core v8.0.0
[INFO] running `Command { std: "docker" "create" "-v" "/var/lib/crater-agent-workspace/builds/worker-2-tc1/target:/opt/rustwide/target:rw,Z" "-v" "/var/lib/crater-agent-workspace/builds/worker-2-tc1/source:/opt/rustwide/workdir:ro,Z" "-v" "/var/lib/crater-agent-workspace/cargo-home:/opt/rustwide/cargo-home:ro,Z" "-v" "/var/lib/crater-agent-workspace/rustup-home:/opt/rustwide/rustup-home:ro,Z" "-e" "SOURCE_DIR=/opt/rustwide/workdir" "-e" "CARGO_TARGET_DIR=/opt/rustwide/target" "-e" "CARGO_HOME=/opt/rustwide/cargo-home" "-e" "RUSTUP_HOME=/opt/rustwide/rustup-home" "-w" "/opt/rustwide/workdir" "-m" "1610612736" "--user" "0:0" "--network" "none" "ghcr.io/rust-lang/crates-build-env/linux@sha256:4a844ea9eb2546a2d2c7022eacef16ef2e8229c7fbb2c7d4d55a9ceca922f72d" "/opt/rustwide/cargo-home/bin/cargo" "+nightly-2024-10-28" "metadata" "--no-deps" "--format-version=1", kill_on_drop: false }`
[INFO] [stdout] b050329bcecfc292f14db360aa07aa47a6fbc98f3e6955b699b0b00a65bffa13
[INFO] running `Command { std: "docker" "start" "-a" "b050329bcecfc292f14db360aa07aa47a6fbc98f3e6955b699b0b00a65bffa13", kill_on_drop: false }`
[INFO] running `Command { std: "docker" "inspect" "b050329bcecfc292f14db360aa07aa47a6fbc98f3e6955b699b0b00a65bffa13", kill_on_drop: false }`
[INFO] running `Command { std: "docker" "rm" "-f" "b050329bcecfc292f14db360aa07aa47a6fbc98f3e6955b699b0b00a65bffa13", kill_on_drop: false }`
[INFO] [stdout] b050329bcecfc292f14db360aa07aa47a6fbc98f3e6955b699b0b00a65bffa13
[INFO] running `Command { std: "docker" "create" "-v" "/var/lib/crater-agent-workspace/builds/worker-2-tc1/target:/opt/rustwide/target:rw,Z" "-v" "/var/lib/crater-agent-workspace/builds/worker-2-tc1/source:/opt/rustwide/workdir:ro,Z" "-v" "/var/lib/crater-agent-workspace/cargo-home:/opt/rustwide/cargo-home:ro,Z" "-v" "/var/lib/crater-agent-workspace/rustup-home:/opt/rustwide/rustup-home:ro,Z" "-e" "SOURCE_DIR=/opt/rustwide/workdir" "-e" "CARGO_TARGET_DIR=/opt/rustwide/target" "-e" "CARGO_INCREMENTAL=0" "-e" "RUST_BACKTRACE=full" "-e" "RUSTFLAGS=--cap-lints=forbid" "-e" "RUSTDOCFLAGS=--cap-lints=forbid" "-e" "CARGO_HOME=/opt/rustwide/cargo-home" "-e" "RUSTUP_HOME=/opt/rustwide/rustup-home" "-w" "/opt/rustwide/workdir" "-m" "1610612736" "--user" "0:0" "--network" "none" "ghcr.io/rust-lang/crates-build-env/linux@sha256:4a844ea9eb2546a2d2c7022eacef16ef2e8229c7fbb2c7d4d55a9ceca922f72d" "/opt/rustwide/cargo-home/bin/cargo" "+nightly-2024-10-28" "build" "--frozen" "--message-format=json", kill_on_drop: false }`
[INFO] [stdout] 953c6a047677081369f3575ef9f7ee8e6d6dc4032b98410a047080a8cd374aeb
[INFO] running `Command { std: "docker" "start" "-a" "953c6a047677081369f3575ef9f7ee8e6d6dc4032b98410a047080a8cd374aeb", kill_on_drop: false }`
[INFO] [stderr] warning: no edition set: defaulting to the 2015 edition while the latest is 2021
[INFO] [stderr]    Compiling proc-macro2 v1.0.89
[INFO] [stderr]    Compiling unicode-ident v1.0.13
[INFO] [stderr]    Compiling libc v0.2.161
[INFO] [stderr]    Compiling maybe-uninit v2.0.0
[INFO] [stderr]    Compiling serde v1.0.214
[INFO] [stderr]    Compiling serde_json v1.0.132
[INFO] [stderr]    Compiling stable_deref_trait v1.2.0
[INFO] [stderr]    Compiling log v0.4.22
[INFO] [stderr]    Compiling memchr v2.7.4
[INFO] [stderr]    Compiling ryu v1.0.18
[INFO] [stderr]    Compiling itoa v1.0.11
[INFO] [stderr]    Compiling log v0.3.9
[INFO] [stderr]    Compiling smallvec v0.6.14
[INFO] [stderr]    Compiling owning_ref v0.3.3
[INFO] [stderr]    Compiling futures v0.1.31
[INFO] [stderr]    Compiling quote v1.0.37
[INFO] [stderr]    Compiling syn v2.0.86
[INFO] [stderr]    Compiling rand v0.4.6
[INFO] [stderr]    Compiling parking_lot_core v0.2.14
[INFO] [stderr]    Compiling parking_lot v0.4.8
[INFO] [stderr]    Compiling serde_derive v1.0.214
[INFO] [stderr]    Compiling rs-jsonrpc-core v8.0.0
[INFO] [stderr]    Compiling rs-jsonrpc-pubsub v8.0.0
[INFO] [stderr]    Compiling rs-jsonrpc-macros v8.0.0 (/opt/rustwide/workdir)
[INFO] [stdout] warning: use of deprecated macro `try`: use the `?` operator instead
[INFO] [stdout]    --> src/auto_args.rs:443:12
[INFO] [stdout]     |
[INFO] [stdout] 443 |     let len = try!(params_len(&params));
[INFO] [stdout]     |               ^^^
[INFO] [stdout]     |
[INFO] [stdout]     = note: `#[warn(deprecated)]` on by default
[INFO] [stdout] 
[INFO] [stdout] 
[INFO] [stdout] warning: missing documentation for a macro
[INFO] [stdout]   --> src/auto_args.rs:74:1
[INFO] [stdout]    |
[INFO] [stdout] 74 | macro_rules! build_rpc_trait {
[INFO] [stdout]    | ^^^^^^^^^^^^^^^^^^^^^^^^^^^^
[INFO] [stdout]    |
[INFO] [stdout] note: the lint level is defined here
[INFO] [stdout]   --> src/lib.rs:50:9
[INFO] [stdout]    |
[INFO] [stdout] 50 | #![warn(missing_docs)]
[INFO] [stdout]    |         ^^^^^^^^^^^^
[INFO] [stdout] 
[INFO] [stdout] 
[INFO] [stderr]     Finished `dev` profile [unoptimized + debuginfo] target(s) in 9.25s
[INFO] running `Command { std: "docker" "inspect" "953c6a047677081369f3575ef9f7ee8e6d6dc4032b98410a047080a8cd374aeb", kill_on_drop: false }`
[INFO] running `Command { std: "docker" "rm" "-f" "953c6a047677081369f3575ef9f7ee8e6d6dc4032b98410a047080a8cd374aeb", kill_on_drop: false }`
[INFO] [stdout] 953c6a047677081369f3575ef9f7ee8e6d6dc4032b98410a047080a8cd374aeb
[INFO] running `Command { std: "docker" "create" "-v" "/var/lib/crater-agent-workspace/builds/worker-2-tc1/target:/opt/rustwide/target:rw,Z" "-v" "/var/lib/crater-agent-workspace/builds/worker-2-tc1/source:/opt/rustwide/workdir:ro,Z" "-v" "/var/lib/crater-agent-workspace/cargo-home:/opt/rustwide/cargo-home:ro,Z" "-v" "/var/lib/crater-agent-workspace/rustup-home:/opt/rustwide/rustup-home:ro,Z" "-e" "SOURCE_DIR=/opt/rustwide/workdir" "-e" "CARGO_TARGET_DIR=/opt/rustwide/target" "-e" "CARGO_INCREMENTAL=0" "-e" "RUST_BACKTRACE=full" "-e" "RUSTFLAGS=--cap-lints=forbid" "-e" "RUSTDOCFLAGS=--cap-lints=forbid" "-e" "CARGO_HOME=/opt/rustwide/cargo-home" "-e" "RUSTUP_HOME=/opt/rustwide/rustup-home" "-w" "/opt/rustwide/workdir" "-m" "1610612736" "--user" "0:0" "--network" "none" "ghcr.io/rust-lang/crates-build-env/linux@sha256:4a844ea9eb2546a2d2c7022eacef16ef2e8229c7fbb2c7d4d55a9ceca922f72d" "/opt/rustwide/cargo-home/bin/cargo" "+nightly-2024-10-28" "test" "--frozen" "--no-run" "--message-format=json", kill_on_drop: false }`
[INFO] [stdout] 91bf1a06ce9b6c3a35a161aa468b29b2398d218610b934eee8de17b951807c60
[INFO] running `Command { std: "docker" "start" "-a" "91bf1a06ce9b6c3a35a161aa468b29b2398d218610b934eee8de17b951807c60", kill_on_drop: false }`
[INFO] [stderr] warning: no edition set: defaulting to the 2015 edition while the latest is 2021
[INFO] [stderr]    Compiling autocfg v1.4.0
[INFO] [stderr]    Compiling cfg-if v0.1.10
[INFO] [stderr]    Compiling lazy_static v1.5.0
[INFO] [stderr]    Compiling semver-parser v0.7.0
[INFO] [stderr]    Compiling scopeguard v1.2.0
[INFO] [stderr]    Compiling byteorder v1.5.0
[INFO] [stderr]    Compiling iovec v0.1.4
[INFO] [stderr]    Compiling num_cpus v1.16.0
[INFO] [stderr]    Compiling net2 v0.2.39
[INFO] [stderr]    Compiling fnv v1.0.7
[INFO] [stderr]    Compiling lock_api v0.3.4
[INFO] [stderr]    Compiling tokio-sync v0.1.8
[INFO] [stderr]    Compiling regex v0.2.11
[INFO] [stderr]    Compiling semver v0.9.0
[INFO] [stderr]    Compiling bytes v0.4.12
[INFO] [stderr]    Compiling ucd-util v0.1.10
[INFO] [stderr]    Compiling crossbeam-utils v0.7.2
[INFO] [stderr]    Compiling slab v0.4.9
[INFO] [stderr]    Compiling memoffset v0.5.6
[INFO] [stderr]    Compiling tokio-io v0.1.13
[INFO] [stderr]    Compiling crossbeam-epoch v0.8.2
[INFO] [stderr]    Compiling rustc_version v0.2.3
[INFO] [stderr]    Compiling regex-syntax v0.5.6
[INFO] [stderr]    Compiling aho-corasick v0.6.10
[INFO] [stderr]    Compiling thread_local v0.3.6
[INFO] [stderr]    Compiling parking_lot_core v0.6.3
[INFO] [stderr]    Compiling parking_lot v0.9.0
[INFO] [stderr]    Compiling mio v0.6.23
[INFO] [stderr]    Compiling tokio-codec v0.1.2
[INFO] [stderr]    Compiling utf8-ranges v1.0.5
[INFO] [stderr]    Compiling memchr v1.0.2
[INFO] [stderr]    Compiling scoped-tls v0.1.2
[INFO] [stderr]    Compiling tokio-service v0.1.0
[INFO] [stdout] warning: use of deprecated macro `try`: use the `?` operator instead
[INFO] [stdout]    --> src/auto_args.rs:443:12
[INFO] [stdout]     |
[INFO] [stdout] 443 |     let len = try!(params_len(&params));
[INFO] [stdout]     |               ^^^
[INFO] [stdout]     |
[INFO] [stdout]     = note: `#[warn(deprecated)]` on by default
[INFO] [stdout] 
[INFO] [stdout] 
[INFO] [stdout] warning: missing documentation for a macro
[INFO] [stdout]   --> src/auto_args.rs:74:1
[INFO] [stdout]    |
[INFO] [stdout] 74 | macro_rules! build_rpc_trait {
[INFO] [stdout]    | ^^^^^^^^^^^^^^^^^^^^^^^^^^^^
[INFO] [stdout]    |
[INFO] [stdout] note: the lint level is defined here
[INFO] [stdout]   --> src/lib.rs:50:9
[INFO] [stdout]    |
[INFO] [stdout] 50 | #![warn(missing_docs)]
[INFO] [stdout]    |         ^^^^^^^^^^^^
[INFO] [stdout] 
[INFO] [stdout] 
[INFO] [stderr]    Compiling tokio-executor v0.1.10
[INFO] [stderr]    Compiling crossbeam-queue v0.2.3
[INFO] [stderr]    Compiling tokio-timer v0.2.13
[INFO] [stderr]    Compiling tokio-current-thread v0.1.7
[INFO] [stderr]    Compiling crossbeam-deque v0.7.4
[INFO] [stderr]    Compiling tokio-reactor v0.1.12
[INFO] [stderr]    Compiling mio-uds v0.6.8
[INFO] [stderr]    Compiling tokio-threadpool v0.1.18
[INFO] [stderr]    Compiling tokio-uds v0.2.7
[INFO] [stderr]    Compiling tokio-tcp v0.1.4
[INFO] [stderr]    Compiling tokio-udp v0.1.6
[INFO] [stderr]    Compiling tokio-fs v0.1.7
[INFO] [stderr]    Compiling tokio v0.1.22
[INFO] [stderr]    Compiling tokio-core v0.1.18
[INFO] [stderr]    Compiling globset v0.1.4
[INFO] [stderr]    Compiling rs-jsonrpc-server-utils v8.0.0
[INFO] [stderr]    Compiling rs-jsonrpc-tcp-server v8.0.0
[INFO] [stderr]    Compiling rs-jsonrpc-macros v8.0.0 (/opt/rustwide/workdir)
[INFO] [stdout] warning: use of deprecated macro `try`: use the `?` operator instead
[INFO] [stdout]    --> src/auto_args.rs:443:12
[INFO] [stdout]     |
[INFO] [stdout] 443 |     let len = try!(params_len(&params));
[INFO] [stdout]     |               ^^^
[INFO] [stdout]     |
[INFO] [stdout]     = note: `#[warn(deprecated)]` on by default
[INFO] [stdout] 
[INFO] [stdout] 
[INFO] [stdout] warning: anonymous parameters are deprecated and will be removed in the next edition
[INFO] [stdout]   --> examples/std.rs:16:17
[INFO] [stdout]    |
[INFO] [stdout] 16 |         fn add(&self, u64, u64) -> Result<u64>;
[INFO] [stdout]    |                       ^^^ help: try naming the parameter or explicitly ignoring it: `_: u64`
[INFO] [stdout]    |
[INFO] [stdout]    = warning: this is accepted in the current edition (Rust 2015) but is a hard error in Rust 2018!
[INFO] [stdout]    = note: for more information, see issue #41686 <https://github.com/rust-lang/rust/issues/41686>
[INFO] [stdout]    = note: `#[warn(anonymous_parameters)]` on by default
[INFO] [stdout] 
[INFO] [stdout] 
[INFO] [stdout] warning: anonymous parameters are deprecated and will be removed in the next edition
[INFO] [stdout]   --> tests/pubsub-macros.rs:20:24
[INFO] [stdout]    |
[INFO] [stdout] 20 |             fn subscribe(&self, Self::Metadata, pubsub::Subscriber<String>, u32, Trailing<u64>);
[INFO] [stdout]    |                                 ^^^^^^^^^^^^^^ help: try naming the parameter or explicitly ignoring it: `_: Self::Metadata`
[INFO] [stdout]    |
[INFO] [stdout]    = warning: this is accepted in the current edition (Rust 2015) but is a hard error in Rust 2018!
[INFO] [stdout]    = note: for more information, see issue #41686 <https://github.com/rust-lang/rust/issues/41686>
[INFO] [stdout]    = note: `#[warn(anonymous_parameters)]` on by default
[INFO] [stdout] 
[INFO] [stdout] 
[INFO] [stdout] warning: anonymous parameters are deprecated and will be removed in the next edition
[INFO] [stdout]   --> examples/pubsub-macros.rs:35:17
[INFO] [stdout]    |
[INFO] [stdout] 35 |         fn add(&self, u64, u64) -> Result<u64>;
[INFO] [stdout]    |                       ^^^ help: try naming the parameter or explicitly ignoring it: `_: u64`
[INFO] [stdout]    |
[INFO] [stdout]    = warning: this is accepted in the current edition (Rust 2015) but is a hard error in Rust 2018!
[INFO] [stdout]    = note: for more information, see issue #41686 <https://github.com/rust-lang/rust/issues/41686>
[INFO] [stdout]    = note: `#[warn(anonymous_parameters)]` on by default
[INFO] [stdout] 
[INFO] [stdout] 
[INFO] [stdout] warning: anonymous parameters are deprecated and will be removed in the next edition
[INFO] [stdout]   --> examples/pubsub-macros.rs:35:22
[INFO] [stdout]    |
[INFO] [stdout] 35 |         fn add(&self, u64, u64) -> Result<u64>;
[INFO] [stdout]    |                            ^^^ help: try naming the parameter or explicitly ignoring it: `_: u64`
[INFO] [stdout]    |
[INFO] [stdout]    = warning: this is accepted in the current edition (Rust 2015) but is a hard error in Rust 2018!
[INFO] [stdout]    = note: for more information, see issue #41686 <https://github.com/rust-lang/rust/issues/41686>
[INFO] [stdout] 
[INFO] [stdout] 
[INFO] [stdout] warning: anonymous parameters are deprecated and will be removed in the next edition
[INFO] [stdout]   --> tests/pubsub-macros.rs:20:40
[INFO] [stdout]    |
[INFO] [stdout] 20 |             fn subscribe(&self, Self::Metadata, pubsub::Subscriber<String>, u32, Trailing<u64>);
[INFO] [stdout]    |                                                 ^^^^^^^^^^^^^^^^^^^^^^^^^^ help: try naming the parameter or explicitly ignoring it: `_: pubsub::Subscriber<String>`
[INFO] [stdout]    |
[INFO] [stdout]    = warning: this is accepted in the current edition (Rust 2015) but is a hard error in Rust 2018!
[INFO] [stdout]    = note: for more information, see issue #41686 <https://github.com/rust-lang/rust/issues/41686>
[INFO] [stdout] 
[INFO] [stdout] 
[INFO] [stdout] warning: anonymous parameters are deprecated and will be removed in the next edition
[INFO] [stdout]   --> tests/pubsub-macros.rs:20:68
[INFO] [stdout]    |
[INFO] [stdout] 20 |             fn subscribe(&self, Self::Metadata, pubsub::Subscriber<String>, u32, Trailing<u64>);
[INFO] [stdout]    |                                                                             ^^^ help: try naming the parameter or explicitly ignoring it: `_: u32`
[INFO] [stdout]    |
[INFO] [stdout]    = warning: this is accepted in the current edition (Rust 2015) but is a hard error in Rust 2018!
[INFO] [stdout]    = note: for more information, see issue #41686 <https://github.com/rust-lang/rust/issues/41686>
[INFO] [stdout] 
[INFO] [stdout] 
[INFO] [stdout] warning: anonymous parameters are deprecated and will be removed in the next edition
[INFO] [stdout]   --> tests/pubsub-macros.rs:20:73
[INFO] [stdout]    |
[INFO] [stdout] 20 |             fn subscribe(&self, Self::Metadata, pubsub::Subscriber<String>, u32, Trailing<u64>);
[INFO] [stdout]    |                                                                                  ^^^^^^^^^^^^^ help: try naming the parameter or explicitly ignoring it: `_: Trailing<u64>`
[INFO] [stdout]    |
[INFO] [stdout]    = warning: this is accepted in the current edition (Rust 2015) but is a hard error in Rust 2018!
[INFO] [stdout]    = note: for more information, see issue #41686 <https://github.com/rust-lang/rust/issues/41686>
[INFO] [stdout] 
[INFO] [stdout] 
[INFO] [stdout] warning: anonymous parameters are deprecated and will be removed in the next edition
[INFO] [stdout]   --> tests/pubsub-macros.rs:24:26
[INFO] [stdout]    |
[INFO] [stdout] 24 |             fn unsubscribe(&self, SubscriptionId) -> Result<bool>;
[INFO] [stdout]    |                                   ^^^^^^^^^^^^^^ help: try naming the parameter or explicitly ignoring it: `_: SubscriptionId`
[INFO] [stdout]    |
[INFO] [stdout]    = warning: this is accepted in the current edition (Rust 2015) but is a hard error in Rust 2018!
[INFO] [stdout]    = note: for more information, see issue #41686 <https://github.com/rust-lang/rust/issues/41686>
[INFO] [stdout] 
[INFO] [stdout] 
[INFO] [stdout] warning: anonymous parameters are deprecated and will be removed in the next edition
[INFO] [stdout]   --> examples/pubsub-macros.rs:40:24
[INFO] [stdout]    |
[INFO] [stdout] 40 |             fn subscribe(&self, Self::Metadata, pubsub::Subscriber<String>, u64);
[INFO] [stdout]    |                                 ^^^^^^^^^^^^^^ help: try naming the parameter or explicitly ignoring it: `_: Self::Metadata`
[INFO] [stdout]    |
[INFO] [stdout]    = warning: this is accepted in the current edition (Rust 2015) but is a hard error in Rust 2018!
[INFO] [stdout]    = note: for more information, see issue #41686 <https://github.com/rust-lang/rust/issues/41686>
[INFO] [stdout] 
[INFO] [stdout] 
[INFO] [stdout] warning: anonymous parameters are deprecated and will be removed in the next edition
[INFO] [stdout]   --> examples/pubsub-macros.rs:40:40
[INFO] [stdout]    |
[INFO] [stdout] 40 |             fn subscribe(&self, Self::Metadata, pubsub::Subscriber<String>, u64);
[INFO] [stdout]    |                                                 ^^^^^^^^^^^^^^^^^^^^^^^^^^ help: try naming the parameter or explicitly ignoring it: `_: pubsub::Subscriber<String>`
[INFO] [stdout]    |
[INFO] [stdout]    = warning: this is accepted in the current edition (Rust 2015) but is a hard error in Rust 2018!
[INFO] [stdout]    = note: for more information, see issue #41686 <https://github.com/rust-lang/rust/issues/41686>
[INFO] [stdout] 
[INFO] [stdout] 
[INFO] [stdout] warning: anonymous parameters are deprecated and will be removed in the next edition
[INFO] [stdout]   --> examples/std.rs:16:22
[INFO] [stdout]    |
[INFO] [stdout] 16 |         fn add(&self, u64, u64) -> Result<u64>;
[INFO] [stdout]    |                            ^^^ help: try naming the parameter or explicitly ignoring it: `_: u64`
[INFO] [stdout]    |
[INFO] [stdout]    = warning: this is accepted in the current edition (Rust 2015) but is a hard error in Rust 2018!
[INFO] [stdout]    = note: for more information, see issue #41686 <https://github.com/rust-lang/rust/issues/41686>
[INFO] [stdout] 
[INFO] [stdout] 
[INFO] [stdout] warning: anonymous parameters are deprecated and will be removed in the next edition
[INFO] [stdout]   --> examples/std.rs:20:18
[INFO] [stdout]    |
[INFO] [stdout] 20 |         fn call(&self, u64) -> FutureResult<String, Error>;
[INFO] [stdout]    |                        ^^^ help: try naming the parameter or explicitly ignoring it: `_: u64`
[INFO] [stdout]    |
[INFO] [stdout]    = warning: this is accepted in the current edition (Rust 2015) but is a hard error in Rust 2018!
[INFO] [stdout]    = note: for more information, see issue #41686 <https://github.com/rust-lang/rust/issues/41686>
[INFO] [stdout] 
[INFO] [stdout] 
[INFO] [stdout] warning: anonymous parameters are deprecated and will be removed in the next edition
[INFO] [stdout]   --> examples/pubsub-macros.rs:40:68
[INFO] [stdout]    |
[INFO] [stdout] 40 |             fn subscribe(&self, Self::Metadata, pubsub::Subscriber<String>, u64);
[INFO] [stdout]    |                                                                             ^^^ help: try naming the parameter or explicitly ignoring it: `_: u64`
[INFO] [stdout]    |
[INFO] [stdout]    = warning: this is accepted in the current edition (Rust 2015) but is a hard error in Rust 2018!
[INFO] [stdout]    = note: for more information, see issue #41686 <https://github.com/rust-lang/rust/issues/41686>
[INFO] [stdout] 
[INFO] [stdout] 
[INFO] [stdout] warning: anonymous parameters are deprecated and will be removed in the next edition
[INFO] [stdout]   --> examples/pubsub-macros.rs:44:26
[INFO] [stdout]    |
[INFO] [stdout] 44 |             fn unsubscribe(&self, SubscriptionId) -> Result<bool>;
[INFO] [stdout]    |                                   ^^^^^^^^^^^^^^ help: try naming the parameter or explicitly ignoring it: `_: SubscriptionId`
[INFO] [stdout]    |
[INFO] [stdout]    = warning: this is accepted in the current edition (Rust 2015) but is a hard error in Rust 2018!
[INFO] [stdout]    = note: for more information, see issue #41686 <https://github.com/rust-lang/rust/issues/41686>
[INFO] [stdout] 
[INFO] [stdout] 
[INFO] [stdout] warning: anonymous parameters are deprecated and will be removed in the next edition
[INFO] [stdout]   --> examples/meta-macros.rs:21:17
[INFO] [stdout]    |
[INFO] [stdout] 21 |         fn add(&self, u64, u64) -> Result<u64>;
[INFO] [stdout]    |                       ^^^ help: try naming the parameter or explicitly ignoring it: `_: u64`
[INFO] [stdout]    |
[INFO] [stdout]    = warning: this is accepted in the current edition (Rust 2015) but is a hard error in Rust 2018!
[INFO] [stdout]    = note: for more information, see issue #41686 <https://github.com/rust-lang/rust/issues/41686>
[INFO] [stdout]    = note: `#[warn(anonymous_parameters)]` on by default
[INFO] [stdout] 
[INFO] [stdout] 
[INFO] [stdout] warning: anonymous parameters are deprecated and will be removed in the next edition
[INFO] [stdout]   --> examples/meta-macros.rs:21:22
[INFO] [stdout]    |
[INFO] [stdout] 21 |         fn add(&self, u64, u64) -> Result<u64>;
[INFO] [stdout]    |                            ^^^ help: try naming the parameter or explicitly ignoring it: `_: u64`
[INFO] [stdout]    |
[INFO] [stdout]    = warning: this is accepted in the current edition (Rust 2015) but is a hard error in Rust 2018!
[INFO] [stdout]    = note: for more information, see issue #41686 <https://github.com/rust-lang/rust/issues/41686>
[INFO] [stdout] 
[INFO] [stdout] 
[INFO] [stdout] warning: anonymous parameters are deprecated and will be removed in the next edition
[INFO] [stdout]   --> examples/meta-macros.rs:25:17
[INFO] [stdout]    |
[INFO] [stdout] 25 |         fn mul(&self, u64, rs_jsonrpc_macros::Trailing<u64>) -> Result<u64>;
[INFO] [stdout]    |                       ^^^ help: try naming the parameter or explicitly ignoring it: `_: u64`
[INFO] [stdout]    |
[INFO] [stdout]    = warning: this is accepted in the current edition (Rust 2015) but is a hard error in Rust 2018!
[INFO] [stdout]    = note: for more information, see issue #41686 <https://github.com/rust-lang/rust/issues/41686>
[INFO] [stdout] 
[INFO] [stdout] 
[INFO] [stdout] warning: anonymous parameters are deprecated and will be removed in the next edition
[INFO] [stdout]   --> examples/meta-macros.rs:25:22
[INFO] [stdout]    |
[INFO] [stdout] 25 |         fn mul(&self, u64, rs_jsonrpc_macros::Trailing<u64>) -> Result<u64>;
[INFO] [stdout]    |                            ^^^^^^^^^^^^^^^^^^^^^^^^^^^^^^^^ help: try naming the parameter or explicitly ignoring it: `_: rs_jsonrpc_macros::Trailing<u64>`
[INFO] [stdout]    |
[INFO] [stdout]    = warning: this is accepted in the current edition (Rust 2015) but is a hard error in Rust 2018!
[INFO] [stdout]    = note: for more information, see issue #41686 <https://github.com/rust-lang/rust/issues/41686>
[INFO] [stdout] 
[INFO] [stdout] 
[INFO] [stdout] warning: anonymous parameters are deprecated and will be removed in the next edition
[INFO] [stdout]   --> examples/meta-macros.rs:29:18
[INFO] [stdout]    |
[INFO] [stdout] 29 |         fn call(&self, u64) -> FutureResult<String, Error>;
[INFO] [stdout]    |                        ^^^ help: try naming the parameter or explicitly ignoring it: `_: u64`
[INFO] [stdout]    |
[INFO] [stdout]    = warning: this is accepted in the current edition (Rust 2015) but is a hard error in Rust 2018!
[INFO] [stdout]    = note: for more information, see issue #41686 <https://github.com/rust-lang/rust/issues/41686>
[INFO] [stdout] 
[INFO] [stdout] 
[INFO] [stdout] warning: anonymous parameters are deprecated and will be removed in the next edition
[INFO] [stdout]   --> examples/meta-macros.rs:33:23
[INFO] [stdout]    |
[INFO] [stdout] 33 |         fn call_meta(&self, Self::Metadata, BTreeMap<String, Value>) -> FutureResult<String, Error>;
[INFO] [stdout]    |                             ^^^^^^^^^^^^^^ help: try naming the parameter or explicitly ignoring it: `_: Self::Metadata`
[INFO] [stdout]    |
[INFO] [stdout]    = warning: this is accepted in the current edition (Rust 2015) but is a hard error in Rust 2018!
[INFO] [stdout]    = note: for more information, see issue #41686 <https://github.com/rust-lang/rust/issues/41686>
[INFO] [stdout] 
[INFO] [stdout] 
[INFO] [stdout] warning: anonymous parameters are deprecated and will be removed in the next edition
[INFO] [stdout]   --> examples/meta-macros.rs:33:39
[INFO] [stdout]    |
[INFO] [stdout] 33 |         fn call_meta(&self, Self::Metadata, BTreeMap<String, Value>) -> FutureResult<String, Error>;
[INFO] [stdout]    |                                             ^^^^^^^^^^^^^^^^^^^^^^^ help: try naming the parameter or explicitly ignoring it: `_: BTreeMap<String, Value>`
[INFO] [stdout]    |
[INFO] [stdout]    = warning: this is accepted in the current edition (Rust 2015) but is a hard error in Rust 2018!
[INFO] [stdout]    = note: for more information, see issue #41686 <https://github.com/rust-lang/rust/issues/41686>
[INFO] [stdout] 
[INFO] [stdout] 
[INFO] [stdout] warning: missing documentation for a macro
[INFO] [stdout]   --> src/auto_args.rs:74:1
[INFO] [stdout]    |
[INFO] [stdout] 74 | macro_rules! build_rpc_trait {
[INFO] [stdout]    | ^^^^^^^^^^^^^^^^^^^^^^^^^^^^
[INFO] [stdout]    |
[INFO] [stdout] note: the lint level is defined here
[INFO] [stdout]   --> src/lib.rs:50:9
[INFO] [stdout]    |
[INFO] [stdout] 50 | #![warn(missing_docs)]
[INFO] [stdout]    |         ^^^^^^^^^^^^
[INFO] [stdout] 
[INFO] [stdout] 
[INFO] [stderr]     Finished `test` profile [unoptimized + debuginfo] target(s) in 7.15s
[INFO] running `Command { std: "docker" "inspect" "91bf1a06ce9b6c3a35a161aa468b29b2398d218610b934eee8de17b951807c60", kill_on_drop: false }`
[INFO] running `Command { std: "docker" "rm" "-f" "91bf1a06ce9b6c3a35a161aa468b29b2398d218610b934eee8de17b951807c60", kill_on_drop: false }`
[INFO] [stdout] 91bf1a06ce9b6c3a35a161aa468b29b2398d218610b934eee8de17b951807c60
[INFO] running `Command { std: "docker" "create" "-v" "/var/lib/crater-agent-workspace/builds/worker-2-tc1/target:/opt/rustwide/target:rw,Z" "-v" "/var/lib/crater-agent-workspace/builds/worker-2-tc1/source:/opt/rustwide/workdir:ro,Z" "-v" "/var/lib/crater-agent-workspace/cargo-home:/opt/rustwide/cargo-home:ro,Z" "-v" "/var/lib/crater-agent-workspace/rustup-home:/opt/rustwide/rustup-home:ro,Z" "-e" "SOURCE_DIR=/opt/rustwide/workdir" "-e" "CARGO_TARGET_DIR=/opt/rustwide/target" "-e" "CARGO_INCREMENTAL=0" "-e" "RUST_BACKTRACE=full" "-e" "RUSTFLAGS=--cap-lints=forbid" "-e" "RUSTDOCFLAGS=--cap-lints=forbid" "-e" "CARGO_HOME=/opt/rustwide/cargo-home" "-e" "RUSTUP_HOME=/opt/rustwide/rustup-home" "-w" "/opt/rustwide/workdir" "-m" "1610612736" "--user" "0:0" "--network" "none" "ghcr.io/rust-lang/crates-build-env/linux@sha256:4a844ea9eb2546a2d2c7022eacef16ef2e8229c7fbb2c7d4d55a9ceca922f72d" "/opt/rustwide/cargo-home/bin/cargo" "+nightly-2024-10-28" "test" "--frozen", kill_on_drop: false }`
[INFO] [stdout] 95e44aba8a8e186d3f25029059407a420fc8f318cac1e26ac889599062638f1b
[INFO] running `Command { std: "docker" "start" "-a" "95e44aba8a8e186d3f25029059407a420fc8f318cac1e26ac889599062638f1b", kill_on_drop: false }`
[INFO] [stderr] warning: no edition set: defaulting to the 2015 edition while the latest is 2021
[INFO] [stderr] warning: use of deprecated macro `try`: use the `?` operator instead
[INFO] [stderr]    --> src/auto_args.rs:443:12
[INFO] [stderr]     |
[INFO] [stderr] 443 |     let len = try!(params_len(&params));
[INFO] [stderr]     |               ^^^
[INFO] [stderr]     |
[INFO] [stderr]     = note: `#[warn(deprecated)]` on by default
[INFO] [stderr] 
[INFO] [stderr] warning: missing documentation for a macro
[INFO] [stderr]   --> src/auto_args.rs:74:1
[INFO] [stderr]    |
[INFO] [stderr] 74 | macro_rules! build_rpc_trait {
[INFO] [stderr]    | ^^^^^^^^^^^^^^^^^^^^^^^^^^^^
[INFO] [stderr]    |
[INFO] [stderr] note: the lint level is defined here
[INFO] [stderr]   --> src/lib.rs:50:9
[INFO] [stderr]    |
[INFO] [stderr] 50 | #![warn(missing_docs)]
[INFO] [stderr]    |         ^^^^^^^^^^^^
[INFO] [stderr] 
[INFO] [stderr] warning: `rs-jsonrpc-macros` (lib) generated 2 warnings
[INFO] [stderr] warning: anonymous parameters are deprecated and will be removed in the next edition
[INFO] [stderr]   --> examples/meta-macros.rs:21:17
[INFO] [stderr]    |
[INFO] [stderr] 21 |         fn add(&self, u64, u64) -> Result<u64>;
[INFO] [stderr]    |                       ^^^ help: try naming the parameter or explicitly ignoring it: `_: u64`
[INFO] [stderr]    |
[INFO] [stderr]    = warning: this is accepted in the current edition (Rust 2015) but is a hard error in Rust 2018!
[INFO] [stderr]    = note: for more information, see issue #41686 <https://github.com/rust-lang/rust/issues/41686>
[INFO] [stderr]    = note: `#[warn(anonymous_parameters)]` on by default
[INFO] [stderr] 
[INFO] [stderr] warning: anonymous parameters are deprecated and will be removed in the next edition
[INFO] [stderr]   --> examples/meta-macros.rs:21:22
[INFO] [stderr]    |
[INFO] [stderr] 21 |         fn add(&self, u64, u64) -> Result<u64>;
[INFO] [stderr]    |                            ^^^ help: try naming the parameter or explicitly ignoring it: `_: u64`
[INFO] [stdout] 
[INFO] [stderr]    |
[INFO] [stdout] running 0 tests
[INFO] [stderr]    = warning: this is accepted in the current edition (Rust 2015) but is a hard error in Rust 2018!
[INFO] [stdout] 
[INFO] [stderr]    = note: for more information, see issue #41686 <https://github.com/rust-lang/rust/issues/41686>
[INFO] [stdout] test result: ok. 0 passed; 0 failed; 0 ignored; 0 measured; 0 filtered out; finished in 0.00s
[INFO] [stderr] 
[INFO] [stdout] 
[INFO] [stderr] warning: anonymous parameters are deprecated and will be removed in the next edition
[INFO] [stdout] 
[INFO] [stderr]   --> examples/meta-macros.rs:25:17
[INFO] [stdout] running 1 test
[INFO] [stderr]    |
[INFO] [stderr] 25 |         fn mul(&self, u64, rs_jsonrpc_macros::Trailing<u64>) -> Result<u64>;
[INFO] [stderr]    |                       ^^^ help: try naming the parameter or explicitly ignoring it: `_: u64`
[INFO] [stderr]    |
[INFO] [stderr]    = warning: this is accepted in the current edition (Rust 2015) but is a hard error in Rust 2018!
[INFO] [stderr]    = note: for more information, see issue #41686 <https://github.com/rust-lang/rust/issues/41686>
[INFO] [stderr] 
[INFO] [stderr] warning: anonymous parameters are deprecated and will be removed in the next edition
[INFO] [stderr]   --> examples/meta-macros.rs:25:22
[INFO] [stderr]    |
[INFO] [stderr] 25 |         fn mul(&self, u64, rs_jsonrpc_macros::Trailing<u64>) -> Result<u64>;
[INFO] [stderr]    |                            ^^^^^^^^^^^^^^^^^^^^^^^^^^^^^^^^ help: try naming the parameter or explicitly ignoring it: `_: rs_jsonrpc_macros::Trailing<u64>`
[INFO] [stderr]    |
[INFO] [stderr]    = warning: this is accepted in the current edition (Rust 2015) but is a hard error in Rust 2018!
[INFO] [stderr]    = note: for more information, see issue #41686 <https://github.com/rust-lang/rust/issues/41686>
[INFO] [stderr] 
[INFO] [stderr] warning: anonymous parameters are deprecated and will be removed in the next edition
[INFO] [stderr]   --> examples/meta-macros.rs:29:18
[INFO] [stderr]    |
[INFO] [stderr] 29 |         fn call(&self, u64) -> FutureResult<String, Error>;
[INFO] [stderr]    |                        ^^^ help: try naming the parameter or explicitly ignoring it: `_: u64`
[INFO] [stderr]    |
[INFO] [stderr]    = warning: this is accepted in the current edition (Rust 2015) but is a hard error in Rust 2018!
[INFO] [stderr]    = note: for more information, see issue #41686 <https://github.com/rust-lang/rust/issues/41686>
[INFO] [stderr] 
[INFO] [stderr] warning: anonymous parameters are deprecated and will be removed in the next edition
[INFO] [stderr]   --> examples/meta-macros.rs:33:23
[INFO] [stderr]    |
[INFO] [stderr] 33 |         fn call_meta(&self, Self::Metadata, BTreeMap<String, Value>) -> FutureResult<String, Error>;
[INFO] [stderr]    |                             ^^^^^^^^^^^^^^ help: try naming the parameter or explicitly ignoring it: `_: Self::Metadata`
[INFO] [stderr]    |
[INFO] [stderr]    = warning: this is accepted in the current edition (Rust 2015) but is a hard error in Rust 2018!
[INFO] [stderr]    = note: for more information, see issue #41686 <https://github.com/rust-lang/rust/issues/41686>
[INFO] [stderr] 
[INFO] [stderr] warning: anonymous parameters are deprecated and will be removed in the next edition
[INFO] [stderr]   --> examples/meta-macros.rs:33:39
[INFO] [stderr]    |
[INFO] [stderr] 33 |         fn call_meta(&self, Self::Metadata, BTreeMap<String, Value>) -> FutureResult<String, Error>;
[INFO] [stderr]    |                                             ^^^^^^^^^^^^^^^^^^^^^^^ help: try naming the parameter or explicitly ignoring it: `_: BTreeMap<String, Value>`
[INFO] [stderr]    |
[INFO] [stderr]    = warning: this is accepted in the current edition (Rust 2015) but is a hard error in Rust 2018!
[INFO] [stderr]    = note: for more information, see issue #41686 <https://github.com/rust-lang/rust/issues/41686>
[INFO] [stderr] 
[INFO] [stderr] warning: anonymous parameters are deprecated and will be removed in the next edition
[INFO] [stderr]   --> examples/std.rs:16:17
[INFO] [stderr]    |
[INFO] [stderr] 16 |         fn add(&self, u64, u64) -> Result<u64>;
[INFO] [stderr]    |                       ^^^ help: try naming the parameter or explicitly ignoring it: `_: u64`
[INFO] [stderr]    |
[INFO] [stderr]    = warning: this is accepted in the current edition (Rust 2015) but is a hard error in Rust 2018!
[INFO] [stderr]    = note: for more information, see issue #41686 <https://github.com/rust-lang/rust/issues/41686>
[INFO] [stderr]    = note: `#[warn(anonymous_parameters)]` on by default
[INFO] [stderr] 
[INFO] [stderr] warning: anonymous parameters are deprecated and will be removed in the next edition
[INFO] [stderr]   --> examples/std.rs:16:22
[INFO] [stderr]    |
[INFO] [stderr] 16 |         fn add(&self, u64, u64) -> Result<u64>;
[INFO] [stderr]    |                            ^^^ help: try naming the parameter or explicitly ignoring it: `_: u64`
[INFO] [stderr]    |
[INFO] [stderr]    = warning: this is accepted in the current edition (Rust 2015) but is a hard error in Rust 2018!
[INFO] [stderr]    = note: for more information, see issue #41686 <https://github.com/rust-lang/rust/issues/41686>
[INFO] [stderr] 
[INFO] [stderr] warning: anonymous parameters are deprecated and will be removed in the next edition
[INFO] [stderr]   --> examples/std.rs:20:18
[INFO] [stderr]    |
[INFO] [stderr] 20 |         fn call(&self, u64) -> FutureResult<String, Error>;
[INFO] [stderr]    |                        ^^^ help: try naming the parameter or explicitly ignoring it: `_: u64`
[INFO] [stderr]    |
[INFO] [stderr]    = warning: this is accepted in the current edition (Rust 2015) but is a hard error in Rust 2018!
[INFO] [stderr]    = note: for more information, see issue #41686 <https://github.com/rust-lang/rust/issues/41686>
[INFO] [stderr] 
[INFO] [stderr] warning: anonymous parameters are deprecated and will be removed in the next edition
[INFO] [stderr]   --> tests/pubsub-macros.rs:20:24
[INFO] [stderr]    |
[INFO] [stderr] 20 |             fn subscribe(&self, Self::Metadata, pubsub::Subscriber<String>, u32, Trailing<u64>);
[INFO] [stderr]    |                                 ^^^^^^^^^^^^^^ help: try naming the parameter or explicitly ignoring it: `_: Self::Metadata`
[INFO] [stderr]    |
[INFO] [stderr]    = warning: this is accepted in the current edition (Rust 2015) but is a hard error in Rust 2018!
[INFO] [stderr]    = note: for more information, see issue #41686 <https://github.com/rust-lang/rust/issues/41686>
[INFO] [stderr]    = note: `#[warn(anonymous_parameters)]` on by default
[INFO] [stderr] 
[INFO] [stderr] warning: anonymous parameters are deprecated and will be removed in the next edition
[INFO] [stderr]   --> tests/pubsub-macros.rs:20:40
[INFO] [stderr]    |
[INFO] [stderr] 20 |             fn subscribe(&self, Self::Metadata, pubsub::Subscriber<String>, u32, Trailing<u64>);
[INFO] [stderr]    |                                                 ^^^^^^^^^^^^^^^^^^^^^^^^^^ help: try naming the parameter or explicitly ignoring it: `_: pubsub::Subscriber<String>`
[INFO] [stderr]    |
[INFO] [stderr]    = warning: this is accepted in the current edition (Rust 2015) but is a hard error in Rust 2018!
[INFO] [stderr]    = note: for more information, see issue #41686 <https://github.com/rust-lang/rust/issues/41686>
[INFO] [stderr] 
[INFO] [stderr] warning: anonymous parameters are deprecated and will be removed in the next edition
[INFO] [stderr]   --> tests/pubsub-macros.rs:20:68
[INFO] [stderr]    |
[INFO] [stderr] 20 |             fn subscribe(&self, Self::Metadata, pubsub::Subscriber<String>, u32, Trailing<u64>);
[INFO] [stderr]    |                                                                             ^^^ help: try naming the parameter or explicitly ignoring it: `_: u32`
[INFO] [stderr]    |
[INFO] [stderr]    = warning: this is accepted in the current edition (Rust 2015) but is a hard error in Rust 2018!
[INFO] [stderr]    = note: for more information, see issue #41686 <https://github.com/rust-lang/rust/issues/41686>
[INFO] [stderr] 
[INFO] [stderr] warning: anonymous parameters are deprecated and will be removed in the next edition
[INFO] [stderr]   --> tests/pubsub-macros.rs:20:73
[INFO] [stderr]    |
[INFO] [stderr] 20 |             fn subscribe(&self, Self::Metadata, pubsub::Subscriber<String>, u32, Trailing<u64>);
[INFO] [stderr]    |                                                                                  ^^^^^^^^^^^^^ help: try naming the parameter or explicitly ignoring it: `_: Trailing<u64>`
[INFO] [stderr]    |
[INFO] [stderr]    = warning: this is accepted in the current edition (Rust 2015) but is a hard error in Rust 2018!
[INFO] [stderr]    = note: for more information, see issue #41686 <https://github.com/rust-lang/rust/issues/41686>
[INFO] [stderr] 
[INFO] [stderr] warning: anonymous parameters are deprecated and will be removed in the next edition
[INFO] [stderr]   --> tests/pubsub-macros.rs:24:26
[INFO] [stderr]    |
[INFO] [stderr] 24 |             fn unsubscribe(&self, SubscriptionId) -> Result<bool>;
[INFO] [stderr]    |                                   ^^^^^^^^^^^^^^ help: try naming the parameter or explicitly ignoring it: `_: SubscriptionId`
[INFO] [stderr]    |
[INFO] [stderr]    = warning: this is accepted in the current edition (Rust 2015) but is a hard error in Rust 2018!
[INFO] [stderr]    = note: for more information, see issue #41686 <https://github.com/rust-lang/rust/issues/41686>
[INFO] [stderr] 
[INFO] [stderr] warning: anonymous parameters are deprecated and will be removed in the next edition
[INFO] [stderr]   --> examples/pubsub-macros.rs:35:17
[INFO] [stderr]    |
[INFO] [stderr] 35 |         fn add(&self, u64, u64) -> Result<u64>;
[INFO] [stderr]    |                       ^^^ help: try naming the parameter or explicitly ignoring it: `_: u64`
[INFO] [stderr]    |
[INFO] [stderr]    = warning: this is accepted in the current edition (Rust 2015) but is a hard error in Rust 2018!
[INFO] [stderr]    = note: for more information, see issue #41686 <https://github.com/rust-lang/rust/issues/41686>
[INFO] [stderr]    = note: `#[warn(anonymous_parameters)]` on by default
[INFO] [stderr] 
[INFO] [stderr] warning: anonymous parameters are deprecated and will be removed in the next edition
[INFO] [stderr]   --> examples/pubsub-macros.rs:35:22
[INFO] [stderr]    |
[INFO] [stderr] 35 |         fn add(&self, u64, u64) -> Result<u64>;
[INFO] [stderr]    |                            ^^^ help: try naming the parameter or explicitly ignoring it: `_: u64`
[INFO] [stderr]    |
[INFO] [stderr]    = warning: this is accepted in the current edition (Rust 2015) but is a hard error in Rust 2018!
[INFO] [stderr]    = note: for more information, see issue #41686 <https://github.com/rust-lang/rust/issues/41686>
[INFO] [stderr] 
[INFO] [stderr] warning: anonymous parameters are deprecated and will be removed in the next edition
[INFO] [stderr]   --> examples/pubsub-macros.rs:40:24
[INFO] [stderr]    |
[INFO] [stderr] 40 |             fn subscribe(&self, Self::Metadata, pubsub::Subscriber<String>, u64);
[INFO] [stderr]    |                                 ^^^^^^^^^^^^^^ help: try naming the parameter or explicitly ignoring it: `_: Self::Metadata`
[INFO] [stderr]    |
[INFO] [stderr]    = warning: this is accepted in the current edition (Rust 2015) but is a hard error in Rust 2018!
[INFO] [stderr]    = note: for more information, see issue #41686 <https://github.com/rust-lang/rust/issues/41686>
[INFO] [stderr] 
[INFO] [stderr] warning: anonymous parameters are deprecated and will be removed in the next edition
[INFO] [stderr]   --> examples/pubsub-macros.rs:40:40
[INFO] [stderr]    |
[INFO] [stderr] 40 |             fn subscribe(&self, Self::Metadata, pubsub::Subscriber<String>, u64);
[INFO] [stderr]    |                                                 ^^^^^^^^^^^^^^^^^^^^^^^^^^ help: try naming the parameter or explicitly ignoring it: `_: pubsub::Subscriber<String>`
[INFO] [stderr]    |
[INFO] [stderr]    = warning: this is accepted in the current edition (Rust 2015) but is a hard error in Rust 2018!
[INFO] [stderr]    = note: for more information, see issue #41686 <https://github.com/rust-lang/rust/issues/41686>
[INFO] [stderr] 
[INFO] [stderr] warning: anonymous parameters are deprecated and will be removed in the next edition
[INFO] [stderr]   --> examples/pubsub-macros.rs:40:68
[INFO] [stderr]    |
[INFO] [stderr] 40 |             fn subscribe(&self, Self::Metadata, pubsub::Subscriber<String>, u64);
[INFO] [stderr]    |                                                                             ^^^ help: try naming the parameter or explicitly ignoring it: `_: u64`
[INFO] [stderr]    |
[INFO] [stderr]    = warning: this is accepted in the current edition (Rust 2015) but is a hard error in Rust 2018!
[INFO] [stderr]    = note: for more information, see issue #41686 <https://github.com/rust-lang/rust/issues/41686>
[INFO] [stderr] 
[INFO] [stderr] warning: anonymous parameters are deprecated and will be removed in the next edition
[INFO] [stderr]   --> examples/pubsub-macros.rs:44:26
[INFO] [stderr]    |
[INFO] [stderr] 44 |             fn unsubscribe(&self, SubscriptionId) -> Result<bool>;
[INFO] [stderr]    |                                   ^^^^^^^^^^^^^^ help: try naming the parameter or explicitly ignoring it: `_: SubscriptionId`
[INFO] [stderr]    |
[INFO] [stderr]    = warning: this is accepted in the current edition (Rust 2015) but is a hard error in Rust 2018!
[INFO] [stderr]    = note: for more information, see issue #41686 <https://github.com/rust-lang/rust/issues/41686>
[INFO] [stderr] 
[INFO] [stderr] warning: `rs-jsonrpc-macros` (example "meta-macros") generated 7 warnings (run `cargo fix --example "meta-macros"` to apply 7 suggestions)
[INFO] [stderr] warning: `rs-jsonrpc-macros` (example "std") generated 3 warnings (run `cargo fix --example "std"` to apply 3 suggestions)
[INFO] [stderr] warning: `rs-jsonrpc-macros` (test "pubsub-macros") generated 5 warnings (run `cargo fix --test "pubsub-macros"` to apply 5 suggestions)
[INFO] [stderr] warning: `rs-jsonrpc-macros` (example "pubsub-macros") generated 6 warnings (run `cargo fix --example "pubsub-macros"` to apply 6 suggestions)
[INFO] [stderr] warning: `rs-jsonrpc-macros` (lib test) generated 2 warnings (2 duplicates)
[INFO] [stderr]     Finished `test` profile [unoptimized + debuginfo] target(s) in 0.08s
[INFO] [stderr]      Running unittests src/lib.rs (/opt/rustwide/target/debug/deps/rs_jsonrpc_macros-57f743ff51567766)
[INFO] [stderr]      Running tests/pubsub-macros.rs (/opt/rustwide/target/debug/deps/pubsub_macros-f1aa0cc707ed327b)
[INFO] [stderr] error: test failed, to rerun pass `--test pubsub-macros`
[INFO] [stdout] test test_invalid_trailing_pubsub_params ... FAILED
[INFO] [stdout] 
[INFO] [stdout] failures:
[INFO] [stdout] 
[INFO] [stdout] ---- test_invalid_trailing_pubsub_params stdout ----
[INFO] [stdout] thread 'test_invalid_trailing_pubsub_params' panicked at tests/pubsub-macros.rs:74:78:
[INFO] [stdout] called `Result::unwrap()` on an `Err` value: Error("", line: 0, column: 0)
[INFO] [stdout] stack backtrace:
[INFO] [stdout]    0:     0x626408f1edfa - std::backtrace_rs::backtrace::libunwind::trace::h207520d6e9873551
[INFO] [stdout]                                at /rustc/df4ca44d3fbc9301ee17f30f4d474e6ae4b05252/library/std/src/../../backtrace/src/backtrace/libunwind.rs:116:5
[INFO] [stdout]    1:     0x626408f1edfa - std::backtrace_rs::backtrace::trace_unsynchronized::h2ed7433f370e3eca
[INFO] [stdout]                                at /rustc/df4ca44d3fbc9301ee17f30f4d474e6ae4b05252/library/std/src/../../backtrace/src/backtrace/mod.rs:66:5
[INFO] [stdout]    2:     0x626408f1edfa - std::sys::backtrace::_print_fmt::h916fac51166b18d7
[INFO] [stdout]                                at /rustc/df4ca44d3fbc9301ee17f30f4d474e6ae4b05252/library/std/src/sys/backtrace.rs:66:9
[INFO] [stdout]    3:     0x626408f1edfa - <std::sys::backtrace::BacktraceLock::print::DisplayBacktrace as core::fmt::Display>::fmt::ha0a4c9b8ce3802e6
[INFO] [stdout]                                at /rustc/df4ca44d3fbc9301ee17f30f4d474e6ae4b05252/library/std/src/sys/backtrace.rs:39:26
[INFO] [stdout]    4:     0x626408f45da3 - core::fmt::rt::Argument::fmt::h4cfc8587d52b3eb5
[INFO] [stdout]                                at /rustc/df4ca44d3fbc9301ee17f30f4d474e6ae4b05252/library/core/src/fmt/rt.rs:177:76
[INFO] [stdout]    5:     0x626408f45da3 - core::fmt::write::h522cc39e5b36ae9f
[INFO] [stdout]                                at /rustc/df4ca44d3fbc9301ee17f30f4d474e6ae4b05252/library/core/src/fmt/mod.rs:1190:21
[INFO] [stdout]    6:     0x626408f1ba33 - std::io::Write::write_fmt::h7d3c26752da97734
[INFO] [stdout]                                at /rustc/df4ca44d3fbc9301ee17f30f4d474e6ae4b05252/library/std/src/io/mod.rs:1839:15
[INFO] [stdout]    7:     0x626408f1ec42 - std::sys::backtrace::BacktraceLock::print::h4b9e00b29e9c0942
[INFO] [stdout]                                at /rustc/df4ca44d3fbc9301ee17f30f4d474e6ae4b05252/library/std/src/sys/backtrace.rs:42:9
[INFO] [stdout]    8:     0x626408f2028a - std::panicking::default_hook::{{closure}}::hb59b88280d0324d9
[INFO] [stdout]                                at /rustc/df4ca44d3fbc9301ee17f30f4d474e6ae4b05252/library/std/src/panicking.rs:268:22
[INFO] [stdout]    9:     0x626408f20094 - std::panicking::default_hook::he1dd496665be4a29
[INFO] [stdout]                                at /rustc/df4ca44d3fbc9301ee17f30f4d474e6ae4b05252/library/std/src/panicking.rs:292:9
[INFO] [stdout]   10:     0x626408e6d2d9 - <alloc::boxed::Box<F,A> as core::ops::function::Fn<Args>>::call::h4ff71de18744e1dc
[INFO] [stdout]                                at /rustc/df4ca44d3fbc9301ee17f30f4d474e6ae4b05252/library/alloc/src/boxed.rs:2468:9
[INFO] [stdout]   11:     0x626408e6d2d9 - test::test_main::{{closure}}::hcf7c055ce117aa81
[INFO] [stdout]                                at /rustc/df4ca44d3fbc9301ee17f30f4d474e6ae4b05252/library/test/src/lib.rs:133:21
[INFO] [stdout]   12:     0x626408f20988 - <alloc::boxed::Box<F,A> as core::ops::function::Fn<Args>>::call::h1d66c6bbd60c9692
[INFO] [stdout]                                at /rustc/df4ca44d3fbc9301ee17f30f4d474e6ae4b05252/library/alloc/src/boxed.rs:2468:9
[INFO] [stdout]   13:     0x626408f20988 - std::panicking::rust_panic_with_hook::h2ff17fe8f26dfcf8
[INFO] [stdout]                                at /rustc/df4ca44d3fbc9301ee17f30f4d474e6ae4b05252/library/std/src/panicking.rs:809:13
[INFO] [stdout]   14:     0x626408f2074a - std::panicking::begin_panic_handler::{{closure}}::h4fad77951c07e101
[INFO] [stdout]                                at /rustc/df4ca44d3fbc9301ee17f30f4d474e6ae4b05252/library/std/src/panicking.rs:674:13
[INFO] [stdout]   15:     0x626408f1f2d9 - std::sys::backtrace::__rust_end_short_backtrace::hb1a25b3da5d0ea08
[INFO] [stdout]                                at /rustc/df4ca44d3fbc9301ee17f30f4d474e6ae4b05252/library/std/src/sys/backtrace.rs:170:18
[INFO] [stdout]   16:     0x626408f203dc - rust_begin_unwind
[INFO] [stdout]                                at /rustc/df4ca44d3fbc9301ee17f30f4d474e6ae4b05252/library/std/src/panicking.rs:665:5
[INFO] [stdout]   17:     0x626408f44450 - core::panicking::panic_fmt::ha9db07b529f9b256
[INFO] [stdout]                                at /rustc/df4ca44d3fbc9301ee17f30f4d474e6ae4b05252/library/core/src/panicking.rs:75:14
[INFO] [stdout]   18:     0x626408f44896 - core::result::unwrap_failed::h5e8218e4d4338b8a
[INFO] [stdout]                                at /rustc/df4ca44d3fbc9301ee17f30f4d474e6ae4b05252/library/core/src/result.rs:1698:5
[INFO] [stdout]   19:     0x626408e12629 - core::result::Result<T,E>::unwrap::hbdc56521a35ddd95
[INFO] [stdout]                                at /rustc/df4ca44d3fbc9301ee17f30f4d474e6ae4b05252/library/core/src/result.rs:1103:23
[INFO] [stdout]   20:     0x626408e12629 - pubsub_macros::test_invalid_trailing_pubsub_params::hb04e35da287c8653
[INFO] [stdout]                                at /opt/rustwide/workdir/tests/pubsub-macros.rs:74:44
[INFO] [stdout]   21:     0x626408e12477 - pubsub_macros::test_invalid_trailing_pubsub_params::{{closure}}::h9cd0aa9a24e7d015
[INFO] [stdout]                                at /opt/rustwide/workdir/tests/pubsub-macros.rs:55:41
[INFO] [stdout]   22:     0x626408e168f6 - core::ops::function::FnOnce::call_once::h32337790001582b2
[INFO] [stdout]                                at /rustc/df4ca44d3fbc9301ee17f30f4d474e6ae4b05252/library/core/src/ops/function.rs:250:5
[INFO] [stdout]   23:     0x626408e71bab - core::ops::function::FnOnce::call_once::h22c3ba5715e93f05
[INFO] [stdout]                                at /rustc/df4ca44d3fbc9301ee17f30f4d474e6ae4b05252/library/core/src/ops/function.rs:250:5
[INFO] [stdout]   24:     0x626408e71bab - test::__rust_begin_short_backtrace::h8e82d8113d0da17f
[INFO] [stdout]                                at /rustc/df4ca44d3fbc9301ee17f30f4d474e6ae4b05252/library/test/src/lib.rs:621:18
[INFO] [stdout]   25:     0x626408e71527 - test::run_test_in_process::{{closure}}::h33235f4f20b7b7c7
[INFO] [stdout]                                at /rustc/df4ca44d3fbc9301ee17f30f4d474e6ae4b05252/library/test/src/lib.rs:644:60
[INFO] [stdout]   26:     0x626408e71527 - <core::panic::unwind_safe::AssertUnwindSafe<F> as core::ops::function::FnOnce<()>>::call_once::hb5043206310c586f
[INFO] [stdout]                                at /rustc/df4ca44d3fbc9301ee17f30f4d474e6ae4b05252/library/core/src/panic/unwind_safe.rs:272:9
[INFO] [stdout]   27:     0x626408e71527 - std::panicking::try::do_call::h9ad4731a60ab23e2
[INFO] [stdout]                                at /rustc/df4ca44d3fbc9301ee17f30f4d474e6ae4b05252/library/std/src/panicking.rs:557:40
[INFO] [stdout]   28:     0x626408e71527 - std::panicking::try::h3824d23db772a716
[INFO] [stdout]                                at /rustc/df4ca44d3fbc9301ee17f30f4d474e6ae4b05252/library/std/src/panicking.rs:520:19
[INFO] [stdout]   29:     0x626408e71527 - std::panic::catch_unwind::h5afd514605fde46b
[INFO] [stdout]                                at /rustc/df4ca44d3fbc9301ee17f30f4d474e6ae4b05252/library/std/src/panic.rs:358:14
[INFO] [stdout]   30:     0x626408e71527 - test::run_test_in_process::h0d5cbfa7067d1720
[INFO] [stdout]                                at /rustc/df4ca44d3fbc9301ee17f30f4d474e6ae4b05252/library/test/src/lib.rs:644:27
[INFO] [stdout]   31:     0x626408e71527 - test::run_test::{{closure}}::h708eb8872708115d
[INFO] [stdout]                                at /rustc/df4ca44d3fbc9301ee17f30f4d474e6ae4b05252/library/test/src/lib.rs:565:43
[INFO] [stdout]   32:     0x626408e34c44 - test::run_test::{{closure}}::h392c51cee94713ab
[INFO] [stdout]                                at /rustc/df4ca44d3fbc9301ee17f30f4d474e6ae4b05252/library/test/src/lib.rs:595:41
[INFO] [stdout]   33:     0x626408e34c44 - std::sys::backtrace::__rust_begin_short_backtrace::h2f40290710935a8b
[INFO] [stdout]                                at /rustc/df4ca44d3fbc9301ee17f30f4d474e6ae4b05252/library/std/src/sys/backtrace.rs:154:18
[INFO] [stdout]   34:     0x626408e383ee - std::thread::Builder::spawn_unchecked_::{{closure}}::{{closure}}::h3fd968d89053a903
[INFO] [stdout]                                at /rustc/df4ca44d3fbc9301ee17f30f4d474e6ae4b05252/library/std/src/thread/mod.rs:541:17
[INFO] [stdout]   35:     0x626408e383ee - <core::panic::unwind_safe::AssertUnwindSafe<F> as core::ops::function::FnOnce<()>>::call_once::h743f637ba4229880
[INFO] [stdout]                                at /rustc/df4ca44d3fbc9301ee17f30f4d474e6ae4b05252/library/core/src/panic/unwind_safe.rs:272:9
[INFO] [stdout]   36:     0x626408e383ee - std::panicking::try::do_call::h07440897322525a6
[INFO] [stdout]                                at /rustc/df4ca44d3fbc9301ee17f30f4d474e6ae4b05252/library/std/src/panicking.rs:557:40
[INFO] [stdout]   37:     0x626408e383ee - std::panicking::try::he5a2e00188156637
[INFO] [stdout]                                at /rustc/df4ca44d3fbc9301ee17f30f4d474e6ae4b05252/library/std/src/panicking.rs:520:19
[INFO] [stdout]   38:     0x626408e383ee - std::panic::catch_unwind::hbaf3cae49b3c6433
[INFO] [stdout]                                at /rustc/df4ca44d3fbc9301ee17f30f4d474e6ae4b05252/library/std/src/panic.rs:358:14
[INFO] [stdout]   39:     0x626408e383ee - std::thread::Builder::spawn_unchecked_::{{closure}}::h8e141ea224820bce
[INFO] [stdout]                                at /rustc/df4ca44d3fbc9301ee17f30f4d474e6ae4b05252/library/std/src/thread/mod.rs:540:30
[INFO] [stdout]   40:     0x626408e383ee - core::ops::function::FnOnce::call_once{{vtable.shim}}::h90d312fedd7b8ea8
[INFO] [stdout]                                at /rustc/df4ca44d3fbc9301ee17f30f4d474e6ae4b05252/library/core/src/ops/function.rs:250:5
[INFO] [stdout]   41:     0x626408f2478b - <alloc::boxed::Box<F,A> as core::ops::function::FnOnce<Args>>::call_once::h69aa08ddb6adb8b6
[INFO] [stdout]                                at /rustc/df4ca44d3fbc9301ee17f30f4d474e6ae4b05252/library/alloc/src/boxed.rs:2454:9
[INFO] [stdout]   42:     0x626408f2478b - <alloc::boxed::Box<F,A> as core::ops::function::FnOnce<Args>>::call_once::h5aa36efdb79c806f
[INFO] [stdout]                                at /rustc/df4ca44d3fbc9301ee17f30f4d474e6ae4b05252/library/alloc/src/boxed.rs:2454:9
[INFO] [stdout]   43:     0x626408f2478b - std::sys::pal::unix::thread::Thread::new::thread_start::h6cd80a1b4be5158d
[INFO] [stdout]                                at /rustc/df4ca44d3fbc9301ee17f30f4d474e6ae4b05252/library/std/src/sys/pal/unix/thread.rs:105:17
[INFO] [stdout]   44:     0x7767b99f3ac3 - <unknown>
[INFO] [stdout]   45:     0x7767b9a84a04 - clone
[INFO] [stdout]   46:                0x0 - <unknown>
[INFO] [stdout] 
[INFO] [stdout] 
[INFO] [stdout] failures:
[INFO] [stdout]     test_invalid_trailing_pubsub_params
[INFO] [stdout] 
[INFO] [stdout] test result: FAILED. 0 passed; 1 failed; 0 ignored; 0 measured; 0 filtered out; finished in 0.02s
[INFO] [stdout] 
[INFO] running `Command { std: "docker" "inspect" "95e44aba8a8e186d3f25029059407a420fc8f318cac1e26ac889599062638f1b", kill_on_drop: false }`
[INFO] running `Command { std: "docker" "rm" "-f" "95e44aba8a8e186d3f25029059407a420fc8f318cac1e26ac889599062638f1b", kill_on_drop: false }`
[INFO] [stdout] 95e44aba8a8e186d3f25029059407a420fc8f318cac1e26ac889599062638f1b
