[INFO] fetching crate rrs-succinct 0.1.0...
[INFO] testing rrs-succinct-0.1.0 against nightly-2024-10-28+rustflags=-Zrandomize-layout for randomize-layout
[INFO] extracting crate rrs-succinct 0.1.0 into /workspace/builds/worker-6-tc2/source
[INFO] validating manifest of crates.io crate rrs-succinct 0.1.0 on toolchain nightly-2024-10-28
[INFO] running `Command { std: CARGO_HOME="/workspace/cargo-home" RUSTUP_HOME="/workspace/rustup-home" "/workspace/cargo-home/bin/cargo" "+nightly-2024-10-28" "metadata" "--manifest-path" "Cargo.toml" "--no-deps", kill_on_drop: false }`
[INFO] started tweaking crates.io crate rrs-succinct 0.1.0
[INFO] finished tweaking crates.io crate rrs-succinct 0.1.0
[INFO] tweaked toml for crates.io crate rrs-succinct 0.1.0 written to /workspace/builds/worker-6-tc2/source/Cargo.toml
[INFO] running `Command { std: CARGO_HOME="/workspace/cargo-home" RUSTUP_HOME="/workspace/rustup-home" "/workspace/cargo-home/bin/cargo" "+nightly-2024-10-28" "generate-lockfile" "--manifest-path" "Cargo.toml", kill_on_drop: false }`
[INFO] [stderr]     Updating crates.io index
[INFO] [stderr]      Locking 17 packages to latest compatible versions
[INFO] [stderr]       Adding num_enum v0.5.11 (available: v0.7.3)
[INFO] running `Command { std: CARGO_HOME="/workspace/cargo-home" RUSTUP_HOME="/workspace/rustup-home" "/workspace/cargo-home/bin/cargo" "+nightly-2024-10-28" "fetch" "--manifest-path" "Cargo.toml", kill_on_drop: false }`
[INFO] running `Command { std: "docker" "create" "-v" "/var/lib/crater-agent-workspace/builds/worker-6-tc2/target:/opt/rustwide/target:rw,Z" "-v" "/var/lib/crater-agent-workspace/builds/worker-6-tc2/source:/opt/rustwide/workdir:ro,Z" "-v" "/var/lib/crater-agent-workspace/cargo-home:/opt/rustwide/cargo-home:ro,Z" "-v" "/var/lib/crater-agent-workspace/rustup-home:/opt/rustwide/rustup-home:ro,Z" "-e" "SOURCE_DIR=/opt/rustwide/workdir" "-e" "CARGO_TARGET_DIR=/opt/rustwide/target" "-e" "CARGO_HOME=/opt/rustwide/cargo-home" "-e" "RUSTUP_HOME=/opt/rustwide/rustup-home" "-w" "/opt/rustwide/workdir" "-m" "1610612736" "--user" "0:0" "--network" "none" "ghcr.io/rust-lang/crates-build-env/linux@sha256:4a844ea9eb2546a2d2c7022eacef16ef2e8229c7fbb2c7d4d55a9ceca922f72d" "/opt/rustwide/cargo-home/bin/cargo" "+nightly-2024-10-28" "metadata" "--no-deps" "--format-version=1", kill_on_drop: false }`
[INFO] [stdout] 0c8d8dbadae27a989a18775071c56293e16e6d7407e6116bf09b910d64350b47
[INFO] running `Command { std: "docker" "start" "-a" "0c8d8dbadae27a989a18775071c56293e16e6d7407e6116bf09b910d64350b47", kill_on_drop: false }`
[INFO] running `Command { std: "docker" "inspect" "0c8d8dbadae27a989a18775071c56293e16e6d7407e6116bf09b910d64350b47", kill_on_drop: false }`
[INFO] running `Command { std: "docker" "rm" "-f" "0c8d8dbadae27a989a18775071c56293e16e6d7407e6116bf09b910d64350b47", kill_on_drop: false }`
[INFO] [stdout] 0c8d8dbadae27a989a18775071c56293e16e6d7407e6116bf09b910d64350b47
[INFO] running `Command { std: "docker" "create" "-v" "/var/lib/crater-agent-workspace/builds/worker-6-tc2/target:/opt/rustwide/target:rw,Z" "-v" "/var/lib/crater-agent-workspace/builds/worker-6-tc2/source:/opt/rustwide/workdir:ro,Z" "-v" "/var/lib/crater-agent-workspace/cargo-home:/opt/rustwide/cargo-home:ro,Z" "-v" "/var/lib/crater-agent-workspace/rustup-home:/opt/rustwide/rustup-home:ro,Z" "-e" "SOURCE_DIR=/opt/rustwide/workdir" "-e" "CARGO_TARGET_DIR=/opt/rustwide/target" "-e" "CARGO_INCREMENTAL=0" "-e" "RUST_BACKTRACE=full" "-e" "RUSTFLAGS=--cap-lints=forbid -Zrandomize-layout" "-e" "RUSTDOCFLAGS=--cap-lints=forbid" "-e" "CARGO_HOME=/opt/rustwide/cargo-home" "-e" "RUSTUP_HOME=/opt/rustwide/rustup-home" "-w" "/opt/rustwide/workdir" "-m" "1610612736" "--user" "0:0" "--network" "none" "ghcr.io/rust-lang/crates-build-env/linux@sha256:4a844ea9eb2546a2d2c7022eacef16ef2e8229c7fbb2c7d4d55a9ceca922f72d" "/opt/rustwide/cargo-home/bin/cargo" "+nightly-2024-10-28" "build" "--frozen" "--message-format=json", kill_on_drop: false }`
[INFO] [stdout] 7fa175529fdec8ffd40f081477c6de4d36efcd0f82707013a5944fe352fd48f6
[INFO] running `Command { std: "docker" "start" "-a" "7fa175529fdec8ffd40f081477c6de4d36efcd0f82707013a5944fe352fd48f6", kill_on_drop: false }`
[INFO] [stderr]    Compiling hashbrown v0.15.0
[INFO] [stderr]    Compiling equivalent v1.0.1
[INFO] [stderr]    Compiling syn v1.0.109
[INFO] [stderr]    Compiling toml_datetime v0.6.8
[INFO] [stderr]    Compiling winnow v0.5.40
[INFO] [stderr]    Compiling once_cell v1.20.2
[INFO] [stderr]    Compiling paste v1.0.15
[INFO] [stderr]    Compiling downcast-rs v1.2.1
[INFO] [stderr]    Compiling indexmap v2.6.0
[INFO] [stderr]    Compiling toml_edit v0.19.15
[INFO] [stderr]    Compiling proc-macro-crate v1.3.1
[INFO] [stderr]    Compiling num_enum_derive v0.5.11
[INFO] [stderr]    Compiling num_enum v0.5.11
[INFO] [stderr]    Compiling rrs-succinct v0.1.0 (/opt/rustwide/workdir)
[INFO] [stdout] warning: unused import: `CSRAddr`
[INFO] [stdout]   --> src/instruction_executor.rs:50:19
[INFO] [stdout]    |
[INFO] [stdout] 50 | use super::csrs::{CSRAddr, ExceptionCause, MIx, PrivLevel};
[INFO] [stdout]    |                   ^^^^^^^
[INFO] [stdout]    |
[INFO] [stdout]    = note: `#[warn(unused_imports)]` on by default
[INFO] [stdout] 
[INFO] [stdout] 
[INFO] [stderr]     Finished `dev` profile [unoptimized + debuginfo] target(s) in 7.22s
[INFO] running `Command { std: "docker" "inspect" "7fa175529fdec8ffd40f081477c6de4d36efcd0f82707013a5944fe352fd48f6", kill_on_drop: false }`
[INFO] running `Command { std: "docker" "rm" "-f" "7fa175529fdec8ffd40f081477c6de4d36efcd0f82707013a5944fe352fd48f6", kill_on_drop: false }`
[INFO] [stdout] 7fa175529fdec8ffd40f081477c6de4d36efcd0f82707013a5944fe352fd48f6
[INFO] running `Command { std: "docker" "create" "-v" "/var/lib/crater-agent-workspace/builds/worker-6-tc2/target:/opt/rustwide/target:rw,Z" "-v" "/var/lib/crater-agent-workspace/builds/worker-6-tc2/source:/opt/rustwide/workdir:ro,Z" "-v" "/var/lib/crater-agent-workspace/cargo-home:/opt/rustwide/cargo-home:ro,Z" "-v" "/var/lib/crater-agent-workspace/rustup-home:/opt/rustwide/rustup-home:ro,Z" "-e" "SOURCE_DIR=/opt/rustwide/workdir" "-e" "CARGO_TARGET_DIR=/opt/rustwide/target" "-e" "CARGO_INCREMENTAL=0" "-e" "RUST_BACKTRACE=full" "-e" "RUSTFLAGS=--cap-lints=forbid -Zrandomize-layout" "-e" "RUSTDOCFLAGS=--cap-lints=forbid" "-e" "CARGO_HOME=/opt/rustwide/cargo-home" "-e" "RUSTUP_HOME=/opt/rustwide/rustup-home" "-w" "/opt/rustwide/workdir" "-m" "1610612736" "--user" "0:0" "--network" "none" "ghcr.io/rust-lang/crates-build-env/linux@sha256:4a844ea9eb2546a2d2c7022eacef16ef2e8229c7fbb2c7d4d55a9ceca922f72d" "/opt/rustwide/cargo-home/bin/cargo" "+nightly-2024-10-28" "test" "--frozen" "--no-run" "--message-format=json", kill_on_drop: false }`
[INFO] [stdout] 3413672fffd8a075220b6df031dd5551eadbe3e4d83a438e0e1d74ccfe90cb6f
[INFO] running `Command { std: "docker" "start" "-a" "3413672fffd8a075220b6df031dd5551eadbe3e4d83a438e0e1d74ccfe90cb6f", kill_on_drop: false }`
[INFO] [stderr]    Compiling rrs-succinct v0.1.0 (/opt/rustwide/workdir)
[INFO] [stdout] warning: unused import: `CSRAddr`
[INFO] [stdout]   --> src/instruction_executor.rs:50:19
[INFO] [stdout]    |
[INFO] [stdout] 50 | use super::csrs::{CSRAddr, ExceptionCause, MIx, PrivLevel};
[INFO] [stdout]    |                   ^^^^^^^
[INFO] [stdout]    |
[INFO] [stdout]    = note: `#[warn(unused_imports)]` on by default
[INFO] [stdout] 
[INFO] [stdout] 
[INFO] [stdout] warning: unused import: `CSRAddr`
[INFO] [stdout]   --> src/instruction_executor.rs:50:19
[INFO] [stdout]    |
[INFO] [stdout] 50 | use super::csrs::{CSRAddr, ExceptionCause, MIx, PrivLevel};
[INFO] [stdout]    |                   ^^^^^^^
[INFO] [stdout]    |
[INFO] [stdout]    = note: `#[warn(unused_imports)]` on by default
[INFO] [stdout] 
[INFO] [stdout] 
[INFO] [stderr]     Finished `test` profile [unoptimized + debuginfo] target(s) in 0.57s
[INFO] running `Command { std: "docker" "inspect" "3413672fffd8a075220b6df031dd5551eadbe3e4d83a438e0e1d74ccfe90cb6f", kill_on_drop: false }`
[INFO] running `Command { std: "docker" "rm" "-f" "3413672fffd8a075220b6df031dd5551eadbe3e4d83a438e0e1d74ccfe90cb6f", kill_on_drop: false }`
[INFO] [stdout] 3413672fffd8a075220b6df031dd5551eadbe3e4d83a438e0e1d74ccfe90cb6f
[INFO] running `Command { std: "docker" "create" "-v" "/var/lib/crater-agent-workspace/builds/worker-6-tc2/target:/opt/rustwide/target:rw,Z" "-v" "/var/lib/crater-agent-workspace/builds/worker-6-tc2/source:/opt/rustwide/workdir:ro,Z" "-v" "/var/lib/crater-agent-workspace/cargo-home:/opt/rustwide/cargo-home:ro,Z" "-v" "/var/lib/crater-agent-workspace/rustup-home:/opt/rustwide/rustup-home:ro,Z" "-e" "SOURCE_DIR=/opt/rustwide/workdir" "-e" "CARGO_TARGET_DIR=/opt/rustwide/target" "-e" "CARGO_INCREMENTAL=0" "-e" "RUST_BACKTRACE=full" "-e" "RUSTFLAGS=--cap-lints=forbid -Zrandomize-layout" "-e" "RUSTDOCFLAGS=--cap-lints=forbid" "-e" "CARGO_HOME=/opt/rustwide/cargo-home" "-e" "RUSTUP_HOME=/opt/rustwide/rustup-home" "-w" "/opt/rustwide/workdir" "-m" "1610612736" "--user" "0:0" "--network" "none" "ghcr.io/rust-lang/crates-build-env/linux@sha256:4a844ea9eb2546a2d2c7022eacef16ef2e8229c7fbb2c7d4d55a9ceca922f72d" "/opt/rustwide/cargo-home/bin/cargo" "+nightly-2024-10-28" "test" "--frozen", kill_on_drop: false }`
[INFO] [stdout] bcb6b7be009f76c62d8d5013b2426eece92cce7fdf7f3fbaa41885019ea6ce41
[INFO] running `Command { std: "docker" "start" "-a" "bcb6b7be009f76c62d8d5013b2426eece92cce7fdf7f3fbaa41885019ea6ce41", kill_on_drop: false }`
[INFO] [stderr] warning: unused import: `CSRAddr`
[INFO] [stderr]   --> src/instruction_executor.rs:50:19
[INFO] [stderr]    |
[INFO] [stderr] 50 | use super::csrs::{CSRAddr, ExceptionCause, MIx, PrivLevel};
[INFO] [stderr]    |                   ^^^^^^^
[INFO] [stderr]    |
[INFO] [stderr]    = note: `#[warn(unused_imports)]` on by default
[INFO] [stderr] 
[INFO] [stderr] warning: `rrs-succinct` (lib) generated 1 warning (run `cargo fix --lib -p rrs-succinct` to apply 1 suggestion)
[INFO] [stderr] warning: `rrs-succinct` (lib test) generated 1 warning (1 duplicate)
[INFO] [stderr]     Finished `test` profile [unoptimized + debuginfo] target(s) in 0.02s
[INFO] [stderr]      Running unittests src/lib.rs (/opt/rustwide/target/debug/deps/rrs_succinct-23283b6c7b06b7fc)
[INFO] [stdout] 
[INFO] [stdout] running 21 tests
[INFO] [stdout] test csrs::tests::test_invalid_csr ... ok
[INFO] [stdout] test csrs::tests::test_mcause ... ok
[INFO] [stdout] test csrs::tests::test_mcountinhibit ... ok
[INFO] [stdout] test csrs::tests::test_misa ... ok
[INFO] [stdout] test csrs::tests::test_mix ... ok
[INFO] [stdout] test csrs::tests::test_mstatus ... ok
[INFO] [stdout] test csrs::tests::test_mtvec ... ok
[INFO] [stdout] test csrs::tests::test_mvendorid ... ok
[INFO] [stdout] test instruction_formats::tests::test_btype ... ok
[INFO] [stdout] test instruction_formats::tests::test_itype ... ok
[INFO] [stdout] test instruction_formats::tests::test_itype_shamt ... ok
[INFO] [stdout] test instruction_formats::tests::test_jtype ... ok
[INFO] [stdout] test instruction_formats::tests::test_rtype ... ok
[INFO] [stdout] test instruction_formats::tests::test_stype ... ok
[INFO] [stdout] test instruction_formats::tests::test_utype ... ok
[INFO] [stdout] test instruction_string_outputter::tests::test_insn_string_output ... ok
[INFO] [stdout] test memories::tests::test_memory_space ... ok
[INFO] [stdout] test memories::tests::test_read_to_memory ... ok
[INFO] [stdout] test memories::tests::test_vec_memory ... ok
[INFO] [stdout] test tests::test_csr_insn ... ok
[INFO] [stdout] test tests::test_insn_execute ... ok
[INFO] [stdout] 
[INFO] [stdout] test result: ok. 21 passed; 0 failed; 0 ignored; 0 measured; 0 filtered out; finished in 0.00s
[INFO] [stdout] 
[INFO] [stderr]    Doc-tests rrs_succinct
[INFO] [stdout] 
[INFO] [stdout] running 2 tests
[INFO] [stdout] test src/instruction_executor.rs - instruction_executor (line 14) ... FAILED
[INFO] [stdout] test src/instruction_string_outputter.rs - instruction_string_outputter (line 9) ... FAILED
[INFO] [stdout] 
[INFO] [stdout] failures:
[INFO] [stdout] 
[INFO] [stdout] ---- src/instruction_executor.rs - instruction_executor (line 14) stdout ----
[INFO] [stdout] error[E0433]: failed to resolve: use of undeclared crate or module `rrs_lib`
[INFO] [stdout]  --> src/instruction_executor.rs:16:5
[INFO] [stdout]   |
[INFO] [stdout] 4 | use rrs_lib::memories::VecMemory;
[INFO] [stdout]   |     ^^^^^^^ use of undeclared crate or module `rrs_lib`
[INFO] [stdout] 
[INFO] [stdout] error[E0433]: failed to resolve: use of undeclared crate or module `rrs_lib`
[INFO] [stdout]  --> src/instruction_executor.rs:17:5
[INFO] [stdout]   |
[INFO] [stdout] 5 | use rrs_lib::instruction_executor::{InstructionExecutor, InstructionTrap};
[INFO] [stdout]   |     ^^^^^^^ use of undeclared crate or module `rrs_lib`
[INFO] [stdout] 
[INFO] [stdout] error[E0433]: failed to resolve: use of undeclared crate or module `rrs_lib`
[INFO] [stdout]  --> src/instruction_executor.rs:18:5
[INFO] [stdout]   |
[INFO] [stdout] 6 | use rrs_lib::csrs::ExceptionCause;
[INFO] [stdout]   |     ^^^^^^^ use of undeclared crate or module `rrs_lib`
[INFO] [stdout] 
[INFO] [stdout] error[E0432]: unresolved import `rrs_lib`
[INFO] [stdout]  --> src/instruction_executor.rs:15:5
[INFO] [stdout]   |
[INFO] [stdout] 3 | use rrs_lib::HartState;
[INFO] [stdout]   |     ^^^^^^^ use of undeclared crate or module `rrs_lib`
[INFO] [stdout] 
[INFO] [stdout] error: aborting due to 4 previous errors
[INFO] [stdout] 
[INFO] [stdout] Some errors have detailed explanations: E0432, E0433.
[INFO] [stdout] For more information about an error, try `rustc --explain E0432`.
[INFO] [stdout] Couldn't compile the test.
[INFO] [stdout] ---- src/instruction_string_outputter.rs - instruction_string_outputter (line 9) stdout ----
[INFO] [stdout] error[E0432]: unresolved import `rrs_lib`
[INFO] [stdout]  --> src/instruction_string_outputter.rs:10:5
[INFO] [stdout]   |
[INFO] [stdout] 3 | use rrs_lib;
[INFO] [stdout]   |     ^^^^^^^ no external crate `rrs_lib`
[INFO] [stdout] 
[INFO] [stdout] error: aborting due to 1 previous error
[INFO] [stdout] 
[INFO] [stdout] For more information about this error, try `rustc --explain E0432`.
[INFO] [stdout] Couldn't compile the test.
[INFO] [stdout] 
[INFO] [stdout] failures:
[INFO] [stdout]     src/instruction_executor.rs - instruction_executor (line 14)
[INFO] [stdout]     src/instruction_string_outputter.rs - instruction_string_outputter (line 9)
[INFO] [stdout] 
[INFO] [stdout] test result: FAILED. 0 passed; 2 failed; 0 ignored; 0 measured; 0 filtered out; finished in 0.04s
[INFO] [stdout] 
[INFO] [stderr] error: doctest failed, to rerun pass `--doc`
[INFO] running `Command { std: "docker" "inspect" "bcb6b7be009f76c62d8d5013b2426eece92cce7fdf7f3fbaa41885019ea6ce41", kill_on_drop: false }`
[INFO] running `Command { std: "docker" "rm" "-f" "bcb6b7be009f76c62d8d5013b2426eece92cce7fdf7f3fbaa41885019ea6ce41", kill_on_drop: false }`
[INFO] [stdout] bcb6b7be009f76c62d8d5013b2426eece92cce7fdf7f3fbaa41885019ea6ce41
