[INFO] fetching crate rove 0.1.1...
[INFO] testing rove-0.1.1 against nightly-2024-10-28+rustflags=-Zrandomize-layout for randomize-layout
[INFO] extracting crate rove 0.1.1 into /workspace/builds/worker-2-tc2/source
[INFO] validating manifest of crates.io crate rove 0.1.1 on toolchain nightly-2024-10-28
[INFO] running `Command { std: CARGO_HOME="/workspace/cargo-home" RUSTUP_HOME="/workspace/rustup-home" "/workspace/cargo-home/bin/cargo" "+nightly-2024-10-28" "metadata" "--manifest-path" "Cargo.toml" "--no-deps", kill_on_drop: false }`
[INFO] started tweaking crates.io crate rove 0.1.1
[INFO] finished tweaking crates.io crate rove 0.1.1
[INFO] tweaked toml for crates.io crate rove 0.1.1 written to /workspace/builds/worker-2-tc2/source/Cargo.toml
[INFO] running `Command { std: CARGO_HOME="/workspace/cargo-home" RUSTUP_HOME="/workspace/rustup-home" "/workspace/cargo-home/bin/cargo" "+nightly-2024-10-28" "generate-lockfile" "--manifest-path" "Cargo.toml", kill_on_drop: false }`
[INFO] [stderr]     Blocking waiting for file lock on package cache
[INFO] [stderr]     Updating crates.io index
[INFO] [stderr]     Blocking waiting for file lock on package cache
[INFO] [stderr]      Locking 219 packages to latest compatible versions
[INFO] [stderr]       Adding olympian v0.3.2 (available: v0.4.1)
[INFO] [stderr]       Adding prost v0.10.4 (available: v0.13.3)
[INFO] [stderr]       Adding prost-types v0.10.1 (available: v0.13.3)
[INFO] [stderr]       Adding tonic v0.7.2 (available: v0.12.3)
[INFO] [stderr]       Adding tonic-build v0.7.2 (available: v0.12.3)
[INFO] [stderr]       Adding tower v0.4.13 (available: v0.5.1)
[INFO] running `Command { std: CARGO_HOME="/workspace/cargo-home" RUSTUP_HOME="/workspace/rustup-home" "/workspace/cargo-home/bin/cargo" "+nightly-2024-10-28" "fetch" "--manifest-path" "Cargo.toml", kill_on_drop: false }`
[INFO] [stderr]     Blocking waiting for file lock on package cache
[INFO] running `Command { std: "docker" "create" "-v" "/var/lib/crater-agent-workspace/builds/worker-2-tc2/target:/opt/rustwide/target:rw,Z" "-v" "/var/lib/crater-agent-workspace/builds/worker-2-tc2/source:/opt/rustwide/workdir:ro,Z" "-v" "/var/lib/crater-agent-workspace/cargo-home:/opt/rustwide/cargo-home:ro,Z" "-v" "/var/lib/crater-agent-workspace/rustup-home:/opt/rustwide/rustup-home:ro,Z" "-e" "SOURCE_DIR=/opt/rustwide/workdir" "-e" "CARGO_TARGET_DIR=/opt/rustwide/target" "-e" "CARGO_HOME=/opt/rustwide/cargo-home" "-e" "RUSTUP_HOME=/opt/rustwide/rustup-home" "-w" "/opt/rustwide/workdir" "-m" "1610612736" "--user" "0:0" "--network" "none" "ghcr.io/rust-lang/crates-build-env/linux@sha256:4a844ea9eb2546a2d2c7022eacef16ef2e8229c7fbb2c7d4d55a9ceca922f72d" "/opt/rustwide/cargo-home/bin/cargo" "+nightly-2024-10-28" "metadata" "--no-deps" "--format-version=1", kill_on_drop: false }`
[INFO] [stdout] eb4e174f4e16b7abfac293f59370eeb4efe810c564af166d4ba0fddcf3184dcd
[INFO] running `Command { std: "docker" "start" "-a" "eb4e174f4e16b7abfac293f59370eeb4efe810c564af166d4ba0fddcf3184dcd", kill_on_drop: false }`
[INFO] running `Command { std: "docker" "inspect" "eb4e174f4e16b7abfac293f59370eeb4efe810c564af166d4ba0fddcf3184dcd", kill_on_drop: false }`
[INFO] running `Command { std: "docker" "rm" "-f" "eb4e174f4e16b7abfac293f59370eeb4efe810c564af166d4ba0fddcf3184dcd", kill_on_drop: false }`
[INFO] [stdout] eb4e174f4e16b7abfac293f59370eeb4efe810c564af166d4ba0fddcf3184dcd
[INFO] running `Command { std: "docker" "create" "-v" "/var/lib/crater-agent-workspace/builds/worker-2-tc2/target:/opt/rustwide/target:rw,Z" "-v" "/var/lib/crater-agent-workspace/builds/worker-2-tc2/source:/opt/rustwide/workdir:ro,Z" "-v" "/var/lib/crater-agent-workspace/cargo-home:/opt/rustwide/cargo-home:ro,Z" "-v" "/var/lib/crater-agent-workspace/rustup-home:/opt/rustwide/rustup-home:ro,Z" "-e" "SOURCE_DIR=/opt/rustwide/workdir" "-e" "CARGO_TARGET_DIR=/opt/rustwide/target" "-e" "CARGO_INCREMENTAL=0" "-e" "RUST_BACKTRACE=full" "-e" "RUSTFLAGS=--cap-lints=forbid -Zrandomize-layout" "-e" "RUSTDOCFLAGS=--cap-lints=forbid" "-e" "CARGO_HOME=/opt/rustwide/cargo-home" "-e" "RUSTUP_HOME=/opt/rustwide/rustup-home" "-w" "/opt/rustwide/workdir" "-m" "1610612736" "--user" "0:0" "--network" "none" "ghcr.io/rust-lang/crates-build-env/linux@sha256:4a844ea9eb2546a2d2c7022eacef16ef2e8229c7fbb2c7d4d55a9ceca922f72d" "/opt/rustwide/cargo-home/bin/cargo" "+nightly-2024-10-28" "build" "--frozen" "--message-format=json", kill_on_drop: false }`
[INFO] [stdout] 8be078a889e920337427bf407449c640c8d67f8978d47f90018ffd4853d39b04
[INFO] running `Command { std: "docker" "start" "-a" "8be078a889e920337427bf407449c640c8d67f8978d47f90018ffd4853d39b04", kill_on_drop: false }`
[INFO] [stderr]    Compiling proc-macro2 v1.0.89
[INFO] [stderr]    Compiling unicode-ident v1.0.13
[INFO] [stderr]    Compiling autocfg v1.4.0
[INFO] [stderr]    Compiling cfg-if v1.0.0
[INFO] [stderr]    Compiling libm v0.2.11
[INFO] [stderr]    Compiling pin-project-lite v0.2.15
[INFO] [stderr]    Compiling scopeguard v1.2.0
[INFO] [stderr]    Compiling bytes v1.8.0
[INFO] [stderr]    Compiling crossbeam-utils v0.8.20
[INFO] [stderr]    Compiling smallvec v1.13.2
[INFO] [stderr]    Compiling futures-core v0.3.31
[INFO] [stderr]    Compiling bitflags v1.3.2
[INFO] [stderr]    Compiling lazy_static v1.5.0
[INFO] [stderr]    Compiling semver v1.0.23
[INFO] [stderr]    Compiling either v1.13.0
[INFO] [stderr]    Compiling parking_lot_core v0.9.10
[INFO] [stderr]    Compiling rayon-core v1.12.1
[INFO] [stderr]    Compiling futures-sink v0.3.31
[INFO] [stderr]    Compiling bytemuck v1.19.0
[INFO] [stderr]    Compiling log v0.4.22
[INFO] [stderr]    Compiling syn v1.0.109
[INFO] [stderr]    Compiling anyhow v1.0.92
[INFO] [stderr]    Compiling byteorder v1.5.0
[INFO] [stderr]    Compiling paste v1.0.15
[INFO] [stderr]    Compiling futures-channel v0.3.31
[INFO] [stderr]    Compiling signal-hook-registry v1.4.2
[INFO] [stderr]    Compiling mio v1.0.2
[INFO] [stderr]    Compiling socket2 v0.5.7
[INFO] [stderr]    Compiling memchr v2.7.4
[INFO] [stderr]    Compiling futures-io v0.3.31
[INFO] [stderr]    Compiling equivalent v1.0.1
[INFO] [stderr]    Compiling futures-task v0.3.31
[INFO] [stderr]    Compiling reborrow v0.5.5
[INFO] [stderr]    Compiling hashbrown v0.15.0
[INFO] [stderr]    Compiling lock_api v0.4.12
[INFO] [stderr]    Compiling num-traits v0.2.19
[INFO] [stderr]    Compiling slab v0.4.9
[INFO] [stderr]    Compiling rustc_version v0.4.1
[INFO] [stderr]    Compiling pin-utils v0.1.0
[INFO] [stderr]    Compiling dyn-stack v0.9.1
[INFO] [stderr]    Compiling quote v1.0.37
[INFO] [stderr]    Compiling crossbeam-epoch v0.9.18
[INFO] [stderr]    Compiling itertools v0.10.5
[INFO] [stderr]    Compiling raw-cpuid v10.7.0
[INFO] [stderr]    Compiling parking_lot v0.12.3
[INFO] [stderr]    Compiling once_cell v1.20.2
[INFO] [stderr]    Compiling seq-macro v0.3.5
[INFO] [stderr]    Compiling syn v2.0.86
[INFO] [stderr]    Compiling rustix v0.38.38
[INFO] [stderr]    Compiling crossbeam-deque v0.8.5
[INFO] [stderr]    Compiling itoa v1.0.11
[INFO] [stderr]    Compiling fnv v1.0.7
[INFO] [stderr]    Compiling indexmap v2.6.0
[INFO] [stderr]    Compiling tracing-core v0.1.32
[INFO] [stderr]    Compiling linux-raw-sys v0.4.14
[INFO] [stderr]    Compiling bitflags v2.6.0
[INFO] [stderr]    Compiling shlex v1.3.0
[INFO] [stderr]    Compiling http v0.2.12
[INFO] [stderr]    Compiling cc v1.1.31
[INFO] [stderr]    Compiling getrandom v0.2.15
[INFO] [stderr]    Compiling tower-service v0.3.3
[INFO] [stderr]    Compiling home v0.5.9
[INFO] [stderr]    Compiling assert2-macros v0.3.15
[INFO] [stderr]    Compiling indexmap v1.9.3
[INFO] [stderr]    Compiling rand_core v0.6.4
[INFO] [stderr]    Compiling httparse v1.9.5
[INFO] [stderr]    Compiling regex-syntax v0.8.5
[INFO] [stderr]    Compiling num-complex v0.4.6
[INFO] [stderr]    Compiling half v2.4.1
[INFO] [stderr]    Compiling rayon v1.10.0
[INFO] [stderr]    Compiling hashbrown v0.12.3
[INFO] [stderr]    Compiling fixedbitset v0.4.2
[INFO] [stderr]    Compiling prettyplease v0.1.25
[INFO] [stderr]    Compiling http-body v0.4.6
[INFO] [stderr]    Compiling cmake v0.1.51
[INFO] [stderr]    Compiling fastrand v2.1.1
[INFO] [stderr]    Compiling tower-layer v0.3.3
[INFO] [stderr]    Compiling try-lock v0.2.5
[INFO] [stderr]    Compiling petgraph v0.6.5
[INFO] [stderr]    Compiling want v0.3.1
[INFO] [stderr]    Compiling heapless v0.7.17
[INFO] [stderr]    Compiling is-terminal v0.4.13
[INFO] [stderr]    Compiling yansi v1.0.1
[INFO] [stderr]    Compiling diff v0.1.13
[INFO] [stderr]    Compiling faer-core v0.9.1
[INFO] [stderr]    Compiling serde v1.0.214
[INFO] [stderr]    Compiling multimap v0.8.3
[INFO] [stderr]    Compiling heck v0.4.1
[INFO] [stderr]    Compiling httpdate v1.0.3
[INFO] [stderr]    Compiling pulp v0.13.2
[INFO] [stderr]    Compiling spin v0.9.8
[INFO] [stderr]    Compiling hash32 v0.2.1
[INFO] [stderr]    Compiling http-range-header v0.3.1
[INFO] [stderr]    Compiling aligned-vec v0.5.0
[INFO] [stderr]    Compiling thiserror v1.0.66
[INFO] [stderr]    Compiling coe-rs v0.1.2
[INFO] [stderr]    Compiling stable_deref_trait v1.2.0
[INFO] [stderr]    Compiling mime v0.3.17
[INFO] [stderr]    Compiling percent-encoding v2.3.1
[INFO] [stderr]    Compiling sync_wrapper v0.1.2
[INFO] [stderr]    Compiling iana-time-zone v0.1.61
[INFO] [stderr]    Compiling matchit v0.5.0
[INFO] [stderr]    Compiling base64 v0.13.1
[INFO] [stderr]    Compiling chrono v0.4.38
[INFO] [stderr]    Compiling regex-automata v0.4.8
[INFO] [stderr]    Compiling rstar v0.9.3
[INFO] [stderr]    Compiling which v4.4.2
[INFO] [stderr]    Compiling tempfile v3.13.0
[INFO] [stderr]    Compiling prost-build v0.10.4
[INFO] [stderr]    Compiling chronoutil v0.2.7
[INFO] [stderr]    Compiling gemm-common v0.15.5
[INFO] [stderr]    Compiling gemm-f32 v0.15.5
[INFO] [stderr]    Compiling gemm-c32 v0.15.5
[INFO] [stderr]    Compiling gemm-f64 v0.15.5
[INFO] [stderr]    Compiling gemm-c64 v0.15.5
[INFO] [stderr]    Compiling regex v1.11.1
[INFO] [stderr]    Compiling prost-derive v0.10.1
[INFO] [stderr]    Compiling gemm-f16 v0.15.5
[INFO] [stderr]    Compiling gemm v0.15.5
[INFO] [stderr]    Compiling tokio-macros v2.4.0
[INFO] [stderr]    Compiling futures-macro v0.3.31
[INFO] [stderr]    Compiling tracing-attributes v0.1.27
[INFO] [stderr]    Compiling zerocopy-derive v0.7.35
[INFO] [stderr]    Compiling pin-project-internal v1.1.7
[INFO] [stderr]    Compiling async-trait v0.1.83
[INFO] [stderr]    Compiling async-stream-impl v0.3.6
[INFO] [stderr]    Compiling thiserror-impl v1.0.66
[INFO] [stderr]    Compiling assert2 v0.3.15
[INFO] [stderr]    Compiling prost v0.10.4
[INFO] [stderr]    Compiling tokio v1.41.0
[INFO] [stderr]    Compiling async-stream v0.3.6
[INFO] [stderr]    Compiling futures-util v0.3.31
[INFO] [stderr]    Compiling zerocopy v0.7.35
[INFO] [stderr]    Compiling prost-types v0.10.1
[INFO] [stderr]    Compiling pin-project v1.1.7
[INFO] [stderr]    Compiling tracing v0.1.40
[INFO] [stderr]    Compiling tracing-futures v0.2.5
[INFO] [stderr]    Compiling ppv-lite86 v0.2.20
[INFO] [stderr]    Compiling rand_chacha v0.3.1
[INFO] [stderr]    Compiling rand v0.8.5
[INFO] [stderr]    Compiling tonic-build v0.7.2
[INFO] [stderr]    Compiling faer-lu v0.9.1
[INFO] [stderr]    Compiling rove v0.1.1 (/opt/rustwide/workdir)
[INFO] [stderr]    Compiling olympian v0.3.2
[INFO] [stderr]    Compiling axum-core v0.2.9
[INFO] [stderr]    Compiling futures-executor v0.3.31
[INFO] [stderr]    Compiling futures v0.3.31
[INFO] [stderr]    Compiling tokio-util v0.7.12
[INFO] [stderr]    Compiling tokio-io-timeout v1.2.0
[INFO] [stderr]    Compiling tokio-stream v0.1.16
[INFO] [stderr]    Compiling h2 v0.3.26
[INFO] [stderr]    Compiling tower v0.4.13
[INFO] [stderr]    Compiling tower-http v0.3.5
[INFO] [stderr]    Compiling hyper v0.14.31
[INFO] [stderr]    Compiling axum v0.5.17
[INFO] [stderr]    Compiling hyper-timeout v0.4.1
[INFO] [stderr]    Compiling tonic v0.7.2
[INFO] [stderr]     Finished `dev` profile [unoptimized + debuginfo] target(s) in 22.14s
[INFO] running `Command { std: "docker" "inspect" "8be078a889e920337427bf407449c640c8d67f8978d47f90018ffd4853d39b04", kill_on_drop: false }`
[INFO] running `Command { std: "docker" "rm" "-f" "8be078a889e920337427bf407449c640c8d67f8978d47f90018ffd4853d39b04", kill_on_drop: false }`
[INFO] [stdout] 8be078a889e920337427bf407449c640c8d67f8978d47f90018ffd4853d39b04
[INFO] running `Command { std: "docker" "create" "-v" "/var/lib/crater-agent-workspace/builds/worker-2-tc2/target:/opt/rustwide/target:rw,Z" "-v" "/var/lib/crater-agent-workspace/builds/worker-2-tc2/source:/opt/rustwide/workdir:ro,Z" "-v" "/var/lib/crater-agent-workspace/cargo-home:/opt/rustwide/cargo-home:ro,Z" "-v" "/var/lib/crater-agent-workspace/rustup-home:/opt/rustwide/rustup-home:ro,Z" "-e" "SOURCE_DIR=/opt/rustwide/workdir" "-e" "CARGO_TARGET_DIR=/opt/rustwide/target" "-e" "CARGO_INCREMENTAL=0" "-e" "RUST_BACKTRACE=full" "-e" "RUSTFLAGS=--cap-lints=forbid -Zrandomize-layout" "-e" "RUSTDOCFLAGS=--cap-lints=forbid" "-e" "CARGO_HOME=/opt/rustwide/cargo-home" "-e" "RUSTUP_HOME=/opt/rustwide/rustup-home" "-w" "/opt/rustwide/workdir" "-m" "1610612736" "--user" "0:0" "--network" "none" "ghcr.io/rust-lang/crates-build-env/linux@sha256:4a844ea9eb2546a2d2c7022eacef16ef2e8229c7fbb2c7d4d55a9ceca922f72d" "/opt/rustwide/cargo-home/bin/cargo" "+nightly-2024-10-28" "test" "--frozen" "--no-run" "--message-format=json", kill_on_drop: false }`
[INFO] [stdout] bc45497346ef7c8b85ade079c0c0ea7c26012e34d4bb4dc3fec597a4ef4187ce
[INFO] running `Command { std: "docker" "start" "-a" "bc45497346ef7c8b85ade079c0c0ea7c26012e34d4bb4dc3fec597a4ef4187ce", kill_on_drop: false }`
[INFO] [stderr]    Compiling either v1.13.0
[INFO] [stderr]    Compiling itertools v0.10.5
[INFO] [stderr]    Compiling rustix v0.38.38
[INFO] [stderr]    Compiling linux-raw-sys v0.4.14
[INFO] [stderr]    Compiling bitflags v2.6.0
[INFO] [stderr]    Compiling serde v1.0.214
[INFO] [stderr]    Compiling serde_derive v1.0.214
[INFO] [stderr]    Compiling fastrand v2.1.1
[INFO] [stderr]    Compiling serde_json v1.0.132
[INFO] [stderr]    Compiling ryu v1.0.18
[INFO] [stderr]    Compiling anstyle v1.0.10
[INFO] [stderr]    Compiling regex-syntax v0.8.5
[INFO] [stderr]    Compiling ciborium-io v0.2.2
[INFO] [stderr]    Compiling clap_lex v0.7.2
[INFO] [stderr]    Compiling plotters-backend v0.3.7
[INFO] [stderr]    Compiling cast v0.3.0
[INFO] [stderr]    Compiling same-file v1.0.6
[INFO] [stderr]    Compiling ciborium-ll v0.2.2
[INFO] [stderr]    Compiling walkdir v2.5.0
[INFO] [stderr]    Compiling rayon v1.10.0
[INFO] [stderr]    Compiling clap_builder v4.5.20
[INFO] [stderr]    Compiling anes v0.1.6
[INFO] [stderr]    Compiling oorandom v11.1.4
[INFO] [stderr]    Compiling plotters-svg v0.3.7
[INFO] [stderr]    Compiling plotters v0.3.7
[INFO] [stderr]    Compiling regex-automata v0.4.8
[INFO] [stderr]    Compiling prost-derive v0.10.1
[INFO] [stderr]    Compiling criterion-plot v0.5.0
[INFO] [stderr]    Compiling clap v4.5.20
[INFO] [stderr]    Compiling which v4.4.2
[INFO] [stderr]    Compiling tempfile v3.13.0
[INFO] [stderr]    Compiling prost-build v0.10.4
[INFO] [stderr]    Compiling gemm-common v0.15.5
[INFO] [stderr]    Compiling prost v0.10.4
[INFO] [stderr]    Compiling gemm-f32 v0.15.5
[INFO] [stderr]    Compiling gemm-c32 v0.15.5
[INFO] [stderr]    Compiling gemm-c64 v0.15.5
[INFO] [stderr]    Compiling gemm-f64 v0.15.5
[INFO] [stderr]    Compiling regex v1.11.1
[INFO] [stderr]    Compiling prost-types v0.10.1
[INFO] [stderr]    Compiling gemm-f16 v0.15.5
[INFO] [stderr]    Compiling gemm v0.15.5
[INFO] [stderr]    Compiling faer-core v0.9.1
[INFO] [stderr]    Compiling tonic-build v0.7.2
[INFO] [stderr]    Compiling rove v0.1.1 (/opt/rustwide/workdir)
[INFO] [stderr]    Compiling faer-lu v0.9.1
[INFO] [stderr]    Compiling axum v0.5.17
[INFO] [stderr]    Compiling ciborium v0.2.2
[INFO] [stderr]    Compiling olympian v0.3.2
[INFO] [stderr]    Compiling tinytemplate v1.2.1
[INFO] [stderr]    Compiling criterion v0.5.1
[INFO] [stderr]    Compiling tonic v0.7.2
[INFO] [stderr]     Finished `test` profile [unoptimized + debuginfo] target(s) in 14.02s
[INFO] running `Command { std: "docker" "inspect" "bc45497346ef7c8b85ade079c0c0ea7c26012e34d4bb4dc3fec597a4ef4187ce", kill_on_drop: false }`
[INFO] running `Command { std: "docker" "rm" "-f" "bc45497346ef7c8b85ade079c0c0ea7c26012e34d4bb4dc3fec597a4ef4187ce", kill_on_drop: false }`
[INFO] [stdout] bc45497346ef7c8b85ade079c0c0ea7c26012e34d4bb4dc3fec597a4ef4187ce
[INFO] running `Command { std: "docker" "create" "-v" "/var/lib/crater-agent-workspace/builds/worker-2-tc2/target:/opt/rustwide/target:rw,Z" "-v" "/var/lib/crater-agent-workspace/builds/worker-2-tc2/source:/opt/rustwide/workdir:ro,Z" "-v" "/var/lib/crater-agent-workspace/cargo-home:/opt/rustwide/cargo-home:ro,Z" "-v" "/var/lib/crater-agent-workspace/rustup-home:/opt/rustwide/rustup-home:ro,Z" "-e" "SOURCE_DIR=/opt/rustwide/workdir" "-e" "CARGO_TARGET_DIR=/opt/rustwide/target" "-e" "CARGO_INCREMENTAL=0" "-e" "RUST_BACKTRACE=full" "-e" "RUSTFLAGS=--cap-lints=forbid -Zrandomize-layout" "-e" "RUSTDOCFLAGS=--cap-lints=forbid" "-e" "CARGO_HOME=/opt/rustwide/cargo-home" "-e" "RUSTUP_HOME=/opt/rustwide/rustup-home" "-w" "/opt/rustwide/workdir" "-m" "1610612736" "--user" "0:0" "--network" "none" "ghcr.io/rust-lang/crates-build-env/linux@sha256:4a844ea9eb2546a2d2c7022eacef16ef2e8229c7fbb2c7d4d55a9ceca922f72d" "/opt/rustwide/cargo-home/bin/cargo" "+nightly-2024-10-28" "test" "--frozen", kill_on_drop: false }`
[INFO] [stdout] 12b8c774627ae9bdef3df2ec4fa20c2b3e95f4d90e193be770beb95f56490426
[INFO] running `Command { std: "docker" "start" "-a" "12b8c774627ae9bdef3df2ec4fa20c2b3e95f4d90e193be770beb95f56490426", kill_on_drop: false }`
[INFO] [stderr]     Finished `test` profile [unoptimized + debuginfo] target(s) in 0.16s
[INFO] [stderr]      Running unittests src/lib.rs (/opt/rustwide/target/debug/deps/rove-5f93f9885a1e85c1)
[INFO] [stdout] 
[INFO] [stdout] running 3 tests
[INFO] [stdout] test dag::tests::test_cycle_check ... ok
[INFO] [stdout] test dag::tests::test_transitive_reduce ... ok
[INFO] [stdout] test scheduler::tests::test_construct_subdag ... ok
[INFO] [stdout] 
[INFO] [stdout] test result: ok. 3 passed; 0 failed; 0 ignored; 0 measured; 0 filtered out; finished in 0.00s
[INFO] [stdout] 
[INFO] [stderr]      Running tests/integration_test.rs (/opt/rustwide/target/debug/deps/integration_test-8ff4a4faf4960138)
[INFO] [stdout] 
[INFO] [stdout] running 2 tests
[INFO] [stdout] test integration_test_fake_dag ... ok
[INFO] [stdout] test integration_test_hardcoded_dag ... FAILED
[INFO] [stdout] 
[INFO] [stdout] failures:
[INFO] [stdout] 
[INFO] [stdout] ---- integration_test_hardcoded_dag stdout ----
[INFO] [stdout] thread 'integration_test_hardcoded_dag' panicked at /opt/rustwide/cargo-home/registry/src/index.crates.io-6f17d22bba15001f/faer-lu-0.9.1/src/partial_pivoting/compute.rs:227:56:
[INFO] [stdout] 
[INFO] [stdout] buffer is not large enough to allocate an array of type `usize` of the requested length:
[INFO] [stdout]  - remaining buffer length (after adjusting for alignment): 608,
[INFO] [stdout]  - requested array length: 96 (768 bytes),
[INFO] [stdout] 
[INFO] [stdout] stack backtrace:
[INFO] [stdout]    0:     0x58ec923b5b7a - std::backtrace_rs::backtrace::libunwind::trace::h207520d6e9873551
[INFO] [stdout]                                at /rustc/df4ca44d3fbc9301ee17f30f4d474e6ae4b05252/library/std/src/../../backtrace/src/backtrace/libunwind.rs:116:5
[INFO] [stdout]    1:     0x58ec923b5b7a - std::backtrace_rs::backtrace::trace_unsynchronized::h2ed7433f370e3eca
[INFO] [stdout]                                at /rustc/df4ca44d3fbc9301ee17f30f4d474e6ae4b05252/library/std/src/../../backtrace/src/backtrace/mod.rs:66:5
[INFO] [stdout]    2:     0x58ec923b5b7a - std::sys::backtrace::_print_fmt::h916fac51166b18d7
[INFO] [stdout]                                at /rustc/df4ca44d3fbc9301ee17f30f4d474e6ae4b05252/library/std/src/sys/backtrace.rs:66:9
[INFO] [stdout]    3:     0x58ec923b5b7a - <std::sys::backtrace::BacktraceLock::print::DisplayBacktrace as core::fmt::Display>::fmt::ha0a4c9b8ce3802e6
[INFO] [stdout]                                at /rustc/df4ca44d3fbc9301ee17f30f4d474e6ae4b05252/library/std/src/sys/backtrace.rs:39:26
[INFO] [stdout]    4:     0x58ec923dfdc3 - core::fmt::rt::Argument::fmt::h4cfc8587d52b3eb5
[INFO] [stdout]                                at /rustc/df4ca44d3fbc9301ee17f30f4d474e6ae4b05252/library/core/src/fmt/rt.rs:177:76
[INFO] [stdout]    5:     0x58ec923dfdc3 - core::fmt::write::h522cc39e5b36ae9f
[INFO] [stdout]                                at /rustc/df4ca44d3fbc9301ee17f30f4d474e6ae4b05252/library/core/src/fmt/mod.rs:1190:21
[INFO] [stdout]    6:     0x58ec923b1d73 - std::io::Write::write_fmt::h7d3c26752da97734
[INFO] [stdout]                                at /rustc/df4ca44d3fbc9301ee17f30f4d474e6ae4b05252/library/std/src/io/mod.rs:1839:15
[INFO] [stdout]    7:     0x58ec923b59c2 - std::sys::backtrace::BacktraceLock::print::h4b9e00b29e9c0942
[INFO] [stdout]                                at /rustc/df4ca44d3fbc9301ee17f30f4d474e6ae4b05252/library/std/src/sys/backtrace.rs:42:9
[INFO] [stdout]    8:     0x58ec923b700a - std::panicking::default_hook::{{closure}}::hb59b88280d0324d9
[INFO] [stdout]                                at /rustc/df4ca44d3fbc9301ee17f30f4d474e6ae4b05252/library/std/src/panicking.rs:268:22
[INFO] [stdout]    9:     0x58ec923b6e14 - std::panicking::default_hook::he1dd496665be4a29
[INFO] [stdout]                                at /rustc/df4ca44d3fbc9301ee17f30f4d474e6ae4b05252/library/std/src/panicking.rs:292:9
[INFO] [stdout]   10:     0x58ec914923b9 - <alloc::boxed::Box<F,A> as core::ops::function::Fn<Args>>::call::h4ff71de18744e1dc
[INFO] [stdout]                                at /rustc/df4ca44d3fbc9301ee17f30f4d474e6ae4b05252/library/alloc/src/boxed.rs:2468:9
[INFO] [stdout]   11:     0x58ec914923b9 - test::test_main::{{closure}}::hcf7c055ce117aa81
[INFO] [stdout]                                at /rustc/df4ca44d3fbc9301ee17f30f4d474e6ae4b05252/library/test/src/lib.rs:133:21
[INFO] [stdout]   12:     0x58ec923b7708 - <alloc::boxed::Box<F,A> as core::ops::function::Fn<Args>>::call::h1d66c6bbd60c9692
[INFO] [stdout]                                at /rustc/df4ca44d3fbc9301ee17f30f4d474e6ae4b05252/library/alloc/src/boxed.rs:2468:9
[INFO] [stdout]   13:     0x58ec923b7708 - std::panicking::rust_panic_with_hook::h2ff17fe8f26dfcf8
[INFO] [stdout]                                at /rustc/df4ca44d3fbc9301ee17f30f4d474e6ae4b05252/library/std/src/panicking.rs:809:13
[INFO] [stdout]   14:     0x58ec923b74ca - std::panicking::begin_panic_handler::{{closure}}::h4fad77951c07e101
[INFO] [stdout]                                at /rustc/df4ca44d3fbc9301ee17f30f4d474e6ae4b05252/library/std/src/panicking.rs:674:13
[INFO] [stdout]   15:     0x58ec923b6059 - std::sys::backtrace::__rust_end_short_backtrace::hb1a25b3da5d0ea08
[INFO] [stdout]                                at /rustc/df4ca44d3fbc9301ee17f30f4d474e6ae4b05252/library/std/src/sys/backtrace.rs:170:18
[INFO] [stdout]   16:     0x58ec923b715c - rust_begin_unwind
[INFO] [stdout]                                at /rustc/df4ca44d3fbc9301ee17f30f4d474e6ae4b05252/library/std/src/panicking.rs:665:5
[INFO] [stdout]   17:     0x58ec923dcd90 - core::panicking::panic_fmt::ha9db07b529f9b256
[INFO] [stdout]                                at /rustc/df4ca44d3fbc9301ee17f30f4d474e6ae4b05252/library/core/src/panicking.rs:75:14
[INFO] [stdout]   18:     0x58ec91ccb507 - dyn_stack::check_enough_space_for_array::h188c6c0eab1992e8
[INFO] [stdout]                                at /opt/rustwide/cargo-home/registry/src/index.crates.io-6f17d22bba15001f/dyn-stack-0.9.1/src/lib.rs:335:5
[INFO] [stdout]   19:     0x58ec91ccb7ec - dyn_stack::DynStack::split_buffer::h793b15bef3adf0ec
[INFO] [stdout]                                at /opt/rustwide/cargo-home/registry/src/index.crates.io-6f17d22bba15001f/dyn-stack-0.9.1/src/lib.rs:395:9
[INFO] [stdout]   20:     0x58ec91ccc0db - dyn_stack::DynStack::make_aligned_uninit::hacef3dc8255fbb27
[INFO] [stdout]                                at /opt/rustwide/cargo-home/registry/src/index.crates.io-6f17d22bba15001f/dyn-stack-0.9.1/src/lib.rs:426:34
[INFO] [stdout]   21:     0x58ec91ccbc43 - dyn_stack::DynStack::make_aligned_with::had0d061a6cd8ae10
[INFO] [stdout]                                at /opt/rustwide/cargo-home/registry/src/index.crates.io-6f17d22bba15001f/dyn-stack-0.9.1/src/lib.rs:465:34
[INFO] [stdout]   22:     0x58ec91ccc371 - dyn_stack::DynStack::make_with::h67e5f70309c977a8
[INFO] [stdout]                                at /opt/rustwide/cargo-home/registry/src/index.crates.io-6f17d22bba15001f/dyn-stack-0.9.1/src/lib.rs:503:9
[INFO] [stdout]   23:     0x58ec91ca36ad - faer_lu::partial_pivoting::compute::lu_in_place_impl::hff90698642e3d4a8
[INFO] [stdout]                                at /opt/rustwide/cargo-home/registry/src/index.crates.io-6f17d22bba15001f/faer-lu-0.9.1/src/partial_pivoting/compute.rs:227:41
[INFO] [stdout]   24:     0x58ec91ca0690 - faer_lu::partial_pivoting::compute::lu_in_place_impl::hff90698642e3d4a8
[INFO] [stdout]                                at /opt/rustwide/cargo-home/registry/src/index.crates.io-6f17d22bba15001f/faer-lu-0.9.1/src/partial_pivoting/compute.rs:201:25
[INFO] [stdout]   25:     0x58ec91c9cebc - faer_lu::partial_pivoting::compute::lu_in_place::h93b2cfac3634e651
[INFO] [stdout]                                at /opt/rustwide/cargo-home/registry/src/index.crates.io-6f17d22bba15001f/faer-lu-0.9.1/src/partial_pivoting/compute.rs:384:9
[INFO] [stdout]   26:     0x58ec91c62928 - olympian::qc_tests::sct::invert_matrix::h08c44ebabce2fa84
[INFO] [stdout]                                at /opt/rustwide/cargo-home/registry/src/index.crates.io-6f17d22bba15001f/olympian-0.3.2/src/qc_tests/sct.rs:119:25
[INFO] [stdout]   27:     0x58ec91c64b94 - olympian::qc_tests::sct::sct::h209ce8101c61d1a3
[INFO] [stdout]                                at /opt/rustwide/cargo-home/registry/src/index.crates.io-6f17d22bba15001f/olympian-0.3.2/src/qc_tests/sct.rs:394:25
[INFO] [stdout]   28:     0x58ec9150586a - rove::harness::run_test_spatial::{{closure}}::h03a8a2f19cd95e68
[INFO] [stdout]                                at /opt/rustwide/workdir/src/harness.rs:111:13
[INFO] [stdout]   29:     0x58ec915249b5 - <futures_util::stream::futures_unordered::FuturesUnordered<Fut> as futures_core::stream::Stream>::poll_next::h2d8ba475566125e4
[INFO] [stdout]                                at /opt/rustwide/cargo-home/registry/src/index.crates.io-6f17d22bba15001f/futures-util-0.3.31/src/stream/futures_unordered/mod.rs:528:17
[INFO] [stdout]   30:     0x58ec9152ab90 - <&mut S as futures_core::stream::Stream>::poll_next::h89a1db7379195150
[INFO] [stdout]                                at /opt/rustwide/cargo-home/registry/src/index.crates.io-6f17d22bba15001f/futures-core-0.3.31/src/stream.rs:114:9
[INFO] [stdout]   31:     0x58ec914c95c3 - <tokio_stream::stream_ext::next::Next<St> as core::future::future::Future>::poll::h1c4d86c81d07fce9
[INFO] [stdout]                                at /opt/rustwide/cargo-home/registry/src/index.crates.io-6f17d22bba15001f/tokio-stream-0.1.16/src/stream_ext/next.rs:42:9
[INFO] [stdout]   32:     0x58ec91508c90 - rove::scheduler::Scheduler::schedule_tests_spatial::{{closure}}::hf6c5bcb8ed10db9e
[INFO] [stdout]                                at /opt/rustwide/workdir/src/scheduler.rs:174:55
[INFO] [stdout]   33:     0x58ec914ae07f - tokio::runtime::task::core::Core<T,S>::poll::{{closure}}::h4ba6cddbe3514e55
[INFO] [stdout]                                at /opt/rustwide/cargo-home/registry/src/index.crates.io-6f17d22bba15001f/tokio-1.41.0/src/runtime/task/core.rs:331:17
[INFO] [stdout]   34:     0x58ec914ace31 - tokio::loom::std::unsafe_cell::UnsafeCell<T>::with_mut::h4d073fb7fdc68fe4
[INFO] [stdout]                                at /opt/rustwide/cargo-home/registry/src/index.crates.io-6f17d22bba15001f/tokio-1.41.0/src/loom/std/unsafe_cell.rs:16:9
[INFO] [stdout]   35:     0x58ec914ace31 - tokio::runtime::task::core::Core<T,S>::poll::h0e0136dc8bc72784
[INFO] [stdout]                                at /opt/rustwide/cargo-home/registry/src/index.crates.io-6f17d22bba15001f/tokio-1.41.0/src/runtime/task/core.rs:320:13
[INFO] [stdout]   36:     0x58ec914b550e - tokio::runtime::task::harness::poll_future::{{closure}}::h4734a74ca1f66f47
[INFO] [stdout]                                at /opt/rustwide/cargo-home/registry/src/index.crates.io-6f17d22bba15001f/tokio-1.41.0/src/runtime/task/harness.rs:499:19
[INFO] [stdout]   37:     0x58ec914f6c41 - <core::panic::unwind_safe::AssertUnwindSafe<F> as core::ops::function::FnOnce<()>>::call_once::h0d3e54bcc8bfd674
[INFO] [stdout]                                at /rustc/df4ca44d3fbc9301ee17f30f4d474e6ae4b05252/library/core/src/panic/unwind_safe.rs:272:9
[INFO] [stdout]   38:     0x58ec914f7ed9 - std::panicking::try::do_call::h28460224388c99ce
[INFO] [stdout]                                at /rustc/df4ca44d3fbc9301ee17f30f4d474e6ae4b05252/library/std/src/panicking.rs:557:40
[INFO] [stdout]   39:     0x58ec915234eb - __rust_try
[INFO] [stdout]   40:     0x58ec9151fff6 - std::panicking::try::ha6a9affbb9b260bc
[INFO] [stdout]                                at /rustc/df4ca44d3fbc9301ee17f30f4d474e6ae4b05252/library/std/src/panicking.rs:520:19
[INFO] [stdout]   41:     0x58ec9151fff6 - std::panic::catch_unwind::h154755d526de99f8
[INFO] [stdout]                                at /rustc/df4ca44d3fbc9301ee17f30f4d474e6ae4b05252/library/std/src/panic.rs:358:14
[INFO] [stdout]   42:     0x58ec914b3020 - tokio::runtime::task::harness::poll_future::h1ed032ed76774cfa
[INFO] [stdout]                                at /opt/rustwide/cargo-home/registry/src/index.crates.io-6f17d22bba15001f/tokio-1.41.0/src/runtime/task/harness.rs:487:18
[INFO] [stdout]   43:     0x58ec914b66ae - tokio::runtime::task::harness::Harness<T,S>::poll_inner::h37af83d6ea904ed8
[INFO] [stdout]                                at /opt/rustwide/cargo-home/registry/src/index.crates.io-6f17d22bba15001f/tokio-1.41.0/src/runtime/task/harness.rs:209:27
[INFO] [stdout]   44:     0x58ec914b9c57 - tokio::runtime::task::harness::Harness<T,S>::poll::hf0055c45684aeeca
[INFO] [stdout]                                at /opt/rustwide/cargo-home/registry/src/index.crates.io-6f17d22bba15001f/tokio-1.41.0/src/runtime/task/harness.rs:154:15
[INFO] [stdout]   45:     0x58ec91513f5d - tokio::runtime::task::raw::poll::he9735d6666e42acf
[INFO] [stdout]                                at /opt/rustwide/cargo-home/registry/src/index.crates.io-6f17d22bba15001f/tokio-1.41.0/src/runtime/task/raw.rs:271:5
[INFO] [stdout]   46:     0x58ec918c40f8 - tokio::runtime::task::raw::RawTask::poll::h5290f68af10c29a7
[INFO] [stdout]                                at /opt/rustwide/cargo-home/registry/src/index.crates.io-6f17d22bba15001f/tokio-1.41.0/src/runtime/task/raw.rs:201:18
[INFO] [stdout]   47:     0x58ec912d20e1 - tokio::runtime::task::LocalNotified<S>::run::h1d843a4b5c415d7f
[INFO] [stdout]                                at /opt/rustwide/cargo-home/registry/src/index.crates.io-6f17d22bba15001f/tokio-1.41.0/src/runtime/task/mod.rs:435:9
[INFO] [stdout]   48:     0x58ec913964aa - tokio::runtime::scheduler::current_thread::CoreGuard::block_on::{{closure}}::{{closure}}::h9ca9463616e7dde4
[INFO] [stdout]                                at /opt/rustwide/cargo-home/registry/src/index.crates.io-6f17d22bba15001f/tokio-1.41.0/src/runtime/scheduler/current_thread/mod.rs:770:25
[INFO] [stdout]   49:     0x58ec91394849 - tokio::runtime::coop::with_budget::hc8dc0cec23b18f82
[INFO] [stdout]                                at /opt/rustwide/cargo-home/registry/src/index.crates.io-6f17d22bba15001f/tokio-1.41.0/src/runtime/coop.rs:107:5
[INFO] [stdout]   50:     0x58ec91394849 - tokio::runtime::coop::budget::h17f4651fd0b5460f
[INFO] [stdout]                                at /opt/rustwide/cargo-home/registry/src/index.crates.io-6f17d22bba15001f/tokio-1.41.0/src/runtime/coop.rs:73:5
[INFO] [stdout]   51:     0x58ec91394849 - tokio::runtime::scheduler::current_thread::Context::run_task::{{closure}}::h599b42b9556d30e3
[INFO] [stdout]                                at /opt/rustwide/cargo-home/registry/src/index.crates.io-6f17d22bba15001f/tokio-1.41.0/src/runtime/scheduler/current_thread/mod.rs:364:43
[INFO] [stdout]   52:     0x58ec913942a6 - tokio::runtime::scheduler::current_thread::Context::enter::hb9aa7df79817c153
[INFO] [stdout]                                at /opt/rustwide/cargo-home/registry/src/index.crates.io-6f17d22bba15001f/tokio-1.41.0/src/runtime/scheduler/current_thread/mod.rs:428:19
[INFO] [stdout]   53:     0x58ec91394487 - tokio::runtime::scheduler::current_thread::Context::run_task::h7b595560ee0fbe8a
[INFO] [stdout]                                at /opt/rustwide/cargo-home/registry/src/index.crates.io-6f17d22bba15001f/tokio-1.41.0/src/runtime/scheduler/current_thread/mod.rs:364:23
[INFO] [stdout]   54:     0x58ec91396260 - tokio::runtime::scheduler::current_thread::CoreGuard::block_on::{{closure}}::he8bc7a23c2fa29a1
[INFO] [stdout]                                at /opt/rustwide/cargo-home/registry/src/index.crates.io-6f17d22bba15001f/tokio-1.41.0/src/runtime/scheduler/current_thread/mod.rs:769:35
[INFO] [stdout]   55:     0x58ec91395144 - tokio::runtime::scheduler::current_thread::CoreGuard::enter::{{closure}}::hd72d8473be392164
[INFO] [stdout]                                at /opt/rustwide/cargo-home/registry/src/index.crates.io-6f17d22bba15001f/tokio-1.41.0/src/runtime/scheduler/current_thread/mod.rs:807:68
[INFO] [stdout]   56:     0x58ec913ce6ab - tokio::runtime::context::scoped::Scoped<T>::set::h2f813faead93343e
[INFO] [stdout]                                at /opt/rustwide/cargo-home/registry/src/index.crates.io-6f17d22bba15001f/tokio-1.41.0/src/runtime/context/scoped.rs:40:9
[INFO] [stdout]   57:     0x58ec9134bf99 - tokio::runtime::context::set_scheduler::{{closure}}::h0d853ac1b789aaae
[INFO] [stdout]                                at /opt/rustwide/cargo-home/registry/src/index.crates.io-6f17d22bba15001f/tokio-1.41.0/src/runtime/context.rs:180:26
[INFO] [stdout]   58:     0x58ec9135557d - std::thread::local::LocalKey<T>::try_with::h6405f2b29290453f
[INFO] [stdout]                                at /rustc/df4ca44d3fbc9301ee17f30f4d474e6ae4b05252/library/std/src/thread/local.rs:283:12
[INFO] [stdout]   59:     0x58ec9135446a - std::thread::local::LocalKey<T>::with::h76bcb6739d49e2d7
[INFO] [stdout]                                at /rustc/df4ca44d3fbc9301ee17f30f4d474e6ae4b05252/library/std/src/thread/local.rs:260:9
[INFO] [stdout]   60:     0x58ec9134bf4d - tokio::runtime::context::set_scheduler::h54c3dd11d1aaf359
[INFO] [stdout]                                at /opt/rustwide/cargo-home/registry/src/index.crates.io-6f17d22bba15001f/tokio-1.41.0/src/runtime/context.rs:180:9
[INFO] [stdout]   61:     0x58ec91394ed8 - tokio::runtime::scheduler::current_thread::CoreGuard::enter::hd25aef6b6f12547e
[INFO] [stdout]                                at /opt/rustwide/cargo-home/registry/src/index.crates.io-6f17d22bba15001f/tokio-1.41.0/src/runtime/scheduler/current_thread/mod.rs:807:27
[INFO] [stdout]   62:     0x58ec913951c3 - tokio::runtime::scheduler::current_thread::CoreGuard::block_on::h1e34bc804d6803e2
[INFO] [stdout]                                at /opt/rustwide/cargo-home/registry/src/index.crates.io-6f17d22bba15001f/tokio-1.41.0/src/runtime/scheduler/current_thread/mod.rs:716:19
[INFO] [stdout]   63:     0x58ec9139065f - tokio::runtime::scheduler::current_thread::CurrentThread::block_on::{{closure}}::h21ac8601442cf087
[INFO] [stdout]                                at /opt/rustwide/cargo-home/registry/src/index.crates.io-6f17d22bba15001f/tokio-1.41.0/src/runtime/scheduler/current_thread/mod.rs:196:28
[INFO] [stdout]   64:     0x58ec91438fd6 - tokio::runtime::context::runtime::enter_runtime::h884611dfa727dcb0
[INFO] [stdout]                                at /opt/rustwide/cargo-home/registry/src/index.crates.io-6f17d22bba15001f/tokio-1.41.0/src/runtime/context/runtime.rs:65:16
[INFO] [stdout]   65:     0x58ec91390351 - tokio::runtime::scheduler::current_thread::CurrentThread::block_on::h826cc3b435e00821
[INFO] [stdout]                                at /opt/rustwide/cargo-home/registry/src/index.crates.io-6f17d22bba15001f/tokio-1.41.0/src/runtime/scheduler/current_thread/mod.rs:184:9
[INFO] [stdout]   66:     0x58ec9138ff1c - tokio::runtime::runtime::Runtime::block_on_inner::h7549c09c3cd515e2
[INFO] [stdout]                                at /opt/rustwide/cargo-home/registry/src/index.crates.io-6f17d22bba15001f/tokio-1.41.0/src/runtime/runtime.rs:368:47
[INFO] [stdout]   67:     0x58ec91390227 - tokio::runtime::runtime::Runtime::block_on::he0cc8f64e661f160
[INFO] [stdout]                                at /opt/rustwide/cargo-home/registry/src/index.crates.io-6f17d22bba15001f/tokio-1.41.0/src/runtime/runtime.rs:342:13
[INFO] [stdout]   68:     0x58ec91455d7c - integration_test::integration_test_hardcoded_dag::h2a2bc0805c307353
[INFO] [stdout]                                at /opt/rustwide/workdir/tests/integration_test.rs:193:5
[INFO] [stdout]   69:     0x58ec91455c07 - integration_test::integration_test_hardcoded_dag::{{closure}}::hb8361529a8908931
[INFO] [stdout]                                at /opt/rustwide/workdir/tests/integration_test.rs:103:42
[INFO] [stdout]   70:     0x58ec9140d7a6 - core::ops::function::FnOnce::call_once::h4168144896fd285e
[INFO] [stdout]                                at /rustc/df4ca44d3fbc9301ee17f30f4d474e6ae4b05252/library/core/src/ops/function.rs:250:5
[INFO] [stdout]   71:     0x58ec91496c8b - core::ops::function::FnOnce::call_once::h22c3ba5715e93f05
[INFO] [stdout]                                at /rustc/df4ca44d3fbc9301ee17f30f4d474e6ae4b05252/library/core/src/ops/function.rs:250:5
[INFO] [stdout]   72:     0x58ec91496c8b - test::__rust_begin_short_backtrace::h8e82d8113d0da17f
[INFO] [stdout]                                at /rustc/df4ca44d3fbc9301ee17f30f4d474e6ae4b05252/library/test/src/lib.rs:621:18
[INFO] [stdout]   73:     0x58ec91496607 - test::run_test_in_process::{{closure}}::h33235f4f20b7b7c7
[INFO] [stdout]                                at /rustc/df4ca44d3fbc9301ee17f30f4d474e6ae4b05252/library/test/src/lib.rs:644:60
[INFO] [stdout]   74:     0x58ec91496607 - <core::panic::unwind_safe::AssertUnwindSafe<F> as core::ops::function::FnOnce<()>>::call_once::hb5043206310c586f
[INFO] [stdout]                                at /rustc/df4ca44d3fbc9301ee17f30f4d474e6ae4b05252/library/core/src/panic/unwind_safe.rs:272:9
[INFO] [stdout]   75:     0x58ec91496607 - std::panicking::try::do_call::h9ad4731a60ab23e2
[INFO] [stdout]                                at /rustc/df4ca44d3fbc9301ee17f30f4d474e6ae4b05252/library/std/src/panicking.rs:557:40
[INFO] [stdout]   76:     0x58ec91496607 - std::panicking::try::h3824d23db772a716
[INFO] [stdout]                                at /rustc/df4ca44d3fbc9301ee17f30f4d474e6ae4b05252/library/std/src/panicking.rs:520:19
[INFO] [stdout]   77:     0x58ec91496607 - std::panic::catch_unwind::h5afd514605fde46b
[INFO] [stdout]                                at /rustc/df4ca44d3fbc9301ee17f30f4d474e6ae4b05252/library/std/src/panic.rs:358:14
[INFO] [stdout]   78:     0x58ec91496607 - test::run_test_in_process::h0d5cbfa7067d1720
[INFO] [stdout]                                at /rustc/df4ca44d3fbc9301ee17f30f4d474e6ae4b05252/library/test/src/lib.rs:644:27
[INFO] [stdout]   79:     0x58ec91496607 - test::run_test::{{closure}}::h708eb8872708115d
[INFO] [stdout]                                at /rustc/df4ca44d3fbc9301ee17f30f4d474e6ae4b05252/library/test/src/lib.rs:565:43
[INFO] [stdout]   80:     0x58ec91459d24 - test::run_test::{{closure}}::h392c51cee94713ab
[INFO] [stdout]                                at /rustc/df4ca44d3fbc9301ee17f30f4d474e6ae4b05252/library/test/src/lib.rs:595:41
[INFO] [stdout]   81:     0x58ec91459d24 - std::sys::backtrace::__rust_begin_short_backtrace::h2f40290710935a8b
[INFO] [stdout]                                at /rustc/df4ca44d3fbc9301ee17f30f4d474e6ae4b05252/library/std/src/sys/backtrace.rs:154:18
[INFO] [stdout]   82:     0x58ec9145d4ce - std::thread::Builder::spawn_unchecked_::{{closure}}::{{closure}}::h3fd968d89053a903
[INFO] [stdout]                                at /rustc/df4ca44d3fbc9301ee17f30f4d474e6ae4b05252/library/std/src/thread/mod.rs:541:17
[INFO] [stdout]   83:     0x58ec9145d4ce - <core::panic::unwind_safe::AssertUnwindSafe<F> as core::ops::function::FnOnce<()>>::call_once::h743f637ba4229880
[INFO] [stdout]                                at /rustc/df4ca44d3fbc9301ee17f30f4d474e6ae4b05252/library/core/src/panic/unwind_safe.rs:272:9
[INFO] [stdout]   84:     0x58ec9145d4ce - std::panicking::try::do_call::h07440897322525a6
[INFO] [stdout]                                at /rustc/df4ca44d3fbc9301ee17f30f4d474e6ae4b05252/library/std/src/panicking.rs:557:40
[INFO] [stdout]   85:     0x58ec9145d4ce - std::panicking::try::he5a2e00188156637
[INFO] [stdout]                                at /rustc/df4ca44d3fbc9301ee17f30f4d474e6ae4b05252/library/std/src/panicking.rs:520:19
[INFO] [stdout]   86:     0x58ec9145d4ce - std::panic::catch_unwind::hbaf3cae49b3c6433
[INFO] [stdout]                                at /rustc/df4ca44d3fbc9301ee17f30f4d474e6ae4b05252/library/std/src/panic.rs:358:14
[INFO] [stdout]   87:     0x58ec9145d4ce - std::thread::Builder::spawn_unchecked_::{{closure}}::h8e141ea224820bce
[INFO] [stdout]                                at /rustc/df4ca44d3fbc9301ee17f30f4d474e6ae4b05252/library/std/src/thread/mod.rs:540:30
[INFO] [stdout]   88:     0x58ec9145d4ce - core::ops::function::FnOnce::call_once{{vtable.shim}}::h90d312fedd7b8ea8
[INFO] [stdout]                                at /rustc/df4ca44d3fbc9301ee17f30f4d474e6ae4b05252/library/core/src/ops/function.rs:250:5
[INFO] [stdout]   89:     0x58ec923bb86b - <alloc::boxed::Box<F,A> as core::ops::function::FnOnce<Args>>::call_once::h69aa08ddb6adb8b6
[INFO] [stdout]                                at /rustc/df4ca44d3fbc9301ee17f30f4d474e6ae4b05252/library/alloc/src/boxed.rs:2454:9
[INFO] [stdout]   90:     0x58ec923bb86b - <alloc::boxed::Box<F,A> as core::ops::function::FnOnce<Args>>::call_once::h5aa36efdb79c806f
[INFO] [stdout]                                at /rustc/df4ca44d3fbc9301ee17f30f4d474e6ae4b05252/library/alloc/src/boxed.rs:2454:9
[INFO] [stdout]   91:     0x58ec923bb86b - std::sys::pal::unix::thread::Thread::new::thread_start::h6cd80a1b4be5158d
[INFO] [stdout]                                at /rustc/df4ca44d3fbc9301ee17f30f4d474e6ae4b05252/library/std/src/sys/pal/unix/thread.rs:105:17
[INFO] [stdout]   92:     0x718b23da9ac3 - <unknown>
[INFO] [stdout]   93:     0x718b23e3aa04 - clone
[INFO] [stdout]   94:                0x0 - <unknown>
[INFO] [stdout] thread 'integration_test_hardcoded_dag' panicked at tests/integration_test.rs:188:9:
[INFO] [stdout] assertion `left == right` failed
[INFO] [stdout]   left: 1
[INFO] [stdout]  right: 2
[INFO] [stdout] stack backtrace:
[INFO] [stdout]    0:     0x58ec923b5b7a - std::backtrace_rs::backtrace::libunwind::trace::h207520d6e9873551
[INFO] [stdout]                                at /rustc/df4ca44d3fbc9301ee17f30f4d474e6ae4b05252/library/std/src/../../backtrace/src/backtrace/libunwind.rs:116:5
[INFO] [stdout]    1:     0x58ec923b5b7a - std::backtrace_rs::backtrace::trace_unsynchronized::h2ed7433f370e3eca
[INFO] [stdout]                                at /rustc/df4ca44d3fbc9301ee17f30f4d474e6ae4b05252/library/std/src/../../backtrace/src/backtrace/mod.rs:66:5
[INFO] [stdout]    2:     0x58ec923b5b7a - std::sys::backtrace::_print_fmt::h916fac51166b18d7
[INFO] [stdout]                                at /rustc/df4ca44d3fbc9301ee17f30f4d474e6ae4b05252/library/std/src/sys/backtrace.rs:66:9
[INFO] [stdout]    3:     0x58ec923b5b7a - <std::sys::backtrace::BacktraceLock::print::DisplayBacktrace as core::fmt::Display>::fmt::ha0a4c9b8ce3802e6
[INFO] [stdout]                                at /rustc/df4ca44d3fbc9301ee17f30f4d474e6ae4b05252/library/std/src/sys/backtrace.rs:39:26
[INFO] [stdout]    4:     0x58ec923dfdc3 - core::fmt::rt::Argument::fmt::h4cfc8587d52b3eb5
[INFO] [stdout]                                at /rustc/df4ca44d3fbc9301ee17f30f4d474e6ae4b05252/library/core/src/fmt/rt.rs:177:76
[INFO] [stdout]    5:     0x58ec923dfdc3 - core::fmt::write::h522cc39e5b36ae9f
[INFO] [stdout]                                at /rustc/df4ca44d3fbc9301ee17f30f4d474e6ae4b05252/library/core/src/fmt/mod.rs:1190:21
[INFO] [stdout]    6:     0x58ec923b1d73 - std::io::Write::write_fmt::h7d3c26752da97734
[INFO] [stdout]                                at /rustc/df4ca44d3fbc9301ee17f30f4d474e6ae4b05252/library/std/src/io/mod.rs:1839:15
[INFO] [stdout]    7:     0x58ec923b59c2 - std::sys::backtrace::BacktraceLock::print::h4b9e00b29e9c0942
[INFO] [stdout]                                at /rustc/df4ca44d3fbc9301ee17f30f4d474e6ae4b05252/library/std/src/sys/backtrace.rs:42:9
[INFO] [stdout]    8:     0x58ec923b700a - std::panicking::default_hook::{{closure}}::hb59b88280d0324d9
[INFO] [stdout]                                at /rustc/df4ca44d3fbc9301ee17f30f4d474e6ae4b05252/library/std/src/panicking.rs:268:22
[INFO] [stdout]    9:     0x58ec923b6e14 - std::panicking::default_hook::he1dd496665be4a29
[INFO] [stdout]                                at /rustc/df4ca44d3fbc9301ee17f30f4d474e6ae4b05252/library/std/src/panicking.rs:292:9
[INFO] [stdout]   10:     0x58ec914923b9 - <alloc::boxed::Box<F,A> as core::ops::function::Fn<Args>>::call::h4ff71de18744e1dc
[INFO] [stdout]                                at /rustc/df4ca44d3fbc9301ee17f30f4d474e6ae4b05252/library/alloc/src/boxed.rs:2468:9
[INFO] [stdout]   11:     0x58ec914923b9 - test::test_main::{{closure}}::hcf7c055ce117aa81
[INFO] [stdout]                                at /rustc/df4ca44d3fbc9301ee17f30f4d474e6ae4b05252/library/test/src/lib.rs:133:21
[INFO] [stdout]   12:     0x58ec923b7708 - <alloc::boxed::Box<F,A> as core::ops::function::Fn<Args>>::call::h1d66c6bbd60c9692
[INFO] [stdout]                                at /rustc/df4ca44d3fbc9301ee17f30f4d474e6ae4b05252/library/alloc/src/boxed.rs:2468:9
[INFO] [stdout]   13:     0x58ec923b7708 - std::panicking::rust_panic_with_hook::h2ff17fe8f26dfcf8
[INFO] [stdout]                                at /rustc/df4ca44d3fbc9301ee17f30f4d474e6ae4b05252/library/std/src/panicking.rs:809:13
[INFO] [stdout]   14:     0x58ec923b74ca - std::panicking::begin_panic_handler::{{closure}}::h4fad77951c07e101
[INFO] [stdout]                                at /rustc/df4ca44d3fbc9301ee17f30f4d474e6ae4b05252/library/std/src/panicking.rs:674:13
[INFO] [stdout]   15:     0x58ec923b6059 - std::sys::backtrace::__rust_end_short_backtrace::hb1a25b3da5d0ea08
[INFO] [stdout]                                at /rustc/df4ca44d3fbc9301ee17f30f4d474e6ae4b05252/library/std/src/sys/backtrace.rs:170:18
[INFO] [stdout]   16:     0x58ec923b715c - rust_begin_unwind
[INFO] [stdout]                                at /rustc/df4ca44d3fbc9301ee17f30f4d474e6ae4b05252/library/std/src/panicking.rs:665:5
[INFO] [stdout]   17:     0x58ec923dcd90 - core::panicking::panic_fmt::ha9db07b529f9b256
[INFO] [stdout]                                at /rustc/df4ca44d3fbc9301ee17f30f4d474e6ae4b05252/library/core/src/panicking.rs:75:14
[INFO] [stdout]   18:     0x58ec923dd1f5 - core::panicking::assert_failed_inner::h04f38944d74a80a8
[INFO] [stdout]   19:     0x58ec9194330e - core::panicking::assert_failed::h818048b794c3333e
[INFO] [stdout]                                at /rustc/df4ca44d3fbc9301ee17f30f4d474e6ae4b05252/library/core/src/panicking.rs:377:5
[INFO] [stdout]   20:     0x58ec914580d2 - integration_test::integration_test_hardcoded_dag::{{closure}}::{{closure}}::h0239658add404049
[INFO] [stdout]                                at /opt/rustwide/workdir/tests/integration_test.rs:188:9
[INFO] [stdout]   21:     0x58ec91458412 - integration_test::integration_test_hardcoded_dag::{{closure}}::{{closure}}::h4ab55d3090a51a4a
[INFO] [stdout]                                at /opt/rustwide/cargo-home/registry/src/index.crates.io-6f17d22bba15001f/tokio-1.41.0/src/macros/select.rs:557:49
[INFO] [stdout]   22:     0x58ec91367c13 - <core::future::poll_fn::PollFn<F> as core::future::future::Future>::poll::h85bf3167f61c531e
[INFO] [stdout]                                at /rustc/df4ca44d3fbc9301ee17f30f4d474e6ae4b05252/library/core/src/future/poll_fn.rs:151:9
[INFO] [stdout]   23:     0x58ec914565a7 - integration_test::integration_test_hardcoded_dag::{{closure}}::h58b93f07a9b5c613
[INFO] [stdout]                                at /opt/rustwide/workdir/tests/integration_test.rs:193:5
[INFO] [stdout]   24:     0x58ec91385ca2 - <core::pin::Pin<P> as core::future::future::Future>::poll::hf35c24fbaf984a81
[INFO] [stdout]                                at /rustc/df4ca44d3fbc9301ee17f30f4d474e6ae4b05252/library/core/src/future/future.rs:123:9
[INFO] [stdout]   25:     0x58ec913859fd - <core::pin::Pin<P> as core::future::future::Future>::poll::h46bc7c94e3fad4d3
[INFO] [stdout]                                at /rustc/df4ca44d3fbc9301ee17f30f4d474e6ae4b05252/library/core/src/future/future.rs:123:9
[INFO] [stdout]   26:     0x58ec9139667f - tokio::runtime::scheduler::current_thread::CoreGuard::block_on::{{closure}}::{{closure}}::{{closure}}::h5793173984dd9d5c
[INFO] [stdout]                                at /opt/rustwide/cargo-home/registry/src/index.crates.io-6f17d22bba15001f/tokio-1.41.0/src/runtime/scheduler/current_thread/mod.rs:729:57
[INFO] [stdout]   27:     0x58ec91396415 - tokio::runtime::coop::with_budget::hf7a1a6398968a296
[INFO] [stdout]                                at /opt/rustwide/cargo-home/registry/src/index.crates.io-6f17d22bba15001f/tokio-1.41.0/src/runtime/coop.rs:107:5
[INFO] [stdout]   28:     0x58ec91396415 - tokio::runtime::coop::budget::h9ce1a67a3b1f0803
[INFO] [stdout]                                at /opt/rustwide/cargo-home/registry/src/index.crates.io-6f17d22bba15001f/tokio-1.41.0/src/runtime/coop.rs:73:5
[INFO] [stdout]   29:     0x58ec91396415 - tokio::runtime::scheduler::current_thread::CoreGuard::block_on::{{closure}}::{{closure}}::h5d5f2333b67220af
[INFO] [stdout]                                at /opt/rustwide/cargo-home/registry/src/index.crates.io-6f17d22bba15001f/tokio-1.41.0/src/runtime/scheduler/current_thread/mod.rs:729:25
[INFO] [stdout]   30:     0x58ec91393ca0 - tokio::runtime::scheduler::current_thread::Context::enter::h27670b60b84b2099
[INFO] [stdout]                                at /opt/rustwide/cargo-home/registry/src/index.crates.io-6f17d22bba15001f/tokio-1.41.0/src/runtime/scheduler/current_thread/mod.rs:428:19
[INFO] [stdout]   31:     0x58ec91395c97 - tokio::runtime::scheduler::current_thread::CoreGuard::block_on::{{closure}}::he8bc7a23c2fa29a1
[INFO] [stdout]                                at /opt/rustwide/cargo-home/registry/src/index.crates.io-6f17d22bba15001f/tokio-1.41.0/src/runtime/scheduler/current_thread/mod.rs:728:36
[INFO] [stdout]   32:     0x58ec91395144 - tokio::runtime::scheduler::current_thread::CoreGuard::enter::{{closure}}::hd72d8473be392164
[INFO] [stdout]                                at /opt/rustwide/cargo-home/registry/src/index.crates.io-6f17d22bba15001f/tokio-1.41.0/src/runtime/scheduler/current_thread/mod.rs:807:68
[INFO] [stdout]   33:     0x58ec913ce6ab - tokio::runtime::context::scoped::Scoped<T>::set::h2f813faead93343e
[INFO] [stdout]                                at /opt/rustwide/cargo-home/registry/src/index.crates.io-6f17d22bba15001f/tokio-1.41.0/src/runtime/context/scoped.rs:40:9
[INFO] [stdout]   34:     0x58ec9134bf99 - tokio::runtime::context::set_scheduler::{{closure}}::h0d853ac1b789aaae
[INFO] [stdout]                                at /opt/rustwide/cargo-home/registry/src/index.crates.io-6f17d22bba15001f/tokio-1.41.0/src/runtime/context.rs:180:26
[INFO] [stdout]   35:     0x58ec9135557d - std::thread::local::LocalKey<T>::try_with::h6405f2b29290453f
[INFO] [stdout]                                at /rustc/df4ca44d3fbc9301ee17f30f4d474e6ae4b05252/library/std/src/thread/local.rs:283:12
[INFO] [stdout]   36:     0x58ec9135446a - std::thread::local::LocalKey<T>::with::h76bcb6739d49e2d7
[INFO] [stdout]                                at /rustc/df4ca44d3fbc9301ee17f30f4d474e6ae4b05252/library/std/src/thread/local.rs:260:9
[INFO] [stdout]   37:     0x58ec9134bf4d - tokio::runtime::context::set_scheduler::h54c3dd11d1aaf359
[INFO] [stdout]                                at /opt/rustwide/cargo-home/registry/src/index.crates.io-6f17d22bba15001f/tokio-1.41.0/src/runtime/context.rs:180:9
[INFO] [stdout]   38:     0x58ec91394ed8 - tokio::runtime::scheduler::current_thread::CoreGuard::enter::hd25aef6b6f12547e
[INFO] [stdout]                                at /opt/rustwide/cargo-home/registry/src/index.crates.io-6f17d22bba15001f/tokio-1.41.0/src/runtime/scheduler/current_thread/mod.rs:807:27
[INFO] [stdout]   39:     0x58ec913951c3 - tokio::runtime::scheduler::current_thread::CoreGuard::block_on::h1e34bc804d6803e2
[INFO] [stdout]                                at /opt/rustwide/cargo-home/registry/src/index.crates.io-6f17d22bba15001f/tokio-1.41.0/src/runtime/scheduler/current_thread/mod.rs:716:19
[INFO] [stdout]   40:     0x58ec9139065f - tokio::runtime::scheduler::current_thread::CurrentThread::block_on::{{closure}}::h21ac8601442cf087
[INFO] [stdout]                                at /opt/rustwide/cargo-home/registry/src/index.crates.io-6f17d22bba15001f/tokio-1.41.0/src/runtime/scheduler/current_thread/mod.rs:196:28
[INFO] [stdout]   41:     0x58ec91438fd6 - tokio::runtime::context::runtime::enter_runtime::h884611dfa727dcb0
[INFO] [stdout]                                at /opt/rustwide/cargo-home/registry/src/index.crates.io-6f17d22bba15001f/tokio-1.41.0/src/runtime/context/runtime.rs:65:16
[INFO] [stdout]   42:     0x58ec91390351 - tokio::runtime::scheduler::current_thread::CurrentThread::block_on::h826cc3b435e00821
[INFO] [stdout]                                at /opt/rustwide/cargo-home/registry/src/index.crates.io-6f17d22bba15001f/tokio-1.41.0/src/runtime/scheduler/current_thread/mod.rs:184:9
[INFO] [stdout]   43:     0x58ec9138ff1c - tokio::runtime::runtime::Runtime::block_on_inner::h7549c09c3cd515e2
[INFO] [stdout]                                at /opt/rustwide/cargo-home/registry/src/index.crates.io-6f17d22bba15001f/tokio-1.41.0/src/runtime/runtime.rs:368:47
[INFO] [stdout]   44:     0x58ec91390227 - tokio::runtime::runtime::Runtime::block_on::he0cc8f64e661f160
[INFO] [stdout]                                at /opt/rustwide/cargo-home/registry/src/index.crates.io-6f17d22bba15001f/tokio-1.41.0/src/runtime/runtime.rs:342:13
[INFO] [stdout]   45:     0x58ec91455d7c - integration_test::integration_test_hardcoded_dag::h2a2bc0805c307353
[INFO] [stdout]                                at /opt/rustwide/workdir/tests/integration_test.rs:193:5
[INFO] [stdout]   46:     0x58ec91455c07 - integration_test::integration_test_hardcoded_dag::{{closure}}::hb8361529a8908931
[INFO] [stdout]                                at /opt/rustwide/workdir/tests/integration_test.rs:103:42
[INFO] [stdout]   47:     0x58ec9140d7a6 - core::ops::function::FnOnce::call_once::h4168144896fd285e
[INFO] [stdout]                                at /rustc/df4ca44d3fbc9301ee17f30f4d474e6ae4b05252/library/core/src/ops/function.rs:250:5
[INFO] [stdout]   48:     0x58ec91496c8b - core::ops::function::FnOnce::call_once::h22c3ba5715e93f05
[INFO] [stdout]                                at /rustc/df4ca44d3fbc9301ee17f30f4d474e6ae4b05252/library/core/src/ops/function.rs:250:5
[INFO] [stdout]   49:     0x58ec91496c8b - test::__rust_begin_short_backtrace::h8e82d8113d0da17f
[INFO] [stdout]                                at /rustc/df4ca44d3fbc9301ee17f30f4d474e6ae4b05252/library/test/src/lib.rs:621:18
[INFO] [stdout]   50:     0x58ec91496607 - test::run_test_in_process::{{closure}}::h33235f4f20b7b7c7
[INFO] [stdout]                                at /rustc/df4ca44d3fbc9301ee17f30f4d474e6ae4b05252/library/test/src/lib.rs:644:60
[INFO] [stdout]   51:     0x58ec91496607 - <core::panic::unwind_safe::AssertUnwindSafe<F> as core::ops::function::FnOnce<()>>::call_once::hb5043206310c586f
[INFO] [stdout]                                at /rustc/df4ca44d3fbc9301ee17f30f4d474e6ae4b05252/library/core/src/panic/unwind_safe.rs:272:9
[INFO] [stdout]   52:     0x58ec91496607 - std::panicking::try::do_call::h9ad4731a60ab23e2
[INFO] [stdout]                                at /rustc/df4ca44d3fbc9301ee17f30f4d474e6ae4b05252/library/std/src/panicking.rs:557:40
[INFO] [stdout]   53:     0x58ec91496607 - std::panicking::try::h3824d23db772a716
[INFO] [stdout]                                at /rustc/df4ca44d3fbc9301ee17f30f4d474e6ae4b05252/library/std/src/panicking.rs:520:19
[INFO] [stdout]   54:     0x58ec91496607 - std::panic::catch_unwind::h5afd514605fde46b
[INFO] [stdout]                                at /rustc/df4ca44d3fbc9301ee17f30f4d474e6ae4b05252/library/std/src/panic.rs:358:14
[INFO] [stdout]   55:     0x58ec91496607 - test::run_test_in_process::h0d5cbfa7067d1720
[INFO] [stdout]                                at /rustc/df4ca44d3fbc9301ee17f30f4d474e6ae4b05252/library/test/src/lib.rs:644:27
[INFO] [stdout]   56:     0x58ec91496607 - test::run_test::{{closure}}::h708eb8872708115d
[INFO] [stdout]                                at /rustc/df4ca44d3fbc9301ee17f30f4d474e6ae4b05252/library/test/src/lib.rs:565:43
[INFO] [stdout]   57:     0x58ec91459d24 - test::run_test::{{closure}}::h392c51cee94713ab
[INFO] [stdout]                                at /rustc/df4ca44d3fbc9301ee17f30f4d474e6ae4b05252/library/test/src/lib.rs:595:41
[INFO] [stdout]   58:     0x58ec91459d24 - std::sys::backtrace::__rust_begin_short_backtrace::h2f40290710935a8b
[INFO] [stdout]                                at /rustc/df4ca44d3fbc9301ee17f30f4d474e6ae4b05252/library/std/src/sys/backtrace.rs:154:18
[INFO] [stdout]   59:     0x58ec9145d4ce - std::thread::Builder::spawn_unchecked_::{{closure}}::{{closure}}::h3fd968d89053a903
[INFO] [stdout]                                at /rustc/df4ca44d3fbc9301ee17f30f4d474e6ae4b05252/library/std/src/thread/mod.rs:541:17
[INFO] [stdout]   60:     0x58ec9145d4ce - <core::panic::unwind_safe::AssertUnwindSafe<F> as core::ops::function::FnOnce<()>>::call_once::h743f637ba4229880
[INFO] [stdout]                                at /rustc/df4ca44d3fbc9301ee17f30f4d474e6ae4b05252/library/core/src/panic/unwind_safe.rs:272:9
[INFO] [stdout]   61:     0x58ec9145d4ce - std::panicking::try::do_call::h07440897322525a6
[INFO] [stdout]                                at /rustc/df4ca44d3fbc9301ee17f30f4d474e6ae4b05252/library/std/src/panicking.rs:557:40
[INFO] [stdout]   62:     0x58ec9145d4ce - std::panicking::try::he5a2e00188156637
[INFO] [stdout]                                at /rustc/df4ca44d3fbc9301ee17f30f4d474e6ae4b05252/library/std/src/panicking.rs:520:19
[INFO] [stdout]   63:     0x58ec9145d4ce - std::panic::catch_unwind::hbaf3cae49b3c6433
[INFO] [stdout]                                at /rustc/df4ca44d3fbc9301ee17f30f4d474e6ae4b05252/library/std/src/panic.rs:358:14
[INFO] [stdout]   64:     0x58ec9145d4ce - std::thread::Builder::spawn_unchecked_::{{closure}}::h8e141ea224820bce
[INFO] [stdout]                                at /rustc/df4ca44d3fbc9301ee17f30f4d474e6ae4b05252/library/std/src/thread/mod.rs:540:30
[INFO] [stdout]   65:     0x58ec9145d4ce - core::ops::function::FnOnce::call_once{{vtable.shim}}::h90d312fedd7b8ea8
[INFO] [stdout]                                at /rustc/df4ca44d3fbc9301ee17f30f4d474e6ae4b05252/library/core/src/ops/function.rs:250:5
[INFO] [stdout]   66:     0x58ec923bb86b - <alloc::boxed::Box<F,A> as core::ops::function::FnOnce<Args>>::call_once::h69aa08ddb6adb8b6
[INFO] [stdout]                                at /rustc/df4ca44d3fbc9301ee17f30f4d474e6ae4b05252/library/alloc/src/boxed.rs:2454:9
[INFO] [stdout]   67:     0x58ec923bb86b - <alloc::boxed::Box<F,A> as core::ops::function::FnOnce<Args>>::call_once::h5aa36efdb79c806f
[INFO] [stdout]                                at /rustc/df4ca44d3fbc9301ee17f30f4d474e6ae4b05252/library/alloc/src/boxed.rs:2454:9
[INFO] [stdout]   68:     0x58ec923bb86b - std::sys::pal::unix::thread::Thread::new::thread_start::h6cd80a1b4be5158d
[INFO] [stdout]                                at /rustc/df4ca44d3fbc9301ee17f30f4d474e6ae4b05252/library/std/src/sys/pal/unix/thread.rs:105:17
[INFO] [stdout]   69:     0x718b23da9ac3 - <unknown>
[INFO] [stdout]   70:     0x718b23e3aa04 - clone
[INFO] [stdout]   71:                0x0 - <unknown>
[INFO] [stdout] 
[INFO] [stdout] 
[INFO] [stdout] failures:
[INFO] [stdout]     integration_test_hardcoded_dag
[INFO] [stdout] 
[INFO] [stdout] test result: FAILED. 1 passed; 1 failed; 0 ignored; 0 measured; 0 filtered out; finished in 0.14s
[INFO] [stdout] 
[INFO] [stderr] error: test failed, to rerun pass `--test integration_test`
[INFO] running `Command { std: "docker" "inspect" "12b8c774627ae9bdef3df2ec4fa20c2b3e95f4d90e193be770beb95f56490426", kill_on_drop: false }`
[INFO] running `Command { std: "docker" "rm" "-f" "12b8c774627ae9bdef3df2ec4fa20c2b3e95f4d90e193be770beb95f56490426", kill_on_drop: false }`
[INFO] [stdout] 12b8c774627ae9bdef3df2ec4fa20c2b3e95f4d90e193be770beb95f56490426
