[INFO] fetching crate roslibrust_serde_rosmsg 0.3.0...
[INFO] testing roslibrust_serde_rosmsg-0.3.0 against nightly-2024-10-28 for randomize-layout
[INFO] extracting crate roslibrust_serde_rosmsg 0.3.0 into /workspace/builds/worker-4-tc1/source
[INFO] validating manifest of crates.io crate roslibrust_serde_rosmsg 0.3.0 on toolchain nightly-2024-10-28
[INFO] running `Command { std: CARGO_HOME="/workspace/cargo-home" RUSTUP_HOME="/workspace/rustup-home" "/workspace/cargo-home/bin/cargo" "+nightly-2024-10-28" "metadata" "--manifest-path" "Cargo.toml" "--no-deps", kill_on_drop: false }`
[INFO] started tweaking crates.io crate roslibrust_serde_rosmsg 0.3.0
[INFO] finished tweaking crates.io crate roslibrust_serde_rosmsg 0.3.0
[INFO] tweaked toml for crates.io crate roslibrust_serde_rosmsg 0.3.0 written to /workspace/builds/worker-4-tc1/source/Cargo.toml
[INFO] running `Command { std: CARGO_HOME="/workspace/cargo-home" RUSTUP_HOME="/workspace/rustup-home" "/workspace/cargo-home/bin/cargo" "+nightly-2024-10-28" "generate-lockfile" "--manifest-path" "Cargo.toml", kill_on_drop: false }`
[INFO] [stderr]     Updating crates.io index
[INFO] [stderr]      Locking 126 packages to latest compatible versions
[INFO] running `Command { std: CARGO_HOME="/workspace/cargo-home" RUSTUP_HOME="/workspace/rustup-home" "/workspace/cargo-home/bin/cargo" "+nightly-2024-10-28" "fetch" "--manifest-path" "Cargo.toml", kill_on_drop: false }`
[INFO] [stderr] warning: no edition set: defaulting to the 2015 edition while the latest is 2021
[INFO] [stderr]  Downloading crates ...
[INFO] [stderr]   Downloaded str_stack v0.1.0
[INFO] [stderr]   Downloaded pprof v0.13.0
[INFO] [stderr]   Downloaded inferno v0.11.21
[INFO] [stderr]   Downloaded quick-xml v0.26.0
[INFO] [stderr]   Downloaded symbolic-common v12.12.0
[INFO] [stderr]   Downloaded symbolic-demangle v12.12.0
[INFO] running `Command { std: "docker" "create" "-v" "/var/lib/crater-agent-workspace/builds/worker-4-tc1/target:/opt/rustwide/target:rw,Z" "-v" "/var/lib/crater-agent-workspace/builds/worker-4-tc1/source:/opt/rustwide/workdir:ro,Z" "-v" "/var/lib/crater-agent-workspace/cargo-home:/opt/rustwide/cargo-home:ro,Z" "-v" "/var/lib/crater-agent-workspace/rustup-home:/opt/rustwide/rustup-home:ro,Z" "-e" "SOURCE_DIR=/opt/rustwide/workdir" "-e" "CARGO_TARGET_DIR=/opt/rustwide/target" "-e" "CARGO_HOME=/opt/rustwide/cargo-home" "-e" "RUSTUP_HOME=/opt/rustwide/rustup-home" "-w" "/opt/rustwide/workdir" "-m" "1610612736" "--user" "0:0" "--network" "none" "ghcr.io/rust-lang/crates-build-env/linux@sha256:4a844ea9eb2546a2d2c7022eacef16ef2e8229c7fbb2c7d4d55a9ceca922f72d" "/opt/rustwide/cargo-home/bin/cargo" "+nightly-2024-10-28" "metadata" "--no-deps" "--format-version=1", kill_on_drop: false }`
[INFO] [stdout] ade6818a952b480ac02f63511c5657ce8590012d5fb592ccace6db65819bc606
[INFO] running `Command { std: "docker" "start" "-a" "ade6818a952b480ac02f63511c5657ce8590012d5fb592ccace6db65819bc606", kill_on_drop: false }`
[INFO] running `Command { std: "docker" "inspect" "ade6818a952b480ac02f63511c5657ce8590012d5fb592ccace6db65819bc606", kill_on_drop: false }`
[INFO] running `Command { std: "docker" "rm" "-f" "ade6818a952b480ac02f63511c5657ce8590012d5fb592ccace6db65819bc606", kill_on_drop: false }`
[INFO] [stdout] ade6818a952b480ac02f63511c5657ce8590012d5fb592ccace6db65819bc606
[INFO] running `Command { std: "docker" "create" "-v" "/var/lib/crater-agent-workspace/builds/worker-4-tc1/target:/opt/rustwide/target:rw,Z" "-v" "/var/lib/crater-agent-workspace/builds/worker-4-tc1/source:/opt/rustwide/workdir:ro,Z" "-v" "/var/lib/crater-agent-workspace/cargo-home:/opt/rustwide/cargo-home:ro,Z" "-v" "/var/lib/crater-agent-workspace/rustup-home:/opt/rustwide/rustup-home:ro,Z" "-e" "SOURCE_DIR=/opt/rustwide/workdir" "-e" "CARGO_TARGET_DIR=/opt/rustwide/target" "-e" "CARGO_INCREMENTAL=0" "-e" "RUST_BACKTRACE=full" "-e" "RUSTFLAGS=--cap-lints=forbid" "-e" "RUSTDOCFLAGS=--cap-lints=forbid" "-e" "CARGO_HOME=/opt/rustwide/cargo-home" "-e" "RUSTUP_HOME=/opt/rustwide/rustup-home" "-w" "/opt/rustwide/workdir" "-m" "1610612736" "--user" "0:0" "--network" "none" "ghcr.io/rust-lang/crates-build-env/linux@sha256:4a844ea9eb2546a2d2c7022eacef16ef2e8229c7fbb2c7d4d55a9ceca922f72d" "/opt/rustwide/cargo-home/bin/cargo" "+nightly-2024-10-28" "build" "--frozen" "--message-format=json", kill_on_drop: false }`
[INFO] [stdout] a99d7fdcd0e4ac66f63b6d591140efe258ec72add2451b87a234fd4b6fb8b737
[INFO] running `Command { std: "docker" "start" "-a" "a99d7fdcd0e4ac66f63b6d591140efe258ec72add2451b87a234fd4b6fb8b737", kill_on_drop: false }`
[INFO] [stderr] warning: no edition set: defaulting to the 2015 edition while the latest is 2021
[INFO] [stderr]    Compiling libc v0.2.161
[INFO] [stderr]    Compiling gimli v0.31.1
[INFO] [stderr]    Compiling adler2 v2.0.0
[INFO] [stderr]    Compiling object v0.36.5
[INFO] [stderr]    Compiling error-chain v0.12.4
[INFO] [stderr]    Compiling serde v1.0.214
[INFO] [stderr]    Compiling rustc-demangle v0.1.24
[INFO] [stderr]    Compiling syn v2.0.86
[INFO] [stderr]    Compiling miniz_oxide v0.8.0
[INFO] [stderr]    Compiling addr2line v0.24.2
[INFO] [stderr]    Compiling backtrace v0.3.74
[INFO] [stderr]    Compiling serde_derive v1.0.214
[INFO] [stderr]    Compiling roslibrust_serde_rosmsg v0.3.0 (/opt/rustwide/workdir)
[INFO] [stdout] warning: unused `#[macro_use]` import
[INFO] [stdout]   --> src/lib.rs:68:1
[INFO] [stdout]    |
[INFO] [stdout] 68 | #[macro_use]
[INFO] [stdout]    | ^^^^^^^^^^^^
[INFO] [stdout]    |
[INFO] [stdout]    = note: `#[warn(unused_imports)]` on by default
[INFO] [stdout] 
[INFO] [stdout] 
[INFO] [stderr]     Finished `dev` profile [unoptimized + debuginfo] target(s) in 10.77s
[INFO] running `Command { std: "docker" "inspect" "a99d7fdcd0e4ac66f63b6d591140efe258ec72add2451b87a234fd4b6fb8b737", kill_on_drop: false }`
[INFO] running `Command { std: "docker" "rm" "-f" "a99d7fdcd0e4ac66f63b6d591140efe258ec72add2451b87a234fd4b6fb8b737", kill_on_drop: false }`
[INFO] [stdout] a99d7fdcd0e4ac66f63b6d591140efe258ec72add2451b87a234fd4b6fb8b737
[INFO] running `Command { std: "docker" "create" "-v" "/var/lib/crater-agent-workspace/builds/worker-4-tc1/target:/opt/rustwide/target:rw,Z" "-v" "/var/lib/crater-agent-workspace/builds/worker-4-tc1/source:/opt/rustwide/workdir:ro,Z" "-v" "/var/lib/crater-agent-workspace/cargo-home:/opt/rustwide/cargo-home:ro,Z" "-v" "/var/lib/crater-agent-workspace/rustup-home:/opt/rustwide/rustup-home:ro,Z" "-e" "SOURCE_DIR=/opt/rustwide/workdir" "-e" "CARGO_TARGET_DIR=/opt/rustwide/target" "-e" "CARGO_INCREMENTAL=0" "-e" "RUST_BACKTRACE=full" "-e" "RUSTFLAGS=--cap-lints=forbid" "-e" "RUSTDOCFLAGS=--cap-lints=forbid" "-e" "CARGO_HOME=/opt/rustwide/cargo-home" "-e" "RUSTUP_HOME=/opt/rustwide/rustup-home" "-w" "/opt/rustwide/workdir" "-m" "1610612736" "--user" "0:0" "--network" "none" "ghcr.io/rust-lang/crates-build-env/linux@sha256:4a844ea9eb2546a2d2c7022eacef16ef2e8229c7fbb2c7d4d55a9ceca922f72d" "/opt/rustwide/cargo-home/bin/cargo" "+nightly-2024-10-28" "test" "--frozen" "--no-run" "--message-format=json", kill_on_drop: false }`
[INFO] [stdout] ff036ee8417889d53a671c61f9746009760739b88f18a23b7878764ce6117c94
[INFO] running `Command { std: "docker" "start" "-a" "ff036ee8417889d53a671c61f9746009760739b88f18a23b7878764ce6117c94", kill_on_drop: false }`
[INFO] [stderr] warning: no edition set: defaulting to the 2015 edition while the latest is 2021
[INFO] [stderr]    Compiling crossbeam-utils v0.8.20
[INFO] [stderr]    Compiling num-traits v0.2.19
[INFO] [stderr]    Compiling either v1.13.0
[INFO] [stderr]    Compiling rayon-core v1.12.1
[INFO] [stderr]    Compiling half v2.4.1
[INFO] [stderr]    Compiling ciborium-io v0.2.2
[INFO] [stderr]    Compiling clap_lex v0.7.2
[INFO] [stderr]    Compiling anstyle v1.0.10
[INFO] [stderr]    Compiling uuid v1.11.0
[INFO] [stderr]    Compiling cpp_demangle v0.4.4
[INFO] [stderr]    Compiling plotters-backend v0.3.7
[INFO] [stderr]    Compiling regex-syntax v0.8.5
[INFO] [stderr]    Compiling ciborium-ll v0.2.2
[INFO] [stderr]    Compiling clap_builder v4.5.20
[INFO] [stderr]    Compiling debugid v0.8.0
[INFO] [stderr]    Compiling plotters-svg v0.3.7
[INFO] [stderr]    Compiling itertools v0.10.5
[INFO] [stderr]    Compiling serde_json v1.0.132
[INFO] [stderr]    Compiling crossbeam-epoch v0.9.18
[INFO] [stderr]    Compiling findshlibs v0.10.2
[INFO] [stderr]    Compiling crossbeam-deque v0.8.5
[INFO] [stderr]    Compiling is-terminal v0.4.13
[INFO] [stderr]    Compiling memmap2 v0.9.5
[INFO] [stderr]    Compiling getrandom v0.2.15
[INFO] [stderr]    Compiling stable_deref_trait v1.2.0
[INFO] [stderr]    Compiling smallvec v1.13.2
[INFO] [stderr]    Compiling same-file v1.0.6
[INFO] [stderr]    Compiling bytemuck v1.19.0
[INFO] [stderr]    Compiling symbolic-demangle v12.12.0
[INFO] [stderr]    Compiling cast v0.3.0
[INFO] [stderr]    Compiling zerocopy v0.7.35
[INFO] [stderr]    Compiling arrayvec v0.7.6
[INFO] [stderr]    Compiling rayon v1.10.0
[INFO] [stderr]    Compiling regex-automata v0.4.8
[INFO] [stderr]    Compiling criterion-plot v0.5.0
[INFO] [stderr]    Compiling tinytemplate v1.2.1
[INFO] [stderr]    Compiling clap v4.5.20
[INFO] [stderr]    Compiling ahash v0.8.11
[INFO] [stderr]    Compiling num-format v0.4.4
[INFO] [stderr]    Compiling rgb v0.8.50
[INFO] [stderr]    Compiling parking_lot_core v0.9.10
[INFO] [stderr]    Compiling walkdir v2.5.0
[INFO] [stderr]    Compiling symbolic-common v12.12.0
[INFO] [stderr]    Compiling plotters v0.3.7
[INFO] [stderr]    Compiling ciborium v0.2.2
[INFO] [stderr]    Compiling thiserror-impl v1.0.66
[INFO] [stderr]    Compiling quick-xml v0.26.0
[INFO] [stderr]    Compiling regex v1.11.1
[INFO] [stderr]    Compiling pprof v0.13.0
[INFO] [stderr]    Compiling anes v0.1.6
[INFO] [stderr]    Compiling oorandom v11.1.4
[INFO] [stderr]    Compiling str_stack v0.1.0
[INFO] [stderr]    Compiling criterion v0.5.1
[INFO] [stderr]    Compiling inferno v0.11.21
[INFO] [stderr]    Compiling nix v0.26.4
[INFO] [stderr]    Compiling thiserror v1.0.66
[INFO] [stderr]    Compiling parking_lot v0.12.3
[INFO] [stderr]    Compiling serde_bytes v0.11.15
[INFO] [stdout] warning: unused `#[macro_use]` import
[INFO] [stdout]   --> src/lib.rs:68:1
[INFO] [stdout]    |
[INFO] [stdout] 68 | #[macro_use]
[INFO] [stdout]    | ^^^^^^^^^^^^
[INFO] [stdout]    |
[INFO] [stdout]    = note: `#[warn(unused_imports)]` on by default
[INFO] [stdout] 
[INFO] [stdout] 
[INFO] [stderr]    Compiling roslibrust_serde_rosmsg v0.3.0 (/opt/rustwide/workdir)
[INFO] [stdout] warning: unused variable: `msg`
[INFO] [stdout]   --> src/datatests/nav_sat_fix.rs:46:13
[INFO] [stdout]    |
[INFO] [stdout] 46 |         let msg = from_slice::<NavSatFix>(include_bytes!("nav_sat_fix.bin")).unwrap();
[INFO] [stdout]    |             ^^^ help: if this is intentional, prefix it with an underscore: `_msg`
[INFO] [stdout]    |
[INFO] [stdout]    = note: `#[warn(unused_variables)]` on by default
[INFO] [stdout] 
[INFO] [stdout] 
[INFO] [stderr]     Finished `test` profile [unoptimized + debuginfo] target(s) in 20.12s
[INFO] running `Command { std: "docker" "inspect" "ff036ee8417889d53a671c61f9746009760739b88f18a23b7878764ce6117c94", kill_on_drop: false }`
[INFO] running `Command { std: "docker" "rm" "-f" "ff036ee8417889d53a671c61f9746009760739b88f18a23b7878764ce6117c94", kill_on_drop: false }`
[INFO] [stdout] ff036ee8417889d53a671c61f9746009760739b88f18a23b7878764ce6117c94
[INFO] running `Command { std: "docker" "create" "-v" "/var/lib/crater-agent-workspace/builds/worker-4-tc1/target:/opt/rustwide/target:rw,Z" "-v" "/var/lib/crater-agent-workspace/builds/worker-4-tc1/source:/opt/rustwide/workdir:ro,Z" "-v" "/var/lib/crater-agent-workspace/cargo-home:/opt/rustwide/cargo-home:ro,Z" "-v" "/var/lib/crater-agent-workspace/rustup-home:/opt/rustwide/rustup-home:ro,Z" "-e" "SOURCE_DIR=/opt/rustwide/workdir" "-e" "CARGO_TARGET_DIR=/opt/rustwide/target" "-e" "CARGO_INCREMENTAL=0" "-e" "RUST_BACKTRACE=full" "-e" "RUSTFLAGS=--cap-lints=forbid" "-e" "RUSTDOCFLAGS=--cap-lints=forbid" "-e" "CARGO_HOME=/opt/rustwide/cargo-home" "-e" "RUSTUP_HOME=/opt/rustwide/rustup-home" "-w" "/opt/rustwide/workdir" "-m" "1610612736" "--user" "0:0" "--network" "none" "ghcr.io/rust-lang/crates-build-env/linux@sha256:4a844ea9eb2546a2d2c7022eacef16ef2e8229c7fbb2c7d4d55a9ceca922f72d" "/opt/rustwide/cargo-home/bin/cargo" "+nightly-2024-10-28" "test" "--frozen", kill_on_drop: false }`
[INFO] [stdout] 46e12127b2ba935211c2cb8e778a4b31e50a17e7baa1f4fdfa368e282d0e44f6
[INFO] running `Command { std: "docker" "start" "-a" "46e12127b2ba935211c2cb8e778a4b31e50a17e7baa1f4fdfa368e282d0e44f6", kill_on_drop: false }`
[INFO] [stderr] warning: no edition set: defaulting to the 2015 edition while the latest is 2021
[INFO] [stderr] warning: unused `#[macro_use]` import
[INFO] [stderr]   --> src/lib.rs:68:1
[INFO] [stderr]    |
[INFO] [stderr] 68 | #[macro_use]
[INFO] [stderr]    | ^^^^^^^^^^^^
[INFO] [stderr]    |
[INFO] [stderr]    = note: `#[warn(unused_imports)]` on by default
[INFO] [stderr] 
[INFO] [stderr] warning: `roslibrust_serde_rosmsg` (lib) generated 1 warning
[INFO] [stderr] warning: unused variable: `msg`
[INFO] [stderr]   --> src/datatests/nav_sat_fix.rs:46:13
[INFO] [stderr]    |
[INFO] [stderr] 46 |         let msg = from_slice::<NavSatFix>(include_bytes!("nav_sat_fix.bin")).unwrap();
[INFO] [stderr]    |             ^^^ help: if this is intentional, prefix it with an underscore: `_msg`
[INFO] [stderr]    |
[INFO] [stderr]    = note: `#[warn(unused_variables)]` on by default
[INFO] [stderr] 
[INFO] [stderr] warning: `roslibrust_serde_rosmsg` (lib test) generated 1 warning
[INFO] [stderr]     Finished `test` profile [unoptimized + debuginfo] target(s) in 0.15s
[INFO] [stderr]      Running unittests src/lib.rs (/opt/rustwide/target/debug/deps/roslibrust_serde_rosmsg-a28820307e4c78e5)
[INFO] [stdout] 
[INFO] [stdout] running 62 tests
[INFO] [stdout] test datatests::pose::tests::reads_message ... ok
[INFO] [stdout] test datatests::pose::tests::reads_request_header ... ok
[INFO] [stdout] test datatests::pose_array::tests::reads_request_header ... ok
[INFO] [stdout] test datatests::pose_with_covariance::tests::reads_message ... ok
[INFO] [stdout] test datatests::pose_with_covariance::tests::reads_request_header ... ok
[INFO] [stdout] test datatests::pose_array::tests::reads_message ... ok
[INFO] [stdout] test datatests::pose::tests::reads_response_header ... ok
[INFO] [stdout] test datatests::string::tests::reads_message ... ok
[INFO] [stdout] test datatests::string::tests::reads_request_header ... ok
[INFO] [stdout] test datatests::pose_with_covariance::tests::reads_response_header ... ok
[INFO] [stdout] test de::tests::reads_array_struct ... ok
[INFO] [stdout] test datatests::string::tests::reads_response_header ... ok
[INFO] [stdout] test de::tests::reads_array ... ok
[INFO] [stdout] test de::tests::reads_array_from_string ... ok
[INFO] [stdout] test de::tests::reads_bool ... ok
[INFO] [stdout] test datatests::pose_array::tests::reads_response_header ... ok
[INFO] [stdout] test de::tests::reads_bool_from_string ... ok
[INFO] [stdout] test de::tests::reads_complex_struct ... ok
[INFO] [stdout] test de::tests::reads_f32 ... ok
[INFO] [stdout] test de::tests::reads_i16 ... ok
[INFO] [stdout] test de::tests::reads_i32 ... ok
[INFO] [stdout] test de::tests::reads_i64 ... ok
[INFO] [stdout] test de::tests::reads_i8 ... ok
[INFO] [stdout] test de::tests::reads_string_from_string ... ok
[INFO] [stdout] test de::tests::reads_simple_struct ... ok
[INFO] [stdout] test de::tests::reads_tuple_struct ... ok
[INFO] [stdout] test de::tests::reads_u16 ... ok
[INFO] [stdout] test de::tests::reads_u32 ... ok
[INFO] [stdout] test de::tests::reads_u64 ... ok
[INFO] [stdout] test de::tests::reads_single_element_string_string_map ... ok
[INFO] [stdout] test de::tests::reads_vector ... ok
[INFO] [stdout] test de::tests::reads_string ... ok
[INFO] [stdout] test de::tests::reads_u8 ... ok
[INFO] [stdout] test de::tests::reads_empty_string_string_map ... ok
[INFO] [stdout] test de::tests::reads_f64 ... ok
[INFO] [stdout] test ser::tests::writes_array ... ok
[INFO] [stdout] test ser::tests::writes_bool ... ok
[INFO] [stdout] test ser::tests::writes_complex_struct ... ok
[INFO] [stdout] test de::tests::reads_typical_header ... ok
[INFO] [stdout] test ser::tests::writes_f32 ... ok
[INFO] [stdout] test ser::tests::writes_f64 ... ok
[INFO] [stdout] test ser::tests::writes_i16 ... ok
[INFO] [stdout] test ser::tests::writes_empty_string_string_map ... ok
[INFO] [stdout] test ser::tests::writes_i32 ... ok
[INFO] [stdout] test ser::tests::writes_i8 ... ok
[INFO] [stdout] test ser::tests::writes_multiple_item_string_string_map ... ok
[INFO] [stdout] test ser::tests::writes_simple_struct ... ok
[INFO] [stdout] test ser::tests::writes_single_item_string_string_map ... ok
[INFO] [stdout] test ser::tests::writes_string ... ok
[INFO] [stdout] test ser::tests::writes_tuple ... ok
[INFO] [stdout] test ser::tests::writes_u16 ... ok
[INFO] [stdout] test ser::tests::writes_u32 ... ok
[INFO] [stdout] test ser::tests::writes_u64 ... ok
[INFO] [stdout] test ser::tests::writes_u8 ... ok
[INFO] [stdout] test ser::tests::writes_vector ... ok
[INFO] [stdout] test ser::tests::writes_i64 ... ok
[INFO] [stdout] test de::tests::reports_failure_to_read_predicted_length ... ok
[INFO] [stdout] test de::tests::reports_end_of_buffer ... ok
[INFO] [stdout] test de::tests::reports_attempt_to_read_beyond_prediction ... ok
[INFO] [stdout] test de::tests::requires_right_length_for_vector ... ok
[INFO] [stdout] test datatests::nav_sat_fix::tests::read_nav_sat_fix ... FAILED
[INFO] [stdout] test datatests::sensor_msgs_image::tests::reads_message ... ok
[INFO] [stdout] 
[INFO] [stdout] failures:
[INFO] [stdout] 
[INFO] [stdout] ---- datatests::nav_sat_fix::tests::read_nav_sat_fix stdout ----
[INFO] [stdout] thread 'datatests::nav_sat_fix::tests::read_nav_sat_fix' panicked at src/datatests/nav_sat_fix.rs:46:78:
[INFO] [stdout] called `Result::unwrap()` on an `Err` value: Error(Underflow, State { next_error: None, backtrace: InternalBacktrace { backtrace: Some(   0: error_chain::backtrace::imp::InternalBacktrace::new
[INFO] [stdout]              at /opt/rustwide/cargo-home/registry/src/index.crates.io-6f17d22bba15001f/error-chain-0.12.4/src/backtrace.rs:56:48
[INFO] [stdout]    1: <error_chain::State as core::default::Default>::default
[INFO] [stdout]              at /opt/rustwide/cargo-home/registry/src/index.crates.io-6f17d22bba15001f/error-chain-0.12.4/src/lib.rs:687:24
[INFO] [stdout]    2: roslibrust_serde_rosmsg::error::Error::from_kind
[INFO] [stdout]              at /opt/rustwide/cargo-home/registry/src/index.crates.io-6f17d22bba15001f/error-chain-0.12.4/src/error_chain.rs:269:21
[INFO] [stdout]    3: <roslibrust_serde_rosmsg::error::Error as core::convert::From<roslibrust_serde_rosmsg::error::ErrorKind>>::from
[INFO] [stdout]              at /opt/rustwide/cargo-home/registry/src/index.crates.io-6f17d22bba15001f/error-chain-0.12.4/src/error_chain.rs:370:17
[INFO] [stdout]    4: <T as core::convert::Into<U>>::into
[INFO] [stdout]              at /rustc/df4ca44d3fbc9301ee17f30f4d474e6ae4b05252/library/core/src/convert/mod.rs:759:9
[INFO] [stdout]    5: roslibrust_serde_rosmsg::de::from_reader
[INFO] [stdout]              at /opt/rustwide/workdir/src/de.rs:553:9
[INFO] [stdout]    6: roslibrust_serde_rosmsg::de::from_slice
[INFO] [stdout]              at /opt/rustwide/workdir/src/de.rs:581:5
[INFO] [stdout]    7: roslibrust_serde_rosmsg::datatests::nav_sat_fix::tests::read_nav_sat_fix
[INFO] [stdout]              at /opt/rustwide/workdir/src/datatests/nav_sat_fix.rs:46:19
[INFO] [stdout]    8: roslibrust_serde_rosmsg::datatests::nav_sat_fix::tests::read_nav_sat_fix::{{closure}}
[INFO] [stdout]              at /opt/rustwide/workdir/src/datatests/nav_sat_fix.rs:45:26
[INFO] [stdout]    9: core::ops::function::FnOnce::call_once
[INFO] [stdout]              at /rustc/df4ca44d3fbc9301ee17f30f4d474e6ae4b05252/library/core/src/ops/function.rs:250:5
[INFO] [stdout]   10: core::ops::function::FnOnce::call_once
[INFO] [stdout]              at /rustc/df4ca44d3fbc9301ee17f30f4d474e6ae4b05252/library/core/src/ops/function.rs:250:5
[INFO] [stdout]       test::__rust_begin_short_backtrace
[INFO] [stdout]              at /rustc/df4ca44d3fbc9301ee17f30f4d474e6ae4b05252/library/test/src/lib.rs:621:18
[INFO] [stdout]   11: test::run_test_in_process::{{closure}}
[INFO] [stdout]              at /rustc/df4ca44d3fbc9301ee17f30f4d474e6ae4b05252/library/test/src/lib.rs:644:60
[INFO] [stdout]       <core::panic::unwind_safe::AssertUnwindSafe<F> as core::ops::function::FnOnce<()>>::call_once
[INFO] [stdout]              at /rustc/df4ca44d3fbc9301ee17f30f4d474e6ae4b05252/library/core/src/panic/unwind_safe.rs:272:9
[INFO] [stdout]       std::panicking::try::do_call
[INFO] [stdout]              at /rustc/df4ca44d3fbc9301ee17f30f4d474e6ae4b05252/library/std/src/panicking.rs:557:40
[INFO] [stdout]       std::panicking::try
[INFO] [stdout]              at /rustc/df4ca44d3fbc9301ee17f30f4d474e6ae4b05252/library/std/src/panicking.rs:520:19
[INFO] [stdout]       std::panic::catch_unwind
[INFO] [stdout]              at /rustc/df4ca44d3fbc9301ee17f30f4d474e6ae4b05252/library/std/src/panic.rs:358:14
[INFO] [stdout]       test::run_test_in_process
[INFO] [stdout]              at /rustc/df4ca44d3fbc9301ee17f30f4d474e6ae4b05252/library/test/src/lib.rs:644:27
[INFO] [stdout]       test::run_test::{{closure}}
[INFO] [stdout]              at /rustc/df4ca44d3fbc9301ee17f30f4d474e6ae4b05252/library/test/src/lib.rs:565:43
[INFO] [stdout]   12: test::run_test::{{closure}}
[INFO] [stdout]              at /rustc/df4ca44d3fbc9301ee17f30f4d474e6ae4b05252/library/test/src/lib.rs:595:41
[INFO] [stdout]       std::sys::backtrace::__rust_begin_short_backtrace
[INFO] [stdout]              at /rustc/df4ca44d3fbc9301ee17f30f4d474e6ae4b05252/library/std/src/sys/backtrace.rs:154:18
[INFO] [stdout]   13: std::thread::Builder::spawn_unchecked_::{{closure}}::{{closure}}
[INFO] [stdout]              at /rustc/df4ca44d3fbc9301ee17f30f4d474e6ae4b05252/library/std/src/thread/mod.rs:541:17
[INFO] [stdout]       <core::panic::unwind_safe::AssertUnwindSafe<F> as core::ops::function::FnOnce<()>>::call_once
[INFO] [stdout]              at /rustc/df4ca44d3fbc9301ee17f30f4d474e6ae4b05252/library/core/src/panic/unwind_safe.rs:272:9
[INFO] [stdout]       std::panicking::try::do_call
[INFO] [stdout]              at /rustc/df4ca44d3fbc9301ee17f30f4d474e6ae4b05252/library/std/src/panicking.rs:557:40
[INFO] [stdout]       std::panicking::try
[INFO] [stdout]              at /rustc/df4ca44d3fbc9301ee17f30f4d474e6ae4b05252/library/std/src/panicking.rs:520:19
[INFO] [stdout]       std::panic::catch_unwind
[INFO] [stdout]              at /rustc/df4ca44d3fbc9301ee17f30f4d474e6ae4b05252/library/std/src/panic.rs:358:14
[INFO] [stdout]       std::thread::Builder::spawn_unchecked_::{{closure}}
[INFO] [stdout]              at /rustc/df4ca44d3fbc9301ee17f30f4d474e6ae4b05252/library/std/src/thread/mod.rs:540:30
[INFO] [stdout]       core::ops::function::FnOnce::call_once{{vtable.shim}}
[INFO] [stdout]              at /rustc/df4ca44d3fbc9301ee17f30f4d474e6ae4b05252/library/core/src/ops/function.rs:250:5
[INFO] [stdout]   14: <alloc::boxed::Box<F,A> as core::ops::function::FnOnce<Args>>::call_once
[INFO] [stdout]              at /rustc/df4ca44d3fbc9301ee17f30f4d474e6ae4b05252/library/alloc/src/boxed.rs:2454:9
[INFO] [stdout]       <alloc::boxed::Box<F,A> as core::ops::function::FnOnce<Args>>::call_once
[INFO] [stdout]              at /rustc/df4ca44d3fbc9301ee17f30f4d474e6ae4b05252/library/alloc/src/boxed.rs:2454:9
[INFO] [stdout]       std::sys::pal::unix::thread::Thread::new::thread_start
[INFO] [stdout]              at /rustc/df4ca44d3fbc9301ee17f30f4d474e6ae4b05252/library/std/src/sys/pal/unix/thread.rs:105:17
[INFO] [stdout]   15: <unknown>
[INFO] [stdout]   16: clone
[INFO] [stdout] ) } })
[INFO] [stdout] stack backtrace:
[INFO] [stdout]    0:     0x648afbc7932a - std::backtrace_rs::backtrace::libunwind::trace::h207520d6e9873551
[INFO] [stdout]                                at /rustc/df4ca44d3fbc9301ee17f30f4d474e6ae4b05252/library/std/src/../../backtrace/src/backtrace/libunwind.rs:116:5
[INFO] [stdout]    1:     0x648afbc7932a - std::backtrace_rs::backtrace::trace_unsynchronized::h2ed7433f370e3eca
[INFO] [stdout]                                at /rustc/df4ca44d3fbc9301ee17f30f4d474e6ae4b05252/library/std/src/../../backtrace/src/backtrace/mod.rs:66:5
[INFO] [stderr] error: test failed, to rerun pass `--lib`
[INFO] [stdout]    2:     0x648afbc7932a - std::sys::backtrace::_print_fmt::h916fac51166b18d7
[INFO] [stdout]                                at /rustc/df4ca44d3fbc9301ee17f30f4d474e6ae4b05252/library/std/src/sys/backtrace.rs:66:9
[INFO] [stdout]    3:     0x648afbc7932a - <std::sys::backtrace::BacktraceLock::print::DisplayBacktrace as core::fmt::Display>::fmt::ha0a4c9b8ce3802e6
[INFO] [stdout]                                at /rustc/df4ca44d3fbc9301ee17f30f4d474e6ae4b05252/library/std/src/sys/backtrace.rs:39:26
[INFO] [stdout]    4:     0x648afbca0dd3 - core::fmt::rt::Argument::fmt::h4cfc8587d52b3eb5
[INFO] [stdout]                                at /rustc/df4ca44d3fbc9301ee17f30f4d474e6ae4b05252/library/core/src/fmt/rt.rs:177:76
[INFO] [stdout]    5:     0x648afbca0dd3 - core::fmt::write::h522cc39e5b36ae9f
[INFO] [stdout]                                at /rustc/df4ca44d3fbc9301ee17f30f4d474e6ae4b05252/library/core/src/fmt/mod.rs:1190:21
[INFO] [stdout]    6:     0x648afbc75de3 - std::io::Write::write_fmt::h7d3c26752da97734
[INFO] [stdout]                                at /rustc/df4ca44d3fbc9301ee17f30f4d474e6ae4b05252/library/std/src/io/mod.rs:1839:15
[INFO] [stdout]    7:     0x648afbc79172 - std::sys::backtrace::BacktraceLock::print::h4b9e00b29e9c0942
[INFO] [stdout]                                at /rustc/df4ca44d3fbc9301ee17f30f4d474e6ae4b05252/library/std/src/sys/backtrace.rs:42:9
[INFO] [stdout]    8:     0x648afbc7a7ba - std::panicking::default_hook::{{closure}}::hb59b88280d0324d9
[INFO] [stdout]                                at /rustc/df4ca44d3fbc9301ee17f30f4d474e6ae4b05252/library/std/src/panicking.rs:268:22
[INFO] [stdout]    9:     0x648afbc7a5c4 - std::panicking::default_hook::he1dd496665be4a29
[INFO] [stdout]                                at /rustc/df4ca44d3fbc9301ee17f30f4d474e6ae4b05252/library/std/src/panicking.rs:292:9
[INFO] [stdout]   10:     0x648afbb68e19 - <alloc::boxed::Box<F,A> as core::ops::function::Fn<Args>>::call::h4ff71de18744e1dc
[INFO] [stdout]                                at /rustc/df4ca44d3fbc9301ee17f30f4d474e6ae4b05252/library/alloc/src/boxed.rs:2468:9
[INFO] [stdout]   11:     0x648afbb68e19 - test::test_main::{{closure}}::hcf7c055ce117aa81
[INFO] [stdout]                                at /rustc/df4ca44d3fbc9301ee17f30f4d474e6ae4b05252/library/test/src/lib.rs:133:21
[INFO] [stdout]   12:     0x648afbc7aeb8 - <alloc::boxed::Box<F,A> as core::ops::function::Fn<Args>>::call::h1d66c6bbd60c9692
[INFO] [stdout]                                at /rustc/df4ca44d3fbc9301ee17f30f4d474e6ae4b05252/library/alloc/src/boxed.rs:2468:9
[INFO] [stdout]   13:     0x648afbc7aeb8 - std::panicking::rust_panic_with_hook::h2ff17fe8f26dfcf8
[INFO] [stdout]                                at /rustc/df4ca44d3fbc9301ee17f30f4d474e6ae4b05252/library/std/src/panicking.rs:809:13
[INFO] [stdout]   14:     0x648afbc7ac7a - std::panicking::begin_panic_handler::{{closure}}::h4fad77951c07e101
[INFO] [stdout]                                at /rustc/df4ca44d3fbc9301ee17f30f4d474e6ae4b05252/library/std/src/panicking.rs:674:13
[INFO] [stdout]   15:     0x648afbc79809 - std::sys::backtrace::__rust_end_short_backtrace::hb1a25b3da5d0ea08
[INFO] [stdout]                                at /rustc/df4ca44d3fbc9301ee17f30f4d474e6ae4b05252/library/std/src/sys/backtrace.rs:170:18
[INFO] [stdout]   16:     0x648afbc7a90c - rust_begin_unwind
[INFO] [stdout]                                at /rustc/df4ca44d3fbc9301ee17f30f4d474e6ae4b05252/library/std/src/panicking.rs:665:5
[INFO] [stdout]   17:     0x648afbc9eb60 - core::panicking::panic_fmt::ha9db07b529f9b256
[INFO] [stdout]                                at /rustc/df4ca44d3fbc9301ee17f30f4d474e6ae4b05252/library/core/src/panicking.rs:75:14
[INFO] [stdout]   18:     0x648afbc9efe6 - core::result::unwrap_failed::h5e8218e4d4338b8a
[INFO] [stdout]                                at /rustc/df4ca44d3fbc9301ee17f30f4d474e6ae4b05252/library/core/src/result.rs:1698:5
[INFO] [stdout]   19:     0x648afbaf3df6 - core::result::Result<T,E>::unwrap::h72ff0b3256dabce4
[INFO] [stdout]                                at /rustc/df4ca44d3fbc9301ee17f30f4d474e6ae4b05252/library/core/src/result.rs:1103:23
[INFO] [stdout]   20:     0x648afbaf3df6 - roslibrust_serde_rosmsg::datatests::nav_sat_fix::tests::read_nav_sat_fix::h3451a827edbba38e
[INFO] [stdout]                                at /opt/rustwide/workdir/src/datatests/nav_sat_fix.rs:46:19
[INFO] [stdout]   21:     0x648afbaf3d37 - roslibrust_serde_rosmsg::datatests::nav_sat_fix::tests::read_nav_sat_fix::{{closure}}::h8496e42de14dfb2e
[INFO] [stdout]                                at /opt/rustwide/workdir/src/datatests/nav_sat_fix.rs:45:26
[INFO] [stdout]   22:     0x648afbb1ff96 - core::ops::function::FnOnce::call_once::h4f7ddd2570a12fc0
[INFO] [stdout]                                at /rustc/df4ca44d3fbc9301ee17f30f4d474e6ae4b05252/library/core/src/ops/function.rs:250:5
[INFO] [stdout]   23:     0x648afbb6d6eb - core::ops::function::FnOnce::call_once::h22c3ba5715e93f05
[INFO] [stdout]                                at /rustc/df4ca44d3fbc9301ee17f30f4d474e6ae4b05252/library/core/src/ops/function.rs:250:5
[INFO] [stdout]   24:     0x648afbb6d6eb - test::__rust_begin_short_backtrace::h8e82d8113d0da17f
[INFO] [stdout]                                at /rustc/df4ca44d3fbc9301ee17f30f4d474e6ae4b05252/library/test/src/lib.rs:621:18
[INFO] [stdout]   25:     0x648afbb6d067 - test::run_test_in_process::{{closure}}::h33235f4f20b7b7c7
[INFO] [stdout]                                at /rustc/df4ca44d3fbc9301ee17f30f4d474e6ae4b05252/library/test/src/lib.rs:644:60
[INFO] [stdout]   26:     0x648afbb6d067 - <core::panic::unwind_safe::AssertUnwindSafe<F> as core::ops::function::FnOnce<()>>::call_once::hb5043206310c586f
[INFO] [stdout]                                at /rustc/df4ca44d3fbc9301ee17f30f4d474e6ae4b05252/library/core/src/panic/unwind_safe.rs:272:9
[INFO] [stdout]   27:     0x648afbb6d067 - std::panicking::try::do_call::h9ad4731a60ab23e2
[INFO] [stdout]                                at /rustc/df4ca44d3fbc9301ee17f30f4d474e6ae4b05252/library/std/src/panicking.rs:557:40
[INFO] [stdout]   28:     0x648afbb6d067 - std::panicking::try::h3824d23db772a716
[INFO] [stdout]                                at /rustc/df4ca44d3fbc9301ee17f30f4d474e6ae4b05252/library/std/src/panicking.rs:520:19
[INFO] [stdout]   29:     0x648afbb6d067 - std::panic::catch_unwind::h5afd514605fde46b
[INFO] [stdout]                                at /rustc/df4ca44d3fbc9301ee17f30f4d474e6ae4b05252/library/std/src/panic.rs:358:14
[INFO] [stdout]   30:     0x648afbb6d067 - test::run_test_in_process::h0d5cbfa7067d1720
[INFO] [stdout]                                at /rustc/df4ca44d3fbc9301ee17f30f4d474e6ae4b05252/library/test/src/lib.rs:644:27
[INFO] [stdout]   31:     0x648afbb6d067 - test::run_test::{{closure}}::h708eb8872708115d
[INFO] [stdout]                                at /rustc/df4ca44d3fbc9301ee17f30f4d474e6ae4b05252/library/test/src/lib.rs:565:43
[INFO] [stdout]   32:     0x648afbb30784 - test::run_test::{{closure}}::h392c51cee94713ab
[INFO] [stdout]                                at /rustc/df4ca44d3fbc9301ee17f30f4d474e6ae4b05252/library/test/src/lib.rs:595:41
[INFO] [stdout]   33:     0x648afbb30784 - std::sys::backtrace::__rust_begin_short_backtrace::h2f40290710935a8b
[INFO] [stdout]                                at /rustc/df4ca44d3fbc9301ee17f30f4d474e6ae4b05252/library/std/src/sys/backtrace.rs:154:18
[INFO] [stdout]   34:     0x648afbb33f2e - std::thread::Builder::spawn_unchecked_::{{closure}}::{{closure}}::h3fd968d89053a903
[INFO] [stdout]                                at /rustc/df4ca44d3fbc9301ee17f30f4d474e6ae4b05252/library/std/src/thread/mod.rs:541:17
[INFO] [stdout]   35:     0x648afbb33f2e - <core::panic::unwind_safe::AssertUnwindSafe<F> as core::ops::function::FnOnce<()>>::call_once::h743f637ba4229880
[INFO] [stdout]                                at /rustc/df4ca44d3fbc9301ee17f30f4d474e6ae4b05252/library/core/src/panic/unwind_safe.rs:272:9
[INFO] [stdout]   36:     0x648afbb33f2e - std::panicking::try::do_call::h07440897322525a6
[INFO] [stdout]                                at /rustc/df4ca44d3fbc9301ee17f30f4d474e6ae4b05252/library/std/src/panicking.rs:557:40
[INFO] [stdout]   37:     0x648afbb33f2e - std::panicking::try::he5a2e00188156637
[INFO] [stdout]                                at /rustc/df4ca44d3fbc9301ee17f30f4d474e6ae4b05252/library/std/src/panicking.rs:520:19
[INFO] [stdout]   38:     0x648afbb33f2e - std::panic::catch_unwind::hbaf3cae49b3c6433
[INFO] [stdout]                                at /rustc/df4ca44d3fbc9301ee17f30f4d474e6ae4b05252/library/std/src/panic.rs:358:14
[INFO] [stdout]   39:     0x648afbb33f2e - std::thread::Builder::spawn_unchecked_::{{closure}}::h8e141ea224820bce
[INFO] [stdout]                                at /rustc/df4ca44d3fbc9301ee17f30f4d474e6ae4b05252/library/std/src/thread/mod.rs:540:30
[INFO] [stdout]   40:     0x648afbb33f2e - core::ops::function::FnOnce::call_once{{vtable.shim}}::h90d312fedd7b8ea8
[INFO] [stdout]                                at /rustc/df4ca44d3fbc9301ee17f30f4d474e6ae4b05252/library/core/src/ops/function.rs:250:5
[INFO] [stdout]   41:     0x648afbc7ed4b - <alloc::boxed::Box<F,A> as core::ops::function::FnOnce<Args>>::call_once::h69aa08ddb6adb8b6
[INFO] [stdout]                                at /rustc/df4ca44d3fbc9301ee17f30f4d474e6ae4b05252/library/alloc/src/boxed.rs:2454:9
[INFO] [stdout]   42:     0x648afbc7ed4b - <alloc::boxed::Box<F,A> as core::ops::function::FnOnce<Args>>::call_once::h5aa36efdb79c806f
[INFO] [stdout]                                at /rustc/df4ca44d3fbc9301ee17f30f4d474e6ae4b05252/library/alloc/src/boxed.rs:2454:9
[INFO] [stdout]   43:     0x648afbc7ed4b - std::sys::pal::unix::thread::Thread::new::thread_start::h6cd80a1b4be5158d
[INFO] [stdout]                                at /rustc/df4ca44d3fbc9301ee17f30f4d474e6ae4b05252/library/std/src/sys/pal/unix/thread.rs:105:17
[INFO] [stdout]   44:     0x71b9c4e56ac3 - <unknown>
[INFO] [stdout]   45:     0x71b9c4ee7a04 - clone
[INFO] [stdout]   46:                0x0 - <unknown>
[INFO] [stdout] 
[INFO] [stdout] 
[INFO] [stdout] failures:
[INFO] [stdout]     datatests::nav_sat_fix::tests::read_nav_sat_fix
[INFO] [stdout] 
[INFO] [stdout] test result: FAILED. 61 passed; 1 failed; 0 ignored; 0 measured; 0 filtered out; finished in 2.03s
[INFO] [stdout] 
[INFO] running `Command { std: "docker" "inspect" "46e12127b2ba935211c2cb8e778a4b31e50a17e7baa1f4fdfa368e282d0e44f6", kill_on_drop: false }`
[INFO] running `Command { std: "docker" "rm" "-f" "46e12127b2ba935211c2cb8e778a4b31e50a17e7baa1f4fdfa368e282d0e44f6", kill_on_drop: false }`
[INFO] [stdout] 46e12127b2ba935211c2cb8e778a4b31e50a17e7baa1f4fdfa368e282d0e44f6
