[INFO] fetching crate roped 0.8.2...
[INFO] testing roped-0.8.2 against nightly-2024-10-28 for randomize-layout
[INFO] extracting crate roped 0.8.2 into /workspace/builds/worker-0-tc1/source
[INFO] validating manifest of crates.io crate roped 0.8.2 on toolchain nightly-2024-10-28
[INFO] running `Command { std: CARGO_HOME="/workspace/cargo-home" RUSTUP_HOME="/workspace/rustup-home" "/workspace/cargo-home/bin/cargo" "+nightly-2024-10-28" "metadata" "--manifest-path" "Cargo.toml" "--no-deps", kill_on_drop: false }`
[INFO] started tweaking crates.io crate roped 0.8.2
[INFO] finished tweaking crates.io crate roped 0.8.2
[INFO] tweaked toml for crates.io crate roped 0.8.2 written to /workspace/builds/worker-0-tc1/source/Cargo.toml
[INFO] running `Command { std: CARGO_HOME="/workspace/cargo-home" RUSTUP_HOME="/workspace/rustup-home" "/workspace/cargo-home/bin/cargo" "+nightly-2024-10-28" "generate-lockfile" "--manifest-path" "Cargo.toml", kill_on_drop: false }`
[INFO] [stderr]     Updating crates.io index
[INFO] [stderr]      Locking 6 packages to latest compatible versions
[INFO] [stderr]       Adding parsr v0.3.1 (available: v0.8.5)
[INFO] running `Command { std: CARGO_HOME="/workspace/cargo-home" RUSTUP_HOME="/workspace/rustup-home" "/workspace/cargo-home/bin/cargo" "+nightly-2024-10-28" "fetch" "--manifest-path" "Cargo.toml", kill_on_drop: false }`
[INFO] [stderr]  Downloading crates ...
[INFO] [stderr]   Downloaded parsr v0.3.1
[INFO] [stderr]   Downloaded strand-derive v0.5.1
[INFO] running `Command { std: "docker" "create" "-v" "/var/lib/crater-agent-workspace/builds/worker-0-tc1/target:/opt/rustwide/target:rw,Z" "-v" "/var/lib/crater-agent-workspace/builds/worker-0-tc1/source:/opt/rustwide/workdir:ro,Z" "-v" "/var/lib/crater-agent-workspace/cargo-home:/opt/rustwide/cargo-home:ro,Z" "-v" "/var/lib/crater-agent-workspace/rustup-home:/opt/rustwide/rustup-home:ro,Z" "-e" "SOURCE_DIR=/opt/rustwide/workdir" "-e" "CARGO_TARGET_DIR=/opt/rustwide/target" "-e" "CARGO_HOME=/opt/rustwide/cargo-home" "-e" "RUSTUP_HOME=/opt/rustwide/rustup-home" "-w" "/opt/rustwide/workdir" "-m" "1610612736" "--user" "0:0" "--network" "none" "ghcr.io/rust-lang/crates-build-env/linux@sha256:4a844ea9eb2546a2d2c7022eacef16ef2e8229c7fbb2c7d4d55a9ceca922f72d" "/opt/rustwide/cargo-home/bin/cargo" "+nightly-2024-10-28" "metadata" "--no-deps" "--format-version=1", kill_on_drop: false }`
[INFO] [stdout] 9bbfd58168f9517b0529d25f662d4b71d8b074a6add99e59b83973d05a38c581
[INFO] running `Command { std: "docker" "start" "-a" "9bbfd58168f9517b0529d25f662d4b71d8b074a6add99e59b83973d05a38c581", kill_on_drop: false }`
[INFO] running `Command { std: "docker" "inspect" "9bbfd58168f9517b0529d25f662d4b71d8b074a6add99e59b83973d05a38c581", kill_on_drop: false }`
[INFO] running `Command { std: "docker" "rm" "-f" "9bbfd58168f9517b0529d25f662d4b71d8b074a6add99e59b83973d05a38c581", kill_on_drop: false }`
[INFO] [stdout] 9bbfd58168f9517b0529d25f662d4b71d8b074a6add99e59b83973d05a38c581
[INFO] running `Command { std: "docker" "create" "-v" "/var/lib/crater-agent-workspace/builds/worker-0-tc1/target:/opt/rustwide/target:rw,Z" "-v" "/var/lib/crater-agent-workspace/builds/worker-0-tc1/source:/opt/rustwide/workdir:ro,Z" "-v" "/var/lib/crater-agent-workspace/cargo-home:/opt/rustwide/cargo-home:ro,Z" "-v" "/var/lib/crater-agent-workspace/rustup-home:/opt/rustwide/rustup-home:ro,Z" "-e" "SOURCE_DIR=/opt/rustwide/workdir" "-e" "CARGO_TARGET_DIR=/opt/rustwide/target" "-e" "CARGO_INCREMENTAL=0" "-e" "RUST_BACKTRACE=full" "-e" "RUSTFLAGS=--cap-lints=forbid" "-e" "RUSTDOCFLAGS=--cap-lints=forbid" "-e" "CARGO_HOME=/opt/rustwide/cargo-home" "-e" "RUSTUP_HOME=/opt/rustwide/rustup-home" "-w" "/opt/rustwide/workdir" "-m" "1610612736" "--user" "0:0" "--network" "none" "ghcr.io/rust-lang/crates-build-env/linux@sha256:4a844ea9eb2546a2d2c7022eacef16ef2e8229c7fbb2c7d4d55a9ceca922f72d" "/opt/rustwide/cargo-home/bin/cargo" "+nightly-2024-10-28" "build" "--frozen" "--message-format=json", kill_on_drop: false }`
[INFO] [stdout] ac17262448f127ce0e9c8b452fe8a7260facb4fe655cfc2a59317f81dc7f554b
[INFO] running `Command { std: "docker" "start" "-a" "ac17262448f127ce0e9c8b452fe8a7260facb4fe655cfc2a59317f81dc7f554b", kill_on_drop: false }`
[INFO] [stderr]    Compiling parsr v0.3.1
[INFO] [stderr]    Compiling syn v2.0.86
[INFO] [stderr]    Compiling strand-derive v0.5.1
[INFO] [stderr]    Compiling roped v0.8.2 (/opt/rustwide/workdir)
[INFO] [stderr]     Finished `dev` profile [unoptimized + debuginfo] target(s) in 1.82s
[INFO] running `Command { std: "docker" "inspect" "ac17262448f127ce0e9c8b452fe8a7260facb4fe655cfc2a59317f81dc7f554b", kill_on_drop: false }`
[INFO] running `Command { std: "docker" "rm" "-f" "ac17262448f127ce0e9c8b452fe8a7260facb4fe655cfc2a59317f81dc7f554b", kill_on_drop: false }`
[INFO] [stdout] ac17262448f127ce0e9c8b452fe8a7260facb4fe655cfc2a59317f81dc7f554b
[INFO] running `Command { std: "docker" "create" "-v" "/var/lib/crater-agent-workspace/builds/worker-0-tc1/target:/opt/rustwide/target:rw,Z" "-v" "/var/lib/crater-agent-workspace/builds/worker-0-tc1/source:/opt/rustwide/workdir:ro,Z" "-v" "/var/lib/crater-agent-workspace/cargo-home:/opt/rustwide/cargo-home:ro,Z" "-v" "/var/lib/crater-agent-workspace/rustup-home:/opt/rustwide/rustup-home:ro,Z" "-e" "SOURCE_DIR=/opt/rustwide/workdir" "-e" "CARGO_TARGET_DIR=/opt/rustwide/target" "-e" "CARGO_INCREMENTAL=0" "-e" "RUST_BACKTRACE=full" "-e" "RUSTFLAGS=--cap-lints=forbid" "-e" "RUSTDOCFLAGS=--cap-lints=forbid" "-e" "CARGO_HOME=/opt/rustwide/cargo-home" "-e" "RUSTUP_HOME=/opt/rustwide/rustup-home" "-w" "/opt/rustwide/workdir" "-m" "1610612736" "--user" "0:0" "--network" "none" "ghcr.io/rust-lang/crates-build-env/linux@sha256:4a844ea9eb2546a2d2c7022eacef16ef2e8229c7fbb2c7d4d55a9ceca922f72d" "/opt/rustwide/cargo-home/bin/cargo" "+nightly-2024-10-28" "test" "--frozen" "--no-run" "--message-format=json", kill_on_drop: false }`
[INFO] [stdout] 69fdd1cb3e5bdf5514703c25cce0bf13443434369c3031b38c5f50eb4b65df38
[INFO] running `Command { std: "docker" "start" "-a" "69fdd1cb3e5bdf5514703c25cce0bf13443434369c3031b38c5f50eb4b65df38", kill_on_drop: false }`
[INFO] [stderr]    Compiling roped v0.8.2 (/opt/rustwide/workdir)
[INFO] [stderr]     Finished `test` profile [unoptimized + debuginfo] target(s) in 0.23s
[INFO] running `Command { std: "docker" "inspect" "69fdd1cb3e5bdf5514703c25cce0bf13443434369c3031b38c5f50eb4b65df38", kill_on_drop: false }`
[INFO] running `Command { std: "docker" "rm" "-f" "69fdd1cb3e5bdf5514703c25cce0bf13443434369c3031b38c5f50eb4b65df38", kill_on_drop: false }`
[INFO] [stdout] 69fdd1cb3e5bdf5514703c25cce0bf13443434369c3031b38c5f50eb4b65df38
[INFO] running `Command { std: "docker" "create" "-v" "/var/lib/crater-agent-workspace/builds/worker-0-tc1/target:/opt/rustwide/target:rw,Z" "-v" "/var/lib/crater-agent-workspace/builds/worker-0-tc1/source:/opt/rustwide/workdir:ro,Z" "-v" "/var/lib/crater-agent-workspace/cargo-home:/opt/rustwide/cargo-home:ro,Z" "-v" "/var/lib/crater-agent-workspace/rustup-home:/opt/rustwide/rustup-home:ro,Z" "-e" "SOURCE_DIR=/opt/rustwide/workdir" "-e" "CARGO_TARGET_DIR=/opt/rustwide/target" "-e" "CARGO_INCREMENTAL=0" "-e" "RUST_BACKTRACE=full" "-e" "RUSTFLAGS=--cap-lints=forbid" "-e" "RUSTDOCFLAGS=--cap-lints=forbid" "-e" "CARGO_HOME=/opt/rustwide/cargo-home" "-e" "RUSTUP_HOME=/opt/rustwide/rustup-home" "-w" "/opt/rustwide/workdir" "-m" "1610612736" "--user" "0:0" "--network" "none" "ghcr.io/rust-lang/crates-build-env/linux@sha256:4a844ea9eb2546a2d2c7022eacef16ef2e8229c7fbb2c7d4d55a9ceca922f72d" "/opt/rustwide/cargo-home/bin/cargo" "+nightly-2024-10-28" "test" "--frozen", kill_on_drop: false }`
[INFO] [stdout] 32d90dfa26759f856851a26a32e5a1799d4648b5c549335113f6d0b638417e21
[INFO] running `Command { std: "docker" "start" "-a" "32d90dfa26759f856851a26a32e5a1799d4648b5c549335113f6d0b638417e21", kill_on_drop: false }`
[INFO] [stderr]     Finished `test` profile [unoptimized + debuginfo] target(s) in 0.01s
[INFO] [stderr]      Running unittests src/lib.rs (/opt/rustwide/target/debug/deps/roped-958741c9b9ef383d)
[INFO] [stdout] 
[INFO] [stdout] running 2 tests
[INFO] [stdout] test tests::manual_strand_instance ... ok
[INFO] [stdout] test tests::strand_instance ... ok
[INFO] [stdout] 
[INFO] [stdout] test result: ok. 2 passed; 0 failed; 0 ignored; 0 measured; 0 filtered out; finished in 0.00s
[INFO] [stdout] 
[INFO] [stderr]    Doc-tests roped
[INFO] [stdout] 
[INFO] [stdout] running 3 tests
[INFO] [stdout] test src/strand.rs - strand::Strand::run (line 69) ... FAILED
[INFO] [stdout] test src/strand.rs - strand::Strand (line 18) ... FAILED
[INFO] [stdout] test src/strand.rs - strand::Strand (line 28) ... FAILED
[INFO] [stdout] 
[INFO] [stdout] failures:
[INFO] [stdout] 
[INFO] [stdout] ---- src/strand.rs - strand::Strand::run (line 69) stdout ----
[INFO] [stdout] error: free function without a body
[INFO] [stdout]  --> src/strand.rs:70:1
[INFO] [stdout]   |
[INFO] [stdout] 3 | / fn run(
[INFO] [stdout] 4 | |     state: &mut Self::State,
[INFO] [stdout] 5 | |     input: Option<Trimmed<str>>,
[INFO] [stdout] 6 | |     index: usize,
[INFO] [stdout] 7 | | ) -> Result<(), Error<Self::Err>>;
[INFO] [stdout]   | |                                  ^ help: provide a definition for the function: `{ <body> }`
[INFO] [stdout]   | |__________________________________|
[INFO] [stdout]   |
[INFO] [stdout] 
[INFO] [stdout] error[E0412]: cannot find type `Trimmed` in this scope
[INFO] [stdout]  --> src/strand.rs:72:19
[INFO] [stdout]   |
[INFO] [stdout] 5 |     input: Option<Trimmed<str>>,
[INFO] [stdout]   |                   ^^^^^^^ not found in this scope
[INFO] [stdout]   |
[INFO] [stdout] help: consider importing this struct
[INFO] [stdout]   |
[INFO] [stdout] 2 + use parsr::parser::trimmed::Trimmed;
[INFO] [stdout]   |
[INFO] [stdout] 
[INFO] [stdout] error[E0412]: cannot find type `Error` in this scope
[INFO] [stdout]  --> src/strand.rs:74:17
[INFO] [stdout]   |
[INFO] [stdout] 7 | ) -> Result<(), Error<Self::Err>>;
[INFO] [stdout]   |                 ^^^^^ not found in this scope
[INFO] [stdout]   |
[INFO] [stdout] help: consider importing one of these items
[INFO] [stdout]   |
[INFO] [stdout] 2 + use std::error::Error;
[INFO] [stdout]   |
[INFO] [stdout] 2 + use std::fmt::Error;
[INFO] [stdout]   |
[INFO] [stdout] 2 + use std::io::Error;
[INFO] [stdout]   |
[INFO] [stdout] 2 + use core::error::Error;
[INFO] [stdout]   |
[INFO] [stdout]     and 2 other candidates
[INFO] [stdout] 
[INFO] [stdout] error[E0433]: failed to resolve: `Self` is only available in impls, traits, and type definitions
[INFO] [stdout]  --> src/strand.rs:71:17
[INFO] [stdout]   |
[INFO] [stdout] 4 |     state: &mut Self::State,
[INFO] [stdout]   |                 ^^^^ `Self` is only available in impls, traits, and type definitions
[INFO] [stdout] 
[INFO] [stdout] error[E0433]: failed to resolve: `Self` is only available in impls, traits, and type definitions
[INFO] [stdout]  --> src/strand.rs:74:23
[INFO] [stdout]   |
[INFO] [stdout] 7 | ) -> Result<(), Error<Self::Err>>;
[INFO] [stdout]   |                       ^^^^ `Self` is only available in impls, traits, and type definitions
[INFO] [stdout] 
[INFO] [stdout] error: aborting due to 5 previous errors
[INFO] [stdout] 
[INFO] [stdout] Some errors have detailed explanations: E0412, E0433.
[INFO] [stdout] For more information about an error, try `rustc --explain E0412`.
[INFO] [stdout] Couldn't compile the test.
[INFO] [stdout] ---- src/strand.rs - strand::Strand (line 18) stdout ----
[INFO] [stdout] error: free function without a body
[INFO] [stdout]  --> src/strand.rs:19:1
[INFO] [stdout]   |
[INFO] [stdout] 3 | / fn run(
[INFO] [stdout] 4 | |     state: &mut Self::State,
[INFO] [stdout] 5 | |     input: Option<Trimmed<str>>,
[INFO] [stdout] 6 | |     index: usize,
[INFO] [stdout] 7 | | ) -> Result<(), Error<Self::Err>>;
[INFO] [stdout]   | |                                  ^ help: provide a definition for the function: `{ <body> }`
[INFO] [stdout]   | |__________________________________|
[INFO] [stdout]   |
[INFO] [stdout] 
[INFO] [stdout] error[E0412]: cannot find type `Trimmed` in this scope
[INFO] [stdout]  --> src/strand.rs:21:19
[INFO] [stdout]   |
[INFO] [stdout] 5 |     input: Option<Trimmed<str>>,
[INFO] [stdout]   |                   ^^^^^^^ not found in this scope
[INFO] [stdout]   |
[INFO] [stdout] help: consider importing this struct
[INFO] [stdout]   |
[INFO] [stdout] 2 + use parsr::parser::trimmed::Trimmed;
[INFO] [stdout]   |
[INFO] [stdout] 
[INFO] [stdout] error[E0412]: cannot find type `Error` in this scope
[INFO] [stdout]  --> src/strand.rs:23:17
[INFO] [stdout]   |
[INFO] [stdout] 7 | ) -> Result<(), Error<Self::Err>>;
[INFO] [stdout]   |                 ^^^^^ not found in this scope
[INFO] [stdout]   |
[INFO] [stdout] help: consider importing one of these items
[INFO] [stdout]   |
[INFO] [stdout] 2 + use std::error::Error;
[INFO] [stdout]   |
[INFO] [stdout] 2 + use std::fmt::Error;
[INFO] [stdout]   |
[INFO] [stdout] 2 + use std::io::Error;
[INFO] [stdout]   |
[INFO] [stdout] 2 + use core::error::Error;
[INFO] [stdout]   |
[INFO] [stdout]     and 2 other candidates
[INFO] [stdout] 
[INFO] [stdout] error[E0433]: failed to resolve: `Self` is only available in impls, traits, and type definitions
[INFO] [stdout]  --> src/strand.rs:20:17
[INFO] [stdout]   |
[INFO] [stdout] 4 |     state: &mut Self::State,
[INFO] [stdout]   |                 ^^^^ `Self` is only available in impls, traits, and type definitions
[INFO] [stdout] 
[INFO] [stdout] error[E0433]: failed to resolve: `Self` is only available in impls, traits, and type definitions
[INFO] [stdout]  --> src/strand.rs:23:23
[INFO] [stdout]   |
[INFO] [stdout] 7 | ) -> Result<(), Error<Self::Err>>;
[INFO] [stdout]   |                       ^^^^ `Self` is only available in impls, traits, and type definitions
[INFO] [stdout] 
[INFO] [stdout] error: aborting due to 5 previous errors
[INFO] [stdout] 
[INFO] [stdout] Some errors have detailed explanations: E0412, E0433.
[INFO] [stdout] For more information about an error, try `rustc --explain E0412`.
[INFO] [stdout] Couldn't compile the test.
[INFO] [stdout] ---- src/strand.rs - strand::Strand (line 28) stdout ----
[INFO] [stdout] error[E0252]: the name `Matcher` is defined multiple times
[INFO] [stdout]  --> src/strand.rs:32:40
[INFO] [stdout]   |
[INFO] [stdout] 5 | use parsr::parser_matcher::Matcher;
[INFO] [stdout]   |     ------------------------------ previous import of the type `Matcher` here
[INFO] [stdout] 6 |
[INFO] [stdout] 7 | use roped::{Strand, Error, EmptyState, Matcher};
[INFO] [stdout]   |                                        ^^^^^^^ `Matcher` reimported here
[INFO] [stdout]   |
[INFO] [stdout]   = note: `Matcher` must be defined only once in the type namespace of this block
[INFO] [stdout] 
[INFO] [stdout] error[E0412]: cannot find type `Trimmed` in this scope
[INFO] [stdout]   --> src/strand.rs:42:23
[INFO] [stdout]    |
[INFO] [stdout] 17 |         input: Option<Trimmed<str>>,
[INFO] [stdout]    |                       ^^^^^^^ not found in this scope
[INFO] [stdout]    |
[INFO] [stdout] help: consider importing this struct
[INFO] [stdout]    |
[INFO] [stdout] 2  + use parsr::parser::trimmed::Trimmed;
[INFO] [stdout]    |
[INFO] [stdout] 
[INFO] [stdout] error[E0425]: cannot find value `ws` in this scope
[INFO] [stdout]   --> src/strand.rs:45:40
[INFO] [stdout]    |
[INFO] [stdout] 20 |         for command in input.parse_all(ws) {
[INFO] [stdout]    |                                        ^^ not found in this scope
[INFO] [stdout] 
[INFO] [stdout] error: aborting due to 3 previous errors
[INFO] [stdout] 
[INFO] [stdout] Some errors have detailed explanations: E0252, E0412, E0425.
[INFO] [stdout] For more information about an error, try `rustc --explain E0252`.
[INFO] [stdout] Couldn't compile the test.
[INFO] [stdout] 
[INFO] [stdout] failures:
[INFO] [stdout]     src/strand.rs - strand::Strand (line 18)
[INFO] [stdout]     src/strand.rs - strand::Strand (line 28)
[INFO] [stdout]     src/strand.rs - strand::Strand::run (line 69)
[INFO] [stdout] 
[INFO] [stdout] test result: FAILED. 0 passed; 3 failed; 0 ignored; 0 measured; 0 filtered out; finished in 0.05s
[INFO] [stdout] 
[INFO] [stderr] error: doctest failed, to rerun pass `--doc`
[INFO] running `Command { std: "docker" "inspect" "32d90dfa26759f856851a26a32e5a1799d4648b5c549335113f6d0b638417e21", kill_on_drop: false }`
[INFO] running `Command { std: "docker" "rm" "-f" "32d90dfa26759f856851a26a32e5a1799d4648b5c549335113f6d0b638417e21", kill_on_drop: false }`
[INFO] [stdout] 32d90dfa26759f856851a26a32e5a1799d4648b5c549335113f6d0b638417e21
