[INFO] fetching crate rootvg-text 0.1.0...
[INFO] testing rootvg-text-0.1.0 against nightly-2024-10-28 for randomize-layout
[INFO] extracting crate rootvg-text 0.1.0 into /workspace/builds/worker-2-tc1/source
[INFO] validating manifest of crates.io crate rootvg-text 0.1.0 on toolchain nightly-2024-10-28
[INFO] running `Command { std: CARGO_HOME="/workspace/cargo-home" RUSTUP_HOME="/workspace/rustup-home" "/workspace/cargo-home/bin/cargo" "+nightly-2024-10-28" "metadata" "--manifest-path" "Cargo.toml" "--no-deps", kill_on_drop: false }`
[INFO] started tweaking crates.io crate rootvg-text 0.1.0
[INFO] finished tweaking crates.io crate rootvg-text 0.1.0
[INFO] tweaked toml for crates.io crate rootvg-text 0.1.0 written to /workspace/builds/worker-2-tc1/source/Cargo.toml
[INFO] running `Command { std: CARGO_HOME="/workspace/cargo-home" RUSTUP_HOME="/workspace/rustup-home" "/workspace/cargo-home/bin/cargo" "+nightly-2024-10-28" "generate-lockfile" "--manifest-path" "Cargo.toml", kill_on_drop: false }`
[INFO] [stderr]     Updating crates.io index
[INFO] [stderr]      Locking 153 packages to latest compatible versions
[INFO] [stderr]       Adding glyphon v0.5.0 (available: v0.6.0)
[INFO] [stderr]       Adding rootvg-core v0.1.1 (available: v0.2.0)
[INFO] [stderr]       Adding wgpu v0.19.4 (available: v23.0.0)
[INFO] running `Command { std: CARGO_HOME="/workspace/cargo-home" RUSTUP_HOME="/workspace/rustup-home" "/workspace/cargo-home/bin/cargo" "+nightly-2024-10-28" "fetch" "--manifest-path" "Cargo.toml", kill_on_drop: false }`
[INFO] [stderr]  Downloading crates ...
[INFO] [stderr]   Downloaded etagere v0.2.13
[INFO] [stderr]   Downloaded rootvg-core v0.1.1
[INFO] [stderr]   Downloaded font-types v0.7.2
[INFO] [stderr]   Downloaded read-fonts v0.22.5
[INFO] [stderr]   Downloaded skrifa v0.22.3
[INFO] [stderr]   Downloaded swash v0.1.19
[INFO] running `Command { std: "docker" "create" "-v" "/var/lib/crater-agent-workspace/builds/worker-2-tc1/target:/opt/rustwide/target:rw,Z" "-v" "/var/lib/crater-agent-workspace/builds/worker-2-tc1/source:/opt/rustwide/workdir:ro,Z" "-v" "/var/lib/crater-agent-workspace/cargo-home:/opt/rustwide/cargo-home:ro,Z" "-v" "/var/lib/crater-agent-workspace/rustup-home:/opt/rustwide/rustup-home:ro,Z" "-e" "SOURCE_DIR=/opt/rustwide/workdir" "-e" "CARGO_TARGET_DIR=/opt/rustwide/target" "-e" "CARGO_HOME=/opt/rustwide/cargo-home" "-e" "RUSTUP_HOME=/opt/rustwide/rustup-home" "-w" "/opt/rustwide/workdir" "-m" "1610612736" "--user" "0:0" "--network" "none" "ghcr.io/rust-lang/crates-build-env/linux@sha256:4a844ea9eb2546a2d2c7022eacef16ef2e8229c7fbb2c7d4d55a9ceca922f72d" "/opt/rustwide/cargo-home/bin/cargo" "+nightly-2024-10-28" "metadata" "--no-deps" "--format-version=1", kill_on_drop: false }`
[INFO] [stdout] 3dbb3c3c86a637a4e4941a0965ac6a1e8c94ab9cd889b6453938e4530b7e1785
[INFO] running `Command { std: "docker" "start" "-a" "3dbb3c3c86a637a4e4941a0965ac6a1e8c94ab9cd889b6453938e4530b7e1785", kill_on_drop: false }`
[INFO] running `Command { std: "docker" "inspect" "3dbb3c3c86a637a4e4941a0965ac6a1e8c94ab9cd889b6453938e4530b7e1785", kill_on_drop: false }`
[INFO] running `Command { std: "docker" "rm" "-f" "3dbb3c3c86a637a4e4941a0965ac6a1e8c94ab9cd889b6453938e4530b7e1785", kill_on_drop: false }`
[INFO] [stdout] 3dbb3c3c86a637a4e4941a0965ac6a1e8c94ab9cd889b6453938e4530b7e1785
[INFO] running `Command { std: "docker" "create" "-v" "/var/lib/crater-agent-workspace/builds/worker-2-tc1/target:/opt/rustwide/target:rw,Z" "-v" "/var/lib/crater-agent-workspace/builds/worker-2-tc1/source:/opt/rustwide/workdir:ro,Z" "-v" "/var/lib/crater-agent-workspace/cargo-home:/opt/rustwide/cargo-home:ro,Z" "-v" "/var/lib/crater-agent-workspace/rustup-home:/opt/rustwide/rustup-home:ro,Z" "-e" "SOURCE_DIR=/opt/rustwide/workdir" "-e" "CARGO_TARGET_DIR=/opt/rustwide/target" "-e" "CARGO_INCREMENTAL=0" "-e" "RUST_BACKTRACE=full" "-e" "RUSTFLAGS=--cap-lints=forbid" "-e" "RUSTDOCFLAGS=--cap-lints=forbid" "-e" "CARGO_HOME=/opt/rustwide/cargo-home" "-e" "RUSTUP_HOME=/opt/rustwide/rustup-home" "-w" "/opt/rustwide/workdir" "-m" "1610612736" "--user" "0:0" "--network" "none" "ghcr.io/rust-lang/crates-build-env/linux@sha256:4a844ea9eb2546a2d2c7022eacef16ef2e8229c7fbb2c7d4d55a9ceca922f72d" "/opt/rustwide/cargo-home/bin/cargo" "+nightly-2024-10-28" "build" "--frozen" "--message-format=json", kill_on_drop: false }`
[INFO] [stdout] aa464f6ca54859034beae292af77a57a8ad1f8716354c5e004e8a228a626e9fe
[INFO] running `Command { std: "docker" "start" "-a" "aa464f6ca54859034beae292af77a57a8ad1f8716354c5e004e8a228a626e9fe", kill_on_drop: false }`
[INFO] [stderr]    Compiling cfg_aliases v0.1.1
[INFO] [stderr]    Compiling foldhash v0.1.3
[INFO] [stderr]    Compiling bytemuck_derive v1.8.0
[INFO] [stderr]    Compiling ahash v0.8.11
[INFO] [stderr]    Compiling khronos-egl v6.0.0
[INFO] [stderr]    Compiling spirv v0.3.0+sdk-1.3.268.0
[INFO] [stderr]    Compiling wgpu-types v0.19.2
[INFO] [stderr]    Compiling slotmap v1.0.7
[INFO] [stderr]    Compiling wgpu-hal v0.19.5
[INFO] [stderr]    Compiling hashbrown v0.15.0
[INFO] [stderr]    Compiling wgpu-core v0.19.4
[INFO] [stderr]    Compiling hashbrown v0.14.5
[INFO] [stderr]    Compiling raw-window-handle v0.6.2
[INFO] [stderr]    Compiling libm v0.2.11
[INFO] [stderr]    Compiling glow v0.13.1
[INFO] [stderr]    Compiling wgpu v0.19.4
[INFO] [stderr]    Compiling tinyvec_macros v0.1.1
[INFO] [stderr]    Compiling roxmltree v0.20.0
[INFO] [stderr]    Compiling indexmap v2.6.0
[INFO] [stderr]    Compiling gpu-descriptor v0.2.4
[INFO] [stderr]    Compiling tinyvec v1.8.0
[INFO] [stderr]    Compiling bytemuck v1.19.0
[INFO] [stderr]    Compiling naga v0.19.2
[INFO] [stderr]    Compiling font-types v0.7.2
[INFO] [stderr]    Compiling fontconfig-parser v0.5.7
[INFO] [stderr]    Compiling euclid v0.22.11
[INFO] [stderr]    Compiling memmap2 v0.8.0
[INFO] [stderr]    Compiling ttf-parser v0.20.0
[INFO] [stderr]    Compiling read-fonts v0.22.5
[INFO] [stderr]    Compiling unicode-properties v0.1.3
[INFO] [stderr]    Compiling zeno v0.2.3
[INFO] [stderr]    Compiling unicode-script v0.5.7
[INFO] [stderr]    Compiling yazi v0.1.6
[INFO] [stderr]    Compiling unicode-ccc v0.1.2
[INFO] [stderr]    Compiling ttf-parser v0.19.2
[INFO] [stderr]    Compiling unicode-bidi-mirroring v0.1.0
[INFO] [stderr]    Compiling svg_fmt v0.4.3
[INFO] [stderr]    Compiling self_cell v1.0.4
[INFO] [stderr]    Compiling unicode-bidi v0.3.17
[INFO] [stderr]    Compiling unicode-linebreak v0.1.5
[INFO] [stderr]    Compiling unicode-segmentation v1.12.0
[INFO] [stderr]    Compiling sys-locale v0.3.1
[INFO] [stderr]    Compiling rangemap v1.5.1
[INFO] [stderr]    Compiling etagere v0.2.13
[INFO] [stderr]    Compiling rgb v0.8.50
[INFO] [stderr]    Compiling lru v0.12.5
[INFO] [stderr]    Compiling rustybuzz v0.11.0
[INFO] [stderr]    Compiling fontdb v0.15.0
[INFO] [stderr]    Compiling skrifa v0.22.3
[INFO] [stderr]    Compiling swash v0.1.19
[INFO] [stderr]    Compiling cosmic-text v0.10.0
[INFO] [stderr]    Compiling rootvg-core v0.1.1
[INFO] [stderr]    Compiling glyphon v0.5.0
[INFO] [stderr]    Compiling rootvg-text v0.1.0 (/opt/rustwide/workdir)
[INFO] [stderr]     Finished `dev` profile [unoptimized + debuginfo] target(s) in 31.72s
[INFO] running `Command { std: "docker" "inspect" "aa464f6ca54859034beae292af77a57a8ad1f8716354c5e004e8a228a626e9fe", kill_on_drop: false }`
[INFO] running `Command { std: "docker" "rm" "-f" "aa464f6ca54859034beae292af77a57a8ad1f8716354c5e004e8a228a626e9fe", kill_on_drop: false }`
[INFO] [stdout] aa464f6ca54859034beae292af77a57a8ad1f8716354c5e004e8a228a626e9fe
[INFO] running `Command { std: "docker" "create" "-v" "/var/lib/crater-agent-workspace/builds/worker-2-tc1/target:/opt/rustwide/target:rw,Z" "-v" "/var/lib/crater-agent-workspace/builds/worker-2-tc1/source:/opt/rustwide/workdir:ro,Z" "-v" "/var/lib/crater-agent-workspace/cargo-home:/opt/rustwide/cargo-home:ro,Z" "-v" "/var/lib/crater-agent-workspace/rustup-home:/opt/rustwide/rustup-home:ro,Z" "-e" "SOURCE_DIR=/opt/rustwide/workdir" "-e" "CARGO_TARGET_DIR=/opt/rustwide/target" "-e" "CARGO_INCREMENTAL=0" "-e" "RUST_BACKTRACE=full" "-e" "RUSTFLAGS=--cap-lints=forbid" "-e" "RUSTDOCFLAGS=--cap-lints=forbid" "-e" "CARGO_HOME=/opt/rustwide/cargo-home" "-e" "RUSTUP_HOME=/opt/rustwide/rustup-home" "-w" "/opt/rustwide/workdir" "-m" "1610612736" "--user" "0:0" "--network" "none" "ghcr.io/rust-lang/crates-build-env/linux@sha256:4a844ea9eb2546a2d2c7022eacef16ef2e8229c7fbb2c7d4d55a9ceca922f72d" "/opt/rustwide/cargo-home/bin/cargo" "+nightly-2024-10-28" "test" "--frozen" "--no-run" "--message-format=json", kill_on_drop: false }`
[INFO] [stdout] 14aa57de39de1d83002c39299d904f029cd8e1fe40369760304d5a63ce613131
[INFO] running `Command { std: "docker" "start" "-a" "14aa57de39de1d83002c39299d904f029cd8e1fe40369760304d5a63ce613131", kill_on_drop: false }`
[INFO] [stderr]    Compiling rootvg-text v0.1.0 (/opt/rustwide/workdir)
[INFO] [stderr]     Finished `test` profile [unoptimized + debuginfo] target(s) in 0.59s
[INFO] running `Command { std: "docker" "inspect" "14aa57de39de1d83002c39299d904f029cd8e1fe40369760304d5a63ce613131", kill_on_drop: false }`
[INFO] running `Command { std: "docker" "rm" "-f" "14aa57de39de1d83002c39299d904f029cd8e1fe40369760304d5a63ce613131", kill_on_drop: false }`
[INFO] [stdout] 14aa57de39de1d83002c39299d904f029cd8e1fe40369760304d5a63ce613131
[INFO] running `Command { std: "docker" "create" "-v" "/var/lib/crater-agent-workspace/builds/worker-2-tc1/target:/opt/rustwide/target:rw,Z" "-v" "/var/lib/crater-agent-workspace/builds/worker-2-tc1/source:/opt/rustwide/workdir:ro,Z" "-v" "/var/lib/crater-agent-workspace/cargo-home:/opt/rustwide/cargo-home:ro,Z" "-v" "/var/lib/crater-agent-workspace/rustup-home:/opt/rustwide/rustup-home:ro,Z" "-e" "SOURCE_DIR=/opt/rustwide/workdir" "-e" "CARGO_TARGET_DIR=/opt/rustwide/target" "-e" "CARGO_INCREMENTAL=0" "-e" "RUST_BACKTRACE=full" "-e" "RUSTFLAGS=--cap-lints=forbid" "-e" "RUSTDOCFLAGS=--cap-lints=forbid" "-e" "CARGO_HOME=/opt/rustwide/cargo-home" "-e" "RUSTUP_HOME=/opt/rustwide/rustup-home" "-w" "/opt/rustwide/workdir" "-m" "1610612736" "--user" "0:0" "--network" "none" "ghcr.io/rust-lang/crates-build-env/linux@sha256:4a844ea9eb2546a2d2c7022eacef16ef2e8229c7fbb2c7d4d55a9ceca922f72d" "/opt/rustwide/cargo-home/bin/cargo" "+nightly-2024-10-28" "test" "--frozen", kill_on_drop: false }`
[INFO] [stdout] 7f9090e1c7a4b6addfbfc6d41e1194cc0eb325d04081c71c1d133e4a41a46ea6
[INFO] running `Command { std: "docker" "start" "-a" "7f9090e1c7a4b6addfbfc6d41e1194cc0eb325d04081c71c1d133e4a41a46ea6", kill_on_drop: false }`
[INFO] [stderr]     Finished `test` profile [unoptimized + debuginfo] target(s) in 0.06s
[INFO] [stderr]      Running unittests src/lib.rs (/opt/rustwide/target/debug/deps/rootvg_text-fed331e4828eb7c3)
[INFO] [stdout] 
[INFO] [stdout] running 0 tests
[INFO] [stdout] 
[INFO] [stdout] test result: ok. 0 passed; 0 failed; 0 ignored; 0 measured; 0 filtered out; finished in 0.00s
[INFO] [stdout] 
[INFO] [stderr]    Doc-tests rootvg_text
[INFO] [stdout] 
[INFO] [stdout] running 1 test
[INFO] [stdout] test src/properties.rs - properties::TextProperties::attrs (line 21) ... FAILED
[INFO] [stdout] 
[INFO] [stdout] failures:
[INFO] [stdout] 
[INFO] [stdout] ---- src/properties.rs - properties::TextProperties::attrs (line 21) stdout ----
[INFO] [stdout] error[E0422]: cannot find struct, variant or union type `Attrs` in this scope
[INFO] [stdout]  --> src/properties.rs:22:1
[INFO] [stdout]   |
[INFO] [stdout] 3 | Attrs {
[INFO] [stdout]   | ^^^^^ not found in this scope
[INFO] [stdout]   |
[INFO] [stdout] help: consider importing one of these structs
[INFO] [stdout]   |
[INFO] [stdout] 2 + use glyphon::Attrs;
[INFO] [stdout]   |
[INFO] [stdout] 2 + use rootvg_text::Attrs;
[INFO] [stdout]   |
[INFO] [stdout] 
[INFO] [stdout] error[E0433]: failed to resolve: use of undeclared type `Family`
[INFO] [stdout]  --> src/properties.rs:24:10
[INFO] [stdout]   |
[INFO] [stdout] 5 |  family: Family::SansSerif,
[INFO] [stdout]   |          ^^^^^^ use of undeclared type `Family`
[INFO] [stdout]   |
[INFO] [stdout] help: consider importing one of these enums
[INFO] [stdout]   |
[INFO] [stdout] 2 + use glyphon::Family;
[INFO] [stdout]   |
[INFO] [stdout] 2 + use rootvg_text::Family;
[INFO] [stdout]   |
[INFO] [stdout] 
[INFO] [stdout] error[E0433]: failed to resolve: use of undeclared type `Stretch`
[INFO] [stdout]  --> src/properties.rs:25:11
[INFO] [stdout]   |
[INFO] [stdout] 6 |  stretch: Stretch::Normal,
[INFO] [stdout]   |           ^^^^^^^ use of undeclared type `Stretch`
[INFO] [stdout]   |
[INFO] [stdout] help: consider importing one of these enums
[INFO] [stdout]   |
[INFO] [stdout] 2 + use glyphon::Stretch;
[INFO] [stdout]   |
[INFO] [stdout] 2 + use rootvg_text::Stretch;
[INFO] [stdout]   |
[INFO] [stdout] 
[INFO] [stdout] error[E0433]: failed to resolve: use of undeclared type `Style`
[INFO] [stdout]  --> src/properties.rs:26:9
[INFO] [stdout]   |
[INFO] [stdout] 7 |  style: Style::Normal,
[INFO] [stdout]   |         ^^^^^ use of undeclared type `Style`
[INFO] [stdout]   |
[INFO] [stdout] help: consider importing one of these enums
[INFO] [stdout]   |
[INFO] [stdout] 2 + use glyphon::Style;
[INFO] [stdout]   |
[INFO] [stdout] 2 + use rootvg_text::Style;
[INFO] [stdout]   |
[INFO] [stdout] 
[INFO] [stdout] error[E0433]: failed to resolve: use of undeclared type `Weight`
[INFO] [stdout]  --> src/properties.rs:27:10
[INFO] [stdout]   |
[INFO] [stdout] 8 |  weight: Weight::NORMAL,
[INFO] [stdout]   |          ^^^^^^ use of undeclared type `Weight`
[INFO] [stdout]   |
[INFO] [stdout] help: consider importing one of these structs
[INFO] [stdout]   |
[INFO] [stdout] 2 + use glyphon::Weight;
[INFO] [stdout]   |
[INFO] [stdout] 2 + use rootvg_text::Weight;
[INFO] [stdout]   |
[INFO] [stdout] 
[INFO] [stdout] error: aborting due to 5 previous errors
[INFO] [stdout] 
[INFO] [stdout] Some errors have detailed explanations: E0422, E0433.
[INFO] [stdout] For more information about an error, try `rustc --explain E0422`.
[INFO] [stdout] Couldn't compile the test.
[INFO] [stdout] 
[INFO] [stdout] failures:
[INFO] [stdout]     src/properties.rs - properties::TextProperties::attrs (line 21)
[INFO] [stdout] 
[INFO] [stdout] test result: FAILED. 0 passed; 1 failed; 0 ignored; 0 measured; 0 filtered out; finished in 0.05s
[INFO] [stdout] 
[INFO] [stderr] error: doctest failed, to rerun pass `--doc`
[INFO] running `Command { std: "docker" "inspect" "7f9090e1c7a4b6addfbfc6d41e1194cc0eb325d04081c71c1d133e4a41a46ea6", kill_on_drop: false }`
[INFO] running `Command { std: "docker" "rm" "-f" "7f9090e1c7a4b6addfbfc6d41e1194cc0eb325d04081c71c1d133e4a41a46ea6", kill_on_drop: false }`
[INFO] [stdout] 7f9090e1c7a4b6addfbfc6d41e1194cc0eb325d04081c71c1d133e4a41a46ea6
