[INFO] fetching crate roopes-core 0.1.1...
[INFO] testing roopes-core-0.1.1 against nightly-2024-10-28 for randomize-layout
[INFO] extracting crate roopes-core 0.1.1 into /workspace/builds/worker-6-tc1/source
[INFO] validating manifest of crates.io crate roopes-core 0.1.1 on toolchain nightly-2024-10-28
[INFO] running `Command { std: CARGO_HOME="/workspace/cargo-home" RUSTUP_HOME="/workspace/rustup-home" "/workspace/cargo-home/bin/cargo" "+nightly-2024-10-28" "metadata" "--manifest-path" "Cargo.toml" "--no-deps", kill_on_drop: false }`
[INFO] started tweaking crates.io crate roopes-core 0.1.1
[INFO] finished tweaking crates.io crate roopes-core 0.1.1
[INFO] tweaked toml for crates.io crate roopes-core 0.1.1 written to /workspace/builds/worker-6-tc1/source/Cargo.toml
[INFO] running `Command { std: CARGO_HOME="/workspace/cargo-home" RUSTUP_HOME="/workspace/rustup-home" "/workspace/cargo-home/bin/cargo" "+nightly-2024-10-28" "generate-lockfile" "--manifest-path" "Cargo.toml", kill_on_drop: false }`
[INFO] [stderr]     Updating crates.io index
[INFO] [stderr]      Locking 8 packages to latest compatible versions
[INFO] [stderr]       Adding delegate v0.9.0 (available: v0.13.1)
[INFO] running `Command { std: CARGO_HOME="/workspace/cargo-home" RUSTUP_HOME="/workspace/rustup-home" "/workspace/cargo-home/bin/cargo" "+nightly-2024-10-28" "fetch" "--manifest-path" "Cargo.toml", kill_on_drop: false }`
[INFO] [stderr]  Downloading crates ...
[INFO] [stderr]   Downloaded enclose v1.2.0
[INFO] [stderr]   Downloaded delegate v0.9.0
[INFO] running `Command { std: "docker" "create" "-v" "/var/lib/crater-agent-workspace/builds/worker-6-tc1/target:/opt/rustwide/target:rw,Z" "-v" "/var/lib/crater-agent-workspace/builds/worker-6-tc1/source:/opt/rustwide/workdir:ro,Z" "-v" "/var/lib/crater-agent-workspace/cargo-home:/opt/rustwide/cargo-home:ro,Z" "-v" "/var/lib/crater-agent-workspace/rustup-home:/opt/rustwide/rustup-home:ro,Z" "-e" "SOURCE_DIR=/opt/rustwide/workdir" "-e" "CARGO_TARGET_DIR=/opt/rustwide/target" "-e" "CARGO_HOME=/opt/rustwide/cargo-home" "-e" "RUSTUP_HOME=/opt/rustwide/rustup-home" "-w" "/opt/rustwide/workdir" "-m" "1610612736" "--user" "0:0" "--network" "none" "ghcr.io/rust-lang/crates-build-env/linux@sha256:4a844ea9eb2546a2d2c7022eacef16ef2e8229c7fbb2c7d4d55a9ceca922f72d" "/opt/rustwide/cargo-home/bin/cargo" "+nightly-2024-10-28" "metadata" "--no-deps" "--format-version=1", kill_on_drop: false }`
[INFO] [stdout] b55043fbddfc57168dab0ed05500507e033d01f10c54e5fb175a45ed527eebd1
[INFO] running `Command { std: "docker" "start" "-a" "b55043fbddfc57168dab0ed05500507e033d01f10c54e5fb175a45ed527eebd1", kill_on_drop: false }`
[INFO] running `Command { std: "docker" "inspect" "b55043fbddfc57168dab0ed05500507e033d01f10c54e5fb175a45ed527eebd1", kill_on_drop: false }`
[INFO] running `Command { std: "docker" "rm" "-f" "b55043fbddfc57168dab0ed05500507e033d01f10c54e5fb175a45ed527eebd1", kill_on_drop: false }`
[INFO] [stdout] b55043fbddfc57168dab0ed05500507e033d01f10c54e5fb175a45ed527eebd1
[INFO] running `Command { std: "docker" "create" "-v" "/var/lib/crater-agent-workspace/builds/worker-6-tc1/target:/opt/rustwide/target:rw,Z" "-v" "/var/lib/crater-agent-workspace/builds/worker-6-tc1/source:/opt/rustwide/workdir:ro,Z" "-v" "/var/lib/crater-agent-workspace/cargo-home:/opt/rustwide/cargo-home:ro,Z" "-v" "/var/lib/crater-agent-workspace/rustup-home:/opt/rustwide/rustup-home:ro,Z" "-e" "SOURCE_DIR=/opt/rustwide/workdir" "-e" "CARGO_TARGET_DIR=/opt/rustwide/target" "-e" "CARGO_INCREMENTAL=0" "-e" "RUST_BACKTRACE=full" "-e" "RUSTFLAGS=--cap-lints=forbid" "-e" "RUSTDOCFLAGS=--cap-lints=forbid" "-e" "CARGO_HOME=/opt/rustwide/cargo-home" "-e" "RUSTUP_HOME=/opt/rustwide/rustup-home" "-w" "/opt/rustwide/workdir" "-m" "1610612736" "--user" "0:0" "--network" "none" "ghcr.io/rust-lang/crates-build-env/linux@sha256:4a844ea9eb2546a2d2c7022eacef16ef2e8229c7fbb2c7d4d55a9ceca922f72d" "/opt/rustwide/cargo-home/bin/cargo" "+nightly-2024-10-28" "build" "--frozen" "--message-format=json", kill_on_drop: false }`
[INFO] [stdout] 7699b7c8ebb3c2d732f805fd95e9cb0c6ec64eff4010e8b37616b4d496367279
[INFO] running `Command { std: "docker" "start" "-a" "7699b7c8ebb3c2d732f805fd95e9cb0c6ec64eff4010e8b37616b4d496367279", kill_on_drop: false }`
[INFO] [stderr]    Compiling syn v1.0.109
[INFO] [stderr]    Compiling base64 v0.13.1
[INFO] [stderr]    Compiling enclose v1.2.0
[INFO] [stderr]    Compiling embed-doc-image v0.1.4
[INFO] [stderr]    Compiling delegate v0.9.0
[INFO] [stderr]    Compiling roopes-core v0.1.1 (/opt/rustwide/workdir)
[INFO] [stdout] warning: the feature `associated_type_bounds` has been stable since 1.79.0 and no longer requires an attribute to enable
[INFO] [stdout]  --> src/lib.rs:7:12
[INFO] [stdout]   |
[INFO] [stdout] 7 | #![feature(associated_type_bounds)]
[INFO] [stdout]   |            ^^^^^^^^^^^^^^^^^^^^^^
[INFO] [stdout]   |
[INFO] [stdout]   = note: `#[warn(stable_features)]` on by default
[INFO] [stdout] 
[INFO] [stdout] 
[INFO] [stderr]     Finished `dev` profile [unoptimized + debuginfo] target(s) in 4.82s
[INFO] running `Command { std: "docker" "inspect" "7699b7c8ebb3c2d732f805fd95e9cb0c6ec64eff4010e8b37616b4d496367279", kill_on_drop: false }`
[INFO] running `Command { std: "docker" "rm" "-f" "7699b7c8ebb3c2d732f805fd95e9cb0c6ec64eff4010e8b37616b4d496367279", kill_on_drop: false }`
[INFO] [stdout] 7699b7c8ebb3c2d732f805fd95e9cb0c6ec64eff4010e8b37616b4d496367279
[INFO] running `Command { std: "docker" "create" "-v" "/var/lib/crater-agent-workspace/builds/worker-6-tc1/target:/opt/rustwide/target:rw,Z" "-v" "/var/lib/crater-agent-workspace/builds/worker-6-tc1/source:/opt/rustwide/workdir:ro,Z" "-v" "/var/lib/crater-agent-workspace/cargo-home:/opt/rustwide/cargo-home:ro,Z" "-v" "/var/lib/crater-agent-workspace/rustup-home:/opt/rustwide/rustup-home:ro,Z" "-e" "SOURCE_DIR=/opt/rustwide/workdir" "-e" "CARGO_TARGET_DIR=/opt/rustwide/target" "-e" "CARGO_INCREMENTAL=0" "-e" "RUST_BACKTRACE=full" "-e" "RUSTFLAGS=--cap-lints=forbid" "-e" "RUSTDOCFLAGS=--cap-lints=forbid" "-e" "CARGO_HOME=/opt/rustwide/cargo-home" "-e" "RUSTUP_HOME=/opt/rustwide/rustup-home" "-w" "/opt/rustwide/workdir" "-m" "1610612736" "--user" "0:0" "--network" "none" "ghcr.io/rust-lang/crates-build-env/linux@sha256:4a844ea9eb2546a2d2c7022eacef16ef2e8229c7fbb2c7d4d55a9ceca922f72d" "/opt/rustwide/cargo-home/bin/cargo" "+nightly-2024-10-28" "test" "--frozen" "--no-run" "--message-format=json", kill_on_drop: false }`
[INFO] [stdout] 2f8d824c6bf03f801f9b10df13ca28f3026cac721590861da9235df0c873a148
[INFO] running `Command { std: "docker" "start" "-a" "2f8d824c6bf03f801f9b10df13ca28f3026cac721590861da9235df0c873a148", kill_on_drop: false }`
[INFO] [stdout] warning: the feature `associated_type_bounds` has been stable since 1.79.0 and no longer requires an attribute to enable
[INFO] [stdout]  --> src/lib.rs:7:12
[INFO] [stdout]   |
[INFO] [stdout] 7 | #![feature(associated_type_bounds)]
[INFO] [stdout]   |            ^^^^^^^^^^^^^^^^^^^^^^
[INFO] [stdout]   |
[INFO] [stdout]   = note: `#[warn(stable_features)]` on by default
[INFO] [stdout] 
[INFO] [stdout] 
[INFO] [stderr]    Compiling roopes-core v0.1.1 (/opt/rustwide/workdir)
[INFO] [stdout] warning: the feature `associated_type_bounds` has been stable since 1.79.0 and no longer requires an attribute to enable
[INFO] [stdout]  --> src/lib.rs:7:12
[INFO] [stdout]   |
[INFO] [stdout] 7 | #![feature(associated_type_bounds)]
[INFO] [stdout]   |            ^^^^^^^^^^^^^^^^^^^^^^
[INFO] [stdout]   |
[INFO] [stdout]   = note: `#[warn(stable_features)]` on by default
[INFO] [stdout] 
[INFO] [stdout] 
[INFO] [stderr]     Finished `test` profile [unoptimized + debuginfo] target(s) in 0.81s
[INFO] running `Command { std: "docker" "inspect" "2f8d824c6bf03f801f9b10df13ca28f3026cac721590861da9235df0c873a148", kill_on_drop: false }`
[INFO] running `Command { std: "docker" "rm" "-f" "2f8d824c6bf03f801f9b10df13ca28f3026cac721590861da9235df0c873a148", kill_on_drop: false }`
[INFO] [stdout] 2f8d824c6bf03f801f9b10df13ca28f3026cac721590861da9235df0c873a148
[INFO] running `Command { std: "docker" "create" "-v" "/var/lib/crater-agent-workspace/builds/worker-6-tc1/target:/opt/rustwide/target:rw,Z" "-v" "/var/lib/crater-agent-workspace/builds/worker-6-tc1/source:/opt/rustwide/workdir:ro,Z" "-v" "/var/lib/crater-agent-workspace/cargo-home:/opt/rustwide/cargo-home:ro,Z" "-v" "/var/lib/crater-agent-workspace/rustup-home:/opt/rustwide/rustup-home:ro,Z" "-e" "SOURCE_DIR=/opt/rustwide/workdir" "-e" "CARGO_TARGET_DIR=/opt/rustwide/target" "-e" "CARGO_INCREMENTAL=0" "-e" "RUST_BACKTRACE=full" "-e" "RUSTFLAGS=--cap-lints=forbid" "-e" "RUSTDOCFLAGS=--cap-lints=forbid" "-e" "CARGO_HOME=/opt/rustwide/cargo-home" "-e" "RUSTUP_HOME=/opt/rustwide/rustup-home" "-w" "/opt/rustwide/workdir" "-m" "1610612736" "--user" "0:0" "--network" "none" "ghcr.io/rust-lang/crates-build-env/linux@sha256:4a844ea9eb2546a2d2c7022eacef16ef2e8229c7fbb2c7d4d55a9ceca922f72d" "/opt/rustwide/cargo-home/bin/cargo" "+nightly-2024-10-28" "test" "--frozen", kill_on_drop: false }`
[INFO] [stdout] f72d4ec60c53051adc44aad603dc798d7cbd0c8f37842d0d413690749519c565
[INFO] running `Command { std: "docker" "start" "-a" "f72d4ec60c53051adc44aad603dc798d7cbd0c8f37842d0d413690749519c565", kill_on_drop: false }`
[INFO] [stderr] warning: the feature `associated_type_bounds` has been stable since 1.79.0 and no longer requires an attribute to enable
[INFO] [stderr]  --> src/lib.rs:7:12
[INFO] [stderr]   |
[INFO] [stderr] 7 | #![feature(associated_type_bounds)]
[INFO] [stderr]   |            ^^^^^^^^^^^^^^^^^^^^^^
[INFO] [stderr]   |
[INFO] [stderr]   = note: `#[warn(stable_features)]` on by default
[INFO] [stderr] 
[INFO] [stderr] warning: `roopes-core` (lib) generated 1 warning
[INFO] [stderr] warning: `roopes-core` (lib test) generated 1 warning (1 duplicate)
[INFO] [stderr]     Finished `test` profile [unoptimized + debuginfo] target(s) in 0.02s
[INFO] [stderr]      Running unittests src/lib.rs (/opt/rustwide/target/debug/deps/roopes_core-264c4ae3f4f7f5ce)
[INFO] [stdout] 
[INFO] [stdout] running 40 tests
[INFO] [stdout] test aggregates::executable_observer::tests::validate_execution ... ok
[INFO] [stdout] test aggregates::executable_observer::tests::validate_notify ... ok
[INFO] [stdout] test aggregates::handling_publisher::tests::format ... ok
[INFO] [stdout] test aggregates::handling_publisher::tests::handling_publisher_eq ... ok
[INFO] [stdout] test aggregates::handling_publisher::tests::vec_publisher_delegate_handle ... ok
[INFO] [stdout] test aggregates::handling_publisher::tests::vec_publisher_delegate_publish ... ok
[INFO] [stdout] test aggregates::observing_command::tests::double_observable_hash_command ... ok
[INFO] [stdout] test aggregates::observing_command::tests::notify_observable_command ... ok
[INFO] [stdout] test aggregates::observing_command::tests::observable_detach_hash_command ... ok
[INFO] [stdout] test aggregates::observing_command::tests::observable_detach_vec_command ... ok
[INFO] [stdout] test aggregates::observing_command::tests::simple_observable_command_execute ... ok
[INFO] [stdout] test aggregates::observing_command::tests::simple_observable_command_notify ... ok
[INFO] [stdout] test patterns::heap_pool::tests::heap_pool_indirect_expansion ... ok
[INFO] [stdout] test aggregates::subscribing_handler::tests::double_observable_hash_subscribing_handler ... ok
[INFO] [stdout] test patterns::heap_pool::tests::heap_pool_washing ... ok
[INFO] [stdout] test aggregates::transforming_handler::tests::trans_handler_handle ... ok
[INFO] [stdout] test patterns::observer::tests::multiple_vector_subject_notify ... ok
[INFO] [stdout] test patterns::observer::tests::observing_command_equality ... ok
[INFO] [stdout] test patterns::observer::tests::multiple_hashset_subject_notify ... ok
[INFO] [stdout] test aggregates::subscribing_handler::tests::double_observable_subscribing_handler ... ok
[INFO] [stdout] test patterns::observer::tests::overwrite_hashset_subject_notify ... ok
[INFO] [stdout] test patterns::observer::tests::simple_hashset_subject_notify ... ok
[INFO] [stdout] test patterns::heap_pool::tests::heap_pool_direct_expansion ... ok
[INFO] [stdout] test patterns::observer::tests::simple_vector_subject_notify ... ok
[INFO] [stdout] test patterns::observer::tests::toggle_hashset_subject_notify ... ok
[INFO] [stdout] test patterns::observer::tests::toggle_subject_inequality ... ok
[INFO] [stdout] test patterns::observer::tests::toggle_vector_subject_notify ... ok
[INFO] [stdout] test patterns::publisher_subscriber::tests::format ... ok
[INFO] [stdout] test patterns::publisher_subscriber::tests::heap_handle ... ok
[INFO] [stdout] test patterns::publisher_subscriber::tests::heap_subscriber_fmt ... ok
[INFO] [stdout] test patterns::publisher_subscriber::tests::vec_publisher_detach ... ok
[INFO] [stdout] test patterns::state::tests::simple_state ... ok
[INFO] [stdout] test primitives::emitter::tests::iterator_emitter ... ok
[INFO] [stdout] test primitives::emitter::tests::latent_lambda_refcell_mutation ... ok
[INFO] [stdout] test primitives::executable::tests::simple_heap_command ... ok
[INFO] [stdout] test primitives::handler::tests::simple_heap_refcell_mutation ... ok
[INFO] [stdout] test primitives::handler::tests::simple_lambda_refcell_mutation ... ok
[INFO] [stdout] test primitives::transformer::tests::simple_heap_refcell_mutation ... ok
[INFO] [stdout] test primitives::transformer::tests::simple_lambda_refcell_mutation ... ok
[INFO] [stdout] test patterns::publisher_subscriber::tests::vec_publisher_publish ... ok
[INFO] [stdout] 
[INFO] [stdout] test result: ok. 40 passed; 0 failed; 0 ignored; 0 measured; 0 filtered out; finished in 0.01s
[INFO] [stdout] 
[INFO] [stderr]    Doc-tests roopes_core
[INFO] [stdout] 
[INFO] [stdout] running 6 tests
[INFO] [stdout] test src/primitives/handler/heap.rs - primitives::handler::heap::Heap<M>::new (line 22) ... FAILED
[INFO] [stdout] test src/patterns/observer/hash_subject.rs - patterns::observer::hash_subject::HashSubject (line 27) ... FAILED
[INFO] [stdout] test src/primitives/executable/heap.rs - primitives::executable::heap::Heap::new (line 20) ... FAILED
[INFO] [stdout] test src/patterns/publisher_subscriber/vec_publisher.rs - patterns::publisher_subscriber::vec_publisher::VecPublisher (line 17) ... FAILED
[INFO] [stdout] test src/primitives/handler/lambda.rs - primitives::handler::lambda::Lambda (line 16) ... FAILED
[INFO] [stdout] test src/patterns/observer/vec_subject.rs - patterns::observer::vec_subject::VecSubject (line 21) ... FAILED
[INFO] [stdout] 
[INFO] [stdout] failures:
[INFO] [stdout] 
[INFO] [stdout] ---- src/primitives/handler/heap.rs - primitives::handler::heap::Heap<M>::new (line 22) stdout ----
[INFO] [stdout] error[E0433]: failed to resolve: use of undeclared crate or module `roopes`
[INFO] [stdout]  --> src/primitives/handler/heap.rs:23:5
[INFO] [stdout]   |
[INFO] [stdout] 3 | use roopes::prelude::*;
[INFO] [stdout]   |     ^^^^^^ use of undeclared crate or module `roopes`
[INFO] [stdout] 
[INFO] [stdout] error[E0433]: failed to resolve: use of undeclared crate or module `handler`
[INFO] [stdout]  --> src/primitives/handler/heap.rs:25:5
[INFO] [stdout]   |
[INFO] [stdout] 5 |     handler::Heap::new(Box::new(handler::Lambda::new(|message| {
[INFO] [stdout]   |     ^^^^^^^ use of undeclared crate or module `handler`
[INFO] [stdout]   |
[INFO] [stdout] help: consider importing one of these structs
[INFO] [stdout]   |
[INFO] [stdout] 2 + use roopes_core::prelude::command::Heap;
[INFO] [stdout]   |
[INFO] [stdout] 2 + use roopes_core::prelude::executable::Heap;
[INFO] [stdout]   |
[INFO] [stdout] 2 + use roopes_core::prelude::handler::Heap;
[INFO] [stdout]   |
[INFO] [stdout] 2 + use roopes_core::prelude::transformer::Heap;
[INFO] [stdout]   |
[INFO] [stdout]     and 1 other candidate
[INFO] [stdout] help: if you import `Heap`, refer to it directly
[INFO] [stdout]   |
[INFO] [stdout] 5 -     handler::Heap::new(Box::new(handler::Lambda::new(|message| {
[INFO] [stdout] 5 +     Heap::new(Box::new(handler::Lambda::new(|message| {
[INFO] [stdout]   |
[INFO] [stdout] 
[INFO] [stdout] error[E0433]: failed to resolve: use of undeclared crate or module `handler`
[INFO] [stdout]  --> src/primitives/handler/heap.rs:25:33
[INFO] [stdout]   |
[INFO] [stdout] 5 |     handler::Heap::new(Box::new(handler::Lambda::new(|message| {
[INFO] [stdout]   |                                 ^^^^^^^ use of undeclared crate or module `handler`
[INFO] [stdout]   |
[INFO] [stdout] help: consider importing one of these structs
[INFO] [stdout]   |
[INFO] [stdout] 2 + use roopes_core::prelude::abstract_factory::Lambda;
[INFO] [stdout]   |
[INFO] [stdout] 2 + use roopes_core::prelude::emitter::Lambda;
[INFO] [stdout]   |
[INFO] [stdout] 2 + use roopes_core::prelude::executable::Lambda;
[INFO] [stdout]   |
[INFO] [stdout] 2 + use roopes_core::prelude::handler::Lambda;
[INFO] [stdout]   |
[INFO] [stdout]     and 1 other candidate
[INFO] [stdout] help: if you import `Lambda`, refer to it directly
[INFO] [stdout]   |
[INFO] [stdout] 5 -     handler::Heap::new(Box::new(handler::Lambda::new(|message| {
[INFO] [stdout] 5 +     handler::Heap::new(Box::new(Lambda::new(|message| {
[INFO] [stdout]   |
[INFO] [stdout] 
[INFO] [stdout] error: aborting due to 3 previous errors
[INFO] [stdout] 
[INFO] [stdout] For more information about this error, try `rustc --explain E0433`.
[INFO] [stdout] Couldn't compile the test.
[INFO] [stdout] ---- src/patterns/observer/hash_subject.rs - patterns::observer::hash_subject::HashSubject (line 27) stdout ----
[INFO] [stdout] error[E0433]: failed to resolve: use of undeclared crate or module `roopes`
[INFO] [stdout]  --> src/patterns/observer/hash_subject.rs:28:5
[INFO] [stdout]   |
[INFO] [stdout] 3 | use roopes::prelude::*;
[INFO] [stdout]   |     ^^^^^^ use of undeclared crate or module `roopes`
[INFO] [stdout] 
[INFO] [stdout] error[E0433]: failed to resolve: use of undeclared crate or module `observer`
[INFO] [stdout]   --> src/patterns/observer/hash_subject.rs:35:14
[INFO] [stdout]    |
[INFO] [stdout] 10 | let mut hs = observer::HashSubject::default();
[INFO] [stdout]    |              ^^^^^^^^ use of undeclared crate or module `observer`
[INFO] [stdout]    |
[INFO] [stdout] help: consider importing this struct
[INFO] [stdout]    |
[INFO] [stdout] 2  + use roopes_core::prelude::observer::HashSubject;
[INFO] [stdout]    |
[INFO] [stdout] help: if you import `HashSubject`, refer to it directly
[INFO] [stdout]    |
[INFO] [stdout] 10 - let mut hs = observer::HashSubject::default();
[INFO] [stdout] 10 + let mut hs = HashSubject::default();
[INFO] [stdout]    |
[INFO] [stdout] 
[INFO] [stdout] error[E0412]: cannot find type `ObservingCommand` in this scope
[INFO] [stdout]   --> src/patterns/observer/hash_subject.rs:38:9
[INFO] [stdout]    |
[INFO] [stdout] 13 | let lc: ObservingCommand<_> = command::Hashable::new(
[INFO] [stdout]    |         ^^^^^^^^^^^^^^^^ not found in this scope
[INFO] [stdout]    |
[INFO] [stdout] help: consider importing this struct
[INFO] [stdout]    |
[INFO] [stdout] 2  + use roopes_core::prelude::ObservingCommand;
[INFO] [stdout]    |
[INFO] [stdout] 
[INFO] [stdout] error[E0433]: failed to resolve: use of undeclared crate or module `command`
[INFO] [stdout]   --> src/patterns/observer/hash_subject.rs:38:31
[INFO] [stdout]    |
[INFO] [stdout] 13 | let lc: ObservingCommand<_> = command::Hashable::new(
[INFO] [stdout]    |                               ^^^^^^^ use of undeclared crate or module `command`
[INFO] [stdout]    |
[INFO] [stdout] help: consider importing one of these structs
[INFO] [stdout]    |
[INFO] [stdout] 2  + use roopes_core::prelude::command::Hashable;
[INFO] [stdout]    |
[INFO] [stdout] 2  + use roopes_core::prelude::handler::Hashable;
[INFO] [stdout]    |
[INFO] [stdout] help: if you import `Hashable`, refer to it directly
[INFO] [stdout]    |
[INFO] [stdout] 13 - let lc: ObservingCommand<_> = command::Hashable::new(
[INFO] [stdout] 13 + let lc: ObservingCommand<_> = Hashable::new(
[INFO] [stdout]    |
[INFO] [stdout] 
[INFO] [stdout] error[E0433]: failed to resolve: use of undeclared crate or module `command`
[INFO] [stdout]   --> src/patterns/observer/hash_subject.rs:39:5
[INFO] [stdout]    |
[INFO] [stdout] 14 |     command::Heap::from(enclose!((has_run) move || {
[INFO] [stdout]    |     ^^^^^^^ use of undeclared crate or module `command`
[INFO] [stdout]    |
[INFO] [stdout] help: consider importing one of these structs
[INFO] [stdout]    |
[INFO] [stdout] 2  + use roopes_core::prelude::command::Heap;
[INFO] [stdout]    |
[INFO] [stdout] 2  + use roopes_core::prelude::executable::Heap;
[INFO] [stdout]    |
[INFO] [stdout] 2  + use roopes_core::prelude::handler::Heap;
[INFO] [stdout]    |
[INFO] [stdout] 2  + use roopes_core::prelude::transformer::Heap;
[INFO] [stdout]    |
[INFO] [stdout]      and 1 other candidate
[INFO] [stdout] help: if you import `Heap`, refer to it directly
[INFO] [stdout]    |
[INFO] [stdout] 14 -     command::Heap::from(enclose!((has_run) move || {
[INFO] [stdout] 14 +     Heap::from(enclose!((has_run) move || {
[INFO] [stdout]    |
[INFO] [stdout] 
[INFO] [stdout] error: aborting due to 5 previous errors
[INFO] [stdout] 
[INFO] [stdout] Some errors have detailed explanations: E0412, E0433.
[INFO] [stdout] For more information about an error, try `rustc --explain E0412`.
[INFO] [stdout] Couldn't compile the test.
[INFO] [stdout] ---- src/primitives/executable/heap.rs - primitives::executable::heap::Heap::new (line 20) stdout ----
[INFO] [stdout] error[E0433]: failed to resolve: use of undeclared crate or module `roopes`
[INFO] [stdout]  --> src/primitives/executable/heap.rs:21:5
[INFO] [stdout]   |
[INFO] [stdout] 3 | use roopes::prelude::*;
[INFO] [stdout]   |     ^^^^^^ use of undeclared crate or module `roopes`
[INFO] [stdout] 
[INFO] [stdout] error[E0433]: failed to resolve: use of undeclared crate or module `executable`
[INFO] [stdout]  --> src/primitives/executable/heap.rs:23:5
[INFO] [stdout]   |
[INFO] [stdout] 5 |     executable::Heap::new(Box::new(executable::Lambda::new(|| {
[INFO] [stdout]   |     ^^^^^^^^^^ use of undeclared crate or module `executable`
[INFO] [stdout]   |
[INFO] [stdout] help: consider importing one of these structs
[INFO] [stdout]   |
[INFO] [stdout] 2 + use roopes_core::prelude::command::Heap;
[INFO] [stdout]   |
[INFO] [stdout] 2 + use roopes_core::prelude::executable::Heap;
[INFO] [stdout]   |
[INFO] [stdout] 2 + use roopes_core::prelude::handler::Heap;
[INFO] [stdout]   |
[INFO] [stdout] 2 + use roopes_core::prelude::transformer::Heap;
[INFO] [stdout]   |
[INFO] [stdout]     and 1 other candidate
[INFO] [stdout] help: if you import `Heap`, refer to it directly
[INFO] [stdout]   |
[INFO] [stdout] 5 -     executable::Heap::new(Box::new(executable::Lambda::new(|| {
[INFO] [stdout] 5 +     Heap::new(Box::new(executable::Lambda::new(|| {
[INFO] [stdout]   |
[INFO] [stdout] 
[INFO] [stdout] error[E0433]: failed to resolve: use of undeclared crate or module `executable`
[INFO] [stdout]  --> src/primitives/executable/heap.rs:23:36
[INFO] [stdout]   |
[INFO] [stdout] 5 |     executable::Heap::new(Box::new(executable::Lambda::new(|| {
[INFO] [stdout]   |                                    ^^^^^^^^^^ use of undeclared crate or module `executable`
[INFO] [stdout]   |
[INFO] [stdout] help: consider importing one of these structs
[INFO] [stdout]   |
[INFO] [stdout] 2 + use roopes_core::prelude::abstract_factory::Lambda;
[INFO] [stdout]   |
[INFO] [stdout] 2 + use roopes_core::prelude::emitter::Lambda;
[INFO] [stdout]   |
[INFO] [stdout] 2 + use roopes_core::prelude::executable::Lambda;
[INFO] [stdout]   |
[INFO] [stdout] 2 + use roopes_core::prelude::handler::Lambda;
[INFO] [stdout]   |
[INFO] [stdout]     and 1 other candidate
[INFO] [stdout] help: if you import `Lambda`, refer to it directly
[INFO] [stdout]   |
[INFO] [stdout] 5 -     executable::Heap::new(Box::new(executable::Lambda::new(|| {
[INFO] [stdout] 5 +     executable::Heap::new(Box::new(Lambda::new(|| {
[INFO] [stdout]   |
[INFO] [stdout] 
[INFO] [stdout] error: aborting due to 3 previous errors
[INFO] [stdout] 
[INFO] [stdout] For more information about this error, try `rustc --explain E0433`.
[INFO] [stdout] Couldn't compile the test.
[INFO] [stdout] ---- src/patterns/publisher_subscriber/vec_publisher.rs - patterns::publisher_subscriber::vec_publisher::VecPublisher (line 17) stdout ----
[INFO] [stdout] error[E0433]: failed to resolve: use of undeclared crate or module `roopes`
[INFO] [stdout]  --> src/patterns/publisher_subscriber/vec_publisher.rs:18:5
[INFO] [stdout]   |
[INFO] [stdout] 3 | use roopes::prelude::*;
[INFO] [stdout]   |     ^^^^^^ use of undeclared crate or module `roopes`
[INFO] [stdout] 
[INFO] [stdout] error[E0433]: failed to resolve: use of undeclared crate or module `publisher_subscriber`
[INFO] [stdout]   --> src/patterns/publisher_subscriber/vec_publisher.rs:25:21
[INFO] [stdout]    |
[INFO] [stdout] 10 | let mut publisher = publisher_subscriber::VecPublisher::default();
[INFO] [stdout]    |                     ^^^^^^^^^^^^^^^^^^^^ use of undeclared crate or module `publisher_subscriber`
[INFO] [stdout]    |
[INFO] [stdout] help: consider importing this struct
[INFO] [stdout]    |
[INFO] [stdout] 2  + use roopes_core::prelude::publisher_subscriber::VecPublisher;
[INFO] [stdout]    |
[INFO] [stdout] help: if you import `VecPublisher`, refer to it directly
[INFO] [stdout]    |
[INFO] [stdout] 10 - let mut publisher = publisher_subscriber::VecPublisher::default();
[INFO] [stdout] 10 + let mut publisher = VecPublisher::default();
[INFO] [stdout]    |
[INFO] [stdout] 
[INFO] [stdout] error[E0433]: failed to resolve: use of undeclared crate or module `handler`
[INFO] [stdout]   --> src/patterns/publisher_subscriber/vec_publisher.rs:28:5
[INFO] [stdout]    |
[INFO] [stdout] 13 |     handler::Heap::new(Box::new(handler::Lambda::new(move |v| {
[INFO] [stdout]    |     ^^^^^^^ use of undeclared crate or module `handler`
[INFO] [stdout]    |
[INFO] [stdout] help: consider importing one of these structs
[INFO] [stdout]    |
[INFO] [stdout] 2  + use roopes_core::prelude::command::Heap;
[INFO] [stdout]    |
[INFO] [stdout] 2  + use roopes_core::prelude::executable::Heap;
[INFO] [stdout]    |
[INFO] [stdout] 2  + use roopes_core::prelude::handler::Heap;
[INFO] [stdout]    |
[INFO] [stdout] 2  + use roopes_core::prelude::transformer::Heap;
[INFO] [stdout]    |
[INFO] [stdout]      and 1 other candidate
[INFO] [stdout] help: if you import `Heap`, refer to it directly
[INFO] [stdout]    |
[INFO] [stdout] 13 -     handler::Heap::new(Box::new(handler::Lambda::new(move |v| {
[INFO] [stdout] 13 +     Heap::new(Box::new(handler::Lambda::new(move |v| {
[INFO] [stdout]    |
[INFO] [stdout] 
[INFO] [stdout] error[E0433]: failed to resolve: use of undeclared crate or module `handler`
[INFO] [stdout]   --> src/patterns/publisher_subscriber/vec_publisher.rs:28:33
[INFO] [stdout]    |
[INFO] [stdout] 13 |     handler::Heap::new(Box::new(handler::Lambda::new(move |v| {
[INFO] [stdout]    |                                 ^^^^^^^ use of undeclared crate or module `handler`
[INFO] [stdout]    |
[INFO] [stdout] help: consider importing one of these structs
[INFO] [stdout]    |
[INFO] [stdout] 2  + use roopes_core::prelude::abstract_factory::Lambda;
[INFO] [stdout]    |
[INFO] [stdout] 2  + use roopes_core::prelude::emitter::Lambda;
[INFO] [stdout]    |
[INFO] [stdout] 2  + use roopes_core::prelude::executable::Lambda;
[INFO] [stdout]    |
[INFO] [stdout] 2  + use roopes_core::prelude::handler::Lambda;
[INFO] [stdout]    |
[INFO] [stdout]      and 1 other candidate
[INFO] [stdout] help: if you import `Lambda`, refer to it directly
[INFO] [stdout]    |
[INFO] [stdout] 13 -     handler::Heap::new(Box::new(handler::Lambda::new(move |v| {
[INFO] [stdout] 13 +     handler::Heap::new(Box::new(Lambda::new(move |v| {
[INFO] [stdout]    |
[INFO] [stdout] 
[INFO] [stdout] error[E0412]: cannot find type `SubscribingHandler` in this scope
[INFO] [stdout]   --> src/patterns/publisher_subscriber/vec_publisher.rs:31:18
[INFO] [stdout]    |
[INFO] [stdout] 16 | let sub_handler: SubscribingHandler<_, _> = heap_handler.into();
[INFO] [stdout]    |                  ^^^^^^^^^^^^^^^^^^ not found in this scope
[INFO] [stdout]    |
[INFO] [stdout] help: consider importing this struct
[INFO] [stdout]    |
[INFO] [stdout] 2  + use roopes_core::prelude::SubscribingHandler;
[INFO] [stdout]    |
[INFO] [stdout] 
[INFO] [stdout] error[E0433]: failed to resolve: use of undeclared crate or module `publisher_subscriber`
[INFO] [stdout]   --> src/patterns/publisher_subscriber/vec_publisher.rs:33:5
[INFO] [stdout]    |
[INFO] [stdout] 18 |     publisher_subscriber::heap::Subscriber::new(Box::new(sub_handler));
[INFO] [stdout]    |     ^^^^^^^^^^^^^^^^^^^^ use of undeclared crate or module `publisher_subscriber`
[INFO] [stdout]    |
[INFO] [stdout] help: consider importing one of these items
[INFO] [stdout]    |
[INFO] [stdout] 2  + use roopes_core::prelude::Subscriber;
[INFO] [stdout]    |
[INFO] [stdout] 2  + use roopes_core::prelude::publisher_subscriber::heap::Subscriber;
[INFO] [stdout]    |
[INFO] [stdout] help: if you import `Subscriber`, refer to it directly
[INFO] [stdout]    |
[INFO] [stdout] 18 -     publisher_subscriber::heap::Subscriber::new(Box::new(sub_handler));
[INFO] [stdout] 18 +     Subscriber::new(Box::new(sub_handler));
[INFO] [stdout]    |
[INFO] [stdout] 
[INFO] [stdout] error: aborting due to 6 previous errors
[INFO] [stdout] 
[INFO] [stdout] Some errors have detailed explanations: E0412, E0433.
[INFO] [stdout] For more information about an error, try `rustc --explain E0412`.
[INFO] [stdout] Couldn't compile the test.
[INFO] [stdout] ---- src/primitives/handler/lambda.rs - primitives::handler::lambda::Lambda (line 16) stdout ----
[INFO] [stdout] error[E0433]: failed to resolve: use of undeclared crate or module `roopes`
[INFO] [stdout]  --> src/primitives/handler/lambda.rs:17:5
[INFO] [stderr] error: doctest failed, to rerun pass `--doc`
[INFO] [stdout]   |
[INFO] [stdout] 3 | use roopes::prelude::*;
[INFO] [stdout]   |     ^^^^^^ use of undeclared crate or module `roopes`
[INFO] [stdout] 
[INFO] [stdout] error[E0433]: failed to resolve: use of undeclared crate or module `handler`
[INFO] [stdout]  --> src/primitives/handler/lambda.rs:18:15
[INFO] [stdout]   |
[INFO] [stdout] 4 | let handler = handler::Lambda::new(|msg| {
[INFO] [stdout]   |               ^^^^^^^ use of undeclared crate or module `handler`
[INFO] [stdout]   |
[INFO] [stdout] help: consider importing one of these structs
[INFO] [stdout]   |
[INFO] [stdout] 2 + use roopes_core::prelude::abstract_factory::Lambda;
[INFO] [stdout]   |
[INFO] [stdout] 2 + use roopes_core::prelude::emitter::Lambda;
[INFO] [stdout]   |
[INFO] [stdout] 2 + use roopes_core::prelude::executable::Lambda;
[INFO] [stdout]   |
[INFO] [stdout] 2 + use roopes_core::prelude::handler::Lambda;
[INFO] [stdout]   |
[INFO] [stdout]     and 1 other candidate
[INFO] [stdout] help: if you import `Lambda`, refer to it directly
[INFO] [stdout]   |
[INFO] [stdout] 4 - let handler = handler::Lambda::new(|msg| {
[INFO] [stdout] 4 + let handler = Lambda::new(|msg| {
[INFO] [stdout]   |
[INFO] [stdout] 
[INFO] [stdout] error: aborting due to 2 previous errors
[INFO] [stdout] 
[INFO] [stdout] For more information about this error, try `rustc --explain E0433`.
[INFO] [stdout] Couldn't compile the test.
[INFO] [stdout] ---- src/patterns/observer/vec_subject.rs - patterns::observer::vec_subject::VecSubject (line 21) stdout ----
[INFO] [stdout] error[E0433]: failed to resolve: use of undeclared crate or module `roopes`
[INFO] [stdout]  --> src/patterns/observer/vec_subject.rs:22:5
[INFO] [stdout]   |
[INFO] [stdout] 3 | use roopes::prelude::*;
[INFO] [stdout]   |     ^^^^^^ use of undeclared crate or module `roopes`
[INFO] [stdout] 
[INFO] [stdout] error[E0433]: failed to resolve: use of undeclared crate or module `observer`
[INFO] [stdout]  --> src/patterns/observer/vec_subject.rs:28:14
[INFO] [stdout]   |
[INFO] [stdout] 9 | let mut vs = observer::VecSubject::default();
[INFO] [stdout]   |              ^^^^^^^^ use of undeclared crate or module `observer`
[INFO] [stdout]   |
[INFO] [stdout] help: consider importing this struct
[INFO] [stdout]   |
[INFO] [stdout] 2 + use roopes_core::prelude::observer::VecSubject;
[INFO] [stdout]   |
[INFO] [stdout] help: if you import `VecSubject`, refer to it directly
[INFO] [stdout]   |
[INFO] [stdout] 9 - let mut vs = observer::VecSubject::default();
[INFO] [stdout] 9 + let mut vs = VecSubject::default();
[INFO] [stdout]   |
[INFO] [stdout] 
[INFO] [stdout] error[E0412]: cannot find type `ObservingCommand` in this scope
[INFO] [stdout]   --> src/patterns/observer/vec_subject.rs:34:12
[INFO] [stdout]    |
[INFO] [stdout] 15 |    let lc: ObservingCommand<_> =
[INFO] [stdout]    |            ^^^^^^^^^^^^^^^^ not found in this scope
[INFO] [stdout]    |
[INFO] [stdout] help: consider importing this struct
[INFO] [stdout]    |
[INFO] [stdout] 2  + use roopes_core::prelude::ObservingCommand;
[INFO] [stdout]    |
[INFO] [stdout] 
[INFO] [stdout] error[E0433]: failed to resolve: use of undeclared crate or module `command`
[INFO] [stdout]   --> src/patterns/observer/vec_subject.rs:35:8
[INFO] [stdout]    |
[INFO] [stdout] 16 |        command::Heap::from(move
[INFO] [stdout]    |        ^^^^^^^ use of undeclared crate or module `command`
[INFO] [stdout]    |
[INFO] [stdout] help: consider importing one of these structs
[INFO] [stdout]    |
[INFO] [stdout] 2  + use roopes_core::prelude::command::Heap;
[INFO] [stdout]    |
[INFO] [stdout] 2  + use roopes_core::prelude::executable::Heap;
[INFO] [stdout]    |
[INFO] [stdout] 2  + use roopes_core::prelude::handler::Heap;
[INFO] [stdout]    |
[INFO] [stdout] 2  + use roopes_core::prelude::transformer::Heap;
[INFO] [stdout]    |
[INFO] [stdout]      and 1 other candidate
[INFO] [stdout] help: if you import `Heap`, refer to it directly
[INFO] [stdout]    |
[INFO] [stdout] 16 -        command::Heap::from(move
[INFO] [stdout] 16 +        Heap::from(move
[INFO] [stdout]    |
[INFO] [stdout] 
[INFO] [stdout] error: aborting due to 4 previous errors
[INFO] [stdout] 
[INFO] [stdout] Some errors have detailed explanations: E0412, E0433.
[INFO] [stdout] For more information about an error, try `rustc --explain E0412`.
[INFO] [stdout] Couldn't compile the test.
[INFO] [stdout] 
[INFO] [stdout] failures:
[INFO] [stdout]     src/patterns/observer/hash_subject.rs - patterns::observer::hash_subject::HashSubject (line 27)
[INFO] [stdout]     src/patterns/observer/vec_subject.rs - patterns::observer::vec_subject::VecSubject (line 21)
[INFO] [stdout]     src/patterns/publisher_subscriber/vec_publisher.rs - patterns::publisher_subscriber::vec_publisher::VecPublisher (line 17)
[INFO] [stdout]     src/primitives/executable/heap.rs - primitives::executable::heap::Heap::new (line 20)
[INFO] [stdout]     src/primitives/handler/heap.rs - primitives::handler::heap::Heap<M>::new (line 22)
[INFO] [stdout]     src/primitives/handler/lambda.rs - primitives::handler::lambda::Lambda (line 16)
[INFO] [stdout] 
[INFO] [stdout] test result: FAILED. 0 passed; 6 failed; 0 ignored; 0 measured; 0 filtered out; finished in 0.19s
[INFO] [stdout] 
[INFO] running `Command { std: "docker" "inspect" "f72d4ec60c53051adc44aad603dc798d7cbd0c8f37842d0d413690749519c565", kill_on_drop: false }`
[INFO] running `Command { std: "docker" "rm" "-f" "f72d4ec60c53051adc44aad603dc798d7cbd0c8f37842d0d413690749519c565", kill_on_drop: false }`
[INFO] [stdout] f72d4ec60c53051adc44aad603dc798d7cbd0c8f37842d0d413690749519c565
