[INFO] fetching crate rollgrid 0.2.2...
[INFO] testing rollgrid-0.2.2 against nightly-2024-10-28 for randomize-layout
[INFO] extracting crate rollgrid 0.2.2 into /workspace/builds/worker-4-tc1/source
[INFO] validating manifest of crates.io crate rollgrid 0.2.2 on toolchain nightly-2024-10-28
[INFO] running `Command { std: CARGO_HOME="/workspace/cargo-home" RUSTUP_HOME="/workspace/rustup-home" "/workspace/cargo-home/bin/cargo" "+nightly-2024-10-28" "metadata" "--manifest-path" "Cargo.toml" "--no-deps", kill_on_drop: false }`
[INFO] started tweaking crates.io crate rollgrid 0.2.2
[INFO] finished tweaking crates.io crate rollgrid 0.2.2
[INFO] tweaked toml for crates.io crate rollgrid 0.2.2 written to /workspace/builds/worker-4-tc1/source/Cargo.toml
[INFO] running `Command { std: CARGO_HOME="/workspace/cargo-home" RUSTUP_HOME="/workspace/rustup-home" "/workspace/cargo-home/bin/cargo" "+nightly-2024-10-28" "generate-lockfile" "--manifest-path" "Cargo.toml", kill_on_drop: false }`
[INFO] running `Command { std: CARGO_HOME="/workspace/cargo-home" RUSTUP_HOME="/workspace/rustup-home" "/workspace/cargo-home/bin/cargo" "+nightly-2024-10-28" "fetch" "--manifest-path" "Cargo.toml", kill_on_drop: false }`
[INFO] running `Command { std: "docker" "create" "-v" "/var/lib/crater-agent-workspace/builds/worker-4-tc1/target:/opt/rustwide/target:rw,Z" "-v" "/var/lib/crater-agent-workspace/builds/worker-4-tc1/source:/opt/rustwide/workdir:ro,Z" "-v" "/var/lib/crater-agent-workspace/cargo-home:/opt/rustwide/cargo-home:ro,Z" "-v" "/var/lib/crater-agent-workspace/rustup-home:/opt/rustwide/rustup-home:ro,Z" "-e" "SOURCE_DIR=/opt/rustwide/workdir" "-e" "CARGO_TARGET_DIR=/opt/rustwide/target" "-e" "CARGO_HOME=/opt/rustwide/cargo-home" "-e" "RUSTUP_HOME=/opt/rustwide/rustup-home" "-w" "/opt/rustwide/workdir" "-m" "1610612736" "--user" "0:0" "--network" "none" "ghcr.io/rust-lang/crates-build-env/linux@sha256:4a844ea9eb2546a2d2c7022eacef16ef2e8229c7fbb2c7d4d55a9ceca922f72d" "/opt/rustwide/cargo-home/bin/cargo" "+nightly-2024-10-28" "metadata" "--no-deps" "--format-version=1", kill_on_drop: false }`
[INFO] [stdout] 657ff1f98d0e1e114766b0f6847098b0a7a8ee00cbffe4a286223a57755ab7f6
[INFO] running `Command { std: "docker" "start" "-a" "657ff1f98d0e1e114766b0f6847098b0a7a8ee00cbffe4a286223a57755ab7f6", kill_on_drop: false }`
[INFO] running `Command { std: "docker" "inspect" "657ff1f98d0e1e114766b0f6847098b0a7a8ee00cbffe4a286223a57755ab7f6", kill_on_drop: false }`
[INFO] running `Command { std: "docker" "rm" "-f" "657ff1f98d0e1e114766b0f6847098b0a7a8ee00cbffe4a286223a57755ab7f6", kill_on_drop: false }`
[INFO] [stdout] 657ff1f98d0e1e114766b0f6847098b0a7a8ee00cbffe4a286223a57755ab7f6
[INFO] running `Command { std: "docker" "create" "-v" "/var/lib/crater-agent-workspace/builds/worker-4-tc1/target:/opt/rustwide/target:rw,Z" "-v" "/var/lib/crater-agent-workspace/builds/worker-4-tc1/source:/opt/rustwide/workdir:ro,Z" "-v" "/var/lib/crater-agent-workspace/cargo-home:/opt/rustwide/cargo-home:ro,Z" "-v" "/var/lib/crater-agent-workspace/rustup-home:/opt/rustwide/rustup-home:ro,Z" "-e" "SOURCE_DIR=/opt/rustwide/workdir" "-e" "CARGO_TARGET_DIR=/opt/rustwide/target" "-e" "CARGO_INCREMENTAL=0" "-e" "RUST_BACKTRACE=full" "-e" "RUSTFLAGS=--cap-lints=forbid" "-e" "RUSTDOCFLAGS=--cap-lints=forbid" "-e" "CARGO_HOME=/opt/rustwide/cargo-home" "-e" "RUSTUP_HOME=/opt/rustwide/rustup-home" "-w" "/opt/rustwide/workdir" "-m" "1610612736" "--user" "0:0" "--network" "none" "ghcr.io/rust-lang/crates-build-env/linux@sha256:4a844ea9eb2546a2d2c7022eacef16ef2e8229c7fbb2c7d4d55a9ceca922f72d" "/opt/rustwide/cargo-home/bin/cargo" "+nightly-2024-10-28" "build" "--frozen" "--message-format=json", kill_on_drop: false }`
[INFO] [stdout] 52afd65406f4eecfa8e2fd0540b6efd4a842c4205458882eae803ea3177148bc
[INFO] running `Command { std: "docker" "start" "-a" "52afd65406f4eecfa8e2fd0540b6efd4a842c4205458882eae803ea3177148bc", kill_on_drop: false }`
[INFO] [stderr]    Compiling rollgrid v0.2.2 (/opt/rustwide/workdir)
[INFO] [stdout] warning: associated function `new` is never used
[INFO] [stdout]     --> src/rollgrid3d.rs:1963:12
[INFO] [stdout]      |
[INFO] [stdout] 1962 | impl<T> TempGrid3D<T> {
[INFO] [stdout]      | --------------------- associated function in this implementation
[INFO] [stdout] 1963 |     pub fn new(size: (usize, usize, usize), offset: (i32, i32, i32)) -> Self {
[INFO] [stdout]      |            ^^^
[INFO] [stdout]      |
[INFO] [stdout]      = note: `#[warn(dead_code)]` on by default
[INFO] [stdout] 
[INFO] [stdout] 
[INFO] [stderr]     Finished `dev` profile [unoptimized + debuginfo] target(s) in 0.23s
[INFO] running `Command { std: "docker" "inspect" "52afd65406f4eecfa8e2fd0540b6efd4a842c4205458882eae803ea3177148bc", kill_on_drop: false }`
[INFO] running `Command { std: "docker" "rm" "-f" "52afd65406f4eecfa8e2fd0540b6efd4a842c4205458882eae803ea3177148bc", kill_on_drop: false }`
[INFO] [stdout] 52afd65406f4eecfa8e2fd0540b6efd4a842c4205458882eae803ea3177148bc
[INFO] running `Command { std: "docker" "create" "-v" "/var/lib/crater-agent-workspace/builds/worker-4-tc1/target:/opt/rustwide/target:rw,Z" "-v" "/var/lib/crater-agent-workspace/builds/worker-4-tc1/source:/opt/rustwide/workdir:ro,Z" "-v" "/var/lib/crater-agent-workspace/cargo-home:/opt/rustwide/cargo-home:ro,Z" "-v" "/var/lib/crater-agent-workspace/rustup-home:/opt/rustwide/rustup-home:ro,Z" "-e" "SOURCE_DIR=/opt/rustwide/workdir" "-e" "CARGO_TARGET_DIR=/opt/rustwide/target" "-e" "CARGO_INCREMENTAL=0" "-e" "RUST_BACKTRACE=full" "-e" "RUSTFLAGS=--cap-lints=forbid" "-e" "RUSTDOCFLAGS=--cap-lints=forbid" "-e" "CARGO_HOME=/opt/rustwide/cargo-home" "-e" "RUSTUP_HOME=/opt/rustwide/rustup-home" "-w" "/opt/rustwide/workdir" "-m" "1610612736" "--user" "0:0" "--network" "none" "ghcr.io/rust-lang/crates-build-env/linux@sha256:4a844ea9eb2546a2d2c7022eacef16ef2e8229c7fbb2c7d4d55a9ceca922f72d" "/opt/rustwide/cargo-home/bin/cargo" "+nightly-2024-10-28" "test" "--frozen" "--no-run" "--message-format=json", kill_on_drop: false }`
[INFO] [stdout] 5e02de70e73ae4bb71e224304dd1f4a16ea78d29cae6d66ec6437827043d1b21
[INFO] running `Command { std: "docker" "start" "-a" "5e02de70e73ae4bb71e224304dd1f4a16ea78d29cae6d66ec6437827043d1b21", kill_on_drop: false }`
[INFO] [stderr]    Compiling rollgrid v0.2.2 (/opt/rustwide/workdir)
[INFO] [stdout] warning: associated function `new` is never used
[INFO] [stdout]     --> src/rollgrid3d.rs:1963:12
[INFO] [stdout]      |
[INFO] [stdout] 1962 | impl<T> TempGrid3D<T> {
[INFO] [stdout]      | --------------------- associated function in this implementation
[INFO] [stdout] 1963 |     pub fn new(size: (usize, usize, usize), offset: (i32, i32, i32)) -> Self {
[INFO] [stdout]      |            ^^^
[INFO] [stdout]      |
[INFO] [stdout]      = note: `#[warn(dead_code)]` on by default
[INFO] [stdout] 
[INFO] [stdout] 
[INFO] [stdout] warning: associated function `new` is never used
[INFO] [stdout]     --> src/rollgrid3d.rs:1963:12
[INFO] [stdout]      |
[INFO] [stdout] 1962 | impl<T> TempGrid3D<T> {
[INFO] [stdout]      | --------------------- associated function in this implementation
[INFO] [stdout] 1963 |     pub fn new(size: (usize, usize, usize), offset: (i32, i32, i32)) -> Self {
[INFO] [stdout]      |            ^^^
[INFO] [stdout]      |
[INFO] [stdout]      = note: `#[warn(dead_code)]` on by default
[INFO] [stdout] 
[INFO] [stdout] 
[INFO] [stderr]     Finished `test` profile [unoptimized + debuginfo] target(s) in 0.43s
[INFO] running `Command { std: "docker" "inspect" "5e02de70e73ae4bb71e224304dd1f4a16ea78d29cae6d66ec6437827043d1b21", kill_on_drop: false }`
[INFO] running `Command { std: "docker" "rm" "-f" "5e02de70e73ae4bb71e224304dd1f4a16ea78d29cae6d66ec6437827043d1b21", kill_on_drop: false }`
[INFO] [stdout] 5e02de70e73ae4bb71e224304dd1f4a16ea78d29cae6d66ec6437827043d1b21
[INFO] running `Command { std: "docker" "create" "-v" "/var/lib/crater-agent-workspace/builds/worker-4-tc1/target:/opt/rustwide/target:rw,Z" "-v" "/var/lib/crater-agent-workspace/builds/worker-4-tc1/source:/opt/rustwide/workdir:ro,Z" "-v" "/var/lib/crater-agent-workspace/cargo-home:/opt/rustwide/cargo-home:ro,Z" "-v" "/var/lib/crater-agent-workspace/rustup-home:/opt/rustwide/rustup-home:ro,Z" "-e" "SOURCE_DIR=/opt/rustwide/workdir" "-e" "CARGO_TARGET_DIR=/opt/rustwide/target" "-e" "CARGO_INCREMENTAL=0" "-e" "RUST_BACKTRACE=full" "-e" "RUSTFLAGS=--cap-lints=forbid" "-e" "RUSTDOCFLAGS=--cap-lints=forbid" "-e" "CARGO_HOME=/opt/rustwide/cargo-home" "-e" "RUSTUP_HOME=/opt/rustwide/rustup-home" "-w" "/opt/rustwide/workdir" "-m" "1610612736" "--user" "0:0" "--network" "none" "ghcr.io/rust-lang/crates-build-env/linux@sha256:4a844ea9eb2546a2d2c7022eacef16ef2e8229c7fbb2c7d4d55a9ceca922f72d" "/opt/rustwide/cargo-home/bin/cargo" "+nightly-2024-10-28" "test" "--frozen", kill_on_drop: false }`
[INFO] [stdout] 041adff313b5c37e70f89b284a0cf364392ff6aafd1b671b1cd4e3d91420e54a
[INFO] running `Command { std: "docker" "start" "-a" "041adff313b5c37e70f89b284a0cf364392ff6aafd1b671b1cd4e3d91420e54a", kill_on_drop: false }`
[INFO] [stderr] warning: associated function `new` is never used
[INFO] [stderr]     --> src/rollgrid3d.rs:1963:12
[INFO] [stderr]      |
[INFO] [stderr] 1962 | impl<T> TempGrid3D<T> {
[INFO] [stderr]      | --------------------- associated function in this implementation
[INFO] [stderr] 1963 |     pub fn new(size: (usize, usize, usize), offset: (i32, i32, i32)) -> Self {
[INFO] [stderr]      |            ^^^
[INFO] [stderr]      |
[INFO] [stderr]      = note: `#[warn(dead_code)]` on by default
[INFO] [stderr] 
[INFO] [stderr] warning: `rollgrid` (lib) generated 1 warning
[INFO] [stderr] warning: `rollgrid` (lib test) generated 1 warning (1 duplicate)
[INFO] [stderr]     Finished `test` profile [unoptimized + debuginfo] target(s) in 0.00s
[INFO] [stderr]      Running unittests src/lib.rs (/opt/rustwide/target/debug/deps/rollgrid-8cf476131cb02339)
[INFO] [stdout] 
[INFO] [stdout] running 11 tests
[INFO] [stdout] test rollgrid2d::tests::visual_example ... ok
[INFO] [stdout] test rollgrid3d::tests::bounds_test ... ok
[INFO] [stdout] test rollgrid3d::tests::iter_test ... ok
[INFO] [stdout] test rollgrid3d::tests::offsetfix_test ... ok
[INFO] [stdout] test tests::bounds_test ... ok
[INFO] [stdout] test tests::roll_test ... ok
[INFO] [stdout] test tests::rollgrid2d_test ... ok
[INFO] [stdout] test rollgrid3d::tests::offset_index_test ... ok
[INFO] [stdout] test rollgrid2d::tests::resize_and_reposition_test ... ok
[INFO] [stdout] test rollgrid3d::tests::reposition_test ... ok
[INFO] [stdout] test rollgrid3d::tests::resize_and_reposition_test ... ok
[INFO] [stdout] 
[INFO] [stdout] test result: ok. 11 passed; 0 failed; 0 ignored; 0 measured; 0 filtered out; finished in 1.08s
[INFO] [stdout] 
[INFO] [stderr]    Doc-tests rollgrid
[INFO] [stdout] 
[INFO] [stdout] running 9 tests
[INFO] [stdout] test src/rollgrid2d.rs - rollgrid2d::RollGrid2D<T>::try_resize_and_reposition (line 344) - compile ... FAILED
[INFO] [stdout] test src/rollgrid3d.rs - rollgrid3d::RollGrid3D<T>::resize_and_reposition (line 421) - compile ... FAILED
[INFO] [stdout] test src/rollgrid2d.rs - rollgrid2d::RollGrid2D<T>::try_reposition (line 629) - compile ... FAILED
[INFO] [stdout] test src/rollgrid2d.rs - rollgrid2d::RollGrid2D<T>::translate (line 466) - compile ... FAILED
[INFO] [stdout] test src/rollgrid2d.rs - rollgrid2d::RollGrid2D<T>::resize_and_reposition (line 227) - compile ... FAILED
[INFO] [stdout] test src/rollgrid2d.rs - rollgrid2d::RollGrid2D<T>::reposition (line 496) - compile ... FAILED
[INFO] [stdout] test src/rollgrid3d.rs - rollgrid3d::RollGrid3D<T>::try_reposition (line 604) - compile ... FAILED
[INFO] [stdout] test src/rollgrid3d.rs - rollgrid3d::RollGrid3D<T>::try_resize_and_reposition (line 265) - compile ... FAILED
[INFO] [stdout] test src/rollgrid2d.rs - rollgrid2d::RollGrid2D<T>::try_translate (line 481) - compile ... FAILED
[INFO] [stdout] 
[INFO] [stdout] failures:
[INFO] [stdout] 
[INFO] [stdout] ---- src/rollgrid2d.rs - rollgrid2d::RollGrid2D<T>::try_resize_and_reposition (line 344) stdout ----
[INFO] [stdout] error[E0425]: cannot find value `grid` in this scope
[INFO] [stdout]  --> src/rollgrid2d.rs:345:1
[INFO] [stdout]   |
[INFO] [stdout] 3 | grid.resize_and_reposition(3, 3, (4, 4), |action| {
[INFO] [stdout]   | ^^^^ not found in this scope
[INFO] [stdout] 
[INFO] [stdout] error[E0433]: failed to resolve: use of undeclared type `CellManage`
[INFO] [stdout]  --> src/rollgrid2d.rs:347:9
[INFO] [stdout]   |
[INFO] [stdout] 5 |         CellManage::Load(pos) => {
[INFO] [stdout]   |         ^^^^^^^^^^ use of undeclared type `CellManage`
[INFO] [stdout]   |
[INFO] [stdout] help: consider importing this enum
[INFO] [stdout]   |
[INFO] [stdout] 2 + use rollgrid::CellManage;
[INFO] [stdout]   |
[INFO] [stdout] 
[INFO] [stdout] error[E0433]: failed to resolve: use of undeclared type `CellManage`
[INFO] [stdout]   --> src/rollgrid2d.rs:352:9
[INFO] [stdout]    |
[INFO] [stdout] 10 |         CellManage::Unload(pos, old) => {
[INFO] [stdout]    |         ^^^^^^^^^^ use of undeclared type `CellManage`
[INFO] [stdout]    |
[INFO] [stdout] help: consider importing this enum
[INFO] [stdout]    |
[INFO] [stdout] 2  + use rollgrid::CellManage;
[INFO] [stdout]    |
[INFO] [stdout] 
[INFO] [stdout] error: aborting due to 3 previous errors
[INFO] [stdout] 
[INFO] [stdout] Some errors have detailed explanations: E0425, E0433.
[INFO] [stdout] For more information about an error, try `rustc --explain E0425`.
[INFO] [stdout] Couldn't compile the test.
[INFO] [stdout] ---- src/rollgrid3d.rs - rollgrid3d::RollGrid3D<T>::resize_and_reposition (line 421) stdout ----
[INFO] [stdout] error[E0425]: cannot find value `grid` in this scope
[INFO] [stdout]  --> src/rollgrid3d.rs:422:1
[INFO] [stdout]   |
[INFO] [stdout] 3 | grid.resize_and_reposition(3, 3, 3, (4, 4, 4), |action| {
[INFO] [stdout]   | ^^^^ not found in this scope
[INFO] [stdout] 
[INFO] [stdout] error[E0433]: failed to resolve: use of undeclared type `CellManage`
[INFO] [stdout]  --> src/rollgrid3d.rs:424:9
[INFO] [stdout]   |
[INFO] [stdout] 5 |         CellManage::Load(pos) => {
[INFO] [stdout]   |         ^^^^^^^^^^ use of undeclared type `CellManage`
[INFO] [stdout]   |
[INFO] [stdout] help: consider importing this enum
[INFO] [stdout]   |
[INFO] [stdout] 2 + use rollgrid::CellManage;
[INFO] [stdout]   |
[INFO] [stdout] 
[INFO] [stdout] error[E0433]: failed to resolve: use of undeclared type `CellManage`
[INFO] [stdout]   --> src/rollgrid3d.rs:431:9
[INFO] [stdout]    |
[INFO] [stdout] 12 |         CellManage::Unload(pos, old) => {
[INFO] [stdout]    |         ^^^^^^^^^^ use of undeclared type `CellManage`
[INFO] [stdout]    |
[INFO] [stdout] help: consider importing this enum
[INFO] [stdout]    |
[INFO] [stdout] 2  + use rollgrid::CellManage;
[INFO] [stdout]    |
[INFO] [stdout] 
[INFO] [stdout] error: aborting due to 3 previous errors
[INFO] [stdout] 
[INFO] [stdout] Some errors have detailed explanations: E0425, E0433.
[INFO] [stdout] For more information about an error, try `rustc --explain E0425`.
[INFO] [stdout] Couldn't compile the test.
[INFO] [stdout] ---- src/rollgrid2d.rs - rollgrid2d::RollGrid2D<T>::try_reposition (line 629) stdout ----
[INFO] [stdout] error: expected one of `!`, `+`, `::`, `where`, or `{`, found `}`
[INFO] [stdout]  --> src/rollgrid2d.rs:631:1
[INFO] [stdout]   |
[INFO] [stdout] 3 | fn reload(old_position: C, new_position: C, old_value: T) -> Result<(), Option<T>>
[INFO] [stdout]   |    ------ while parsing this `fn`                                                 - expected one of `!`, `+`, `::`, `where`, or `{`
[INFO] [stdout] 4 | } _doctest_main_src_rollgrid2d_rs_629_0() }
[INFO] [stdout]   | ^ unexpected token
[INFO] [stdout] 
[INFO] [stdout] error: free function without a body
[INFO] [stdout]  --> src/rollgrid2d.rs:630:1
[INFO] [stdout]   |
[INFO] [stdout] 3 | fn reload(old_position: C, new_position: C, old_value: T) -> Result<(), Option<T>>
[INFO] [stdout]   | ^^^^^^^^^^^^^^^^^^^^^^^^^^^^^^^^^^^^^^^^^^^^^^^^^^^^^^^^^^^^^^^^^^^^^^^^^^^^^^^^^^- help: provide a definition for the function: `{ <body> }`
[INFO] [stdout] 
[INFO] [stdout] error[E0412]: cannot find type `C` in this scope
[INFO] [stdout]  --> src/rollgrid2d.rs:630:25
[INFO] [stdout]   |
[INFO] [stdout] 3 | fn reload(old_position: C, new_position: C, old_value: T) -> Result<(), Option<T>>
[INFO] [stdout]   |                         ^ not found in this scope
[INFO] [stdout]   |
[INFO] [stdout] help: you might be missing a type parameter
[INFO] [stdout]   |
[INFO] [stdout] 3 | fn reload<C>(old_position: C, new_position: C, old_value: T) -> Result<(), Option<T>>
[INFO] [stdout]   |          +++
[INFO] [stdout] 
[INFO] [stdout] error[E0412]: cannot find type `C` in this scope
[INFO] [stdout]  --> src/rollgrid2d.rs:630:42
[INFO] [stdout]   |
[INFO] [stdout] 3 | fn reload(old_position: C, new_position: C, old_value: T) -> Result<(), Option<T>>
[INFO] [stdout]   |                                          ^ not found in this scope
[INFO] [stdout]   |
[INFO] [stdout] help: you might be missing a type parameter
[INFO] [stdout]   |
[INFO] [stdout] 3 | fn reload<C>(old_position: C, new_position: C, old_value: T) -> Result<(), Option<T>>
[INFO] [stdout]   |          +++
[INFO] [stdout] 
[INFO] [stdout] error[E0412]: cannot find type `T` in this scope
[INFO] [stdout]  --> src/rollgrid2d.rs:630:56
[INFO] [stdout]   |
[INFO] [stdout] 3 | fn reload(old_position: C, new_position: C, old_value: T) -> Result<(), Option<T>>
[INFO] [stdout]   |                                                        ^ not found in this scope
[INFO] [stdout]   |
[INFO] [stdout] help: you might be missing a type parameter
[INFO] [stdout]   |
[INFO] [stdout] 3 | fn reload<T>(old_position: C, new_position: C, old_value: T) -> Result<(), Option<T>>
[INFO] [stdout]   |          +++
[INFO] [stdout] 
[INFO] [stdout] error[E0412]: cannot find type `T` in this scope
[INFO] [stdout]  --> src/rollgrid2d.rs:630:80
[INFO] [stdout]   |
[INFO] [stdout] 3 | fn reload(old_position: C, new_position: C, old_value: T) -> Result<(), Option<T>>
[INFO] [stdout]   |                                                                                ^ not found in this scope
[INFO] [stdout]   |
[INFO] [stdout] help: you might be missing a type parameter
[INFO] [stdout]   |
[INFO] [stdout] 3 | fn reload<T>(old_position: C, new_position: C, old_value: T) -> Result<(), Option<T>>
[INFO] [stdout]   |          +++
[INFO] [stdout] 
[INFO] [stdout] error: aborting due to 6 previous errors
[INFO] [stdout] 
[INFO] [stdout] For more information about this error, try `rustc --explain E0412`.
[INFO] [stdout] Couldn't compile the test.
[INFO] [stdout] ---- src/rollgrid2d.rs - rollgrid2d::RollGrid2D<T>::translate (line 466) stdout ----
[INFO] [stdout] error: expected one of `!`, `+`, `::`, `where`, or `{`, found `}`
[INFO] [stdout]  --> src/rollgrid2d.rs:468:1
[INFO] [stdout]   |
[INFO] [stdout] 3 | fn reload(old_position: C, new_position: C, old_value: T) -> Option<T>
[INFO] [stdout]   |    ------ while parsing this `fn`                                     - expected one of `!`, `+`, `::`, `where`, or `{`
[INFO] [stdout] 4 | } _doctest_main_src_rollgrid2d_rs_466_0() }
[INFO] [stdout]   | ^ unexpected token
[INFO] [stdout] 
[INFO] [stdout] error: free function without a body
[INFO] [stdout]  --> src/rollgrid2d.rs:467:1
[INFO] [stdout]   |
[INFO] [stdout] 3 | fn reload(old_position: C, new_position: C, old_value: T) -> Option<T>
[INFO] [stdout]   | ^^^^^^^^^^^^^^^^^^^^^^^^^^^^^^^^^^^^^^^^^^^^^^^^^^^^^^^^^^^^^^^^^^^^^^- help: provide a definition for the function: `{ <body> }`
[INFO] [stdout] 
[INFO] [stdout] error[E0412]: cannot find type `C` in this scope
[INFO] [stdout]  --> src/rollgrid2d.rs:467:25
[INFO] [stdout]   |
[INFO] [stdout] 3 | fn reload(old_position: C, new_position: C, old_value: T) -> Option<T>
[INFO] [stdout]   |                         ^ not found in this scope
[INFO] [stdout]   |
[INFO] [stdout] help: you might be missing a type parameter
[INFO] [stdout]   |
[INFO] [stdout] 3 | fn reload<C>(old_position: C, new_position: C, old_value: T) -> Option<T>
[INFO] [stdout]   |          +++
[INFO] [stdout] 
[INFO] [stdout] error[E0412]: cannot find type `C` in this scope
[INFO] [stdout]  --> src/rollgrid2d.rs:467:42
[INFO] [stdout]   |
[INFO] [stdout] 3 | fn reload(old_position: C, new_position: C, old_value: T) -> Option<T>
[INFO] [stdout]   |                                          ^ not found in this scope
[INFO] [stdout]   |
[INFO] [stdout] help: you might be missing a type parameter
[INFO] [stdout]   |
[INFO] [stdout] 3 | fn reload<C>(old_position: C, new_position: C, old_value: T) -> Option<T>
[INFO] [stdout]   |          +++
[INFO] [stdout] 
[INFO] [stdout] error[E0412]: cannot find type `T` in this scope
[INFO] [stdout]  --> src/rollgrid2d.rs:467:56
[INFO] [stdout]   |
[INFO] [stdout] 3 | fn reload(old_position: C, new_position: C, old_value: T) -> Option<T>
[INFO] [stdout]   |                                                        ^ not found in this scope
[INFO] [stdout]   |
[INFO] [stdout] help: you might be missing a type parameter
[INFO] [stdout]   |
[INFO] [stdout] 3 | fn reload<T>(old_position: C, new_position: C, old_value: T) -> Option<T>
[INFO] [stdout]   |          +++
[INFO] [stdout] 
[INFO] [stdout] error[E0412]: cannot find type `T` in this scope
[INFO] [stdout]  --> src/rollgrid2d.rs:467:69
[INFO] [stdout]   |
[INFO] [stdout] 3 | fn reload(old_position: C, new_position: C, old_value: T) -> Option<T>
[INFO] [stdout]   |                                                                     ^ not found in this scope
[INFO] [stdout]   |
[INFO] [stdout] help: you might be missing a type parameter
[INFO] [stdout]   |
[INFO] [stdout] 3 | fn reload<T>(old_position: C, new_position: C, old_value: T) -> Option<T>
[INFO] [stdout]   |          +++
[INFO] [stdout] 
[INFO] [stdout] error: aborting due to 6 previous errors
[INFO] [stdout] 
[INFO] [stdout] For more information about this error, try `rustc --explain E0412`.
[INFO] [stdout] Couldn't compile the test.
[INFO] [stdout] ---- src/rollgrid2d.rs - rollgrid2d::RollGrid2D<T>::resize_and_reposition (line 227) stdout ----
[INFO] [stdout] error[E0425]: cannot find value `grid` in this scope
[INFO] [stdout]  --> src/rollgrid2d.rs:228:1
[INFO] [stdout]   |
[INFO] [stdout] 3 | grid.resize_and_reposition(3, 3, (4, 4), |action| {
[INFO] [stdout]   | ^^^^ not found in this scope
[INFO] [stdout] 
[INFO] [stdout] error[E0433]: failed to resolve: use of undeclared type `CellManage`
[INFO] [stdout]  --> src/rollgrid2d.rs:230:9
[INFO] [stdout]   |
[INFO] [stdout] 5 |         CellManage::Load(pos) => {
[INFO] [stdout]   |         ^^^^^^^^^^ use of undeclared type `CellManage`
[INFO] [stdout]   |
[INFO] [stdout] help: consider importing this enum
[INFO] [stdout]   |
[INFO] [stdout] 2 + use rollgrid::CellManage;
[INFO] [stdout]   |
[INFO] [stdout] 
[INFO] [stdout] error[E0433]: failed to resolve: use of undeclared type `CellManage`
[INFO] [stdout]   --> src/rollgrid2d.rs:235:9
[INFO] [stdout]    |
[INFO] [stdout] 10 |         CellManage::Unload(pos, old) => {
[INFO] [stdout]    |         ^^^^^^^^^^ use of undeclared type `CellManage`
[INFO] [stdout]    |
[INFO] [stdout] help: consider importing this enum
[INFO] [stdout]    |
[INFO] [stdout] 2  + use rollgrid::CellManage;
[INFO] [stdout]    |
[INFO] [stdout] 
[INFO] [stdout] error: aborting due to 3 previous errors
[INFO] [stdout] 
[INFO] [stdout] Some errors have detailed explanations: E0425, E0433.
[INFO] [stdout] For more information about an error, try `rustc --explain E0425`.
[INFO] [stdout] Couldn't compile the test.
[INFO] [stdout] ---- src/rollgrid2d.rs - rollgrid2d::RollGrid2D<T>::reposition (line 496) stdout ----
[INFO] [stdout] error: expected one of `!`, `+`, `::`, `where`, or `{`, found `}`
[INFO] [stdout]  --> src/rollgrid2d.rs:498:1
[INFO] [stdout]   |
[INFO] [stdout] 3 | fn reload(old_position: C, new_position: C, old_value: T) -> Option<T>
[INFO] [stdout]   |    ------ while parsing this `fn`                                     - expected one of `!`, `+`, `::`, `where`, or `{`
[INFO] [stdout] 4 | } _doctest_main_src_rollgrid2d_rs_496_0() }
[INFO] [stdout]   | ^ unexpected token
[INFO] [stdout] 
[INFO] [stdout] error: free function without a body
[INFO] [stdout]  --> src/rollgrid2d.rs:497:1
[INFO] [stdout]   |
[INFO] [stdout] 3 | fn reload(old_position: C, new_position: C, old_value: T) -> Option<T>
[INFO] [stdout]   | ^^^^^^^^^^^^^^^^^^^^^^^^^^^^^^^^^^^^^^^^^^^^^^^^^^^^^^^^^^^^^^^^^^^^^^- help: provide a definition for the function: `{ <body> }`
[INFO] [stdout] 
[INFO] [stdout] error[E0412]: cannot find type `C` in this scope
[INFO] [stdout]  --> src/rollgrid2d.rs:497:25
[INFO] [stdout]   |
[INFO] [stdout] 3 | fn reload(old_position: C, new_position: C, old_value: T) -> Option<T>
[INFO] [stdout]   |                         ^ not found in this scope
[INFO] [stdout]   |
[INFO] [stdout] help: you might be missing a type parameter
[INFO] [stdout]   |
[INFO] [stdout] 3 | fn reload<C>(old_position: C, new_position: C, old_value: T) -> Option<T>
[INFO] [stdout]   |          +++
[INFO] [stdout] 
[INFO] [stdout] error[E0412]: cannot find type `C` in this scope
[INFO] [stdout]  --> src/rollgrid2d.rs:497:42
[INFO] [stdout]   |
[INFO] [stdout] 3 | fn reload(old_position: C, new_position: C, old_value: T) -> Option<T>
[INFO] [stdout]   |                                          ^ not found in this scope
[INFO] [stdout]   |
[INFO] [stdout] help: you might be missing a type parameter
[INFO] [stdout]   |
[INFO] [stdout] 3 | fn reload<C>(old_position: C, new_position: C, old_value: T) -> Option<T>
[INFO] [stdout]   |          +++
[INFO] [stdout] 
[INFO] [stdout] error[E0412]: cannot find type `T` in this scope
[INFO] [stdout]  --> src/rollgrid2d.rs:497:56
[INFO] [stdout]   |
[INFO] [stdout] 3 | fn reload(old_position: C, new_position: C, old_value: T) -> Option<T>
[INFO] [stdout]   |                                                        ^ not found in this scope
[INFO] [stdout]   |
[INFO] [stdout] help: you might be missing a type parameter
[INFO] [stdout]   |
[INFO] [stdout] 3 | fn reload<T>(old_position: C, new_position: C, old_value: T) -> Option<T>
[INFO] [stdout]   |          +++
[INFO] [stdout] 
[INFO] [stdout] error[E0412]: cannot find type `T` in this scope
[INFO] [stdout]  --> src/rollgrid2d.rs:497:69
[INFO] [stdout]   |
[INFO] [stdout] 3 | fn reload(old_position: C, new_position: C, old_value: T) -> Option<T>
[INFO] [stdout]   |                                                                     ^ not found in this scope
[INFO] [stdout]   |
[INFO] [stdout] help: you might be missing a type parameter
[INFO] [stdout]   |
[INFO] [stdout] 3 | fn reload<T>(old_position: C, new_position: C, old_value: T) -> Option<T>
[INFO] [stdout]   |          +++
[INFO] [stdout] 
[INFO] [stdout] error: aborting due to 6 previous errors
[INFO] [stdout] 
[INFO] [stdout] For more information about this error, try `rustc --explain E0412`.
[INFO] [stdout] Couldn't compile the test.
[INFO] [stdout] ---- src/rollgrid3d.rs - rollgrid3d::RollGrid3D<T>::try_reposition (line 604) stdout ----
[INFO] [stdout] error: expected one of `!`, `+`, `::`, `where`, or `{`, found `}`
[INFO] [stdout]  --> src/rollgrid3d.rs:606:1
[INFO] [stdout]   |
[INFO] [stdout] 3 | fn reload(old_position: C, new_position: C, old_value: T) -> Result<(), Option<T>>
[INFO] [stdout]   |    ------ while parsing this `fn`                                                 - expected one of `!`, `+`, `::`, `where`, or `{`
[INFO] [stdout] 4 | } _doctest_main_src_rollgrid3d_rs_604_0() }
[INFO] [stdout]   | ^ unexpected token
[INFO] [stdout] 
[INFO] [stdout] error: free function without a body
[INFO] [stdout]  --> src/rollgrid3d.rs:605:1
[INFO] [stdout]   |
[INFO] [stdout] 3 | fn reload(old_position: C, new_position: C, old_value: T) -> Result<(), Option<T>>
[INFO] [stdout]   | ^^^^^^^^^^^^^^^^^^^^^^^^^^^^^^^^^^^^^^^^^^^^^^^^^^^^^^^^^^^^^^^^^^^^^^^^^^^^^^^^^^- help: provide a definition for the function: `{ <body> }`
[INFO] [stdout] 
[INFO] [stdout] error[E0412]: cannot find type `C` in this scope
[INFO] [stdout]  --> src/rollgrid3d.rs:605:25
[INFO] [stdout]   |
[INFO] [stdout] 3 | fn reload(old_position: C, new_position: C, old_value: T) -> Result<(), Option<T>>
[INFO] [stdout]   |                         ^ not found in this scope
[INFO] [stdout]   |
[INFO] [stdout] help: you might be missing a type parameter
[INFO] [stdout]   |
[INFO] [stdout] 3 | fn reload<C>(old_position: C, new_position: C, old_value: T) -> Result<(), Option<T>>
[INFO] [stdout]   |          +++
[INFO] [stdout] 
[INFO] [stdout] error[E0412]: cannot find type `C` in this scope
[INFO] [stdout]  --> src/rollgrid3d.rs:605:42
[INFO] [stdout]   |
[INFO] [stdout] 3 | fn reload(old_position: C, new_position: C, old_value: T) -> Result<(), Option<T>>
[INFO] [stdout]   |                                          ^ not found in this scope
[INFO] [stdout]   |
[INFO] [stdout] help: you might be missing a type parameter
[INFO] [stdout]   |
[INFO] [stdout] 3 | fn reload<C>(old_position: C, new_position: C, old_value: T) -> Result<(), Option<T>>
[INFO] [stdout]   |          +++
[INFO] [stdout] 
[INFO] [stdout] error[E0412]: cannot find type `T` in this scope
[INFO] [stdout]  --> src/rollgrid3d.rs:605:56
[INFO] [stdout]   |
[INFO] [stdout] 3 | fn reload(old_position: C, new_position: C, old_value: T) -> Result<(), Option<T>>
[INFO] [stdout]   |                                                        ^ not found in this scope
[INFO] [stdout]   |
[INFO] [stdout] help: you might be missing a type parameter
[INFO] [stdout]   |
[INFO] [stdout] 3 | fn reload<T>(old_position: C, new_position: C, old_value: T) -> Result<(), Option<T>>
[INFO] [stdout]   |          +++
[INFO] [stdout] 
[INFO] [stdout] error[E0412]: cannot find type `T` in this scope
[INFO] [stdout]  --> src/rollgrid3d.rs:605:80
[INFO] [stdout]   |
[INFO] [stdout] 3 | fn reload(old_position: C, new_position: C, old_value: T) -> Result<(), Option<T>>
[INFO] [stdout]   |                                                                                ^ not found in this scope
[INFO] [stdout]   |
[INFO] [stdout] help: you might be missing a type parameter
[INFO] [stdout]   |
[INFO] [stdout] 3 | fn reload<T>(old_position: C, new_position: C, old_value: T) -> Result<(), Option<T>>
[INFO] [stdout]   |          +++
[INFO] [stdout] 
[INFO] [stdout] error: aborting due to 6 previous errors
[INFO] [stdout] 
[INFO] [stdout] For more information about this error, try `rustc --explain E0412`.
[INFO] [stdout] Couldn't compile the test.
[INFO] [stdout] ---- src/rollgrid3d.rs - rollgrid3d::RollGrid3D<T>::try_resize_and_reposition (line 265) stdout ----
[INFO] [stdout] error[E0425]: cannot find value `grid` in this scope
[INFO] [stdout]  --> src/rollgrid3d.rs:266:1
[INFO] [stdout]   |
[INFO] [stdout] 3 | grid.try_resize_and_reposition(3, 3, 3, (4, 4, 4), |action| {
[INFO] [stdout]   | ^^^^ not found in this scope
[INFO] [stdout] 
[INFO] [stdout] error[E0433]: failed to resolve: use of undeclared type `CellManage`
[INFO] [stdout]  --> src/rollgrid3d.rs:268:9
[INFO] [stdout]   |
[INFO] [stdout] 5 |         CellManage::Load(pos) => {
[INFO] [stdout]   |         ^^^^^^^^^^ use of undeclared type `CellManage`
[INFO] [stdout]   |
[INFO] [stdout] help: consider importing this enum
[INFO] [stdout]   |
[INFO] [stdout] 2 + use rollgrid::CellManage;
[INFO] [stdout]   |
[INFO] [stdout] 
[INFO] [stdout] error[E0433]: failed to resolve: use of undeclared type `CellManage`
[INFO] [stdout]   --> src/rollgrid3d.rs:275:9
[INFO] [stdout]    |
[INFO] [stdout] 12 |         CellManage::Unload(pos, old) => {
[INFO] [stdout]    |         ^^^^^^^^^^ use of undeclared type `CellManage`
[INFO] [stdout]    |
[INFO] [stdout] help: consider importing this enum
[INFO] [stdout]    |
[INFO] [stdout] 2  + use rollgrid::CellManage;
[INFO] [stdout]    |
[INFO] [stdout] 
[INFO] [stdout] error: aborting due to 3 previous errors
[INFO] [stdout] 
[INFO] [stdout] Some errors have detailed explanations: E0425, E0433.
[INFO] [stdout] For more information about an error, try `rustc --explain E0425`.
[INFO] [stdout] Couldn't compile the test.
[INFO] [stdout] ---- src/rollgrid2d.rs - rollgrid2d::RollGrid2D<T>::try_translate (line 481) stdout ----
[INFO] [stdout] error: expected one of `!`, `+`, `::`, `where`, or `{`, found `}`
[INFO] [stdout]  --> src/rollgrid2d.rs:483:1
[INFO] [stdout]   |
[INFO] [stdout] 3 | fn reload(old_position: C, new_position: C, old_value: T) -> Option<T>
[INFO] [stdout]   |    ------ while parsing this `fn`                                     - expected one of `!`, `+`, `::`, `where`, or `{`
[INFO] [stdout] 4 | } _doctest_main_src_rollgrid2d_rs_481_0() }
[INFO] [stdout]   | ^ unexpected token
[INFO] [stdout] 
[INFO] [stdout] error: free function without a body
[INFO] [stdout]  --> src/rollgrid2d.rs:482:1
[INFO] [stdout]   |
[INFO] [stdout] 3 | fn reload(old_position: C, new_position: C, old_value: T) -> Option<T>
[INFO] [stdout]   | ^^^^^^^^^^^^^^^^^^^^^^^^^^^^^^^^^^^^^^^^^^^^^^^^^^^^^^^^^^^^^^^^^^^^^^- help: provide a definition for the function: `{ <body> }`
[INFO] [stdout] 
[INFO] [stdout] error[E0412]: cannot find type `C` in this scope
[INFO] [stdout]  --> src/rollgrid2d.rs:482:25
[INFO] [stdout]   |
[INFO] [stdout] 3 | fn reload(old_position: C, new_position: C, old_value: T) -> Option<T>
[INFO] [stdout]   |                         ^ not found in this scope
[INFO] [stdout]   |
[INFO] [stdout] help: you might be missing a type parameter
[INFO] [stdout]   |
[INFO] [stdout] 3 | fn reload<C>(old_position: C, new_position: C, old_value: T) -> Option<T>
[INFO] [stdout]   |          +++
[INFO] [stdout] 
[INFO] [stdout] error[E0412]: cannot find type `C` in this scope
[INFO] [stdout]  --> src/rollgrid2d.rs:482:42
[INFO] [stdout]   |
[INFO] [stdout] 3 | fn reload(old_position: C, new_position: C, old_value: T) -> Option<T>
[INFO] [stdout]   |                                          ^ not found in this scope
[INFO] [stdout]   |
[INFO] [stdout] help: you might be missing a type parameter
[INFO] [stdout]   |
[INFO] [stdout] 3 | fn reload<C>(old_position: C, new_position: C, old_value: T) -> Option<T>
[INFO] [stdout]   |          +++
[INFO] [stdout] 
[INFO] [stdout] error[E0412]: cannot find type `T` in this scope
[INFO] [stdout]  --> src/rollgrid2d.rs:482:56
[INFO] [stdout]   |
[INFO] [stdout] 3 | fn reload(old_position: C, new_position: C, old_value: T) -> Option<T>
[INFO] [stdout]   |                                                        ^ not found in this scope
[INFO] [stdout]   |
[INFO] [stdout] help: you might be missing a type parameter
[INFO] [stdout]   |
[INFO] [stdout] 3 | fn reload<T>(old_position: C, new_position: C, old_value: T) -> Option<T>
[INFO] [stdout]   |          +++
[INFO] [stdout] 
[INFO] [stdout] error[E0412]: cannot find type `T` in this scope
[INFO] [stdout]  --> src/rollgrid2d.rs:482:69
[INFO] [stdout]   |
[INFO] [stdout] 3 | fn reload(old_position: C, new_position: C, old_value: T) -> Option<T>
[INFO] [stdout]   |                                                                     ^ not found in this scope
[INFO] [stdout]   |
[INFO] [stdout] help: you might be missing a type parameter
[INFO] [stdout]   |
[INFO] [stdout] 3 | fn reload<T>(old_position: C, new_position: C, old_value: T) -> Option<T>
[INFO] [stdout]   |          +++
[INFO] [stdout] 
[INFO] [stdout] error: aborting due to 6 previous errors
[INFO] [stdout] 
[INFO] [stdout] For more information about this error, try `rustc --explain E0412`.
[INFO] [stdout] Couldn't compile the test.
[INFO] [stdout] 
[INFO] [stdout] failures:
[INFO] [stdout]     src/rollgrid2d.rs - rollgrid2d::RollGrid2D<T>::reposition (line 496)
[INFO] [stdout]     src/rollgrid2d.rs - rollgrid2d::RollGrid2D<T>::resize_and_reposition (line 227)
[INFO] [stdout]     src/rollgrid2d.rs - rollgrid2d::RollGrid2D<T>::translate (line 466)
[INFO] [stdout]     src/rollgrid2d.rs - rollgrid2d::RollGrid2D<T>::try_reposition (line 629)
[INFO] [stdout]     src/rollgrid2d.rs - rollgrid2d::RollGrid2D<T>::try_resize_and_reposition (line 344)
[INFO] [stdout]     src/rollgrid2d.rs - rollgrid2d::RollGrid2D<T>::try_translate (line 481)
[INFO] [stdout]     src/rollgrid3d.rs - rollgrid3d::RollGrid3D<T>::resize_and_reposition (line 421)
[INFO] [stdout]     src/rollgrid3d.rs - rollgrid3d::RollGrid3D<T>::try_reposition (line 604)
[INFO] [stdout]     src/rollgrid3d.rs - rollgrid3d::RollGrid3D<T>::try_resize_and_reposition (line 265)
[INFO] [stdout] 
[INFO] [stdout] test result: FAILED. 0 passed; 9 failed; 0 ignored; 0 measured; 0 filtered out; finished in 0.05s
[INFO] [stdout] 
[INFO] [stderr] error: doctest failed, to rerun pass `--doc`
[INFO] running `Command { std: "docker" "inspect" "041adff313b5c37e70f89b284a0cf364392ff6aafd1b671b1cd4e3d91420e54a", kill_on_drop: false }`
[INFO] running `Command { std: "docker" "rm" "-f" "041adff313b5c37e70f89b284a0cf364392ff6aafd1b671b1cd4e3d91420e54a", kill_on_drop: false }`
[INFO] [stdout] 041adff313b5c37e70f89b284a0cf364392ff6aafd1b671b1cd4e3d91420e54a
