[INFO] fetching crate rohanasan 0.5.47...
[INFO] testing rohanasan-0.5.47 against nightly-2024-10-28 for randomize-layout
[INFO] extracting crate rohanasan 0.5.47 into /workspace/builds/worker-6-tc1/source
[INFO] validating manifest of crates.io crate rohanasan 0.5.47 on toolchain nightly-2024-10-28
[INFO] running `Command { std: CARGO_HOME="/workspace/cargo-home" RUSTUP_HOME="/workspace/rustup-home" "/workspace/cargo-home/bin/cargo" "+nightly-2024-10-28" "metadata" "--manifest-path" "Cargo.toml" "--no-deps", kill_on_drop: false }`
[INFO] started tweaking crates.io crate rohanasan 0.5.47
[INFO] finished tweaking crates.io crate rohanasan 0.5.47
[INFO] tweaked toml for crates.io crate rohanasan 0.5.47 written to /workspace/builds/worker-6-tc1/source/Cargo.toml
[INFO] crate crates.io crate rohanasan 0.5.47 already has a lockfile, it will not be regenerated
[INFO] running `Command { std: CARGO_HOME="/workspace/cargo-home" RUSTUP_HOME="/workspace/rustup-home" "/workspace/cargo-home/bin/cargo" "+nightly-2024-10-28" "fetch" "--manifest-path" "Cargo.toml", kill_on_drop: false }`
[INFO] [stderr]     Updating crates.io index
[INFO] [stderr]  Downloading crates ...
[INFO] [stderr]   Downloaded urldecode v0.1.1
[INFO] running `Command { std: "docker" "create" "-v" "/var/lib/crater-agent-workspace/builds/worker-6-tc1/target:/opt/rustwide/target:rw,Z" "-v" "/var/lib/crater-agent-workspace/builds/worker-6-tc1/source:/opt/rustwide/workdir:ro,Z" "-v" "/var/lib/crater-agent-workspace/cargo-home:/opt/rustwide/cargo-home:ro,Z" "-v" "/var/lib/crater-agent-workspace/rustup-home:/opt/rustwide/rustup-home:ro,Z" "-e" "SOURCE_DIR=/opt/rustwide/workdir" "-e" "CARGO_TARGET_DIR=/opt/rustwide/target" "-e" "CARGO_HOME=/opt/rustwide/cargo-home" "-e" "RUSTUP_HOME=/opt/rustwide/rustup-home" "-w" "/opt/rustwide/workdir" "-m" "1610612736" "--user" "0:0" "--network" "none" "ghcr.io/rust-lang/crates-build-env/linux@sha256:4a844ea9eb2546a2d2c7022eacef16ef2e8229c7fbb2c7d4d55a9ceca922f72d" "/opt/rustwide/cargo-home/bin/cargo" "+nightly-2024-10-28" "metadata" "--no-deps" "--format-version=1", kill_on_drop: false }`
[INFO] [stdout] 41cd1c092d5830906d7ffd0dba1f9a71945596a46fc5601f9873337854b12c72
[INFO] running `Command { std: "docker" "start" "-a" "41cd1c092d5830906d7ffd0dba1f9a71945596a46fc5601f9873337854b12c72", kill_on_drop: false }`
[INFO] running `Command { std: "docker" "inspect" "41cd1c092d5830906d7ffd0dba1f9a71945596a46fc5601f9873337854b12c72", kill_on_drop: false }`
[INFO] running `Command { std: "docker" "rm" "-f" "41cd1c092d5830906d7ffd0dba1f9a71945596a46fc5601f9873337854b12c72", kill_on_drop: false }`
[INFO] [stdout] 41cd1c092d5830906d7ffd0dba1f9a71945596a46fc5601f9873337854b12c72
[INFO] running `Command { std: "docker" "create" "-v" "/var/lib/crater-agent-workspace/builds/worker-6-tc1/target:/opt/rustwide/target:rw,Z" "-v" "/var/lib/crater-agent-workspace/builds/worker-6-tc1/source:/opt/rustwide/workdir:ro,Z" "-v" "/var/lib/crater-agent-workspace/cargo-home:/opt/rustwide/cargo-home:ro,Z" "-v" "/var/lib/crater-agent-workspace/rustup-home:/opt/rustwide/rustup-home:ro,Z" "-e" "SOURCE_DIR=/opt/rustwide/workdir" "-e" "CARGO_TARGET_DIR=/opt/rustwide/target" "-e" "CARGO_INCREMENTAL=0" "-e" "RUST_BACKTRACE=full" "-e" "RUSTFLAGS=--cap-lints=forbid" "-e" "RUSTDOCFLAGS=--cap-lints=forbid" "-e" "CARGO_HOME=/opt/rustwide/cargo-home" "-e" "RUSTUP_HOME=/opt/rustwide/rustup-home" "-w" "/opt/rustwide/workdir" "-m" "1610612736" "--user" "0:0" "--network" "none" "ghcr.io/rust-lang/crates-build-env/linux@sha256:4a844ea9eb2546a2d2c7022eacef16ef2e8229c7fbb2c7d4d55a9ceca922f72d" "/opt/rustwide/cargo-home/bin/cargo" "+nightly-2024-10-28" "build" "--frozen" "--message-format=json", kill_on_drop: false }`
[INFO] [stdout] 7dd5d04de3296bf09471f7a4e6aa098a0379c6d03ddcf15660b0f8b2e37ce6f6
[INFO] running `Command { std: "docker" "start" "-a" "7dd5d04de3296bf09471f7a4e6aa098a0379c6d03ddcf15660b0f8b2e37ce6f6", kill_on_drop: false }`
[INFO] [stderr]    Compiling libc v0.2.153
[INFO] [stderr]    Compiling proc-macro2 v1.0.81
[INFO] [stderr]    Compiling autocfg v1.2.0
[INFO] [stderr]    Compiling parking_lot_core v0.9.9
[INFO] [stderr]    Compiling smallvec v1.13.2
[INFO] [stderr]    Compiling bytes v1.6.0
[INFO] [stderr]    Compiling urldecode v0.1.1
[INFO] [stderr]    Compiling lock_api v0.4.11
[INFO] [stderr]    Compiling quote v1.0.36
[INFO] [stderr]    Compiling signal-hook-registry v1.4.2
[INFO] [stderr]    Compiling mio v0.8.11
[INFO] [stderr]    Compiling socket2 v0.5.6
[INFO] [stderr]    Compiling num_cpus v1.16.0
[INFO] [stderr]    Compiling syn v2.0.60
[INFO] [stderr]    Compiling parking_lot v0.12.1
[INFO] [stderr]    Compiling tokio-macros v2.2.0
[INFO] [stderr]    Compiling tokio v1.37.0
[INFO] [stderr]    Compiling rohanasan v0.5.47 (/opt/rustwide/workdir)
[INFO] [stderr]     Finished `dev` profile [unoptimized + debuginfo] target(s) in 6.74s
[INFO] running `Command { std: "docker" "inspect" "7dd5d04de3296bf09471f7a4e6aa098a0379c6d03ddcf15660b0f8b2e37ce6f6", kill_on_drop: false }`
[INFO] running `Command { std: "docker" "rm" "-f" "7dd5d04de3296bf09471f7a4e6aa098a0379c6d03ddcf15660b0f8b2e37ce6f6", kill_on_drop: false }`
[INFO] [stdout] 7dd5d04de3296bf09471f7a4e6aa098a0379c6d03ddcf15660b0f8b2e37ce6f6
[INFO] running `Command { std: "docker" "create" "-v" "/var/lib/crater-agent-workspace/builds/worker-6-tc1/target:/opt/rustwide/target:rw,Z" "-v" "/var/lib/crater-agent-workspace/builds/worker-6-tc1/source:/opt/rustwide/workdir:ro,Z" "-v" "/var/lib/crater-agent-workspace/cargo-home:/opt/rustwide/cargo-home:ro,Z" "-v" "/var/lib/crater-agent-workspace/rustup-home:/opt/rustwide/rustup-home:ro,Z" "-e" "SOURCE_DIR=/opt/rustwide/workdir" "-e" "CARGO_TARGET_DIR=/opt/rustwide/target" "-e" "CARGO_INCREMENTAL=0" "-e" "RUST_BACKTRACE=full" "-e" "RUSTFLAGS=--cap-lints=forbid" "-e" "RUSTDOCFLAGS=--cap-lints=forbid" "-e" "CARGO_HOME=/opt/rustwide/cargo-home" "-e" "RUSTUP_HOME=/opt/rustwide/rustup-home" "-w" "/opt/rustwide/workdir" "-m" "1610612736" "--user" "0:0" "--network" "none" "ghcr.io/rust-lang/crates-build-env/linux@sha256:4a844ea9eb2546a2d2c7022eacef16ef2e8229c7fbb2c7d4d55a9ceca922f72d" "/opt/rustwide/cargo-home/bin/cargo" "+nightly-2024-10-28" "test" "--frozen" "--no-run" "--message-format=json", kill_on_drop: false }`
[INFO] [stdout] 3097f9007c53b73519222089c871b54d602f641dcaace6f38e56cd281a416071
[INFO] running `Command { std: "docker" "start" "-a" "3097f9007c53b73519222089c871b54d602f641dcaace6f38e56cd281a416071", kill_on_drop: false }`
[INFO] [stderr]    Compiling rohanasan v0.5.47 (/opt/rustwide/workdir)
[INFO] [stderr]     Finished `test` profile [unoptimized + debuginfo] target(s) in 0.43s
[INFO] running `Command { std: "docker" "inspect" "3097f9007c53b73519222089c871b54d602f641dcaace6f38e56cd281a416071", kill_on_drop: false }`
[INFO] running `Command { std: "docker" "rm" "-f" "3097f9007c53b73519222089c871b54d602f641dcaace6f38e56cd281a416071", kill_on_drop: false }`
[INFO] [stdout] 3097f9007c53b73519222089c871b54d602f641dcaace6f38e56cd281a416071
[INFO] running `Command { std: "docker" "create" "-v" "/var/lib/crater-agent-workspace/builds/worker-6-tc1/target:/opt/rustwide/target:rw,Z" "-v" "/var/lib/crater-agent-workspace/builds/worker-6-tc1/source:/opt/rustwide/workdir:ro,Z" "-v" "/var/lib/crater-agent-workspace/cargo-home:/opt/rustwide/cargo-home:ro,Z" "-v" "/var/lib/crater-agent-workspace/rustup-home:/opt/rustwide/rustup-home:ro,Z" "-e" "SOURCE_DIR=/opt/rustwide/workdir" "-e" "CARGO_TARGET_DIR=/opt/rustwide/target" "-e" "CARGO_INCREMENTAL=0" "-e" "RUST_BACKTRACE=full" "-e" "RUSTFLAGS=--cap-lints=forbid" "-e" "RUSTDOCFLAGS=--cap-lints=forbid" "-e" "CARGO_HOME=/opt/rustwide/cargo-home" "-e" "RUSTUP_HOME=/opt/rustwide/rustup-home" "-w" "/opt/rustwide/workdir" "-m" "1610612736" "--user" "0:0" "--network" "none" "ghcr.io/rust-lang/crates-build-env/linux@sha256:4a844ea9eb2546a2d2c7022eacef16ef2e8229c7fbb2c7d4d55a9ceca922f72d" "/opt/rustwide/cargo-home/bin/cargo" "+nightly-2024-10-28" "test" "--frozen", kill_on_drop: false }`
[INFO] [stdout] 3722466f7c11bf5a38fa739e46973c4cb892c1ad53d18b106d41fa7639504bca
[INFO] running `Command { std: "docker" "start" "-a" "3722466f7c11bf5a38fa739e46973c4cb892c1ad53d18b106d41fa7639504bca", kill_on_drop: false }`
[INFO] [stderr]     Finished `test` profile [unoptimized + debuginfo] target(s) in 0.03s
[INFO] [stderr]      Running unittests src/lib.rs (/opt/rustwide/target/debug/deps/rohanasan-31d424066e340664)
[INFO] [stdout] 
[INFO] [stdout] running 0 tests
[INFO] [stdout] 
[INFO] [stdout] test result: ok. 0 passed; 0 failed; 0 ignored; 0 measured; 0 filtered out; finished in 0.00s
[INFO] [stdout] 
[INFO] [stderr]      Running tests/test.rs (/opt/rustwide/target/debug/deps/test-b3beafa275fcb629)
[INFO] [stdout] 
[INFO] [stdout] running 1 test
[INFO] [stdout] test url_test::it_works ... ok
[INFO] [stdout] 
[INFO] [stdout] test result: ok. 1 passed; 0 failed; 0 ignored; 0 measured; 0 filtered out; finished in 0.00s
[INFO] [stdout] 
[INFO] [stderr]    Doc-tests rohanasan
[INFO] [stdout] 
[INFO] [stdout] running 8 tests
[INFO] [stdout] test src/lib.rs - send_http_response (line 176) - compile ... ok
[INFO] [stdout] test src/lib.rs - serve (line 146) - compile ... ok
[INFO] [stdout] test src/lib.rs - rohanasan (line 44) - compile ... ok
[INFO] [stdout] test src/lib.rs - send_file (line 213) - compile ... ok
[INFO] [stdout] test src/lib.rs - send_file_top_bottom (line 237) - compile ... FAILED
[INFO] [stdout] test src/lib.rs - url_decode (line 270) - compile ... FAILED
[INFO] [stdout] test src/../README.md - (line 30) ... FAILED
[INFO] [stdout] test src/../README.md - (line 129) has been running for over 60 seconds
[ERROR] error running command: no output for 300 seconds
[INFO] running `Command { std: "docker" "inspect" "3722466f7c11bf5a38fa739e46973c4cb892c1ad53d18b106d41fa7639504bca", kill_on_drop: false }`
[INFO] running `Command { std: "docker" "rm" "-f" "3722466f7c11bf5a38fa739e46973c4cb892c1ad53d18b106d41fa7639504bca", kill_on_drop: false }`
[INFO] [stdout] 3722466f7c11bf5a38fa739e46973c4cb892c1ad53d18b106d41fa7639504bca
