[INFO] fetching crate roffman 0.4.0...
[INFO] testing roffman-0.4.0 against nightly-2024-10-28 for randomize-layout
[INFO] extracting crate roffman 0.4.0 into /workspace/builds/worker-1-tc1/source
[INFO] validating manifest of crates.io crate roffman 0.4.0 on toolchain nightly-2024-10-28
[INFO] running `Command { std: CARGO_HOME="/workspace/cargo-home" RUSTUP_HOME="/workspace/rustup-home" "/workspace/cargo-home/bin/cargo" "+nightly-2024-10-28" "metadata" "--manifest-path" "Cargo.toml" "--no-deps", kill_on_drop: false }`
[INFO] started tweaking crates.io crate roffman 0.4.0
[INFO] finished tweaking crates.io crate roffman 0.4.0
[INFO] tweaked toml for crates.io crate roffman 0.4.0 written to /workspace/builds/worker-1-tc1/source/Cargo.toml
[INFO] running `Command { std: CARGO_HOME="/workspace/cargo-home" RUSTUP_HOME="/workspace/rustup-home" "/workspace/cargo-home/bin/cargo" "+nightly-2024-10-28" "generate-lockfile" "--manifest-path" "Cargo.toml", kill_on_drop: false }`
[INFO] running `Command { std: CARGO_HOME="/workspace/cargo-home" RUSTUP_HOME="/workspace/rustup-home" "/workspace/cargo-home/bin/cargo" "+nightly-2024-10-28" "fetch" "--manifest-path" "Cargo.toml", kill_on_drop: false }`
[INFO] running `Command { std: "docker" "create" "-v" "/var/lib/crater-agent-workspace/builds/worker-1-tc1/target:/opt/rustwide/target:rw,Z" "-v" "/var/lib/crater-agent-workspace/builds/worker-1-tc1/source:/opt/rustwide/workdir:ro,Z" "-v" "/var/lib/crater-agent-workspace/cargo-home:/opt/rustwide/cargo-home:ro,Z" "-v" "/var/lib/crater-agent-workspace/rustup-home:/opt/rustwide/rustup-home:ro,Z" "-e" "SOURCE_DIR=/opt/rustwide/workdir" "-e" "CARGO_TARGET_DIR=/opt/rustwide/target" "-e" "CARGO_HOME=/opt/rustwide/cargo-home" "-e" "RUSTUP_HOME=/opt/rustwide/rustup-home" "-w" "/opt/rustwide/workdir" "-m" "1610612736" "--user" "0:0" "--network" "none" "ghcr.io/rust-lang/crates-build-env/linux@sha256:4a844ea9eb2546a2d2c7022eacef16ef2e8229c7fbb2c7d4d55a9ceca922f72d" "/opt/rustwide/cargo-home/bin/cargo" "+nightly-2024-10-28" "metadata" "--no-deps" "--format-version=1", kill_on_drop: false }`
[INFO] [stdout] 093eec409f2ddce8bee137d5313b0bb6804d258cf4a3ee4f367e2740e617d7a3
[INFO] running `Command { std: "docker" "start" "-a" "093eec409f2ddce8bee137d5313b0bb6804d258cf4a3ee4f367e2740e617d7a3", kill_on_drop: false }`
[INFO] running `Command { std: "docker" "inspect" "093eec409f2ddce8bee137d5313b0bb6804d258cf4a3ee4f367e2740e617d7a3", kill_on_drop: false }`
[INFO] running `Command { std: "docker" "rm" "-f" "093eec409f2ddce8bee137d5313b0bb6804d258cf4a3ee4f367e2740e617d7a3", kill_on_drop: false }`
[INFO] [stdout] 093eec409f2ddce8bee137d5313b0bb6804d258cf4a3ee4f367e2740e617d7a3
[INFO] running `Command { std: "docker" "create" "-v" "/var/lib/crater-agent-workspace/builds/worker-1-tc1/target:/opt/rustwide/target:rw,Z" "-v" "/var/lib/crater-agent-workspace/builds/worker-1-tc1/source:/opt/rustwide/workdir:ro,Z" "-v" "/var/lib/crater-agent-workspace/cargo-home:/opt/rustwide/cargo-home:ro,Z" "-v" "/var/lib/crater-agent-workspace/rustup-home:/opt/rustwide/rustup-home:ro,Z" "-e" "SOURCE_DIR=/opt/rustwide/workdir" "-e" "CARGO_TARGET_DIR=/opt/rustwide/target" "-e" "CARGO_INCREMENTAL=0" "-e" "RUST_BACKTRACE=full" "-e" "RUSTFLAGS=--cap-lints=forbid" "-e" "RUSTDOCFLAGS=--cap-lints=forbid" "-e" "CARGO_HOME=/opt/rustwide/cargo-home" "-e" "RUSTUP_HOME=/opt/rustwide/rustup-home" "-w" "/opt/rustwide/workdir" "-m" "1610612736" "--user" "0:0" "--network" "none" "ghcr.io/rust-lang/crates-build-env/linux@sha256:4a844ea9eb2546a2d2c7022eacef16ef2e8229c7fbb2c7d4d55a9ceca922f72d" "/opt/rustwide/cargo-home/bin/cargo" "+nightly-2024-10-28" "build" "--frozen" "--message-format=json", kill_on_drop: false }`
[INFO] [stdout] f5c526d0ef951b5122c49d9dc5bb54d54abddd732085254231961539adfe6c3a
[INFO] running `Command { std: "docker" "start" "-a" "f5c526d0ef951b5122c49d9dc5bb54d54abddd732085254231961539adfe6c3a", kill_on_drop: false }`
[INFO] [stderr]    Compiling roffman v0.4.0 (/opt/rustwide/workdir)
[INFO] [stderr]     Finished `dev` profile [unoptimized + debuginfo] target(s) in 0.23s
[INFO] running `Command { std: "docker" "inspect" "f5c526d0ef951b5122c49d9dc5bb54d54abddd732085254231961539adfe6c3a", kill_on_drop: false }`
[INFO] running `Command { std: "docker" "rm" "-f" "f5c526d0ef951b5122c49d9dc5bb54d54abddd732085254231961539adfe6c3a", kill_on_drop: false }`
[INFO] [stdout] f5c526d0ef951b5122c49d9dc5bb54d54abddd732085254231961539adfe6c3a
[INFO] running `Command { std: "docker" "create" "-v" "/var/lib/crater-agent-workspace/builds/worker-1-tc1/target:/opt/rustwide/target:rw,Z" "-v" "/var/lib/crater-agent-workspace/builds/worker-1-tc1/source:/opt/rustwide/workdir:ro,Z" "-v" "/var/lib/crater-agent-workspace/cargo-home:/opt/rustwide/cargo-home:ro,Z" "-v" "/var/lib/crater-agent-workspace/rustup-home:/opt/rustwide/rustup-home:ro,Z" "-e" "SOURCE_DIR=/opt/rustwide/workdir" "-e" "CARGO_TARGET_DIR=/opt/rustwide/target" "-e" "CARGO_INCREMENTAL=0" "-e" "RUST_BACKTRACE=full" "-e" "RUSTFLAGS=--cap-lints=forbid" "-e" "RUSTDOCFLAGS=--cap-lints=forbid" "-e" "CARGO_HOME=/opt/rustwide/cargo-home" "-e" "RUSTUP_HOME=/opt/rustwide/rustup-home" "-w" "/opt/rustwide/workdir" "-m" "1610612736" "--user" "0:0" "--network" "none" "ghcr.io/rust-lang/crates-build-env/linux@sha256:4a844ea9eb2546a2d2c7022eacef16ef2e8229c7fbb2c7d4d55a9ceca922f72d" "/opt/rustwide/cargo-home/bin/cargo" "+nightly-2024-10-28" "test" "--frozen" "--no-run" "--message-format=json", kill_on_drop: false }`
[INFO] [stdout] 246ad39eba48ad52236eb953fd522924e5392c6ad8a23292f56e19489048471a
[INFO] running `Command { std: "docker" "start" "-a" "246ad39eba48ad52236eb953fd522924e5392c6ad8a23292f56e19489048471a", kill_on_drop: false }`
[INFO] [stderr]    Compiling roffman v0.4.0 (/opt/rustwide/workdir)
[INFO] [stderr]     Finished `test` profile [unoptimized + debuginfo] target(s) in 0.35s
[INFO] running `Command { std: "docker" "inspect" "246ad39eba48ad52236eb953fd522924e5392c6ad8a23292f56e19489048471a", kill_on_drop: false }`
[INFO] running `Command { std: "docker" "rm" "-f" "246ad39eba48ad52236eb953fd522924e5392c6ad8a23292f56e19489048471a", kill_on_drop: false }`
[INFO] [stdout] 246ad39eba48ad52236eb953fd522924e5392c6ad8a23292f56e19489048471a
[INFO] running `Command { std: "docker" "create" "-v" "/var/lib/crater-agent-workspace/builds/worker-1-tc1/target:/opt/rustwide/target:rw,Z" "-v" "/var/lib/crater-agent-workspace/builds/worker-1-tc1/source:/opt/rustwide/workdir:ro,Z" "-v" "/var/lib/crater-agent-workspace/cargo-home:/opt/rustwide/cargo-home:ro,Z" "-v" "/var/lib/crater-agent-workspace/rustup-home:/opt/rustwide/rustup-home:ro,Z" "-e" "SOURCE_DIR=/opt/rustwide/workdir" "-e" "CARGO_TARGET_DIR=/opt/rustwide/target" "-e" "CARGO_INCREMENTAL=0" "-e" "RUST_BACKTRACE=full" "-e" "RUSTFLAGS=--cap-lints=forbid" "-e" "RUSTDOCFLAGS=--cap-lints=forbid" "-e" "CARGO_HOME=/opt/rustwide/cargo-home" "-e" "RUSTUP_HOME=/opt/rustwide/rustup-home" "-w" "/opt/rustwide/workdir" "-m" "1610612736" "--user" "0:0" "--network" "none" "ghcr.io/rust-lang/crates-build-env/linux@sha256:4a844ea9eb2546a2d2c7022eacef16ef2e8229c7fbb2c7d4d55a9ceca922f72d" "/opt/rustwide/cargo-home/bin/cargo" "+nightly-2024-10-28" "test" "--frozen", kill_on_drop: false }`
[INFO] [stdout] 4ceac733332c8fcabce995c00c242aa8261552f8adc704e40b58531ca709dd1c
[INFO] running `Command { std: "docker" "start" "-a" "4ceac733332c8fcabce995c00c242aa8261552f8adc704e40b58531ca709dd1c", kill_on_drop: false }`
[INFO] [stderr]     Finished `test` profile [unoptimized + debuginfo] target(s) in 0.00s
[INFO] [stderr]      Running unittests src/lib.rs (/opt/rustwide/target/debug/deps/roffman-63cce5fbbbe513ff)
[INFO] [stdout] 
[INFO] [stdout] running 9 tests
[INFO] [stdout] test escape::tests::it_escapes ... ok
[INFO] [stdout] test tests::it_nests_roffs ... ok
[INFO] [stdout] test tests::breaks_line ... ok
[INFO] [stdout] test tests::it_roffs ... ok
[INFO] [stdout] test tests::it_roffs_examples ... ok
[INFO] [stdout] test tests::section_after_text_renders ... ok
[INFO] [stdout] test tests::synopsis_works ... ok
[INFO] [stdout] test tests::special_strings_work ... ok
[INFO] [stdout] test tests::urls_and_emails_work ... ok
[INFO] [stdout] 
[INFO] [stdout] test result: ok. 9 passed; 0 failed; 0 ignored; 0 measured; 0 filtered out; finished in 0.00s
[INFO] [stdout] 
[INFO] [stderr]    Doc-tests roffman
[INFO] [stdout] 
[INFO] [stdout] running 1 test
[INFO] [stdout] test src/lib.rs - (line 5) ... FAILED
[INFO] [stdout] 
[INFO] [stdout] failures:
[INFO] [stdout] 
[INFO] [stdout] ---- src/lib.rs - (line 5) stdout ----
[INFO] [stdout] Test executable failed (exit status: 101).
[INFO] [stdout] 
[INFO] [stdout] stderr:
[INFO] [stdout] thread 'main' panicked at src/lib.rs:86:1:
[INFO] [stdout] assertion `left == right` failed
[INFO] [stdout]   left: ".TH roffman 7 \"August 2021\"\n.SH \"BASIC USAGE\"\n.P\nThis is how you create a basic paragraph using roffman.\n.IP optional\\-title 4\nThis line should be slightly indented to the \\fBright.\\fR\n.SY roffman\\-command\nThis is the description of this command. It will be displayed right next to\\fI it\\fR\n\n.OP \\-\\-opt\nsome simple opt\n\n.OP \\-\\-opt\\-with\\-arg ARG\nopt with an argument\n\n.OP \\-\\-bold\n\n.YS\n.P\n\\fBExample:\\fR\n.EX\n\nimpl Roffable for u8 {\n    fn roff(&self) \\-> RoffText {\n        self.to_string().roff()\n    }\n}\n.EE\n.UR https://github.com/vv9k/roffman\nGitHub\n.UE\n\nvv9k\\(tm"
[INFO] [stdout]  right: ".TH roffman 7 \"August 2021\"\n.SH \"BASIC USAGE\"\n.P\nThis is how you create a basic paragraph using roffman.\n.IP optional\\-title 4\nThis line should be slightly indented to the \\fBright.\\fR\n.SY roffman\\-command\nThis is the description of this command. It will be displayed right next to\\fI it\\fR\n\n.OP \\-\\-opt\nsome simple opt\n\n.OP \\-\\-opt\\-with\\-arg ARG\nopt with an argument\n\n.OP \\-\\-bold\n\n.YS\n.P\n\\fBExample:\\fR\n.EX\n\nimpl Roffable for u8 {\n    fn roff(&self) \\-> RoffText {\n        self.to_string().roff()\n    }\n}\n.EE\n.UR https://github.com/vv9k/roffman\nGitHub\n.UE\n\nvv9k\\*(Tm"
[INFO] [stdout] stack backtrace:
[INFO] [stdout]    0:     0x636004ad51ea - std::backtrace_rs::backtrace::libunwind::trace::h207520d6e9873551
[INFO] [stdout]                                at /rustc/df4ca44d3fbc9301ee17f30f4d474e6ae4b05252/library/std/src/../../backtrace/src/backtrace/libunwind.rs:116:5
[INFO] [stdout]    1:     0x636004ad51ea - std::backtrace_rs::backtrace::trace_unsynchronized::h2ed7433f370e3eca
[INFO] [stdout]                                at /rustc/df4ca44d3fbc9301ee17f30f4d474e6ae4b05252/library/std/src/../../backtrace/src/backtrace/mod.rs:66:5
[INFO] [stdout]    2:     0x636004ad51ea - std::sys::backtrace::_print_fmt::h916fac51166b18d7
[INFO] [stdout]                                at /rustc/df4ca44d3fbc9301ee17f30f4d474e6ae4b05252/library/std/src/sys/backtrace.rs:66:9
[INFO] [stdout]    3:     0x636004ad51ea - <std::sys::backtrace::BacktraceLock::print::DisplayBacktrace as core::fmt::Display>::fmt::ha0a4c9b8ce3802e6
[INFO] [stdout]                                at /rustc/df4ca44d3fbc9301ee17f30f4d474e6ae4b05252/library/std/src/sys/backtrace.rs:39:26
[INFO] [stdout]    4:     0x636004af1523 - core::fmt::rt::Argument::fmt::h4cfc8587d52b3eb5
[INFO] [stdout]                                at /rustc/df4ca44d3fbc9301ee17f30f4d474e6ae4b05252/library/core/src/fmt/rt.rs:177:76
[INFO] [stdout]    5:     0x636004af1523 - core::fmt::write::h522cc39e5b36ae9f
[INFO] [stdout]                                at /rustc/df4ca44d3fbc9301ee17f30f4d474e6ae4b05252/library/core/src/fmt/mod.rs:1190:21
[INFO] [stdout]    6:     0x636004ad2c53 - std::io::Write::write_fmt::hf1c1dcc8cc1287f0
[INFO] [stdout]                                at /rustc/df4ca44d3fbc9301ee17f30f4d474e6ae4b05252/library/std/src/io/mod.rs:1839:15
[INFO] [stdout]    7:     0x636004ad5032 - std::sys::backtrace::BacktraceLock::print::h4b9e00b29e9c0942
[INFO] [stdout]                                at /rustc/df4ca44d3fbc9301ee17f30f4d474e6ae4b05252/library/std/src/sys/backtrace.rs:42:9
[INFO] [stdout]    8:     0x636004ad5ffc - std::panicking::default_hook::{{closure}}::hb59b88280d0324d9
[INFO] [stdout]                                at /rustc/df4ca44d3fbc9301ee17f30f4d474e6ae4b05252/library/std/src/panicking.rs:268:22
[INFO] [stdout]    9:     0x636004ad5e42 - std::panicking::default_hook::he1dd496665be4a29
[INFO] [stdout]                                at /rustc/df4ca44d3fbc9301ee17f30f4d474e6ae4b05252/library/std/src/panicking.rs:295:9
[INFO] [stdout]   10:     0x636004ad65f7 - std::panicking::rust_panic_with_hook::h2ff17fe8f26dfcf8
[INFO] [stdout]                                at /rustc/df4ca44d3fbc9301ee17f30f4d474e6ae4b05252/library/std/src/panicking.rs:801:13
[INFO] [stdout]   11:     0x636004ad648a - std::panicking::begin_panic_handler::{{closure}}::h4fad77951c07e101
[INFO] [stdout]                                at /rustc/df4ca44d3fbc9301ee17f30f4d474e6ae4b05252/library/std/src/panicking.rs:674:13
[INFO] [stdout]   12:     0x636004ad56c9 - std::sys::backtrace::__rust_end_short_backtrace::hb1a25b3da5d0ea08
[INFO] [stdout]                                at /rustc/df4ca44d3fbc9301ee17f30f4d474e6ae4b05252/library/std/src/sys/backtrace.rs:170:18
[INFO] [stdout]   13:     0x636004ad611c - rust_begin_unwind
[INFO] [stdout]                                at /rustc/df4ca44d3fbc9301ee17f30f4d474e6ae4b05252/library/std/src/panicking.rs:665:5
[INFO] [stdout]   14:     0x636004af0770 - core::panicking::panic_fmt::ha9db07b529f9b256
[INFO] [stdout]                                at /rustc/df4ca44d3fbc9301ee17f30f4d474e6ae4b05252/library/core/src/panicking.rs:75:14
[INFO] [stdout]   15:     0x636004af0a62 - core::panicking::assert_failed_inner::h04f38944d74a80a8
[INFO] [stdout]   16:     0x636004aa2353 - core::panicking::assert_failed::h830b14a9287a5ddc
[INFO] [stdout]   17:     0x636004aa684a - rust_out::main::_doctest_main_src_lib_rs_5_0::had3693f7173e1bdd
[INFO] [stdout]   18:     0x636004aa5bb6 - rust_out::main::ha213a30daa5df4da
[INFO] [stdout]   19:     0x636004aa02b3 - core::ops::function::FnOnce::call_once::hf7edf7132571051c
[INFO] [stdout]   20:     0x636004aa0056 - std::sys::backtrace::__rust_begin_short_backtrace::h32fd822fd2ba4079
[INFO] [stdout]   21:     0x636004aa0039 - std::rt::lang_start::{{closure}}::h4039a1c394ed4f7c
[INFO] [stdout]   22:     0x636004ad0da7 - core::ops::function::impls::<impl core::ops::function::FnOnce<A> for &F>::call_once::hd87d66b906e0ccaf
[INFO] [stdout]                                at /rustc/df4ca44d3fbc9301ee17f30f4d474e6ae4b05252/library/core/src/ops/function.rs:284:13
[INFO] [stdout]   23:     0x636004ad0da7 - std::panicking::try::do_call::hae3703de71fc9e3a
[INFO] [stdout]                                at /rustc/df4ca44d3fbc9301ee17f30f4d474e6ae4b05252/library/std/src/panicking.rs:557:40
[INFO] [stdout]   24:     0x636004ad0da7 - std::panicking::try::h1178330e9a2b2645
[INFO] [stdout]                                at /rustc/df4ca44d3fbc9301ee17f30f4d474e6ae4b05252/library/std/src/panicking.rs:520:19
[INFO] [stdout]   25:     0x636004ad0da7 - std::panic::catch_unwind::h0acf49d2305d32ad
[INFO] [stdout]                                at /rustc/df4ca44d3fbc9301ee17f30f4d474e6ae4b05252/library/std/src/panic.rs:358:14
[INFO] [stdout]   26:     0x636004ad0da7 - std::rt::lang_start_internal::{{closure}}::h2d95182d798177be
[INFO] [stdout]                                at /rustc/df4ca44d3fbc9301ee17f30f4d474e6ae4b05252/library/std/src/rt.rs:174:48
[INFO] [stdout]   27:     0x636004ad0da7 - std::panicking::try::do_call::hb506f5bfe11fd30c
[INFO] [stdout]                                at /rustc/df4ca44d3fbc9301ee17f30f4d474e6ae4b05252/library/std/src/panicking.rs:557:40
[INFO] [stdout]   28:     0x636004ad0da7 - std::panicking::try::h54d825c46bd0fa95
[INFO] [stdout]                                at /rustc/df4ca44d3fbc9301ee17f30f4d474e6ae4b05252/library/std/src/panicking.rs:520:19
[INFO] [stdout]   29:     0x636004ad0da7 - std::panic::catch_unwind::hffbb0ad20c4e9fac
[INFO] [stdout]                                at /rustc/df4ca44d3fbc9301ee17f30f4d474e6ae4b05252/library/std/src/panic.rs:358:14
[INFO] [stdout]   30:     0x636004ad0da7 - std::rt::lang_start_internal::h52c291ef1962c925
[INFO] [stdout]                                at /rustc/df4ca44d3fbc9301ee17f30f4d474e6ae4b05252/library/std/src/rt.rs:174:20
[INFO] [stdout]   31:     0x636004aa0017 - std::rt::lang_start::h8c6075cd6f225ba1
[INFO] [stdout]   32:     0x636004aa68c5 - main
[INFO] [stdout]   33:     0x79f23ddfbd90 - <unknown>
[INFO] [stdout]   34:     0x79f23ddfbe40 - __libc_start_main
[INFO] [stdout]   35:     0x636004a9e9e5 - _start
[INFO] [stdout]   36:                0x0 - <unknown>
[INFO] [stdout] 
[INFO] [stdout] 
[INFO] [stdout] 
[INFO] [stdout] failures:
[INFO] [stdout]     src/lib.rs - (line 5)
[INFO] [stdout] 
[INFO] [stdout] test result: FAILED. 0 passed; 1 failed; 0 ignored; 0 measured; 0 filtered out; finished in 0.16s
[INFO] [stdout] 
[INFO] [stderr] error: doctest failed, to rerun pass `--doc`
[INFO] running `Command { std: "docker" "inspect" "4ceac733332c8fcabce995c00c242aa8261552f8adc704e40b58531ca709dd1c", kill_on_drop: false }`
[INFO] running `Command { std: "docker" "rm" "-f" "4ceac733332c8fcabce995c00c242aa8261552f8adc704e40b58531ca709dd1c", kill_on_drop: false }`
[INFO] [stdout] 4ceac733332c8fcabce995c00c242aa8261552f8adc704e40b58531ca709dd1c
