[INFO] fetching crate rocm_smi_lib_sys 0.2.4...
[INFO] testing rocm_smi_lib_sys-0.2.4 against nightly-2024-10-28 for randomize-layout
[INFO] extracting crate rocm_smi_lib_sys 0.2.4 into /workspace/builds/worker-1-tc1/source
[INFO] validating manifest of crates.io crate rocm_smi_lib_sys 0.2.4 on toolchain nightly-2024-10-28
[INFO] running `Command { std: CARGO_HOME="/workspace/cargo-home" RUSTUP_HOME="/workspace/rustup-home" "/workspace/cargo-home/bin/cargo" "+nightly-2024-10-28" "metadata" "--manifest-path" "Cargo.toml" "--no-deps", kill_on_drop: false }`
[INFO] removed /workspace/builds/worker-1-tc1/source/.cargo/config.toml
[INFO] started tweaking crates.io crate rocm_smi_lib_sys 0.2.4
[INFO] finished tweaking crates.io crate rocm_smi_lib_sys 0.2.4
[INFO] tweaked toml for crates.io crate rocm_smi_lib_sys 0.2.4 written to /workspace/builds/worker-1-tc1/source/Cargo.toml
[INFO] running `Command { std: CARGO_HOME="/workspace/cargo-home" RUSTUP_HOME="/workspace/rustup-home" "/workspace/cargo-home/bin/cargo" "+nightly-2024-10-28" "generate-lockfile" "--manifest-path" "Cargo.toml", kill_on_drop: false }`
[INFO] [stderr]     Updating crates.io index
[INFO] [stderr]      Locking 12 packages to latest compatible versions
[INFO] running `Command { std: CARGO_HOME="/workspace/cargo-home" RUSTUP_HOME="/workspace/rustup-home" "/workspace/cargo-home/bin/cargo" "+nightly-2024-10-28" "fetch" "--manifest-path" "Cargo.toml", kill_on_drop: false }`
[INFO] running `Command { std: "docker" "create" "-v" "/var/lib/crater-agent-workspace/builds/worker-1-tc1/target:/opt/rustwide/target:rw,Z" "-v" "/var/lib/crater-agent-workspace/builds/worker-1-tc1/source:/opt/rustwide/workdir:ro,Z" "-v" "/var/lib/crater-agent-workspace/cargo-home:/opt/rustwide/cargo-home:ro,Z" "-v" "/var/lib/crater-agent-workspace/rustup-home:/opt/rustwide/rustup-home:ro,Z" "-e" "SOURCE_DIR=/opt/rustwide/workdir" "-e" "CARGO_TARGET_DIR=/opt/rustwide/target" "-e" "CARGO_HOME=/opt/rustwide/cargo-home" "-e" "RUSTUP_HOME=/opt/rustwide/rustup-home" "-w" "/opt/rustwide/workdir" "-m" "1610612736" "--user" "0:0" "--network" "none" "ghcr.io/rust-lang/crates-build-env/linux@sha256:4a844ea9eb2546a2d2c7022eacef16ef2e8229c7fbb2c7d4d55a9ceca922f72d" "/opt/rustwide/cargo-home/bin/cargo" "+nightly-2024-10-28" "metadata" "--no-deps" "--format-version=1", kill_on_drop: false }`
[INFO] [stdout] 50bb53c6dcf0ea85c052fbd3b31b2ee49085774ca78d3674ca40acdfc62219ec
[INFO] running `Command { std: "docker" "start" "-a" "50bb53c6dcf0ea85c052fbd3b31b2ee49085774ca78d3674ca40acdfc62219ec", kill_on_drop: false }`
[INFO] running `Command { std: "docker" "inspect" "50bb53c6dcf0ea85c052fbd3b31b2ee49085774ca78d3674ca40acdfc62219ec", kill_on_drop: false }`
[INFO] running `Command { std: "docker" "rm" "-f" "50bb53c6dcf0ea85c052fbd3b31b2ee49085774ca78d3674ca40acdfc62219ec", kill_on_drop: false }`
[INFO] [stdout] 50bb53c6dcf0ea85c052fbd3b31b2ee49085774ca78d3674ca40acdfc62219ec
[INFO] running `Command { std: "docker" "create" "-v" "/var/lib/crater-agent-workspace/builds/worker-1-tc1/target:/opt/rustwide/target:rw,Z" "-v" "/var/lib/crater-agent-workspace/builds/worker-1-tc1/source:/opt/rustwide/workdir:ro,Z" "-v" "/var/lib/crater-agent-workspace/cargo-home:/opt/rustwide/cargo-home:ro,Z" "-v" "/var/lib/crater-agent-workspace/rustup-home:/opt/rustwide/rustup-home:ro,Z" "-e" "SOURCE_DIR=/opt/rustwide/workdir" "-e" "CARGO_TARGET_DIR=/opt/rustwide/target" "-e" "CARGO_INCREMENTAL=0" "-e" "RUST_BACKTRACE=full" "-e" "RUSTFLAGS=--cap-lints=forbid" "-e" "RUSTDOCFLAGS=--cap-lints=forbid" "-e" "CARGO_HOME=/opt/rustwide/cargo-home" "-e" "RUSTUP_HOME=/opt/rustwide/rustup-home" "-w" "/opt/rustwide/workdir" "-m" "1610612736" "--user" "0:0" "--network" "none" "ghcr.io/rust-lang/crates-build-env/linux@sha256:4a844ea9eb2546a2d2c7022eacef16ef2e8229c7fbb2c7d4d55a9ceca922f72d" "/opt/rustwide/cargo-home/bin/cargo" "+nightly-2024-10-28" "build" "--frozen" "--message-format=json", kill_on_drop: false }`
[INFO] [stdout] cb6d06996d35ce349c18bc2955a886437f48dac68cb127208ffd628a8a4bf76f
[INFO] running `Command { std: "docker" "start" "-a" "cb6d06996d35ce349c18bc2955a886437f48dac68cb127208ffd628a8a4bf76f", kill_on_drop: false }`
[INFO] [stderr]    Compiling libc v0.2.161
[INFO] [stderr]    Compiling cfg-if v1.0.0
[INFO] [stderr]    Compiling libloading v0.8.5
[INFO] [stderr]    Compiling rocm_smi_lib_sys v0.2.4 (/opt/rustwide/workdir)
[INFO] [stderr]     Finished `dev` profile [optimized + debuginfo] target(s) in 1.64s
[INFO] [stderr] warning: the following packages contain code that will be rejected by a future version of Rust: rocm_smi_lib_sys v0.2.4 (/opt/rustwide/workdir)
[INFO] [stderr] note: to see what the problems were, use the option `--future-incompat-report`, or run `cargo report future-incompatibilities --id 1`
[INFO] running `Command { std: "docker" "inspect" "cb6d06996d35ce349c18bc2955a886437f48dac68cb127208ffd628a8a4bf76f", kill_on_drop: false }`
[INFO] running `Command { std: "docker" "rm" "-f" "cb6d06996d35ce349c18bc2955a886437f48dac68cb127208ffd628a8a4bf76f", kill_on_drop: false }`
[INFO] [stdout] cb6d06996d35ce349c18bc2955a886437f48dac68cb127208ffd628a8a4bf76f
[INFO] running `Command { std: "docker" "create" "-v" "/var/lib/crater-agent-workspace/builds/worker-1-tc1/target:/opt/rustwide/target:rw,Z" "-v" "/var/lib/crater-agent-workspace/builds/worker-1-tc1/source:/opt/rustwide/workdir:ro,Z" "-v" "/var/lib/crater-agent-workspace/cargo-home:/opt/rustwide/cargo-home:ro,Z" "-v" "/var/lib/crater-agent-workspace/rustup-home:/opt/rustwide/rustup-home:ro,Z" "-e" "SOURCE_DIR=/opt/rustwide/workdir" "-e" "CARGO_TARGET_DIR=/opt/rustwide/target" "-e" "CARGO_INCREMENTAL=0" "-e" "RUST_BACKTRACE=full" "-e" "RUSTFLAGS=--cap-lints=forbid" "-e" "RUSTDOCFLAGS=--cap-lints=forbid" "-e" "CARGO_HOME=/opt/rustwide/cargo-home" "-e" "RUSTUP_HOME=/opt/rustwide/rustup-home" "-w" "/opt/rustwide/workdir" "-m" "1610612736" "--user" "0:0" "--network" "none" "ghcr.io/rust-lang/crates-build-env/linux@sha256:4a844ea9eb2546a2d2c7022eacef16ef2e8229c7fbb2c7d4d55a9ceca922f72d" "/opt/rustwide/cargo-home/bin/cargo" "+nightly-2024-10-28" "test" "--frozen" "--no-run" "--message-format=json", kill_on_drop: false }`
[INFO] [stdout] 715e1aae3048498f7ca627766225c6017bd0365427747571d79e9fd510c3ea42
[INFO] running `Command { std: "docker" "start" "-a" "715e1aae3048498f7ca627766225c6017bd0365427747571d79e9fd510c3ea42", kill_on_drop: false }`
[INFO] [stderr]    Compiling rocm_smi_lib_sys v0.2.4 (/opt/rustwide/workdir)
[INFO] [stderr]     Finished `test` profile [optimized + debuginfo] target(s) in 0.69s
[INFO] [stderr] warning: the following packages contain code that will be rejected by a future version of Rust: rocm_smi_lib_sys v0.2.4 (/opt/rustwide/workdir)
[INFO] [stderr] note: to see what the problems were, use the option `--future-incompat-report`, or run `cargo report future-incompatibilities --id 2`
[INFO] running `Command { std: "docker" "inspect" "715e1aae3048498f7ca627766225c6017bd0365427747571d79e9fd510c3ea42", kill_on_drop: false }`
[INFO] running `Command { std: "docker" "rm" "-f" "715e1aae3048498f7ca627766225c6017bd0365427747571d79e9fd510c3ea42", kill_on_drop: false }`
[INFO] [stdout] 715e1aae3048498f7ca627766225c6017bd0365427747571d79e9fd510c3ea42
[INFO] running `Command { std: "docker" "create" "-v" "/var/lib/crater-agent-workspace/builds/worker-1-tc1/target:/opt/rustwide/target:rw,Z" "-v" "/var/lib/crater-agent-workspace/builds/worker-1-tc1/source:/opt/rustwide/workdir:ro,Z" "-v" "/var/lib/crater-agent-workspace/cargo-home:/opt/rustwide/cargo-home:ro,Z" "-v" "/var/lib/crater-agent-workspace/rustup-home:/opt/rustwide/rustup-home:ro,Z" "-e" "SOURCE_DIR=/opt/rustwide/workdir" "-e" "CARGO_TARGET_DIR=/opt/rustwide/target" "-e" "CARGO_INCREMENTAL=0" "-e" "RUST_BACKTRACE=full" "-e" "RUSTFLAGS=--cap-lints=forbid" "-e" "RUSTDOCFLAGS=--cap-lints=forbid" "-e" "CARGO_HOME=/opt/rustwide/cargo-home" "-e" "RUSTUP_HOME=/opt/rustwide/rustup-home" "-w" "/opt/rustwide/workdir" "-m" "1610612736" "--user" "0:0" "--network" "none" "ghcr.io/rust-lang/crates-build-env/linux@sha256:4a844ea9eb2546a2d2c7022eacef16ef2e8229c7fbb2c7d4d55a9ceca922f72d" "/opt/rustwide/cargo-home/bin/cargo" "+nightly-2024-10-28" "test" "--frozen", kill_on_drop: false }`
[INFO] [stdout] de5a48f6d36b2946ee857c4abf74160c7f4a696d508f220130c3d3642d877fd6
[INFO] running `Command { std: "docker" "start" "-a" "de5a48f6d36b2946ee857c4abf74160c7f4a696d508f220130c3d3642d877fd6", kill_on_drop: false }`
[INFO] [stderr]     Finished `test` profile [optimized + debuginfo] target(s) in 0.02s
[INFO] [stderr] warning: the following packages contain code that will be rejected by a future version of Rust: rocm_smi_lib_sys v0.2.4 (/opt/rustwide/workdir)
[INFO] [stderr] note: to see what the problems were, use the option `--future-incompat-report`, or run `cargo report future-incompatibilities --id 2`
[INFO] [stderr]      Running unittests src/lib.rs (/opt/rustwide/target/debug/deps/rocm_smi_lib_sys-8031eb08a7f98b81)
[INFO] [stdout] 
[INFO] [stdout] running 6 tests
[INFO] [stdout] test test::activity_test ... FAILED
[INFO] [stdout] test test::power_profile_test ... FAILED
[INFO] [stdout] test test::processes ... FAILED
[INFO] [stdout] test test::gpu_metrics_test ... FAILED
[INFO] [stdout] test test::name_brand_rev_sku_test ... FAILED
[INFO] [stdout] test test::firmware ... FAILED
[INFO] [stdout] 
[INFO] [stdout] failures:
[INFO] [stdout] 
[INFO] [stdout] ---- test::activity_test stdout ----
[INFO] [stdout] Error: RsmiLibLoadingError
[INFO] [stdout] 
[INFO] [stdout] ---- test::power_profile_test stdout ----
[INFO] [stdout] Error: RsmiLibLoadingError
[INFO] [stdout] 
[INFO] [stdout] ---- test::processes stdout ----
[INFO] [stdout] Error: RsmiLibLoadingError
[INFO] [stdout] 
[INFO] [stdout] ---- test::gpu_metrics_test stdout ----
[INFO] [stdout] Error: RsmiLibLoadingError
[INFO] [stdout] 
[INFO] [stdout] ---- test::name_brand_rev_sku_test stdout ----
[INFO] [stdout] Error: RsmiLibLoadingError
[INFO] [stdout] 
[INFO] [stdout] ---- test::firmware stdout ----
[INFO] [stdout] Error: RsmiLibLoadingError
[INFO] [stdout] 
[INFO] [stdout] 
[INFO] [stdout] failures:
[INFO] [stdout]     test::activity_test
[INFO] [stdout]     test::firmware
[INFO] [stdout]     test::gpu_metrics_test
[INFO] [stdout]     test::name_brand_rev_sku_test
[INFO] [stdout]     test::power_profile_test
[INFO] [stdout]     test::processes
[INFO] [stdout] 
[INFO] [stdout] test result: FAILED. 0 passed; 6 failed; 0 ignored; 0 measured; 0 filtered out; finished in 0.00s
[INFO] [stdout] 
[INFO] [stderr] error: test failed, to rerun pass `--lib`
[INFO] running `Command { std: "docker" "inspect" "de5a48f6d36b2946ee857c4abf74160c7f4a696d508f220130c3d3642d877fd6", kill_on_drop: false }`
[INFO] running `Command { std: "docker" "rm" "-f" "de5a48f6d36b2946ee857c4abf74160c7f4a696d508f220130c3d3642d877fd6", kill_on_drop: false }`
[INFO] [stdout] de5a48f6d36b2946ee857c4abf74160c7f4a696d508f220130c3d3642d877fd6
