[INFO] fetching crate rockusb 0.2.0...
[INFO] testing rockusb-0.2.0 against nightly-2024-10-28+rustflags=-Zrandomize-layout for randomize-layout
[INFO] extracting crate rockusb 0.2.0 into /workspace/builds/worker-0-tc2/source
[INFO] validating manifest of crates.io crate rockusb 0.2.0 on toolchain nightly-2024-10-28
[INFO] running `Command { std: CARGO_HOME="/workspace/cargo-home" RUSTUP_HOME="/workspace/rustup-home" "/workspace/cargo-home/bin/cargo" "+nightly-2024-10-28" "metadata" "--manifest-path" "Cargo.toml" "--no-deps", kill_on_drop: false }`
[INFO] started tweaking crates.io crate rockusb 0.2.0
[INFO] removed 0 missing examples
[INFO] finished tweaking crates.io crate rockusb 0.2.0
[INFO] tweaked toml for crates.io crate rockusb 0.2.0 written to /workspace/builds/worker-0-tc2/source/Cargo.toml
[INFO] crate crates.io crate rockusb 0.2.0 already has a lockfile, it will not be regenerated
[INFO] running `Command { std: CARGO_HOME="/workspace/cargo-home" RUSTUP_HOME="/workspace/rustup-home" "/workspace/cargo-home/bin/cargo" "+nightly-2024-10-28" "fetch" "--manifest-path" "Cargo.toml", kill_on_drop: false }`
[INFO] [stderr]     Blocking waiting for file lock on package cache
[INFO] [stderr]     Blocking waiting for file lock on package cache
[INFO] running `Command { std: "docker" "create" "-v" "/var/lib/crater-agent-workspace/builds/worker-0-tc2/target:/opt/rustwide/target:rw,Z" "-v" "/var/lib/crater-agent-workspace/builds/worker-0-tc2/source:/opt/rustwide/workdir:ro,Z" "-v" "/var/lib/crater-agent-workspace/cargo-home:/opt/rustwide/cargo-home:ro,Z" "-v" "/var/lib/crater-agent-workspace/rustup-home:/opt/rustwide/rustup-home:ro,Z" "-e" "SOURCE_DIR=/opt/rustwide/workdir" "-e" "CARGO_TARGET_DIR=/opt/rustwide/target" "-e" "CARGO_HOME=/opt/rustwide/cargo-home" "-e" "RUSTUP_HOME=/opt/rustwide/rustup-home" "-w" "/opt/rustwide/workdir" "-m" "1610612736" "--user" "0:0" "--network" "none" "ghcr.io/rust-lang/crates-build-env/linux@sha256:4a844ea9eb2546a2d2c7022eacef16ef2e8229c7fbb2c7d4d55a9ceca922f72d" "/opt/rustwide/cargo-home/bin/cargo" "+nightly-2024-10-28" "metadata" "--no-deps" "--format-version=1", kill_on_drop: false }`
[INFO] [stdout] 3ff7bef73cb601e0e782e1cb60f075a05d673ca30a8f553460a08c8ddd834659
[INFO] running `Command { std: "docker" "start" "-a" "3ff7bef73cb601e0e782e1cb60f075a05d673ca30a8f553460a08c8ddd834659", kill_on_drop: false }`
[INFO] running `Command { std: "docker" "inspect" "3ff7bef73cb601e0e782e1cb60f075a05d673ca30a8f553460a08c8ddd834659", kill_on_drop: false }`
[INFO] running `Command { std: "docker" "rm" "-f" "3ff7bef73cb601e0e782e1cb60f075a05d673ca30a8f553460a08c8ddd834659", kill_on_drop: false }`
[INFO] [stdout] 3ff7bef73cb601e0e782e1cb60f075a05d673ca30a8f553460a08c8ddd834659
[INFO] running `Command { std: "docker" "create" "-v" "/var/lib/crater-agent-workspace/builds/worker-0-tc2/target:/opt/rustwide/target:rw,Z" "-v" "/var/lib/crater-agent-workspace/builds/worker-0-tc2/source:/opt/rustwide/workdir:ro,Z" "-v" "/var/lib/crater-agent-workspace/cargo-home:/opt/rustwide/cargo-home:ro,Z" "-v" "/var/lib/crater-agent-workspace/rustup-home:/opt/rustwide/rustup-home:ro,Z" "-e" "SOURCE_DIR=/opt/rustwide/workdir" "-e" "CARGO_TARGET_DIR=/opt/rustwide/target" "-e" "CARGO_INCREMENTAL=0" "-e" "RUST_BACKTRACE=full" "-e" "RUSTFLAGS=--cap-lints=forbid -Zrandomize-layout" "-e" "RUSTDOCFLAGS=--cap-lints=forbid" "-e" "CARGO_HOME=/opt/rustwide/cargo-home" "-e" "RUSTUP_HOME=/opt/rustwide/rustup-home" "-w" "/opt/rustwide/workdir" "-m" "1610612736" "--user" "0:0" "--network" "none" "ghcr.io/rust-lang/crates-build-env/linux@sha256:4a844ea9eb2546a2d2c7022eacef16ef2e8229c7fbb2c7d4d55a9ceca922f72d" "/opt/rustwide/cargo-home/bin/cargo" "+nightly-2024-10-28" "build" "--frozen" "--message-format=json", kill_on_drop: false }`
[INFO] [stdout] e2bbe3e250a22b066d8181315e5a47b178a73ad5534c772d580a364469cd5e06
[INFO] running `Command { std: "docker" "start" "-a" "e2bbe3e250a22b066d8181315e5a47b178a73ad5534c772d580a364469cd5e06", kill_on_drop: false }`
[INFO] [stderr]    Compiling proc-macro2 v1.0.88
[INFO] [stderr]    Compiling hashbrown v0.15.0
[INFO] [stderr]    Compiling equivalent v1.0.1
[INFO] [stderr]    Compiling toml_datetime v0.6.8
[INFO] [stderr]    Compiling winnow v0.6.20
[INFO] [stderr]    Compiling thiserror v1.0.64
[INFO] [stderr]    Compiling crc-catalog v2.4.0
[INFO] [stderr]    Compiling bytes v1.7.2
[INFO] [stderr]    Compiling crc v3.2.1
[INFO] [stderr]    Compiling indexmap v2.6.0
[INFO] [stderr]    Compiling quote v1.0.37
[INFO] [stderr]    Compiling syn v2.0.80
[INFO] [stderr]    Compiling toml_edit v0.22.22
[INFO] [stderr]    Compiling thiserror-impl v1.0.64
[INFO] [stderr]    Compiling proc-macro-crate v3.2.0
[INFO] [stderr]    Compiling num_enum_derive v0.7.3
[INFO] [stderr]    Compiling num_enum v0.7.3
[INFO] [stderr]    Compiling rockusb v0.2.0 (/opt/rustwide/workdir)
[INFO] [stderr]     Finished `dev` profile [unoptimized + debuginfo] target(s) in 6.49s
[INFO] running `Command { std: "docker" "inspect" "e2bbe3e250a22b066d8181315e5a47b178a73ad5534c772d580a364469cd5e06", kill_on_drop: false }`
[INFO] running `Command { std: "docker" "rm" "-f" "e2bbe3e250a22b066d8181315e5a47b178a73ad5534c772d580a364469cd5e06", kill_on_drop: false }`
[INFO] [stdout] e2bbe3e250a22b066d8181315e5a47b178a73ad5534c772d580a364469cd5e06
[INFO] running `Command { std: "docker" "create" "-v" "/var/lib/crater-agent-workspace/builds/worker-0-tc2/target:/opt/rustwide/target:rw,Z" "-v" "/var/lib/crater-agent-workspace/builds/worker-0-tc2/source:/opt/rustwide/workdir:ro,Z" "-v" "/var/lib/crater-agent-workspace/cargo-home:/opt/rustwide/cargo-home:ro,Z" "-v" "/var/lib/crater-agent-workspace/rustup-home:/opt/rustwide/rustup-home:ro,Z" "-e" "SOURCE_DIR=/opt/rustwide/workdir" "-e" "CARGO_TARGET_DIR=/opt/rustwide/target" "-e" "CARGO_INCREMENTAL=0" "-e" "RUST_BACKTRACE=full" "-e" "RUSTFLAGS=--cap-lints=forbid -Zrandomize-layout" "-e" "RUSTDOCFLAGS=--cap-lints=forbid" "-e" "CARGO_HOME=/opt/rustwide/cargo-home" "-e" "RUSTUP_HOME=/opt/rustwide/rustup-home" "-w" "/opt/rustwide/workdir" "-m" "1610612736" "--user" "0:0" "--network" "none" "ghcr.io/rust-lang/crates-build-env/linux@sha256:4a844ea9eb2546a2d2c7022eacef16ef2e8229c7fbb2c7d4d55a9ceca922f72d" "/opt/rustwide/cargo-home/bin/cargo" "+nightly-2024-10-28" "test" "--frozen" "--no-run" "--message-format=json", kill_on_drop: false }`
[INFO] [stdout] d1a1d7bb4fdd17065338a420443869ae759373deaa28e6694bbefaa0f56c438b
[INFO] running `Command { std: "docker" "start" "-a" "d1a1d7bb4fdd17065338a420443869ae759373deaa28e6694bbefaa0f56c438b", kill_on_drop: false }`
[INFO] [stderr]    Compiling shlex v1.3.0
[INFO] [stderr]    Compiling typenum v1.17.0
[INFO] [stderr]    Compiling pin-project-lite v0.2.14
[INFO] [stderr]    Compiling byteorder v1.5.0
[INFO] [stderr]    Compiling futures-io v0.3.31
[INFO] [stderr]    Compiling generic-array v0.14.7
[INFO] [stderr]    Compiling pkg-config v0.3.31
[INFO] [stderr]    Compiling heck v0.5.0
[INFO] [stderr]    Compiling rustversion v1.0.18
[INFO] [stderr]    Compiling futures v0.1.31
[INFO] [stderr]    Compiling log v0.4.22
[INFO] [stderr]    Compiling syn v2.0.80
[INFO] [stderr]    Compiling iovec v0.1.4
[INFO] [stderr]    Compiling futures-channel v0.3.31
[INFO] [stderr]    Compiling serde v1.0.210
[INFO] [stderr]    Compiling utf8parse v0.2.2
[INFO] [stderr]    Compiling adler2 v2.0.0
[INFO] [stderr]    Compiling smallvec v1.13.2
[INFO] [stderr]    Compiling cc v1.1.31
[INFO] [stderr]    Compiling miniz_oxide v0.8.0
[INFO] [stderr]    Compiling anstyle-parse v0.2.5
[INFO] [stderr]    Compiling crc32fast v1.4.2
[INFO] [stderr]    Compiling num-traits v0.2.19
[INFO] [stderr]    Compiling anstyle v1.0.8
[INFO] [stderr]    Compiling is_terminal_polyfill v1.70.1
[INFO] [stderr]    Compiling parking_lot_core v0.9.10
[INFO] [stderr]    Compiling anstyle-query v1.1.1
[INFO] [stderr]    Compiling colorchoice v1.0.2
[INFO] [stderr]    Compiling cpufeatures v0.2.14
[INFO] [stderr]    Compiling strsim v0.11.1
[INFO] [stderr]    Compiling rusb v0.9.4
[INFO] [stderr]    Compiling bytes v0.4.12
[INFO] [stderr]    Compiling anyhow v1.0.90
[INFO] [stderr]    Compiling clap_lex v0.7.2
[INFO] [stderr]    Compiling nbd v0.3.1
[INFO] [stderr]    Compiling anstream v0.6.15
[INFO] [stderr]    Compiling parking_lot v0.12.3
[INFO] [stderr]    Compiling rockfile v0.1.2
[INFO] [stderr]    Compiling flate2 v1.0.34
[INFO] [stderr]    Compiling clap_builder v4.5.20
[INFO] [stderr]    Compiling tokio-io v0.1.13
[INFO] [stderr]    Compiling async-compression v0.4.16
[INFO] [stderr]    Compiling sha2-asm v0.6.4
[INFO] [stderr]    Compiling libusb1-sys v0.7.0
[INFO] [stderr]    Compiling clap-num v1.1.1
[INFO] [stderr]    Compiling crypto-common v0.1.6
[INFO] [stderr]    Compiling block-buffer v0.10.4
[INFO] [stderr]    Compiling digest v0.10.7
[INFO] [stderr]    Compiling sha2 v0.10.8
[INFO] [stderr]    Compiling futures-macro v0.3.31
[INFO] [stderr]    Compiling serde_derive v1.0.210
[INFO] [stderr]    Compiling thiserror-impl v1.0.64
[INFO] [stderr]    Compiling strum_macros v0.26.4
[INFO] [stderr]    Compiling num_enum_derive v0.7.3
[INFO] [stderr]    Compiling tokio-macros v2.4.0
[INFO] [stderr]    Compiling async-trait v0.1.83
[INFO] [stderr]    Compiling clap_derive v4.5.18
[INFO] [stderr]    Compiling tokio v1.40.0
[INFO] [stderr]    Compiling num_enum v0.7.3
[INFO] [stderr]    Compiling thiserror v1.0.64
[INFO] [stderr]    Compiling rockusb v0.2.0 (/opt/rustwide/workdir)
[INFO] [stderr]    Compiling futures-util v0.3.31
[INFO] [stderr]    Compiling clap v4.5.20
[INFO] [stderr]    Compiling strum v0.26.3
[INFO] [stderr]    Compiling futures-executor v0.3.31
[INFO] [stderr]    Compiling futures v0.3.31
[INFO] [stderr]    Compiling quick-xml v0.31.0
[INFO] [stderr]    Compiling tokio-util v0.7.12
[INFO] [stderr]    Compiling bmap-parser v0.2.0
[INFO] [stderr]     Finished `test` profile [unoptimized + debuginfo] target(s) in 17.89s
[INFO] running `Command { std: "docker" "inspect" "d1a1d7bb4fdd17065338a420443869ae759373deaa28e6694bbefaa0f56c438b", kill_on_drop: false }`
[INFO] running `Command { std: "docker" "rm" "-f" "d1a1d7bb4fdd17065338a420443869ae759373deaa28e6694bbefaa0f56c438b", kill_on_drop: false }`
[INFO] [stdout] d1a1d7bb4fdd17065338a420443869ae759373deaa28e6694bbefaa0f56c438b
[INFO] running `Command { std: "docker" "create" "-v" "/var/lib/crater-agent-workspace/builds/worker-0-tc2/target:/opt/rustwide/target:rw,Z" "-v" "/var/lib/crater-agent-workspace/builds/worker-0-tc2/source:/opt/rustwide/workdir:ro,Z" "-v" "/var/lib/crater-agent-workspace/cargo-home:/opt/rustwide/cargo-home:ro,Z" "-v" "/var/lib/crater-agent-workspace/rustup-home:/opt/rustwide/rustup-home:ro,Z" "-e" "SOURCE_DIR=/opt/rustwide/workdir" "-e" "CARGO_TARGET_DIR=/opt/rustwide/target" "-e" "CARGO_INCREMENTAL=0" "-e" "RUST_BACKTRACE=full" "-e" "RUSTFLAGS=--cap-lints=forbid -Zrandomize-layout" "-e" "RUSTDOCFLAGS=--cap-lints=forbid" "-e" "CARGO_HOME=/opt/rustwide/cargo-home" "-e" "RUSTUP_HOME=/opt/rustwide/rustup-home" "-w" "/opt/rustwide/workdir" "-m" "1610612736" "--user" "0:0" "--network" "none" "ghcr.io/rust-lang/crates-build-env/linux@sha256:4a844ea9eb2546a2d2c7022eacef16ef2e8229c7fbb2c7d4d55a9ceca922f72d" "/opt/rustwide/cargo-home/bin/cargo" "+nightly-2024-10-28" "test" "--frozen", kill_on_drop: false }`
[INFO] [stdout] 2ab255fb2bf6f8d927f35fc5e75e3d999d8d529c2207320551d883090c257096
[INFO] running `Command { std: "docker" "start" "-a" "2ab255fb2bf6f8d927f35fc5e75e3d999d8d529c2207320551d883090c257096", kill_on_drop: false }`
[INFO] [stderr]     Finished `test` profile [unoptimized + debuginfo] target(s) in 0.08s
[INFO] [stderr]      Running unittests src/lib.rs (/opt/rustwide/target/debug/deps/rockusb-7b34e670c455a6c0)
[INFO] [stdout] 
[INFO] [stdout] running 3 tests
[INFO] [stdout] test protocol::test::cbw ... ok
[INFO] [stdout] test operation::test::chip_info_operation ... ok
[INFO] [stdout] test protocol::test::csw ... ok
[INFO] [stdout] 
[INFO] [stdout] test result: ok. 3 passed; 0 failed; 0 ignored; 0 measured; 0 filtered out; finished in 0.00s
[INFO] [stdout] 
[INFO] [stderr]    Doc-tests rockusb
[INFO] [stdout] 
[INFO] [stdout] running 2 tests
[INFO] [stdout] test src/../README.md - (line 9) - compile ... FAILED
[INFO] [stdout] test src/../README.md - (line 20) - compile ... FAILED
[INFO] [stdout] 
[INFO] [stdout] failures:
[INFO] [stdout] 
[INFO] [stdout] ---- src/../README.md - (line 9) stdout ----
[INFO] [stdout] error[E0433]: failed to resolve: could not find `libusb` in `rockusb`
[INFO] [stdout]  --> src/../README.md:12:24
[INFO] [stdout]   |
[INFO] [stdout] 5 | let devices = rockusb::libusb::Devices::new()?;
[INFO] [stdout]   |                        ^^^^^^ could not find `libusb` in `rockusb`
[INFO] [stdout]   |
[INFO] [stdout] note: found an item that was configured out
[INFO] [stdout]  --> /opt/rustwide/workdir/src/lib.rs:6:9
[INFO] [stdout]   |
[INFO] [stdout] 6 | pub mod libusb;
[INFO] [stdout]   |         ^^^^^^
[INFO] [stdout] note: the item is gated behind the `libusb` feature
[INFO] [stdout]  --> /opt/rustwide/workdir/src/lib.rs:5:7
[INFO] [stdout]   |
[INFO] [stdout] 5 | #[cfg(feature = "libusb")]
[INFO] [stdout]   |       ^^^^^^^^^^^^^^^^^^
[INFO] [stdout] help: consider importing this struct
[INFO] [stdout]   |
[INFO] [stdout] 2 + use rusb::Devices;
[INFO] [stdout]   |
[INFO] [stdout] help: if you import `Devices`, refer to it directly
[INFO] [stdout]   |
[INFO] [stdout] 5 - let devices = rockusb::libusb::Devices::new()?;
[INFO] [stdout] 5 + let devices = Devices::new()?;
[INFO] [stdout]   |
[INFO] [stdout] 
[INFO] [stdout] error: aborting due to 1 previous error
[INFO] [stdout] 
[INFO] [stdout] For more information about this error, try `rustc --explain E0433`.
[INFO] [stdout] Couldn't compile the test.
[INFO] [stdout] ---- src/../README.md - (line 20) stdout ----
[INFO] [stdout] error[E0433]: failed to resolve: could not find `nusb` in `rockusb`
[INFO] [stdout]  --> src/../README.md:24:28
[INFO] [stdout]   |
[INFO] [stdout] 6 | let mut devices = rockusb::nusb::devices()?;
[INFO] [stdout]   |                            ^^^^ could not find `nusb` in `rockusb`
[INFO] [stdout]   |
[INFO] [stdout] note: found an item that was configured out
[INFO] [stdout]  --> /opt/rustwide/workdir/src/lib.rs:9:9
[INFO] [stdout]   |
[INFO] [stdout] 9 | pub mod nusb;
[INFO] [stdout]   |         ^^^^
[INFO] [stdout] note: the item is gated behind the `nusb` feature
[INFO] [stdout]  --> /opt/rustwide/workdir/src/lib.rs:8:7
[INFO] [stdout]   |
[INFO] [stdout] 8 | #[cfg(feature = "nusb")]
[INFO] [stdout]   |       ^^^^^^^^^^^^^^^^
[INFO] [stdout] 
[INFO] [stdout] error[E0433]: failed to resolve: could not find `nusb` in `rockusb`
[INFO] [stdout]  --> src/../README.md:27:30
[INFO] [stdout]   |
[INFO] [stdout] 9 | let mut transport = rockusb::nusb::Transport::from_usb_device_info(info)?;
[INFO] [stdout]   |                              ^^^^ could not find `nusb` in `rockusb`
[INFO] [stdout]   |
[INFO] [stdout] note: found an item that was configured out
[INFO] [stdout]  --> /opt/rustwide/workdir/src/lib.rs:9:9
[INFO] [stdout]   |
[INFO] [stdout] 9 | pub mod nusb;
[INFO] [stdout]   |         ^^^^
[INFO] [stdout] note: the item is gated behind the `nusb` feature
[INFO] [stdout]  --> /opt/rustwide/workdir/src/lib.rs:8:7
[INFO] [stdout]   |
[INFO] [stdout] 8 | #[cfg(feature = "nusb")]
[INFO] [stdout]   |       ^^^^^^^^^^^^^^^^
[INFO] [stdout] 
[INFO] [stdout] error: aborting due to 2 previous errors
[INFO] [stdout] 
[INFO] [stdout] For more information about this error, try `rustc --explain E0433`.
[INFO] [stdout] Couldn't compile the test.
[INFO] [stdout] 
[INFO] [stdout] failures:
[INFO] [stdout]     src/../README.md - (line 20)
[INFO] [stdout]     src/../README.md - (line 9)
[INFO] [stdout] 
[INFO] [stdout] test result: FAILED. 0 passed; 2 failed; 0 ignored; 0 measured; 0 filtered out; finished in 0.12s
[INFO] [stdout] 
[INFO] [stderr] error: doctest failed, to rerun pass `--doc`
[INFO] running `Command { std: "docker" "inspect" "2ab255fb2bf6f8d927f35fc5e75e3d999d8d529c2207320551d883090c257096", kill_on_drop: false }`
[INFO] running `Command { std: "docker" "rm" "-f" "2ab255fb2bf6f8d927f35fc5e75e3d999d8d529c2207320551d883090c257096", kill_on_drop: false }`
[INFO] [stdout] 2ab255fb2bf6f8d927f35fc5e75e3d999d8d529c2207320551d883090c257096
