[INFO] fetching crate rocketjson_macro 1.2.1...
[INFO] testing rocketjson_macro-1.2.1 against nightly-2024-10-28+rustflags=-Zrandomize-layout for randomize-layout
[INFO] extracting crate rocketjson_macro 1.2.1 into /workspace/builds/worker-2-tc2/source
[INFO] validating manifest of crates.io crate rocketjson_macro 1.2.1 on toolchain nightly-2024-10-28
[INFO] running `Command { std: CARGO_HOME="/workspace/cargo-home" RUSTUP_HOME="/workspace/rustup-home" "/workspace/cargo-home/bin/cargo" "+nightly-2024-10-28" "metadata" "--manifest-path" "Cargo.toml" "--no-deps", kill_on_drop: false }`
[INFO] started tweaking crates.io crate rocketjson_macro 1.2.1
[INFO] finished tweaking crates.io crate rocketjson_macro 1.2.1
[INFO] tweaked toml for crates.io crate rocketjson_macro 1.2.1 written to /workspace/builds/worker-2-tc2/source/Cargo.toml
[INFO] running `Command { std: CARGO_HOME="/workspace/cargo-home" RUSTUP_HOME="/workspace/rustup-home" "/workspace/cargo-home/bin/cargo" "+nightly-2024-10-28" "generate-lockfile" "--manifest-path" "Cargo.toml", kill_on_drop: false }`
[INFO] [stderr]     Updating crates.io index
[INFO] [stderr]      Locking 196 packages to latest compatible versions
[INFO] [stderr]       Adding quote v0.6.13 (available: v1.0.37)
[INFO] [stderr]       Adding syn v0.15.44 (available: v2.0.86)
[INFO] [stderr]       Adding validator v0.12.0 (available: v0.18.1)
[INFO] running `Command { std: CARGO_HOME="/workspace/cargo-home" RUSTUP_HOME="/workspace/rustup-home" "/workspace/cargo-home/bin/cargo" "+nightly-2024-10-28" "fetch" "--manifest-path" "Cargo.toml", kill_on_drop: false }`
[INFO] running `Command { std: "docker" "create" "-v" "/var/lib/crater-agent-workspace/builds/worker-2-tc2/target:/opt/rustwide/target:rw,Z" "-v" "/var/lib/crater-agent-workspace/builds/worker-2-tc2/source:/opt/rustwide/workdir:ro,Z" "-v" "/var/lib/crater-agent-workspace/cargo-home:/opt/rustwide/cargo-home:ro,Z" "-v" "/var/lib/crater-agent-workspace/rustup-home:/opt/rustwide/rustup-home:ro,Z" "-e" "SOURCE_DIR=/opt/rustwide/workdir" "-e" "CARGO_TARGET_DIR=/opt/rustwide/target" "-e" "CARGO_HOME=/opt/rustwide/cargo-home" "-e" "RUSTUP_HOME=/opt/rustwide/rustup-home" "-w" "/opt/rustwide/workdir" "-m" "1610612736" "--user" "0:0" "--network" "none" "ghcr.io/rust-lang/crates-build-env/linux@sha256:4a844ea9eb2546a2d2c7022eacef16ef2e8229c7fbb2c7d4d55a9ceca922f72d" "/opt/rustwide/cargo-home/bin/cargo" "+nightly-2024-10-28" "metadata" "--no-deps" "--format-version=1", kill_on_drop: false }`
[INFO] [stdout] c6ec0a28bfe53376564e04eb7ea55a3c67231140d68f0af7822c2c191eb712e7
[INFO] running `Command { std: "docker" "start" "-a" "c6ec0a28bfe53376564e04eb7ea55a3c67231140d68f0af7822c2c191eb712e7", kill_on_drop: false }`
[INFO] running `Command { std: "docker" "inspect" "c6ec0a28bfe53376564e04eb7ea55a3c67231140d68f0af7822c2c191eb712e7", kill_on_drop: false }`
[INFO] running `Command { std: "docker" "rm" "-f" "c6ec0a28bfe53376564e04eb7ea55a3c67231140d68f0af7822c2c191eb712e7", kill_on_drop: false }`
[INFO] [stdout] c6ec0a28bfe53376564e04eb7ea55a3c67231140d68f0af7822c2c191eb712e7
[INFO] running `Command { std: "docker" "create" "-v" "/var/lib/crater-agent-workspace/builds/worker-2-tc2/target:/opt/rustwide/target:rw,Z" "-v" "/var/lib/crater-agent-workspace/builds/worker-2-tc2/source:/opt/rustwide/workdir:ro,Z" "-v" "/var/lib/crater-agent-workspace/cargo-home:/opt/rustwide/cargo-home:ro,Z" "-v" "/var/lib/crater-agent-workspace/rustup-home:/opt/rustwide/rustup-home:ro,Z" "-e" "SOURCE_DIR=/opt/rustwide/workdir" "-e" "CARGO_TARGET_DIR=/opt/rustwide/target" "-e" "CARGO_INCREMENTAL=0" "-e" "RUST_BACKTRACE=full" "-e" "RUSTFLAGS=--cap-lints=forbid -Zrandomize-layout" "-e" "RUSTDOCFLAGS=--cap-lints=forbid" "-e" "CARGO_HOME=/opt/rustwide/cargo-home" "-e" "RUSTUP_HOME=/opt/rustwide/rustup-home" "-w" "/opt/rustwide/workdir" "-m" "1610612736" "--user" "0:0" "--network" "none" "ghcr.io/rust-lang/crates-build-env/linux@sha256:4a844ea9eb2546a2d2c7022eacef16ef2e8229c7fbb2c7d4d55a9ceca922f72d" "/opt/rustwide/cargo-home/bin/cargo" "+nightly-2024-10-28" "build" "--frozen" "--message-format=json", kill_on_drop: false }`
[INFO] [stdout] eebf14a3cc68bb8855fc0106250d11b97a2b2c043078c7f31f85b10b6dc7906e
[INFO] running `Command { std: "docker" "start" "-a" "eebf14a3cc68bb8855fc0106250d11b97a2b2c043078c7f31f85b10b6dc7906e", kill_on_drop: false }`
[INFO] [stderr]    Compiling pin-project-lite v0.2.15
[INFO] [stderr]    Compiling itoa v1.0.11
[INFO] [stderr]    Compiling futures-core v0.3.31
[INFO] [stderr]    Compiling bytes v1.8.0
[INFO] [stderr]    Compiling futures-sink v0.3.31
[INFO] [stderr]    Compiling cfg-if v1.0.0
[INFO] [stderr]    Compiling fnv v1.0.7
[INFO] [stderr]    Compiling libc v0.2.161
[INFO] [stderr]    Compiling proc-macro2-diagnostics v0.10.1
[INFO] [stderr]    Compiling pin-utils v0.1.0
[INFO] [stderr]    Compiling once_cell v1.20.2
[INFO] [stderr]    Compiling futures-io v0.3.31
[INFO] [stderr]    Compiling percent-encoding v2.3.1
[INFO] [stderr]    Compiling slab v0.4.9
[INFO] [stderr]    Compiling futures-task v0.3.31
[INFO] [stderr]    Compiling syn v2.0.86
[INFO] [stderr]    Compiling bitflags v2.6.0
[INFO] [stderr]    Compiling tinyvec_macros v0.1.1
[INFO] [stderr]    Compiling syn v1.0.109
[INFO] [stderr]    Compiling tinyvec v1.8.0
[INFO] [stderr]    Compiling httparse v1.9.5
[INFO] [stderr]    Compiling uncased v0.9.10
[INFO] [stderr]    Compiling powerfmt v0.2.0
[INFO] [stderr]    Compiling futures-channel v0.3.31
[INFO] [stderr]    Compiling time-core v0.1.2
[INFO] [stderr]    Compiling num-conv v0.1.0
[INFO] [stderr]    Compiling cookie v0.18.1
[INFO] [stderr]    Compiling aho-corasick v1.1.3
[INFO] [stderr]    Compiling unicode-bidi v0.3.17
[INFO] [stderr]    Compiling deranged v0.3.11
[INFO] [stderr]    Compiling inlinable_string v0.1.15
[INFO] [stderr]    Compiling tracing-core v0.1.32
[INFO] [stderr]    Compiling smallvec v1.13.2
[INFO] [stderr]    Compiling regex-syntax v0.8.5
[INFO] [stderr]    Compiling try-lock v0.2.5
[INFO] [stderr]    Compiling futures-util v0.3.31
[INFO] [stderr]    Compiling time-macros v0.2.18
[INFO] [stderr]    Compiling ref-cast v1.0.23
[INFO] [stderr]    Compiling http v0.2.12
[INFO] [stderr]    Compiling byteorder v1.5.0
[INFO] [stderr]    Compiling serde_json v1.0.132
[INFO] [stderr]    Compiling want v0.3.1
[INFO] [stderr]    Compiling proc-macro2 v0.4.30
[INFO] [stderr]    Compiling httpdate v1.0.3
[INFO] [stderr]    Compiling tower-service v0.3.3
[INFO] [stderr]    Compiling ryu v1.0.18
[INFO] [stderr]    Compiling parking_lot_core v0.9.10
[INFO] [stderr]    Compiling lock_api v0.4.12
[INFO] [stderr]    Compiling form_urlencoded v1.2.1
[INFO] [stderr]    Compiling stable-pattern v0.1.0
[INFO] [stderr]    Compiling multer v3.1.0
[INFO] [stderr]    Compiling figment v0.10.19
[INFO] [stderr]    Compiling log v0.4.22
[INFO] [stderr]    Compiling http-body v0.4.6
[INFO] [stderr]    Compiling lazy_static v1.5.0
[INFO] [stderr]    Compiling scopeguard v1.2.0
[INFO] [stderr]    Compiling state v0.6.0
[INFO] [stderr]    Compiling unicode-xid v0.1.0
[INFO] [stderr]    Compiling matches v0.1.10
[INFO] [stderr]    Compiling rustix v0.38.38
[INFO] [stderr]    Compiling http v1.1.0
[INFO] [stderr]    Compiling encoding_rs v0.8.35
[INFO] [stderr]    Compiling rocket v0.5.1
[INFO] [stderr]    Compiling unicode-normalization v0.1.24
[INFO] [stderr]    Compiling is-terminal v0.4.13
[INFO] [stderr]    Compiling mio v1.0.2
[INFO] [stderr]    Compiling yansi v1.0.1
[INFO] [stderr]    Compiling signal-hook-registry v1.4.2
[INFO] [stderr]    Compiling socket2 v0.5.7
[INFO] [stderr]    Compiling getrandom v0.2.15
[INFO] [stderr]    Compiling rand_core v0.6.4
[INFO] [stderr]    Compiling unicode-xid v0.2.6
[INFO] [stderr]    Compiling idna v0.5.0
[INFO] [stderr]    Compiling idna v0.2.3
[INFO] [stderr]    Compiling syn v0.15.44
[INFO] [stderr]    Compiling spin v0.9.8
[INFO] [stderr]    Compiling glob v0.3.1
[INFO] [stderr]    Compiling regex-automata v0.4.8
[INFO] [stderr]    Compiling mime v0.3.17
[INFO] [stderr]    Compiling fastrand v2.1.1
[INFO] [stderr]    Compiling parking_lot v0.12.3
[INFO] [stderr]    Compiling quote v0.6.13
[INFO] [stderr]    Compiling num_cpus v1.16.0
[INFO] [stderr]    Compiling if_chain v1.0.2
[INFO] [stderr]    Compiling validator_types v0.12.0
[INFO] [stderr]    Compiling url v2.5.2
[INFO] [stderr]    Compiling atomic v0.5.3
[INFO] [stderr]    Compiling binascii v0.1.4
[INFO] [stderr]    Compiling validator_types v0.14.0
[INFO] [stderr]    Compiling proc-macro-error v1.0.4
[INFO] [stderr]    Compiling time v0.3.36
[INFO] [stderr]    Compiling tempfile v3.13.0
[INFO] [stderr]    Compiling regex v1.11.1
[INFO] [stderr]    Compiling futures v0.3.31
[INFO] [stderr]    Compiling validator_derive v0.12.0
[INFO] [stderr]    Compiling devise_core v0.4.2
[INFO] [stderr]    Compiling serde_derive v1.0.214
[INFO] [stderr]    Compiling tokio-macros v2.4.0
[INFO] [stderr]    Compiling tracing-attributes v0.1.27
[INFO] [stderr]    Compiling pear_codegen v0.2.9
[INFO] [stderr]    Compiling zerocopy-derive v0.7.35
[INFO] [stderr]    Compiling ref-cast-impl v1.0.23
[INFO] [stderr]    Compiling async-stream-impl v0.3.6
[INFO] [stderr]    Compiling async-trait v0.1.83
[INFO] [stderr]    Compiling devise_codegen v0.4.2
[INFO] [stderr]    Compiling async-stream v0.3.6
[INFO] [stderr]    Compiling pear v0.2.9
[INFO] [stderr]    Compiling devise v0.4.2
[INFO] [stderr]    Compiling tokio v1.41.0
[INFO] [stderr]    Compiling zerocopy v0.7.35
[INFO] [stderr]    Compiling tracing v0.1.40
[INFO] [stderr]    Compiling ppv-lite86 v0.2.20
[INFO] [stderr]    Compiling rand_chacha v0.3.1
[INFO] [stderr]    Compiling rand v0.8.5
[INFO] [stderr]    Compiling serde v1.0.214
[INFO] [stderr]    Compiling tokio-util v0.7.12
[INFO] [stderr]    Compiling tokio-stream v0.1.16
[INFO] [stderr]    Compiling indexmap v2.6.0
[INFO] [stderr]    Compiling serde_spanned v0.6.8
[INFO] [stderr]    Compiling toml_datetime v0.6.8
[INFO] [stderr]    Compiling ubyte v0.10.4
[INFO] [stderr]    Compiling h2 v0.3.26
[INFO] [stderr]    Compiling toml_edit v0.22.22
[INFO] [stderr]    Compiling validator v0.14.0
[INFO] [stderr]    Compiling validator v0.12.0
[INFO] [stderr]    Compiling toml v0.8.19
[INFO] [stderr]    Compiling hyper v0.14.31
[INFO] [stderr]    Compiling rocket_http v0.5.1
[INFO] [stderr]    Compiling rocket_codegen v0.5.1
[INFO] [stderr]    Compiling rocketjson_data v1.2.1
[INFO] [stderr]    Compiling rocketjson_macro v1.2.1 (/opt/rustwide/workdir)
[INFO] [stderr]     Finished `dev` profile [unoptimized + debuginfo] target(s) in 41.34s
[INFO] running `Command { std: "docker" "inspect" "eebf14a3cc68bb8855fc0106250d11b97a2b2c043078c7f31f85b10b6dc7906e", kill_on_drop: false }`
[INFO] running `Command { std: "docker" "rm" "-f" "eebf14a3cc68bb8855fc0106250d11b97a2b2c043078c7f31f85b10b6dc7906e", kill_on_drop: false }`
[INFO] [stdout] eebf14a3cc68bb8855fc0106250d11b97a2b2c043078c7f31f85b10b6dc7906e
[INFO] running `Command { std: "docker" "create" "-v" "/var/lib/crater-agent-workspace/builds/worker-2-tc2/target:/opt/rustwide/target:rw,Z" "-v" "/var/lib/crater-agent-workspace/builds/worker-2-tc2/source:/opt/rustwide/workdir:ro,Z" "-v" "/var/lib/crater-agent-workspace/cargo-home:/opt/rustwide/cargo-home:ro,Z" "-v" "/var/lib/crater-agent-workspace/rustup-home:/opt/rustwide/rustup-home:ro,Z" "-e" "SOURCE_DIR=/opt/rustwide/workdir" "-e" "CARGO_TARGET_DIR=/opt/rustwide/target" "-e" "CARGO_INCREMENTAL=0" "-e" "RUST_BACKTRACE=full" "-e" "RUSTFLAGS=--cap-lints=forbid -Zrandomize-layout" "-e" "RUSTDOCFLAGS=--cap-lints=forbid" "-e" "CARGO_HOME=/opt/rustwide/cargo-home" "-e" "RUSTUP_HOME=/opt/rustwide/rustup-home" "-w" "/opt/rustwide/workdir" "-m" "1610612736" "--user" "0:0" "--network" "none" "ghcr.io/rust-lang/crates-build-env/linux@sha256:4a844ea9eb2546a2d2c7022eacef16ef2e8229c7fbb2c7d4d55a9ceca922f72d" "/opt/rustwide/cargo-home/bin/cargo" "+nightly-2024-10-28" "test" "--frozen" "--no-run" "--message-format=json", kill_on_drop: false }`
[INFO] [stdout] 6d74eb53ec36428058448dc56e7bed7e9b9067634331febf07db53a656a412a9
[INFO] running `Command { std: "docker" "start" "-a" "6d74eb53ec36428058448dc56e7bed7e9b9067634331febf07db53a656a412a9", kill_on_drop: false }`
[INFO] [stderr]    Compiling rocketjson_macro v1.2.1 (/opt/rustwide/workdir)
[INFO] [stderr]     Finished `test` profile [unoptimized + debuginfo] target(s) in 0.44s
[INFO] running `Command { std: "docker" "inspect" "6d74eb53ec36428058448dc56e7bed7e9b9067634331febf07db53a656a412a9", kill_on_drop: false }`
[INFO] running `Command { std: "docker" "rm" "-f" "6d74eb53ec36428058448dc56e7bed7e9b9067634331febf07db53a656a412a9", kill_on_drop: false }`
[INFO] [stdout] 6d74eb53ec36428058448dc56e7bed7e9b9067634331febf07db53a656a412a9
[INFO] running `Command { std: "docker" "create" "-v" "/var/lib/crater-agent-workspace/builds/worker-2-tc2/target:/opt/rustwide/target:rw,Z" "-v" "/var/lib/crater-agent-workspace/builds/worker-2-tc2/source:/opt/rustwide/workdir:ro,Z" "-v" "/var/lib/crater-agent-workspace/cargo-home:/opt/rustwide/cargo-home:ro,Z" "-v" "/var/lib/crater-agent-workspace/rustup-home:/opt/rustwide/rustup-home:ro,Z" "-e" "SOURCE_DIR=/opt/rustwide/workdir" "-e" "CARGO_TARGET_DIR=/opt/rustwide/target" "-e" "CARGO_INCREMENTAL=0" "-e" "RUST_BACKTRACE=full" "-e" "RUSTFLAGS=--cap-lints=forbid -Zrandomize-layout" "-e" "RUSTDOCFLAGS=--cap-lints=forbid" "-e" "CARGO_HOME=/opt/rustwide/cargo-home" "-e" "RUSTUP_HOME=/opt/rustwide/rustup-home" "-w" "/opt/rustwide/workdir" "-m" "1610612736" "--user" "0:0" "--network" "none" "ghcr.io/rust-lang/crates-build-env/linux@sha256:4a844ea9eb2546a2d2c7022eacef16ef2e8229c7fbb2c7d4d55a9ceca922f72d" "/opt/rustwide/cargo-home/bin/cargo" "+nightly-2024-10-28" "test" "--frozen", kill_on_drop: false }`
[INFO] [stdout] 7fd9f7683ecfb14e2cc97cdea8bbb29833f19bf7b32123ea13c7a7817b2df618
[INFO] running `Command { std: "docker" "start" "-a" "7fd9f7683ecfb14e2cc97cdea8bbb29833f19bf7b32123ea13c7a7817b2df618", kill_on_drop: false }`
[INFO] [stderr]     Finished `test` profile [unoptimized + debuginfo] target(s) in 0.11s
[INFO] [stderr]      Running unittests src/lib.rs (/opt/rustwide/target/debug/deps/rocketjson_macro-4ab6610b8155b997)
[INFO] [stdout] 
[INFO] [stdout] running 0 tests
[INFO] [stdout] 
[INFO] [stdout] test result: ok. 0 passed; 0 failed; 0 ignored; 0 measured; 0 filtered out; finished in 0.00s
[INFO] [stdout] 
[INFO] [stderr]    Doc-tests rocketjson_macro
[INFO] [stdout] 
[INFO] [stdout] running 1 test
[INFO] [stdout] test src/lib.rs - writable_template_derive (line 16) ... FAILED
[INFO] [stdout] 
[INFO] [stdout] failures:
[INFO] [stdout] 
[INFO] [stdout] ---- src/lib.rs - writable_template_derive (line 16) stdout ----
[INFO] [stdout] error[E0433]: failed to resolve: use of undeclared crate or module `rocketjson`
[INFO] [stdout]  --> src/lib.rs:17:51
[INFO] [stdout]   |
[INFO] [stdout] 3 | #[derive(serde::Deserialize, validator::Validate, rocketjson::JsonBody)]
[INFO] [stdout]   |                                                   ^^^^^^^^^^ use of undeclared crate or module `rocketjson`
[INFO] [stdout] 
[INFO] [stdout] error: cannot find attribute `post` in this scope
[INFO] [stdout]  --> src/lib.rs:23:3
[INFO] [stdout]   |
[INFO] [stdout] 9 | #[post("/register", data="<data>")]
[INFO] [stdout]   |   ^^^^
[INFO] [stdout]   |
[INFO] [stdout] help: consider importing this attribute macro
[INFO] [stdout]   |
[INFO] [stdout] 2 + use rocket::post;
[INFO] [stdout]   |
[INFO] [stdout] 
[INFO] [stdout] error[E0412]: cannot find type `RegisterRequest` in this scope
[INFO] [stdout]   --> src/lib.rs:24:23
[INFO] [stdout]    |
[INFO] [stdout] 4  | pub struct TestRequest {
[INFO] [stdout]    | ---------------------- similarly named struct `TestRequest` defined here
[INFO] [stdout] ...
[INFO] [stdout] 10 | pub fn register(data: RegisterRequest) {
[INFO] [stdout]    |                       ^^^^^^^^^^^^^^^ help: a struct with a similar name exists: `TestRequest`
[INFO] [stdout] 
[INFO] [stdout] error: aborting due to 3 previous errors
[INFO] [stdout] 
[INFO] [stdout] Some errors have detailed explanations: E0412, E0433.
[INFO] [stdout] For more information about an error, try `rustc --explain E0412`.
[INFO] [stdout] Couldn't compile the test.
[INFO] [stdout] 
[INFO] [stdout] failures:
[INFO] [stdout]     src/lib.rs - writable_template_derive (line 16)
[INFO] [stdout] 
[INFO] [stdout] test result: FAILED. 0 passed; 1 failed; 0 ignored; 0 measured; 0 filtered out; finished in 0.20s
[INFO] [stdout] 
[INFO] [stderr] error: doctest failed, to rerun pass `--doc`
[INFO] running `Command { std: "docker" "inspect" "7fd9f7683ecfb14e2cc97cdea8bbb29833f19bf7b32123ea13c7a7817b2df618", kill_on_drop: false }`
[INFO] running `Command { std: "docker" "rm" "-f" "7fd9f7683ecfb14e2cc97cdea8bbb29833f19bf7b32123ea13c7a7817b2df618", kill_on_drop: false }`
[INFO] [stdout] 7fd9f7683ecfb14e2cc97cdea8bbb29833f19bf7b32123ea13c7a7817b2df618
