[INFO] fetching crate rocket_anyhow 0.1.1...
[INFO] testing rocket_anyhow-0.1.1 against nightly-2024-10-28 for randomize-layout
[INFO] extracting crate rocket_anyhow 0.1.1 into /workspace/builds/worker-0-tc1/source
[INFO] validating manifest of crates.io crate rocket_anyhow 0.1.1 on toolchain nightly-2024-10-28
[INFO] running `Command { std: CARGO_HOME="/workspace/cargo-home" RUSTUP_HOME="/workspace/rustup-home" "/workspace/cargo-home/bin/cargo" "+nightly-2024-10-28" "metadata" "--manifest-path" "Cargo.toml" "--no-deps", kill_on_drop: false }`
[INFO] started tweaking crates.io crate rocket_anyhow 0.1.1
[INFO] finished tweaking crates.io crate rocket_anyhow 0.1.1
[INFO] tweaked toml for crates.io crate rocket_anyhow 0.1.1 written to /workspace/builds/worker-0-tc1/source/Cargo.toml
[INFO] running `Command { std: CARGO_HOME="/workspace/cargo-home" RUSTUP_HOME="/workspace/rustup-home" "/workspace/cargo-home/bin/cargo" "+nightly-2024-10-28" "generate-lockfile" "--manifest-path" "Cargo.toml", kill_on_drop: false }`
[INFO] [stderr]     Updating crates.io index
[INFO] [stderr]      Locking 95 packages to latest compatible versions
[INFO] [stderr]       Adding rocket v0.4.11 (available: v0.5.1)
[INFO] [stderr]       Adding subtle v2.4.1 (available: v2.6.1)
[INFO] [stderr]       Adding wasi v0.10.0+wasi-snapshot-preview1 (available: v0.10.2+wasi-snapshot-preview1)
[INFO] running `Command { std: CARGO_HOME="/workspace/cargo-home" RUSTUP_HOME="/workspace/rustup-home" "/workspace/cargo-home/bin/cargo" "+nightly-2024-10-28" "fetch" "--manifest-path" "Cargo.toml", kill_on_drop: false }`
[INFO] running `Command { std: "docker" "create" "-v" "/var/lib/crater-agent-workspace/builds/worker-0-tc1/target:/opt/rustwide/target:rw,Z" "-v" "/var/lib/crater-agent-workspace/builds/worker-0-tc1/source:/opt/rustwide/workdir:ro,Z" "-v" "/var/lib/crater-agent-workspace/cargo-home:/opt/rustwide/cargo-home:ro,Z" "-v" "/var/lib/crater-agent-workspace/rustup-home:/opt/rustwide/rustup-home:ro,Z" "-e" "SOURCE_DIR=/opt/rustwide/workdir" "-e" "CARGO_TARGET_DIR=/opt/rustwide/target" "-e" "CARGO_HOME=/opt/rustwide/cargo-home" "-e" "RUSTUP_HOME=/opt/rustwide/rustup-home" "-w" "/opt/rustwide/workdir" "-m" "1610612736" "--user" "0:0" "--network" "none" "ghcr.io/rust-lang/crates-build-env/linux@sha256:4a844ea9eb2546a2d2c7022eacef16ef2e8229c7fbb2c7d4d55a9ceca922f72d" "/opt/rustwide/cargo-home/bin/cargo" "+nightly-2024-10-28" "metadata" "--no-deps" "--format-version=1", kill_on_drop: false }`
[INFO] [stdout] 36b974eaf0fc90087e3ccb9234e3f6bede07a6e873f77351b218003c4da4d9ab
[INFO] running `Command { std: "docker" "start" "-a" "36b974eaf0fc90087e3ccb9234e3f6bede07a6e873f77351b218003c4da4d9ab", kill_on_drop: false }`
[INFO] running `Command { std: "docker" "inspect" "36b974eaf0fc90087e3ccb9234e3f6bede07a6e873f77351b218003c4da4d9ab", kill_on_drop: false }`
[INFO] running `Command { std: "docker" "rm" "-f" "36b974eaf0fc90087e3ccb9234e3f6bede07a6e873f77351b218003c4da4d9ab", kill_on_drop: false }`
[INFO] [stdout] 36b974eaf0fc90087e3ccb9234e3f6bede07a6e873f77351b218003c4da4d9ab
[INFO] running `Command { std: "docker" "create" "-v" "/var/lib/crater-agent-workspace/builds/worker-0-tc1/target:/opt/rustwide/target:rw,Z" "-v" "/var/lib/crater-agent-workspace/builds/worker-0-tc1/source:/opt/rustwide/workdir:ro,Z" "-v" "/var/lib/crater-agent-workspace/cargo-home:/opt/rustwide/cargo-home:ro,Z" "-v" "/var/lib/crater-agent-workspace/rustup-home:/opt/rustwide/rustup-home:ro,Z" "-e" "SOURCE_DIR=/opt/rustwide/workdir" "-e" "CARGO_TARGET_DIR=/opt/rustwide/target" "-e" "CARGO_INCREMENTAL=0" "-e" "RUST_BACKTRACE=full" "-e" "RUSTFLAGS=--cap-lints=forbid" "-e" "RUSTDOCFLAGS=--cap-lints=forbid" "-e" "CARGO_HOME=/opt/rustwide/cargo-home" "-e" "RUSTUP_HOME=/opt/rustwide/rustup-home" "-w" "/opt/rustwide/workdir" "-m" "1610612736" "--user" "0:0" "--network" "none" "ghcr.io/rust-lang/crates-build-env/linux@sha256:4a844ea9eb2546a2d2c7022eacef16ef2e8229c7fbb2c7d4d55a9ceca922f72d" "/opt/rustwide/cargo-home/bin/cargo" "+nightly-2024-10-28" "build" "--frozen" "--message-format=json", kill_on_drop: false }`
[INFO] [stdout] e2bb61c23d74097fcb5659341fc45be80c48f7ebb64124500826c7aef0a6f879
[INFO] running `Command { std: "docker" "start" "-a" "e2bb61c23d74097fcb5659341fc45be80c48f7ebb64124500826c7aef0a6f879", kill_on_drop: false }`
[INFO] [stderr]    Compiling version_check v0.9.5
[INFO] [stderr]    Compiling libc v0.2.161
[INFO] [stderr]    Compiling proc-macro2 v1.0.89
[INFO] [stderr]    Compiling unicode-ident v1.0.13
[INFO] [stderr]    Compiling proc-macro2 v0.4.30
[INFO] [stderr]    Compiling unicode-xid v0.1.0
[INFO] [stderr]    Compiling subtle v2.4.1
[INFO] [stderr]    Compiling yansi v0.5.1
[INFO] [stderr]    Compiling byteorder v1.5.0
[INFO] [stderr]    Compiling syn v0.15.44
[INFO] [stderr]    Compiling opaque-debug v0.3.1
[INFO] [stderr]    Compiling tinyvec_macros v0.1.1
[INFO] [stderr]    Compiling tinyvec v1.8.0
[INFO] [stderr]    Compiling cpuid-bool v0.2.0
[INFO] [stderr]    Compiling version_check v0.1.5
[INFO] [stderr]    Compiling generic-array v0.14.7
[INFO] [stderr]    Compiling pear_codegen v0.1.5
[INFO] [stderr]    Compiling httparse v1.9.5
[INFO] [stderr]    Compiling unicase v1.4.2
[INFO] [stderr]    Compiling matches v0.1.10
[INFO] [stderr]    Compiling log v0.4.22
[INFO] [stderr]    Compiling autocfg v1.4.0
[INFO] [stderr]    Compiling unicode-bidi v0.3.17
[INFO] [stderr]    Compiling quote v1.0.37
[INFO] [stderr]    Compiling syn v2.0.86
[INFO] [stderr]    Compiling quote v0.6.13
[INFO] [stderr]    Compiling cipher v0.2.5
[INFO] [stderr]    Compiling digest v0.9.0
[INFO] [stderr]    Compiling universal-hash v0.4.1
[INFO] [stderr]    Compiling polyval v0.4.5
[INFO] [stderr]    Compiling unicode-normalization v0.1.24
[INFO] [stderr]    Compiling aes-soft v0.6.4
[INFO] [stderr]    Compiling crypto-mac v0.10.1
[INFO] [stderr]    Compiling hmac v0.10.1
[INFO] [stderr]    Compiling aes v0.6.0
[INFO] [stderr]    Compiling ghash v0.3.1
[INFO] [stderr]    Compiling ctr v0.6.0
[INFO] [stderr]    Compiling getrandom v0.2.15
[INFO] [stderr]    Compiling time v0.1.45
[INFO] [stderr]    Compiling indexmap v1.9.3
[INFO] [stderr]    Compiling aead v0.3.2
[INFO] [stderr]    Compiling rand_core v0.6.4
[INFO] [stderr]    Compiling block-buffer v0.9.0
[INFO] [stderr]    Compiling log v0.3.9
[INFO] [stderr]    Compiling idna v0.1.5
[INFO] [stderr]    Compiling cpufeatures v0.2.14
[INFO] [stderr]    Compiling safemem v0.3.3
[INFO] [stderr]    Compiling bitflags v1.3.2
[INFO] [stderr]    Compiling percent-encoding v1.0.1
[INFO] [stderr]    Compiling base64 v0.9.3
[INFO] [stderr]    Compiling sha2 v0.9.9
[INFO] [stderr]    Compiling mime v0.2.6
[INFO] [stderr]    Compiling aes-gcm v0.8.0
[INFO] [stderr]    Compiling url v1.7.2
[INFO] [stderr]    Compiling num_cpus v1.16.0
[INFO] [stderr]    Compiling hkdf v0.10.0
[INFO] [stderr]    Compiling percent-encoding v2.3.1
[INFO] [stderr]    Compiling hashbrown v0.12.3
[INFO] [stderr]    Compiling base64 v0.13.1
[INFO] [stderr]    Compiling typeable v0.1.2
[INFO] [stderr]    Compiling serde v1.0.214
[INFO] [stderr]    Compiling traitobject v0.1.0
[INFO] [stderr]    Compiling language-tags v0.2.2
[INFO] [stderr]    Compiling rocket_codegen v0.4.11
[INFO] [stderr]    Compiling hyper v0.10.16
[INFO] [stderr]    Compiling state v0.4.2
[INFO] [stderr]    Compiling smallvec v1.13.2
[INFO] [stderr]    Compiling rocket v0.4.11
[INFO] [stderr]    Compiling anyhow v1.0.92
[INFO] [stderr]    Compiling glob v0.3.1
[INFO] [stderr]    Compiling atty v0.2.14
[INFO] [stderr]    Compiling memchr v2.7.4
[INFO] [stderr]    Compiling zerocopy-derive v0.7.35
[INFO] [stderr]    Compiling zerocopy v0.7.35
[INFO] [stderr]    Compiling ppv-lite86 v0.2.20
[INFO] [stderr]    Compiling devise_core v0.2.1
[INFO] [stderr]    Compiling rand_chacha v0.3.1
[INFO] [stderr]    Compiling rand v0.8.5
[INFO] [stderr]    Compiling devise_codegen v0.2.1
[INFO] [stderr]    Compiling toml v0.4.10
[INFO] [stderr]    Compiling devise v0.2.1
[INFO] [stderr]    Compiling pear v0.1.5
[INFO] [stderr]    Compiling cookie v0.11.5
[INFO] [stderr]    Compiling rocket_http v0.4.11
[INFO] [stderr]    Compiling rocket_anyhow v0.1.1 (/opt/rustwide/workdir)
[INFO] [stderr]     Finished `dev` profile [unoptimized + debuginfo] target(s) in 23.84s
[INFO] [stderr] warning: the following packages contain code that will be rejected by a future version of Rust: traitobject v0.1.0
[INFO] [stderr] note: to see what the problems were, use the option `--future-incompat-report`, or run `cargo report future-incompatibilities --id 1`
[INFO] running `Command { std: "docker" "inspect" "e2bb61c23d74097fcb5659341fc45be80c48f7ebb64124500826c7aef0a6f879", kill_on_drop: false }`
[INFO] running `Command { std: "docker" "rm" "-f" "e2bb61c23d74097fcb5659341fc45be80c48f7ebb64124500826c7aef0a6f879", kill_on_drop: false }`
[INFO] [stdout] e2bb61c23d74097fcb5659341fc45be80c48f7ebb64124500826c7aef0a6f879
[INFO] running `Command { std: "docker" "create" "-v" "/var/lib/crater-agent-workspace/builds/worker-0-tc1/target:/opt/rustwide/target:rw,Z" "-v" "/var/lib/crater-agent-workspace/builds/worker-0-tc1/source:/opt/rustwide/workdir:ro,Z" "-v" "/var/lib/crater-agent-workspace/cargo-home:/opt/rustwide/cargo-home:ro,Z" "-v" "/var/lib/crater-agent-workspace/rustup-home:/opt/rustwide/rustup-home:ro,Z" "-e" "SOURCE_DIR=/opt/rustwide/workdir" "-e" "CARGO_TARGET_DIR=/opt/rustwide/target" "-e" "CARGO_INCREMENTAL=0" "-e" "RUST_BACKTRACE=full" "-e" "RUSTFLAGS=--cap-lints=forbid" "-e" "RUSTDOCFLAGS=--cap-lints=forbid" "-e" "CARGO_HOME=/opt/rustwide/cargo-home" "-e" "RUSTUP_HOME=/opt/rustwide/rustup-home" "-w" "/opt/rustwide/workdir" "-m" "1610612736" "--user" "0:0" "--network" "none" "ghcr.io/rust-lang/crates-build-env/linux@sha256:4a844ea9eb2546a2d2c7022eacef16ef2e8229c7fbb2c7d4d55a9ceca922f72d" "/opt/rustwide/cargo-home/bin/cargo" "+nightly-2024-10-28" "test" "--frozen" "--no-run" "--message-format=json", kill_on_drop: false }`
[INFO] [stdout] e6854fc4d2d0d0b9b7f4ca6220f0c09a90474edb69728a3f2ffd087a01d27fcb
[INFO] running `Command { std: "docker" "start" "-a" "e6854fc4d2d0d0b9b7f4ca6220f0c09a90474edb69728a3f2ffd087a01d27fcb", kill_on_drop: false }`
[INFO] [stderr]    Compiling rocket_anyhow v0.1.1 (/opt/rustwide/workdir)
[INFO] [stderr]     Finished `test` profile [unoptimized + debuginfo] target(s) in 0.30s
[INFO] [stderr] warning: the following packages contain code that will be rejected by a future version of Rust: traitobject v0.1.0
[INFO] [stderr] note: to see what the problems were, use the option `--future-incompat-report`, or run `cargo report future-incompatibilities --id 1`
[INFO] running `Command { std: "docker" "inspect" "e6854fc4d2d0d0b9b7f4ca6220f0c09a90474edb69728a3f2ffd087a01d27fcb", kill_on_drop: false }`
[INFO] running `Command { std: "docker" "rm" "-f" "e6854fc4d2d0d0b9b7f4ca6220f0c09a90474edb69728a3f2ffd087a01d27fcb", kill_on_drop: false }`
[INFO] [stdout] e6854fc4d2d0d0b9b7f4ca6220f0c09a90474edb69728a3f2ffd087a01d27fcb
[INFO] running `Command { std: "docker" "create" "-v" "/var/lib/crater-agent-workspace/builds/worker-0-tc1/target:/opt/rustwide/target:rw,Z" "-v" "/var/lib/crater-agent-workspace/builds/worker-0-tc1/source:/opt/rustwide/workdir:ro,Z" "-v" "/var/lib/crater-agent-workspace/cargo-home:/opt/rustwide/cargo-home:ro,Z" "-v" "/var/lib/crater-agent-workspace/rustup-home:/opt/rustwide/rustup-home:ro,Z" "-e" "SOURCE_DIR=/opt/rustwide/workdir" "-e" "CARGO_TARGET_DIR=/opt/rustwide/target" "-e" "CARGO_INCREMENTAL=0" "-e" "RUST_BACKTRACE=full" "-e" "RUSTFLAGS=--cap-lints=forbid" "-e" "RUSTDOCFLAGS=--cap-lints=forbid" "-e" "CARGO_HOME=/opt/rustwide/cargo-home" "-e" "RUSTUP_HOME=/opt/rustwide/rustup-home" "-w" "/opt/rustwide/workdir" "-m" "1610612736" "--user" "0:0" "--network" "none" "ghcr.io/rust-lang/crates-build-env/linux@sha256:4a844ea9eb2546a2d2c7022eacef16ef2e8229c7fbb2c7d4d55a9ceca922f72d" "/opt/rustwide/cargo-home/bin/cargo" "+nightly-2024-10-28" "test" "--frozen", kill_on_drop: false }`
[INFO] [stdout] 308a64f9d38369004cb49995c36a0e2c2c7ecaa7a1802786ab5bc801bb1b6f60
[INFO] running `Command { std: "docker" "start" "-a" "308a64f9d38369004cb49995c36a0e2c2c7ecaa7a1802786ab5bc801bb1b6f60", kill_on_drop: false }`
[INFO] [stderr]     Finished `test` profile [unoptimized + debuginfo] target(s) in 0.09s
[INFO] [stderr] warning: the following packages contain code that will be rejected by a future version of Rust: traitobject v0.1.0
[INFO] [stderr] note: to see what the problems were, use the option `--future-incompat-report`, or run `cargo report future-incompatibilities --id 1`
[INFO] [stderr]      Running unittests src/lib.rs (/opt/rustwide/target/debug/deps/rocket_anyhow-f22c07715f5645c4)
[INFO] [stdout] 
[INFO] [stdout] running 0 tests
[INFO] [stdout] 
[INFO] [stdout] test result: ok. 0 passed; 0 failed; 0 ignored; 0 measured; 0 filtered out; finished in 0.00s
[INFO] [stdout] 
[INFO] [stderr]    Doc-tests rocket_anyhow
[INFO] [stdout] 
[INFO] [stdout] running 1 test
[INFO] [stdout] test src/lib.rs - (line 8) - compile ... FAILED
[INFO] [stdout] 
[INFO] [stdout] failures:
[INFO] [stdout] 
[INFO] [stdout] ---- src/lib.rs - (line 8) stdout ----
[INFO] [stdout] error[E0658]: `macro` is experimental
[INFO] [stdout]  --> src/lib.rs:13:1
[INFO] [stdout]   |
[INFO] [stdout] 8 | #[post("/<path..>", data="<text>")]
[INFO] [stdout]   | ^^^^^^^^^^^^^^^^^^^^^^^^^^^^^^^^^^^
[INFO] [stdout]   |
[INFO] [stdout]   = note: see issue #39412 <https://github.com/rust-lang/rust/issues/39412> for more information
[INFO] [stdout]   = help: add `#![feature(decl_macro)]` to the crate attributes to enable
[INFO] [stdout]   = note: this compiler was built on 2024-10-27; consider upgrading it if it is out of date
[INFO] [stdout]   = note: this error originates in the attribute macro `post` (in Nightly builds, run with -Z macro-backtrace for more info)
[INFO] [stdout] 
[INFO] [stdout] error: aborting due to 1 previous error
[INFO] [stdout] 
[INFO] [stdout] For more information about this error, try `rustc --explain E0658`.
[INFO] [stdout] Couldn't compile the test.
[INFO] [stdout] 
[INFO] [stdout] failures:
[INFO] [stdout]     src/lib.rs - (line 8)
[INFO] [stdout] 
[INFO] [stdout] test result: FAILED. 0 passed; 1 failed; 0 ignored; 0 measured; 0 filtered out; finished in 0.08s
[INFO] [stdout] 
[INFO] [stderr] error: doctest failed, to rerun pass `--doc`
[INFO] running `Command { std: "docker" "inspect" "308a64f9d38369004cb49995c36a0e2c2c7ecaa7a1802786ab5bc801bb1b6f60", kill_on_drop: false }`
[INFO] running `Command { std: "docker" "rm" "-f" "308a64f9d38369004cb49995c36a0e2c2c7ecaa7a1802786ab5bc801bb1b6f60", kill_on_drop: false }`
[INFO] [stdout] 308a64f9d38369004cb49995c36a0e2c2c7ecaa7a1802786ab5bc801bb1b6f60
