[INFO] fetching crate rocket-config 0.0.2...
[INFO] testing rocket-config-0.0.2 against nightly-2024-10-28 for randomize-layout
[INFO] extracting crate rocket-config 0.0.2 into /workspace/builds/worker-2-tc1/source
[INFO] validating manifest of crates.io crate rocket-config 0.0.2 on toolchain nightly-2024-10-28
[INFO] running `Command { std: CARGO_HOME="/workspace/cargo-home" RUSTUP_HOME="/workspace/rustup-home" "/workspace/cargo-home/bin/cargo" "+nightly-2024-10-28" "metadata" "--manifest-path" "Cargo.toml" "--no-deps", kill_on_drop: false }`
[INFO] started tweaking crates.io crate rocket-config 0.0.2
[INFO] finished tweaking crates.io crate rocket-config 0.0.2
[INFO] tweaked toml for crates.io crate rocket-config 0.0.2 written to /workspace/builds/worker-2-tc1/source/Cargo.toml
[INFO] running `Command { std: CARGO_HOME="/workspace/cargo-home" RUSTUP_HOME="/workspace/rustup-home" "/workspace/cargo-home/bin/cargo" "+nightly-2024-10-28" "generate-lockfile" "--manifest-path" "Cargo.toml", kill_on_drop: false }`
[INFO] [stderr]     Updating crates.io index
[INFO] [stderr]      Locking 126 packages to latest compatible versions
[INFO] [stderr]       Adding rocket v0.4.11 (available: v0.5.1)
[INFO] [stderr]       Adding serde_yaml v0.8.26 (available: v0.9.34+deprecated)
[INFO] [stderr]       Adding subtle v2.4.1 (available: v2.6.1)
[INFO] [stderr]       Adding wasi v0.10.0+wasi-snapshot-preview1 (available: v0.10.2+wasi-snapshot-preview1)
[INFO] running `Command { std: CARGO_HOME="/workspace/cargo-home" RUSTUP_HOME="/workspace/rustup-home" "/workspace/cargo-home/bin/cargo" "+nightly-2024-10-28" "fetch" "--manifest-path" "Cargo.toml", kill_on_drop: false }`
[INFO] [stderr]  Downloading crates ...
[INFO] [stderr]   Downloaded rocket-config-codegen v0.0.4
[INFO] running `Command { std: "docker" "create" "-v" "/var/lib/crater-agent-workspace/builds/worker-2-tc1/target:/opt/rustwide/target:rw,Z" "-v" "/var/lib/crater-agent-workspace/builds/worker-2-tc1/source:/opt/rustwide/workdir:ro,Z" "-v" "/var/lib/crater-agent-workspace/cargo-home:/opt/rustwide/cargo-home:ro,Z" "-v" "/var/lib/crater-agent-workspace/rustup-home:/opt/rustwide/rustup-home:ro,Z" "-e" "SOURCE_DIR=/opt/rustwide/workdir" "-e" "CARGO_TARGET_DIR=/opt/rustwide/target" "-e" "CARGO_HOME=/opt/rustwide/cargo-home" "-e" "RUSTUP_HOME=/opt/rustwide/rustup-home" "-w" "/opt/rustwide/workdir" "-m" "1610612736" "--user" "0:0" "--network" "none" "ghcr.io/rust-lang/crates-build-env/linux@sha256:4a844ea9eb2546a2d2c7022eacef16ef2e8229c7fbb2c7d4d55a9ceca922f72d" "/opt/rustwide/cargo-home/bin/cargo" "+nightly-2024-10-28" "metadata" "--no-deps" "--format-version=1", kill_on_drop: false }`
[INFO] [stdout] b60451baece0797c9bca477a1375ef905e7f34b03a6c11bdc7ee08c13ae0fd86
[INFO] running `Command { std: "docker" "start" "-a" "b60451baece0797c9bca477a1375ef905e7f34b03a6c11bdc7ee08c13ae0fd86", kill_on_drop: false }`
[INFO] running `Command { std: "docker" "inspect" "b60451baece0797c9bca477a1375ef905e7f34b03a6c11bdc7ee08c13ae0fd86", kill_on_drop: false }`
[INFO] running `Command { std: "docker" "rm" "-f" "b60451baece0797c9bca477a1375ef905e7f34b03a6c11bdc7ee08c13ae0fd86", kill_on_drop: false }`
[INFO] [stdout] b60451baece0797c9bca477a1375ef905e7f34b03a6c11bdc7ee08c13ae0fd86
[INFO] running `Command { std: "docker" "create" "-v" "/var/lib/crater-agent-workspace/builds/worker-2-tc1/target:/opt/rustwide/target:rw,Z" "-v" "/var/lib/crater-agent-workspace/builds/worker-2-tc1/source:/opt/rustwide/workdir:ro,Z" "-v" "/var/lib/crater-agent-workspace/cargo-home:/opt/rustwide/cargo-home:ro,Z" "-v" "/var/lib/crater-agent-workspace/rustup-home:/opt/rustwide/rustup-home:ro,Z" "-e" "SOURCE_DIR=/opt/rustwide/workdir" "-e" "CARGO_TARGET_DIR=/opt/rustwide/target" "-e" "CARGO_INCREMENTAL=0" "-e" "RUST_BACKTRACE=full" "-e" "RUSTFLAGS=--cap-lints=forbid" "-e" "RUSTDOCFLAGS=--cap-lints=forbid" "-e" "CARGO_HOME=/opt/rustwide/cargo-home" "-e" "RUSTUP_HOME=/opt/rustwide/rustup-home" "-w" "/opt/rustwide/workdir" "-m" "1610612736" "--user" "0:0" "--network" "none" "ghcr.io/rust-lang/crates-build-env/linux@sha256:4a844ea9eb2546a2d2c7022eacef16ef2e8229c7fbb2c7d4d55a9ceca922f72d" "/opt/rustwide/cargo-home/bin/cargo" "+nightly-2024-10-28" "build" "--frozen" "--message-format=json", kill_on_drop: false }`
[INFO] [stdout] 43c10c19ebdfea12e9066de15fb7f9250c1bce57f393f033a9517221f43c4970
[INFO] running `Command { std: "docker" "start" "-a" "43c10c19ebdfea12e9066de15fb7f9250c1bce57f393f033a9517221f43c4970", kill_on_drop: false }`
[INFO] [stderr]    Compiling generic-array v0.14.7
[INFO] [stderr]    Compiling libc v0.2.161
[INFO] [stderr]    Compiling proc-macro2 v0.4.30
[INFO] [stderr]    Compiling unicode-xid v0.1.0
[INFO] [stderr]    Compiling yansi v0.5.1
[INFO] [stderr]    Compiling subtle v2.4.1
[INFO] [stderr]    Compiling byteorder v1.5.0
[INFO] [stderr]    Compiling syn v0.15.44
[INFO] [stderr]    Compiling cpuid-bool v0.2.0
[INFO] [stderr]    Compiling version_check v0.1.5
[INFO] [stderr]    Compiling safemem v0.3.3
[INFO] [stderr]    Compiling zerocopy-derive v0.7.35
[INFO] [stderr]    Compiling serde_derive v1.0.214
[INFO] [stderr]    Compiling percent-encoding v1.0.1
[INFO] [stderr]    Compiling mime v0.2.6
[INFO] [stderr]    Compiling aho-corasick v1.1.3
[INFO] [stderr]    Compiling traitobject v0.1.0
[INFO] [stderr]    Compiling regex-syntax v0.8.5
[INFO] [stderr]    Compiling typeable v0.1.2
[INFO] [stderr]    Compiling url v1.7.2
[INFO] [stderr]    Compiling language-tags v0.2.2
[INFO] [stderr]    Compiling state v0.4.2
[INFO] [stderr]    Compiling linked-hash-map v0.5.6
[INFO] [stderr]    Compiling pear_codegen v0.1.5
[INFO] [stderr]    Compiling rocket_codegen v0.4.11
[INFO] [stderr]    Compiling unicase v1.4.2
[INFO] [stderr]    Compiling rocket v0.4.11
[INFO] [stderr]    Compiling base64 v0.9.3
[INFO] [stderr]    Compiling yaml-rust v0.4.5
[INFO] [stderr]    Compiling cipher v0.2.5
[INFO] [stderr]    Compiling digest v0.9.0
[INFO] [stderr]    Compiling universal-hash v0.4.1
[INFO] [stderr]    Compiling crypto-mac v0.10.1
[INFO] [stderr]    Compiling polyval v0.4.5
[INFO] [stderr]    Compiling hmac v0.10.1
[INFO] [stderr]    Compiling aead v0.3.2
[INFO] [stderr]    Compiling block-buffer v0.9.0
[INFO] [stderr]    Compiling aes-soft v0.6.4
[INFO] [stderr]    Compiling ctr v0.6.0
[INFO] [stderr]    Compiling hkdf v0.10.0
[INFO] [stderr]    Compiling sha2 v0.9.9
[INFO] [stderr]    Compiling ghash v0.3.1
[INFO] [stderr]    Compiling aes v0.6.0
[INFO] [stderr]    Compiling quote v0.6.13
[INFO] [stderr]    Compiling aes-gcm v0.8.0
[INFO] [stderr]    Compiling zerocopy v0.7.35
[INFO] [stderr]    Compiling getrandom v0.2.15
[INFO] [stderr]    Compiling time v0.1.45
[INFO] [stderr]    Compiling num_cpus v1.16.0
[INFO] [stderr]    Compiling atty v0.2.14
[INFO] [stderr]    Compiling ppv-lite86 v0.2.20
[INFO] [stderr]    Compiling rand_core v0.6.4
[INFO] [stderr]    Compiling hyper v0.10.16
[INFO] [stderr]    Compiling regex-automata v0.4.8
[INFO] [stderr]    Compiling rand_chacha v0.3.1
[INFO] [stderr]    Compiling rand v0.8.5
[INFO] [stderr]    Compiling serde v1.0.214
[INFO] [stderr]    Compiling cookie v0.11.5
[INFO] [stderr]    Compiling regex v1.11.1
[INFO] [stderr]    Compiling devise_core v0.2.1
[INFO] [stderr]    Compiling Inflector v0.11.4
[INFO] [stderr]    Compiling devise_codegen v0.2.1
[INFO] [stderr]    Compiling rocket-config-codegen v0.0.4
[INFO] [stderr]    Compiling toml v0.4.10
[INFO] [stderr]    Compiling serde_yaml v0.8.26
[INFO] [stderr]    Compiling serde_json v1.0.132
[INFO] [stderr]    Compiling devise v0.2.1
[INFO] [stderr]    Compiling pear v0.1.5
[INFO] [stderr]    Compiling rocket_http v0.4.11
[INFO] [stderr]    Compiling rocket-config v0.0.2 (/opt/rustwide/workdir)
[INFO] [stdout] warning: unexpected `cfg` condition value: `arbitrary_precision`
[INFO] [stdout]   --> src/value/number.rs:11:11
[INFO] [stdout]    |
[INFO] [stdout] 11 | #[cfg(not(feature = "arbitrary_precision"))]
[INFO] [stdout]    |           ^^^^^^^^^^^^^^^^^^^^^^^^^^^^^^^ help: remove the condition
[INFO] [stdout]    |
[INFO] [stdout]    = note: no expected values for `feature`
[INFO] [stdout]    = help: consider adding `arbitrary_precision` as a feature in `Cargo.toml`
[INFO] [stdout]    = note: see <https://doc.rust-lang.org/nightly/rustc/check-cfg/cargo-specifics.html> for more information about checking conditional configuration
[INFO] [stdout]    = note: `#[warn(unexpected_cfgs)]` on by default
[INFO] [stdout] 
[INFO] [stdout] 
[INFO] [stdout] warning: unexpected `cfg` condition value: `arbitrary_precision`
[INFO] [stdout]   --> src/value/number.rs:21:7
[INFO] [stdout]    |
[INFO] [stdout] 21 | #[cfg(feature = "arbitrary_precision")]
[INFO] [stdout]    |       ^^^^^^^^^^^^^^^^^^^^^^^^^^^^^^^ help: remove the condition
[INFO] [stdout]    |
[INFO] [stdout]    = note: no expected values for `feature`
[INFO] [stdout]    = help: consider adding `arbitrary_precision` as a feature in `Cargo.toml`
[INFO] [stdout]    = note: see <https://doc.rust-lang.org/nightly/rustc/check-cfg/cargo-specifics.html> for more information about checking conditional configuration
[INFO] [stdout] 
[INFO] [stdout] 
[INFO] [stdout] warning: unexpected `cfg` condition value: `arbitrary_precision`
[INFO] [stdout]    --> src/value/number.rs:167:11
[INFO] [stdout]     |
[INFO] [stdout] 167 |     #[cfg(feature = "arbitrary_precision")]
[INFO] [stdout]     |           ^^^^^^^^^^^^^^^^^^^^^^^^^^^^^^^ help: remove the condition
[INFO] [stdout]     |
[INFO] [stdout]     = note: no expected values for `feature`
[INFO] [stdout]     = help: consider adding `arbitrary_precision` as a feature in `Cargo.toml`
[INFO] [stdout]     = note: see <https://doc.rust-lang.org/nightly/rustc/check-cfg/cargo-specifics.html> for more information about checking conditional configuration
[INFO] [stdout] 
[INFO] [stdout] 
[INFO] [stdout] warning: unexpected `cfg` condition value: `arbitrary_precision`
[INFO] [stdout]   --> src/value/number.rs:50:19
[INFO] [stdout]    |
[INFO] [stdout] 50 |         #[cfg(not(feature = "arbitrary_precision"))]
[INFO] [stdout]    |                   ^^^^^^^^^^^^^^^^^^^^^^^^^^^^^^^ help: remove the condition
[INFO] [stdout]    |
[INFO] [stdout]    = note: no expected values for `feature`
[INFO] [stdout]    = help: consider adding `arbitrary_precision` as a feature in `Cargo.toml`
[INFO] [stdout]    = note: see <https://doc.rust-lang.org/nightly/rustc/check-cfg/cargo-specifics.html> for more information about checking conditional configuration
[INFO] [stdout] 
[INFO] [stdout] 
[INFO] [stdout] warning: unexpected `cfg` condition value: `arbitrary_precision`
[INFO] [stdout]   --> src/value/number.rs:56:15
[INFO] [stdout]    |
[INFO] [stdout] 56 |         #[cfg(feature = "arbitrary_precision")]
[INFO] [stdout]    |               ^^^^^^^^^^^^^^^^^^^^^^^^^^^^^^^ help: remove the condition
[INFO] [stdout]    |
[INFO] [stdout]    = note: no expected values for `feature`
[INFO] [stdout]    = help: consider adding `arbitrary_precision` as a feature in `Cargo.toml`
[INFO] [stdout]    = note: see <https://doc.rust-lang.org/nightly/rustc/check-cfg/cargo-specifics.html> for more information about checking conditional configuration
[INFO] [stdout] 
[INFO] [stdout] 
[INFO] [stdout] warning: unexpected `cfg` condition value: `arbitrary_precision`
[INFO] [stdout]   --> src/value/number.rs:66:19
[INFO] [stdout]    |
[INFO] [stdout] 66 |         #[cfg(not(feature = "arbitrary_precision"))]
[INFO] [stdout]    |                   ^^^^^^^^^^^^^^^^^^^^^^^^^^^^^^^ help: remove the condition
[INFO] [stdout]    |
[INFO] [stdout]    = note: no expected values for `feature`
[INFO] [stdout]    = help: consider adding `arbitrary_precision` as a feature in `Cargo.toml`
[INFO] [stdout]    = note: see <https://doc.rust-lang.org/nightly/rustc/check-cfg/cargo-specifics.html> for more information about checking conditional configuration
[INFO] [stdout] 
[INFO] [stdout] 
[INFO] [stdout] warning: unexpected `cfg` condition value: `arbitrary_precision`
[INFO] [stdout]   --> src/value/number.rs:71:15
[INFO] [stdout]    |
[INFO] [stdout] 71 |         #[cfg(feature = "arbitrary_precision")]
[INFO] [stdout]    |               ^^^^^^^^^^^^^^^^^^^^^^^^^^^^^^^ help: remove the condition
[INFO] [stdout]    |
[INFO] [stdout]    = note: no expected values for `feature`
[INFO] [stdout]    = help: consider adding `arbitrary_precision` as a feature in `Cargo.toml`
[INFO] [stdout]    = note: see <https://doc.rust-lang.org/nightly/rustc/check-cfg/cargo-specifics.html> for more information about checking conditional configuration
[INFO] [stdout] 
[INFO] [stdout] 
[INFO] [stdout] warning: unexpected `cfg` condition value: `arbitrary_precision`
[INFO] [stdout]   --> src/value/number.rs:84:19
[INFO] [stdout]    |
[INFO] [stdout] 84 |         #[cfg(not(feature = "arbitrary_precision"))]
[INFO] [stdout]    |                   ^^^^^^^^^^^^^^^^^^^^^^^^^^^^^^^ help: remove the condition
[INFO] [stdout]    |
[INFO] [stdout]    = note: no expected values for `feature`
[INFO] [stdout]    = help: consider adding `arbitrary_precision` as a feature in `Cargo.toml`
[INFO] [stdout]    = note: see <https://doc.rust-lang.org/nightly/rustc/check-cfg/cargo-specifics.html> for more information about checking conditional configuration
[INFO] [stdout] 
[INFO] [stdout] 
[INFO] [stdout] warning: unexpected `cfg` condition value: `arbitrary_precision`
[INFO] [stdout]   --> src/value/number.rs:89:15
[INFO] [stdout]    |
[INFO] [stdout] 89 |         #[cfg(feature = "arbitrary_precision")]
[INFO] [stdout]    |               ^^^^^^^^^^^^^^^^^^^^^^^^^^^^^^^ help: remove the condition
[INFO] [stdout]    |
[INFO] [stdout]    = note: no expected values for `feature`
[INFO] [stdout]    = help: consider adding `arbitrary_precision` as a feature in `Cargo.toml`
[INFO] [stdout]    = note: see <https://doc.rust-lang.org/nightly/rustc/check-cfg/cargo-specifics.html> for more information about checking conditional configuration
[INFO] [stdout] 
[INFO] [stdout] 
[INFO] [stdout] warning: unexpected `cfg` condition value: `arbitrary_precision`
[INFO] [stdout]    --> src/value/number.rs:104:19
[INFO] [stdout]     |
[INFO] [stdout] 104 |         #[cfg(not(feature = "arbitrary_precision"))]
[INFO] [stdout]     |                   ^^^^^^^^^^^^^^^^^^^^^^^^^^^^^^^ help: remove the condition
[INFO] [stdout]     |
[INFO] [stdout]     = note: no expected values for `feature`
[INFO] [stdout]     = help: consider adding `arbitrary_precision` as a feature in `Cargo.toml`
[INFO] [stdout]     = note: see <https://doc.rust-lang.org/nightly/rustc/check-cfg/cargo-specifics.html> for more information about checking conditional configuration
[INFO] [stdout] 
[INFO] [stdout] 
[INFO] [stdout] warning: unexpected `cfg` condition value: `arbitrary_precision`
[INFO] [stdout]    --> src/value/number.rs:116:15
[INFO] [stdout]     |
[INFO] [stdout] 116 |         #[cfg(feature = "arbitrary_precision")]
[INFO] [stdout]     |               ^^^^^^^^^^^^^^^^^^^^^^^^^^^^^^^ help: remove the condition
[INFO] [stdout]     |
[INFO] [stdout]     = note: no expected values for `feature`
[INFO] [stdout]     = help: consider adding `arbitrary_precision` as a feature in `Cargo.toml`
[INFO] [stdout]     = note: see <https://doc.rust-lang.org/nightly/rustc/check-cfg/cargo-specifics.html> for more information about checking conditional configuration
[INFO] [stdout] 
[INFO] [stdout] 
[INFO] [stdout] warning: unexpected `cfg` condition value: `arbitrary_precision`
[INFO] [stdout]    --> src/value/number.rs:124:19
[INFO] [stdout]     |
[INFO] [stdout] 124 |         #[cfg(not(feature = "arbitrary_precision"))]
[INFO] [stdout]     |                   ^^^^^^^^^^^^^^^^^^^^^^^^^^^^^^^ help: remove the condition
[INFO] [stdout]     |
[INFO] [stdout]     = note: no expected values for `feature`
[INFO] [stdout]     = help: consider adding `arbitrary_precision` as a feature in `Cargo.toml`
[INFO] [stdout]     = note: see <https://doc.rust-lang.org/nightly/rustc/check-cfg/cargo-specifics.html> for more information about checking conditional configuration
[INFO] [stdout] 
[INFO] [stdout] 
[INFO] [stdout] warning: unexpected `cfg` condition value: `arbitrary_precision`
[INFO] [stdout]    --> src/value/number.rs:129:15
[INFO] [stdout]     |
[INFO] [stdout] 129 |         #[cfg(feature = "arbitrary_precision")]
[INFO] [stdout]     |               ^^^^^^^^^^^^^^^^^^^^^^^^^^^^^^^ help: remove the condition
[INFO] [stdout]     |
[INFO] [stdout]     = note: no expected values for `feature`
[INFO] [stdout]     = help: consider adding `arbitrary_precision` as a feature in `Cargo.toml`
[INFO] [stdout]     = note: see <https://doc.rust-lang.org/nightly/rustc/check-cfg/cargo-specifics.html> for more information about checking conditional configuration
[INFO] [stdout] 
[INFO] [stdout] 
[INFO] [stdout] warning: unexpected `cfg` condition value: `arbitrary_precision`
[INFO] [stdout]    --> src/value/number.rs:136:19
[INFO] [stdout]     |
[INFO] [stdout] 136 |         #[cfg(not(feature = "arbitrary_precision"))]
[INFO] [stdout]     |                   ^^^^^^^^^^^^^^^^^^^^^^^^^^^^^^^ help: remove the condition
[INFO] [stdout]     |
[INFO] [stdout]     = note: no expected values for `feature`
[INFO] [stdout]     = help: consider adding `arbitrary_precision` as a feature in `Cargo.toml`
[INFO] [stdout]     = note: see <https://doc.rust-lang.org/nightly/rustc/check-cfg/cargo-specifics.html> for more information about checking conditional configuration
[INFO] [stdout] 
[INFO] [stdout] 
[INFO] [stdout] warning: unexpected `cfg` condition value: `arbitrary_precision`
[INFO] [stdout]    --> src/value/number.rs:142:15
[INFO] [stdout]     |
[INFO] [stdout] 142 |         #[cfg(feature = "arbitrary_precision")]
[INFO] [stdout]     |               ^^^^^^^^^^^^^^^^^^^^^^^^^^^^^^^ help: remove the condition
[INFO] [stdout]     |
[INFO] [stdout]     = note: no expected values for `feature`
[INFO] [stdout]     = help: consider adding `arbitrary_precision` as a feature in `Cargo.toml`
[INFO] [stdout]     = note: see <https://doc.rust-lang.org/nightly/rustc/check-cfg/cargo-specifics.html> for more information about checking conditional configuration
[INFO] [stdout] 
[INFO] [stdout] 
[INFO] [stdout] warning: unexpected `cfg` condition value: `arbitrary_precision`
[INFO] [stdout]    --> src/value/number.rs:152:27
[INFO] [stdout]     |
[INFO] [stdout] 152 |                 #[cfg(not(feature = "arbitrary_precision"))]
[INFO] [stdout]     |                           ^^^^^^^^^^^^^^^^^^^^^^^^^^^^^^^ help: remove the condition
[INFO] [stdout]     |
[INFO] [stdout]     = note: no expected values for `feature`
[INFO] [stdout]     = help: consider adding `arbitrary_precision` as a feature in `Cargo.toml`
[INFO] [stdout]     = note: see <https://doc.rust-lang.org/nightly/rustc/check-cfg/cargo-specifics.html> for more information about checking conditional configuration
[INFO] [stdout] 
[INFO] [stdout] 
[INFO] [stdout] warning: unexpected `cfg` condition value: `arbitrary_precision`
[INFO] [stdout]    --> src/value/number.rs:156:23
[INFO] [stdout]     |
[INFO] [stdout] 156 |                 #[cfg(feature = "arbitrary_precision")]
[INFO] [stdout]     |                       ^^^^^^^^^^^^^^^^^^^^^^^^^^^^^^^ help: remove the condition
[INFO] [stdout]     |
[INFO] [stdout]     = note: no expected values for `feature`
[INFO] [stdout]     = help: consider adding `arbitrary_precision` as a feature in `Cargo.toml`
[INFO] [stdout]     = note: see <https://doc.rust-lang.org/nightly/rustc/check-cfg/cargo-specifics.html> for more information about checking conditional configuration
[INFO] [stdout] 
[INFO] [stdout] 
[INFO] [stdout] warning: unexpected `cfg` condition value: `arbitrary_precision`
[INFO] [stdout]    --> src/value/number.rs:288:35
[INFO] [stdout]     |
[INFO] [stdout] 288 |                         #[cfg(not(feature = "arbitrary_precision"))]
[INFO] [stdout]     |                                   ^^^^^^^^^^^^^^^^^^^^^^^^^^^^^^^ help: remove the condition
[INFO] [stdout] ...
[INFO] [stdout] 331 | impl_from_unsigned!(u8, u16, u32, u64, usize);
[INFO] [stdout]     | --------------------------------------------- in this macro invocation
[INFO] [stdout]     |
[INFO] [stdout]     = note: no expected values for `feature`
[INFO] [stdout]     = help: consider adding `arbitrary_precision` as a feature in `Cargo.toml`
[INFO] [stdout]     = note: see <https://doc.rust-lang.org/nightly/rustc/check-cfg/cargo-specifics.html> for more information about checking conditional configuration
[INFO] [stdout]     = note: this warning originates in the macro `impl_from_unsigned` (in Nightly builds, run with -Z macro-backtrace for more info)
[INFO] [stdout] 
[INFO] [stdout] 
[INFO] [stdout] warning: unexpected `cfg` condition value: `arbitrary_precision`
[INFO] [stdout]    --> src/value/number.rs:290:31
[INFO] [stdout]     |
[INFO] [stdout] 290 |                         #[cfg(feature = "arbitrary_precision")]
[INFO] [stdout]     |                               ^^^^^^^^^^^^^^^^^^^^^^^^^^^^^^^ help: remove the condition
[INFO] [stdout] ...
[INFO] [stdout] 331 | impl_from_unsigned!(u8, u16, u32, u64, usize);
[INFO] [stdout]     | --------------------------------------------- in this macro invocation
[INFO] [stdout]     |
[INFO] [stdout]     = note: no expected values for `feature`
[INFO] [stdout]     = help: consider adding `arbitrary_precision` as a feature in `Cargo.toml`
[INFO] [stdout]     = note: see <https://doc.rust-lang.org/nightly/rustc/check-cfg/cargo-specifics.html> for more information about checking conditional configuration
[INFO] [stdout]     = note: this warning originates in the macro `impl_from_unsigned` (in Nightly builds, run with -Z macro-backtrace for more info)
[INFO] [stdout] 
[INFO] [stdout] 
[INFO] [stdout] warning: unexpected `cfg` condition value: `arbitrary_precision`
[INFO] [stdout]    --> src/value/number.rs:311:35
[INFO] [stdout]     |
[INFO] [stdout] 311 |                         #[cfg(not(feature = "arbitrary_precision"))]
[INFO] [stdout]     |                                   ^^^^^^^^^^^^^^^^^^^^^^^^^^^^^^^ help: remove the condition
[INFO] [stdout] ...
[INFO] [stdout] 332 | impl_from_signed!(i8, i16, i32, i64, isize);
[INFO] [stdout]     | ------------------------------------------- in this macro invocation
[INFO] [stdout]     |
[INFO] [stdout]     = note: no expected values for `feature`
[INFO] [stdout]     = help: consider adding `arbitrary_precision` as a feature in `Cargo.toml`
[INFO] [stdout]     = note: see <https://doc.rust-lang.org/nightly/rustc/check-cfg/cargo-specifics.html> for more information about checking conditional configuration
[INFO] [stdout]     = note: this warning originates in the macro `impl_from_signed` (in Nightly builds, run with -Z macro-backtrace for more info)
[INFO] [stdout] 
[INFO] [stdout] 
[INFO] [stdout] warning: unexpected `cfg` condition value: `arbitrary_precision`
[INFO] [stdout]    --> src/value/number.rs:319:31
[INFO] [stdout]     |
[INFO] [stdout] 319 |                         #[cfg(feature = "arbitrary_precision")]
[INFO] [stdout]     |                               ^^^^^^^^^^^^^^^^^^^^^^^^^^^^^^^ help: remove the condition
[INFO] [stdout] ...
[INFO] [stdout] 332 | impl_from_signed!(i8, i16, i32, i64, isize);
[INFO] [stdout]     | ------------------------------------------- in this macro invocation
[INFO] [stdout]     |
[INFO] [stdout]     = note: no expected values for `feature`
[INFO] [stdout]     = help: consider adding `arbitrary_precision` as a feature in `Cargo.toml`
[INFO] [stdout]     = note: see <https://doc.rust-lang.org/nightly/rustc/check-cfg/cargo-specifics.html> for more information about checking conditional configuration
[INFO] [stdout]     = note: this warning originates in the macro `impl_from_signed` (in Nightly builds, run with -Z macro-backtrace for more info)
[INFO] [stdout] 
[INFO] [stdout] 
[INFO] [stdout] warning: use of deprecated method `std::error::Error::description`: use the Display impl or to_string()
[INFO] [stdout]   --> src/configuration.rs:87:54
[INFO] [stdout]    |
[INFO] [stdout] 87 |                         error::ErrorKind::Other, err.description()
[INFO] [stdout]    |                                                      ^^^^^^^^^^^
[INFO] [stdout]    |
[INFO] [stdout]    = note: `#[warn(deprecated)]` on by default
[INFO] [stdout] 
[INFO] [stdout] 
[INFO] [stdout] warning: use of deprecated method `std::error::Error::description`: use the Display impl or to_string()
[INFO] [stdout]   --> src/configuration.rs:96:54
[INFO] [stdout]    |
[INFO] [stdout] 96 |                         error::ErrorKind::Other, err.description()
[INFO] [stdout]    |                                                      ^^^^^^^^^^^
[INFO] [stdout] 
[INFO] [stdout] 
[INFO] [stdout] warning: use of deprecated method `std::error::Error::description`: use the Display impl or to_string()
[INFO] [stdout]    --> src/configuration.rs:157:71
[INFO] [stdout]     |
[INFO] [stdout] 157 |                 error::Error::new(error::ErrorKind::MissingValue, err.description())
[INFO] [stdout]     |                                                                       ^^^^^^^^^^^
[INFO] [stdout] 
[INFO] [stdout] 
[INFO] [stdout] warning: use of deprecated method `std::error::Error::description`: use the Display impl or to_string()
[INFO] [stdout]    --> src/error.rs:164:44
[INFO] [stdout]     |
[INFO] [stdout] 164 |             Repr::Custom(ref c) => c.error.description(),
[INFO] [stdout]     |                                            ^^^^^^^^^^^
[INFO] [stdout] 
[INFO] [stdout] 
[INFO] [stdout] warning: use of deprecated method `std::error::Error::description`: use the Display impl or to_string()
[INFO] [stdout]   --> src/factory.rs:75:99
[INFO] [stdout]    |
[INFO] [stdout] 75 |         for entry in path.read_dir().map_err(|err| error::Error::new(error::ErrorKind::Other, err.description()))? {
[INFO] [stdout]    |                                                                                                   ^^^^^^^^^^^
[INFO] [stdout] 
[INFO] [stdout] 
[INFO] [stdout] warning: use of deprecated method `std::error::Error::description`: use the Display impl or to_string()
[INFO] [stdout]   --> src/factory.rs:76:92
[INFO] [stdout]    |
[INFO] [stdout] 76 |             let entry = entry.map_err(|err| error::Error::new(error::ErrorKind::Other, err.description()))?;
[INFO] [stdout]    |                                                                                            ^^^^^^^^^^^
[INFO] [stdout] 
[INFO] [stdout] 
[INFO] [stderr]     Finished `dev` profile [unoptimized + debuginfo] target(s) in 12.39s
[INFO] [stderr] warning: the following packages contain code that will be rejected by a future version of Rust: traitobject v0.1.0
[INFO] [stderr] note: to see what the problems were, use the option `--future-incompat-report`, or run `cargo report future-incompatibilities --id 1`
[INFO] running `Command { std: "docker" "inspect" "43c10c19ebdfea12e9066de15fb7f9250c1bce57f393f033a9517221f43c4970", kill_on_drop: false }`
[INFO] running `Command { std: "docker" "rm" "-f" "43c10c19ebdfea12e9066de15fb7f9250c1bce57f393f033a9517221f43c4970", kill_on_drop: false }`
[INFO] [stdout] 43c10c19ebdfea12e9066de15fb7f9250c1bce57f393f033a9517221f43c4970
[INFO] running `Command { std: "docker" "create" "-v" "/var/lib/crater-agent-workspace/builds/worker-2-tc1/target:/opt/rustwide/target:rw,Z" "-v" "/var/lib/crater-agent-workspace/builds/worker-2-tc1/source:/opt/rustwide/workdir:ro,Z" "-v" "/var/lib/crater-agent-workspace/cargo-home:/opt/rustwide/cargo-home:ro,Z" "-v" "/var/lib/crater-agent-workspace/rustup-home:/opt/rustwide/rustup-home:ro,Z" "-e" "SOURCE_DIR=/opt/rustwide/workdir" "-e" "CARGO_TARGET_DIR=/opt/rustwide/target" "-e" "CARGO_INCREMENTAL=0" "-e" "RUST_BACKTRACE=full" "-e" "RUSTFLAGS=--cap-lints=forbid" "-e" "RUSTDOCFLAGS=--cap-lints=forbid" "-e" "CARGO_HOME=/opt/rustwide/cargo-home" "-e" "RUSTUP_HOME=/opt/rustwide/rustup-home" "-w" "/opt/rustwide/workdir" "-m" "1610612736" "--user" "0:0" "--network" "none" "ghcr.io/rust-lang/crates-build-env/linux@sha256:4a844ea9eb2546a2d2c7022eacef16ef2e8229c7fbb2c7d4d55a9ceca922f72d" "/opt/rustwide/cargo-home/bin/cargo" "+nightly-2024-10-28" "test" "--frozen" "--no-run" "--message-format=json", kill_on_drop: false }`
[INFO] [stdout] 79bce9ef2d853fbc86dabc9bbefb56e5b32e325417580042494d76f651e2a0ac
[INFO] running `Command { std: "docker" "start" "-a" "79bce9ef2d853fbc86dabc9bbefb56e5b32e325417580042494d76f651e2a0ac", kill_on_drop: false }`
[INFO] [stderr]    Compiling rustix v0.38.38
[INFO] [stderr]    Compiling linux-raw-sys v0.4.14
[INFO] [stderr]    Compiling once_cell v1.20.2
[INFO] [stdout] warning: unexpected `cfg` condition value: `arbitrary_precision`
[INFO] [stdout]   --> src/value/number.rs:11:11
[INFO] [stdout]    |
[INFO] [stdout] 11 | #[cfg(not(feature = "arbitrary_precision"))]
[INFO] [stdout]    |           ^^^^^^^^^^^^^^^^^^^^^^^^^^^^^^^ help: remove the condition
[INFO] [stdout]    |
[INFO] [stdout]    = note: no expected values for `feature`
[INFO] [stdout]    = help: consider adding `arbitrary_precision` as a feature in `Cargo.toml`
[INFO] [stdout]    = note: see <https://doc.rust-lang.org/nightly/rustc/check-cfg/cargo-specifics.html> for more information about checking conditional configuration
[INFO] [stdout]    = note: `#[warn(unexpected_cfgs)]` on by default
[INFO] [stdout] 
[INFO] [stdout] 
[INFO] [stdout] warning: unexpected `cfg` condition value: `arbitrary_precision`
[INFO] [stdout]   --> src/value/number.rs:21:7
[INFO] [stdout]    |
[INFO] [stdout] 21 | #[cfg(feature = "arbitrary_precision")]
[INFO] [stdout]    |       ^^^^^^^^^^^^^^^^^^^^^^^^^^^^^^^ help: remove the condition
[INFO] [stdout]    |
[INFO] [stdout]    = note: no expected values for `feature`
[INFO] [stdout]    = help: consider adding `arbitrary_precision` as a feature in `Cargo.toml`
[INFO] [stdout]    = note: see <https://doc.rust-lang.org/nightly/rustc/check-cfg/cargo-specifics.html> for more information about checking conditional configuration
[INFO] [stdout] 
[INFO] [stdout] 
[INFO] [stdout] warning: unexpected `cfg` condition value: `arbitrary_precision`
[INFO] [stdout]    --> src/value/number.rs:167:11
[INFO] [stdout]     |
[INFO] [stdout] 167 |     #[cfg(feature = "arbitrary_precision")]
[INFO] [stdout]     |           ^^^^^^^^^^^^^^^^^^^^^^^^^^^^^^^ help: remove the condition
[INFO] [stdout]     |
[INFO] [stdout]     = note: no expected values for `feature`
[INFO] [stdout]     = help: consider adding `arbitrary_precision` as a feature in `Cargo.toml`
[INFO] [stdout]     = note: see <https://doc.rust-lang.org/nightly/rustc/check-cfg/cargo-specifics.html> for more information about checking conditional configuration
[INFO] [stdout] 
[INFO] [stdout] 
[INFO] [stdout] warning: unexpected `cfg` condition value: `arbitrary_precision`
[INFO] [stdout]   --> src/value/number.rs:50:19
[INFO] [stdout]    |
[INFO] [stdout] 50 |         #[cfg(not(feature = "arbitrary_precision"))]
[INFO] [stdout]    |                   ^^^^^^^^^^^^^^^^^^^^^^^^^^^^^^^ help: remove the condition
[INFO] [stdout]    |
[INFO] [stdout]    = note: no expected values for `feature`
[INFO] [stdout]    = help: consider adding `arbitrary_precision` as a feature in `Cargo.toml`
[INFO] [stdout]    = note: see <https://doc.rust-lang.org/nightly/rustc/check-cfg/cargo-specifics.html> for more information about checking conditional configuration
[INFO] [stdout] 
[INFO] [stdout] 
[INFO] [stdout] warning: unexpected `cfg` condition value: `arbitrary_precision`
[INFO] [stdout]   --> src/value/number.rs:56:15
[INFO] [stdout]    |
[INFO] [stdout] 56 |         #[cfg(feature = "arbitrary_precision")]
[INFO] [stdout]    |               ^^^^^^^^^^^^^^^^^^^^^^^^^^^^^^^ help: remove the condition
[INFO] [stdout]    |
[INFO] [stdout]    = note: no expected values for `feature`
[INFO] [stdout]    = help: consider adding `arbitrary_precision` as a feature in `Cargo.toml`
[INFO] [stdout]    = note: see <https://doc.rust-lang.org/nightly/rustc/check-cfg/cargo-specifics.html> for more information about checking conditional configuration
[INFO] [stdout] 
[INFO] [stdout] 
[INFO] [stdout] warning: unexpected `cfg` condition value: `arbitrary_precision`
[INFO] [stdout]   --> src/value/number.rs:66:19
[INFO] [stdout]    |
[INFO] [stdout] 66 |         #[cfg(not(feature = "arbitrary_precision"))]
[INFO] [stdout]    |                   ^^^^^^^^^^^^^^^^^^^^^^^^^^^^^^^ help: remove the condition
[INFO] [stdout]    |
[INFO] [stdout]    = note: no expected values for `feature`
[INFO] [stdout]    = help: consider adding `arbitrary_precision` as a feature in `Cargo.toml`
[INFO] [stdout]    = note: see <https://doc.rust-lang.org/nightly/rustc/check-cfg/cargo-specifics.html> for more information about checking conditional configuration
[INFO] [stdout] 
[INFO] [stdout] 
[INFO] [stdout] warning: unexpected `cfg` condition value: `arbitrary_precision`
[INFO] [stdout]   --> src/value/number.rs:71:15
[INFO] [stdout]    |
[INFO] [stdout] 71 |         #[cfg(feature = "arbitrary_precision")]
[INFO] [stdout]    |               ^^^^^^^^^^^^^^^^^^^^^^^^^^^^^^^ help: remove the condition
[INFO] [stdout]    |
[INFO] [stdout]    = note: no expected values for `feature`
[INFO] [stdout]    = help: consider adding `arbitrary_precision` as a feature in `Cargo.toml`
[INFO] [stdout]    = note: see <https://doc.rust-lang.org/nightly/rustc/check-cfg/cargo-specifics.html> for more information about checking conditional configuration
[INFO] [stdout] 
[INFO] [stdout] 
[INFO] [stdout] warning: unexpected `cfg` condition value: `arbitrary_precision`
[INFO] [stdout]   --> src/value/number.rs:84:19
[INFO] [stdout]    |
[INFO] [stdout] 84 |         #[cfg(not(feature = "arbitrary_precision"))]
[INFO] [stdout]    |                   ^^^^^^^^^^^^^^^^^^^^^^^^^^^^^^^ help: remove the condition
[INFO] [stdout]    |
[INFO] [stdout]    = note: no expected values for `feature`
[INFO] [stdout]    = help: consider adding `arbitrary_precision` as a feature in `Cargo.toml`
[INFO] [stdout]    = note: see <https://doc.rust-lang.org/nightly/rustc/check-cfg/cargo-specifics.html> for more information about checking conditional configuration
[INFO] [stdout] 
[INFO] [stdout] 
[INFO] [stdout] warning: unexpected `cfg` condition value: `arbitrary_precision`
[INFO] [stdout]   --> src/value/number.rs:89:15
[INFO] [stdout]    |
[INFO] [stdout] 89 |         #[cfg(feature = "arbitrary_precision")]
[INFO] [stdout]    |               ^^^^^^^^^^^^^^^^^^^^^^^^^^^^^^^ help: remove the condition
[INFO] [stdout]    |
[INFO] [stdout]    = note: no expected values for `feature`
[INFO] [stdout]    = help: consider adding `arbitrary_precision` as a feature in `Cargo.toml`
[INFO] [stdout]    = note: see <https://doc.rust-lang.org/nightly/rustc/check-cfg/cargo-specifics.html> for more information about checking conditional configuration
[INFO] [stdout] 
[INFO] [stdout] 
[INFO] [stdout] warning: unexpected `cfg` condition value: `arbitrary_precision`
[INFO] [stdout]    --> src/value/number.rs:104:19
[INFO] [stdout]     |
[INFO] [stdout] 104 |         #[cfg(not(feature = "arbitrary_precision"))]
[INFO] [stdout]     |                   ^^^^^^^^^^^^^^^^^^^^^^^^^^^^^^^ help: remove the condition
[INFO] [stdout]     |
[INFO] [stdout]     = note: no expected values for `feature`
[INFO] [stdout]     = help: consider adding `arbitrary_precision` as a feature in `Cargo.toml`
[INFO] [stdout]     = note: see <https://doc.rust-lang.org/nightly/rustc/check-cfg/cargo-specifics.html> for more information about checking conditional configuration
[INFO] [stdout] 
[INFO] [stdout] 
[INFO] [stdout] warning: unexpected `cfg` condition value: `arbitrary_precision`
[INFO] [stdout]    --> src/value/number.rs:116:15
[INFO] [stdout]     |
[INFO] [stdout] 116 |         #[cfg(feature = "arbitrary_precision")]
[INFO] [stdout]     |               ^^^^^^^^^^^^^^^^^^^^^^^^^^^^^^^ help: remove the condition
[INFO] [stdout]     |
[INFO] [stdout]     = note: no expected values for `feature`
[INFO] [stdout]     = help: consider adding `arbitrary_precision` as a feature in `Cargo.toml`
[INFO] [stdout]     = note: see <https://doc.rust-lang.org/nightly/rustc/check-cfg/cargo-specifics.html> for more information about checking conditional configuration
[INFO] [stdout] 
[INFO] [stdout] 
[INFO] [stdout] warning: unexpected `cfg` condition value: `arbitrary_precision`
[INFO] [stdout]    --> src/value/number.rs:124:19
[INFO] [stdout]     |
[INFO] [stdout] 124 |         #[cfg(not(feature = "arbitrary_precision"))]
[INFO] [stdout]     |                   ^^^^^^^^^^^^^^^^^^^^^^^^^^^^^^^ help: remove the condition
[INFO] [stdout]     |
[INFO] [stdout]     = note: no expected values for `feature`
[INFO] [stdout]     = help: consider adding `arbitrary_precision` as a feature in `Cargo.toml`
[INFO] [stdout]     = note: see <https://doc.rust-lang.org/nightly/rustc/check-cfg/cargo-specifics.html> for more information about checking conditional configuration
[INFO] [stdout] 
[INFO] [stdout] 
[INFO] [stdout] warning: unexpected `cfg` condition value: `arbitrary_precision`
[INFO] [stdout]    --> src/value/number.rs:129:15
[INFO] [stdout]     |
[INFO] [stdout] 129 |         #[cfg(feature = "arbitrary_precision")]
[INFO] [stdout]     |               ^^^^^^^^^^^^^^^^^^^^^^^^^^^^^^^ help: remove the condition
[INFO] [stdout]     |
[INFO] [stdout]     = note: no expected values for `feature`
[INFO] [stdout]     = help: consider adding `arbitrary_precision` as a feature in `Cargo.toml`
[INFO] [stdout]     = note: see <https://doc.rust-lang.org/nightly/rustc/check-cfg/cargo-specifics.html> for more information about checking conditional configuration
[INFO] [stdout] 
[INFO] [stdout] 
[INFO] [stdout] warning: unexpected `cfg` condition value: `arbitrary_precision`
[INFO] [stdout]    --> src/value/number.rs:136:19
[INFO] [stdout]     |
[INFO] [stdout] 136 |         #[cfg(not(feature = "arbitrary_precision"))]
[INFO] [stdout]     |                   ^^^^^^^^^^^^^^^^^^^^^^^^^^^^^^^ help: remove the condition
[INFO] [stdout]     |
[INFO] [stdout]     = note: no expected values for `feature`
[INFO] [stdout]     = help: consider adding `arbitrary_precision` as a feature in `Cargo.toml`
[INFO] [stdout]     = note: see <https://doc.rust-lang.org/nightly/rustc/check-cfg/cargo-specifics.html> for more information about checking conditional configuration
[INFO] [stdout] 
[INFO] [stdout] 
[INFO] [stdout] warning: unexpected `cfg` condition value: `arbitrary_precision`
[INFO] [stdout]    --> src/value/number.rs:142:15
[INFO] [stdout]     |
[INFO] [stdout] 142 |         #[cfg(feature = "arbitrary_precision")]
[INFO] [stdout]     |               ^^^^^^^^^^^^^^^^^^^^^^^^^^^^^^^ help: remove the condition
[INFO] [stdout]     |
[INFO] [stdout]     = note: no expected values for `feature`
[INFO] [stdout]     = help: consider adding `arbitrary_precision` as a feature in `Cargo.toml`
[INFO] [stdout]     = note: see <https://doc.rust-lang.org/nightly/rustc/check-cfg/cargo-specifics.html> for more information about checking conditional configuration
[INFO] [stdout] 
[INFO] [stdout] 
[INFO] [stdout] warning: unexpected `cfg` condition value: `arbitrary_precision`
[INFO] [stdout]    --> src/value/number.rs:152:27
[INFO] [stdout]     |
[INFO] [stdout] 152 |                 #[cfg(not(feature = "arbitrary_precision"))]
[INFO] [stdout]     |                           ^^^^^^^^^^^^^^^^^^^^^^^^^^^^^^^ help: remove the condition
[INFO] [stdout]     |
[INFO] [stdout]     = note: no expected values for `feature`
[INFO] [stdout]     = help: consider adding `arbitrary_precision` as a feature in `Cargo.toml`
[INFO] [stdout]     = note: see <https://doc.rust-lang.org/nightly/rustc/check-cfg/cargo-specifics.html> for more information about checking conditional configuration
[INFO] [stdout] 
[INFO] [stdout] 
[INFO] [stdout] warning: unexpected `cfg` condition value: `arbitrary_precision`
[INFO] [stdout]    --> src/value/number.rs:156:23
[INFO] [stdout]     |
[INFO] [stdout] 156 |                 #[cfg(feature = "arbitrary_precision")]
[INFO] [stdout]     |                       ^^^^^^^^^^^^^^^^^^^^^^^^^^^^^^^ help: remove the condition
[INFO] [stdout]     |
[INFO] [stdout]     = note: no expected values for `feature`
[INFO] [stdout]     = help: consider adding `arbitrary_precision` as a feature in `Cargo.toml`
[INFO] [stdout]     = note: see <https://doc.rust-lang.org/nightly/rustc/check-cfg/cargo-specifics.html> for more information about checking conditional configuration
[INFO] [stdout] 
[INFO] [stdout] 
[INFO] [stdout] warning: unexpected `cfg` condition value: `arbitrary_precision`
[INFO] [stdout]    --> src/value/number.rs:288:35
[INFO] [stdout]     |
[INFO] [stdout] 288 |                         #[cfg(not(feature = "arbitrary_precision"))]
[INFO] [stdout]     |                                   ^^^^^^^^^^^^^^^^^^^^^^^^^^^^^^^ help: remove the condition
[INFO] [stdout] ...
[INFO] [stdout] 331 | impl_from_unsigned!(u8, u16, u32, u64, usize);
[INFO] [stdout]     | --------------------------------------------- in this macro invocation
[INFO] [stdout]     |
[INFO] [stdout]     = note: no expected values for `feature`
[INFO] [stdout]     = help: consider adding `arbitrary_precision` as a feature in `Cargo.toml`
[INFO] [stdout]     = note: see <https://doc.rust-lang.org/nightly/rustc/check-cfg/cargo-specifics.html> for more information about checking conditional configuration
[INFO] [stdout]     = note: this warning originates in the macro `impl_from_unsigned` (in Nightly builds, run with -Z macro-backtrace for more info)
[INFO] [stdout] 
[INFO] [stdout] 
[INFO] [stdout] warning: unexpected `cfg` condition value: `arbitrary_precision`
[INFO] [stdout]    --> src/value/number.rs:290:31
[INFO] [stdout]     |
[INFO] [stdout] 290 |                         #[cfg(feature = "arbitrary_precision")]
[INFO] [stdout]     |                               ^^^^^^^^^^^^^^^^^^^^^^^^^^^^^^^ help: remove the condition
[INFO] [stdout] ...
[INFO] [stdout] 331 | impl_from_unsigned!(u8, u16, u32, u64, usize);
[INFO] [stdout]     | --------------------------------------------- in this macro invocation
[INFO] [stdout]     |
[INFO] [stdout]     = note: no expected values for `feature`
[INFO] [stdout]     = help: consider adding `arbitrary_precision` as a feature in `Cargo.toml`
[INFO] [stdout]     = note: see <https://doc.rust-lang.org/nightly/rustc/check-cfg/cargo-specifics.html> for more information about checking conditional configuration
[INFO] [stdout]     = note: this warning originates in the macro `impl_from_unsigned` (in Nightly builds, run with -Z macro-backtrace for more info)
[INFO] [stdout] 
[INFO] [stdout] 
[INFO] [stdout] warning: unexpected `cfg` condition value: `arbitrary_precision`
[INFO] [stdout]    --> src/value/number.rs:311:35
[INFO] [stdout]     |
[INFO] [stdout] 311 |                         #[cfg(not(feature = "arbitrary_precision"))]
[INFO] [stdout]     |                                   ^^^^^^^^^^^^^^^^^^^^^^^^^^^^^^^ help: remove the condition
[INFO] [stdout] ...
[INFO] [stdout] 332 | impl_from_signed!(i8, i16, i32, i64, isize);
[INFO] [stdout]     | ------------------------------------------- in this macro invocation
[INFO] [stdout]     |
[INFO] [stdout]     = note: no expected values for `feature`
[INFO] [stdout]     = help: consider adding `arbitrary_precision` as a feature in `Cargo.toml`
[INFO] [stdout]     = note: see <https://doc.rust-lang.org/nightly/rustc/check-cfg/cargo-specifics.html> for more information about checking conditional configuration
[INFO] [stdout]     = note: this warning originates in the macro `impl_from_signed` (in Nightly builds, run with -Z macro-backtrace for more info)
[INFO] [stdout] 
[INFO] [stdout] 
[INFO] [stdout] warning: unexpected `cfg` condition value: `arbitrary_precision`
[INFO] [stdout]    --> src/value/number.rs:319:31
[INFO] [stdout]     |
[INFO] [stdout] 319 |                         #[cfg(feature = "arbitrary_precision")]
[INFO] [stdout]     |                               ^^^^^^^^^^^^^^^^^^^^^^^^^^^^^^^ help: remove the condition
[INFO] [stdout] ...
[INFO] [stdout] 332 | impl_from_signed!(i8, i16, i32, i64, isize);
[INFO] [stdout]     | ------------------------------------------- in this macro invocation
[INFO] [stdout]     |
[INFO] [stdout]     = note: no expected values for `feature`
[INFO] [stdout]     = help: consider adding `arbitrary_precision` as a feature in `Cargo.toml`
[INFO] [stdout]     = note: see <https://doc.rust-lang.org/nightly/rustc/check-cfg/cargo-specifics.html> for more information about checking conditional configuration
[INFO] [stdout]     = note: this warning originates in the macro `impl_from_signed` (in Nightly builds, run with -Z macro-backtrace for more info)
[INFO] [stdout] 
[INFO] [stdout] 
[INFO] [stdout] warning: use of deprecated method `std::error::Error::description`: use the Display impl or to_string()
[INFO] [stdout]   --> src/configuration.rs:87:54
[INFO] [stdout]    |
[INFO] [stdout] 87 |                         error::ErrorKind::Other, err.description()
[INFO] [stdout]    |                                                      ^^^^^^^^^^^
[INFO] [stdout]    |
[INFO] [stdout]    = note: `#[warn(deprecated)]` on by default
[INFO] [stdout] 
[INFO] [stdout] 
[INFO] [stdout] warning: use of deprecated method `std::error::Error::description`: use the Display impl or to_string()
[INFO] [stdout]   --> src/configuration.rs:96:54
[INFO] [stdout]    |
[INFO] [stdout] 96 |                         error::ErrorKind::Other, err.description()
[INFO] [stdout]    |                                                      ^^^^^^^^^^^
[INFO] [stdout] 
[INFO] [stdout] 
[INFO] [stdout] warning: use of deprecated method `std::error::Error::description`: use the Display impl or to_string()
[INFO] [stdout]    --> src/configuration.rs:157:71
[INFO] [stdout]     |
[INFO] [stdout] 157 |                 error::Error::new(error::ErrorKind::MissingValue, err.description())
[INFO] [stdout]     |                                                                       ^^^^^^^^^^^
[INFO] [stdout] 
[INFO] [stdout] 
[INFO] [stdout] warning: use of deprecated method `std::error::Error::description`: use the Display impl or to_string()
[INFO] [stdout]    --> src/error.rs:164:44
[INFO] [stdout]     |
[INFO] [stdout] 164 |             Repr::Custom(ref c) => c.error.description(),
[INFO] [stdout]     |                                            ^^^^^^^^^^^
[INFO] [stdout] 
[INFO] [stdout] 
[INFO] [stdout] warning: use of deprecated method `std::error::Error::description`: use the Display impl or to_string()
[INFO] [stdout]   --> src/factory.rs:75:99
[INFO] [stdout]    |
[INFO] [stdout] 75 |         for entry in path.read_dir().map_err(|err| error::Error::new(error::ErrorKind::Other, err.description()))? {
[INFO] [stdout]    |                                                                                                   ^^^^^^^^^^^
[INFO] [stdout] 
[INFO] [stdout] 
[INFO] [stdout] warning: use of deprecated method `std::error::Error::description`: use the Display impl or to_string()
[INFO] [stdout]   --> src/factory.rs:76:92
[INFO] [stdout]    |
[INFO] [stdout] 76 |             let entry = entry.map_err(|err| error::Error::new(error::ErrorKind::Other, err.description()))?;
[INFO] [stdout]    |                                                                                            ^^^^^^^^^^^
[INFO] [stdout] 
[INFO] [stdout] 
[INFO] [stderr]    Compiling tempfile v3.13.0
[INFO] [stderr]    Compiling rocket-config v0.0.2 (/opt/rustwide/workdir)
[INFO] [stdout] warning: unexpected `cfg` condition value: `arbitrary_precision`
[INFO] [stdout]   --> src/value/number.rs:11:11
[INFO] [stdout]    |
[INFO] [stdout] 11 | #[cfg(not(feature = "arbitrary_precision"))]
[INFO] [stdout]    |           ^^^^^^^^^^^^^^^^^^^^^^^^^^^^^^^ help: remove the condition
[INFO] [stdout]    |
[INFO] [stdout]    = note: no expected values for `feature`
[INFO] [stdout]    = help: consider adding `arbitrary_precision` as a feature in `Cargo.toml`
[INFO] [stdout]    = note: see <https://doc.rust-lang.org/nightly/rustc/check-cfg/cargo-specifics.html> for more information about checking conditional configuration
[INFO] [stdout]    = note: `#[warn(unexpected_cfgs)]` on by default
[INFO] [stdout] 
[INFO] [stdout] 
[INFO] [stdout] warning: unexpected `cfg` condition value: `arbitrary_precision`
[INFO] [stdout]   --> src/value/number.rs:21:7
[INFO] [stdout]    |
[INFO] [stdout] 21 | #[cfg(feature = "arbitrary_precision")]
[INFO] [stdout]    |       ^^^^^^^^^^^^^^^^^^^^^^^^^^^^^^^ help: remove the condition
[INFO] [stdout]    |
[INFO] [stdout]    = note: no expected values for `feature`
[INFO] [stdout]    = help: consider adding `arbitrary_precision` as a feature in `Cargo.toml`
[INFO] [stdout]    = note: see <https://doc.rust-lang.org/nightly/rustc/check-cfg/cargo-specifics.html> for more information about checking conditional configuration
[INFO] [stdout] 
[INFO] [stdout] 
[INFO] [stdout] warning: unexpected `cfg` condition value: `arbitrary_precision`
[INFO] [stdout]    --> src/value/number.rs:167:11
[INFO] [stdout]     |
[INFO] [stdout] 167 |     #[cfg(feature = "arbitrary_precision")]
[INFO] [stdout]     |           ^^^^^^^^^^^^^^^^^^^^^^^^^^^^^^^ help: remove the condition
[INFO] [stdout]     |
[INFO] [stdout]     = note: no expected values for `feature`
[INFO] [stdout]     = help: consider adding `arbitrary_precision` as a feature in `Cargo.toml`
[INFO] [stdout]     = note: see <https://doc.rust-lang.org/nightly/rustc/check-cfg/cargo-specifics.html> for more information about checking conditional configuration
[INFO] [stdout] 
[INFO] [stdout] 
[INFO] [stdout] warning: unexpected `cfg` condition value: `arbitrary_precision`
[INFO] [stdout]   --> src/value/number.rs:50:19
[INFO] [stdout]    |
[INFO] [stdout] 50 |         #[cfg(not(feature = "arbitrary_precision"))]
[INFO] [stdout]    |                   ^^^^^^^^^^^^^^^^^^^^^^^^^^^^^^^ help: remove the condition
[INFO] [stdout]    |
[INFO] [stdout]    = note: no expected values for `feature`
[INFO] [stdout]    = help: consider adding `arbitrary_precision` as a feature in `Cargo.toml`
[INFO] [stdout]    = note: see <https://doc.rust-lang.org/nightly/rustc/check-cfg/cargo-specifics.html> for more information about checking conditional configuration
[INFO] [stdout] 
[INFO] [stdout] 
[INFO] [stdout] warning: unexpected `cfg` condition value: `arbitrary_precision`
[INFO] [stdout]   --> src/value/number.rs:56:15
[INFO] [stdout]    |
[INFO] [stdout] 56 |         #[cfg(feature = "arbitrary_precision")]
[INFO] [stdout]    |               ^^^^^^^^^^^^^^^^^^^^^^^^^^^^^^^ help: remove the condition
[INFO] [stdout]    |
[INFO] [stdout]    = note: no expected values for `feature`
[INFO] [stdout]    = help: consider adding `arbitrary_precision` as a feature in `Cargo.toml`
[INFO] [stdout]    = note: see <https://doc.rust-lang.org/nightly/rustc/check-cfg/cargo-specifics.html> for more information about checking conditional configuration
[INFO] [stdout] 
[INFO] [stdout] 
[INFO] [stdout] warning: unexpected `cfg` condition value: `arbitrary_precision`
[INFO] [stdout]   --> src/value/number.rs:66:19
[INFO] [stdout]    |
[INFO] [stdout] 66 |         #[cfg(not(feature = "arbitrary_precision"))]
[INFO] [stdout]    |                   ^^^^^^^^^^^^^^^^^^^^^^^^^^^^^^^ help: remove the condition
[INFO] [stdout]    |
[INFO] [stdout]    = note: no expected values for `feature`
[INFO] [stdout]    = help: consider adding `arbitrary_precision` as a feature in `Cargo.toml`
[INFO] [stdout]    = note: see <https://doc.rust-lang.org/nightly/rustc/check-cfg/cargo-specifics.html> for more information about checking conditional configuration
[INFO] [stdout] 
[INFO] [stdout] 
[INFO] [stdout] warning: unexpected `cfg` condition value: `arbitrary_precision`
[INFO] [stdout]   --> src/value/number.rs:71:15
[INFO] [stdout]    |
[INFO] [stdout] 71 |         #[cfg(feature = "arbitrary_precision")]
[INFO] [stdout]    |               ^^^^^^^^^^^^^^^^^^^^^^^^^^^^^^^ help: remove the condition
[INFO] [stdout]    |
[INFO] [stdout]    = note: no expected values for `feature`
[INFO] [stdout]    = help: consider adding `arbitrary_precision` as a feature in `Cargo.toml`
[INFO] [stdout]    = note: see <https://doc.rust-lang.org/nightly/rustc/check-cfg/cargo-specifics.html> for more information about checking conditional configuration
[INFO] [stdout] 
[INFO] [stdout] 
[INFO] [stdout] warning: unexpected `cfg` condition value: `arbitrary_precision`
[INFO] [stdout]   --> src/value/number.rs:84:19
[INFO] [stdout]    |
[INFO] [stdout] 84 |         #[cfg(not(feature = "arbitrary_precision"))]
[INFO] [stdout]    |                   ^^^^^^^^^^^^^^^^^^^^^^^^^^^^^^^ help: remove the condition
[INFO] [stdout]    |
[INFO] [stdout]    = note: no expected values for `feature`
[INFO] [stdout]    = help: consider adding `arbitrary_precision` as a feature in `Cargo.toml`
[INFO] [stdout]    = note: see <https://doc.rust-lang.org/nightly/rustc/check-cfg/cargo-specifics.html> for more information about checking conditional configuration
[INFO] [stdout] 
[INFO] [stdout] 
[INFO] [stdout] warning: unexpected `cfg` condition value: `arbitrary_precision`
[INFO] [stdout]   --> src/value/number.rs:89:15
[INFO] [stdout]    |
[INFO] [stdout] 89 |         #[cfg(feature = "arbitrary_precision")]
[INFO] [stdout]    |               ^^^^^^^^^^^^^^^^^^^^^^^^^^^^^^^ help: remove the condition
[INFO] [stdout]    |
[INFO] [stdout]    = note: no expected values for `feature`
[INFO] [stdout]    = help: consider adding `arbitrary_precision` as a feature in `Cargo.toml`
[INFO] [stdout]    = note: see <https://doc.rust-lang.org/nightly/rustc/check-cfg/cargo-specifics.html> for more information about checking conditional configuration
[INFO] [stdout] 
[INFO] [stdout] 
[INFO] [stdout] warning: unexpected `cfg` condition value: `arbitrary_precision`
[INFO] [stdout]    --> src/value/number.rs:104:19
[INFO] [stdout]     |
[INFO] [stdout] 104 |         #[cfg(not(feature = "arbitrary_precision"))]
[INFO] [stdout]     |                   ^^^^^^^^^^^^^^^^^^^^^^^^^^^^^^^ help: remove the condition
[INFO] [stdout]     |
[INFO] [stdout]     = note: no expected values for `feature`
[INFO] [stdout]     = help: consider adding `arbitrary_precision` as a feature in `Cargo.toml`
[INFO] [stdout]     = note: see <https://doc.rust-lang.org/nightly/rustc/check-cfg/cargo-specifics.html> for more information about checking conditional configuration
[INFO] [stdout] 
[INFO] [stdout] 
[INFO] [stdout] warning: unexpected `cfg` condition value: `arbitrary_precision`
[INFO] [stdout]    --> src/value/number.rs:116:15
[INFO] [stdout]     |
[INFO] [stdout] 116 |         #[cfg(feature = "arbitrary_precision")]
[INFO] [stdout]     |               ^^^^^^^^^^^^^^^^^^^^^^^^^^^^^^^ help: remove the condition
[INFO] [stdout]     |
[INFO] [stdout]     = note: no expected values for `feature`
[INFO] [stdout]     = help: consider adding `arbitrary_precision` as a feature in `Cargo.toml`
[INFO] [stdout]     = note: see <https://doc.rust-lang.org/nightly/rustc/check-cfg/cargo-specifics.html> for more information about checking conditional configuration
[INFO] [stdout] 
[INFO] [stdout] 
[INFO] [stdout] warning: unexpected `cfg` condition value: `arbitrary_precision`
[INFO] [stdout]    --> src/value/number.rs:124:19
[INFO] [stdout]     |
[INFO] [stdout] 124 |         #[cfg(not(feature = "arbitrary_precision"))]
[INFO] [stdout]     |                   ^^^^^^^^^^^^^^^^^^^^^^^^^^^^^^^ help: remove the condition
[INFO] [stdout]     |
[INFO] [stdout]     = note: no expected values for `feature`
[INFO] [stdout]     = help: consider adding `arbitrary_precision` as a feature in `Cargo.toml`
[INFO] [stdout]     = note: see <https://doc.rust-lang.org/nightly/rustc/check-cfg/cargo-specifics.html> for more information about checking conditional configuration
[INFO] [stdout] 
[INFO] [stdout] 
[INFO] [stdout] warning: unexpected `cfg` condition value: `arbitrary_precision`
[INFO] [stdout]    --> src/value/number.rs:129:15
[INFO] [stdout]     |
[INFO] [stdout] 129 |         #[cfg(feature = "arbitrary_precision")]
[INFO] [stdout]     |               ^^^^^^^^^^^^^^^^^^^^^^^^^^^^^^^ help: remove the condition
[INFO] [stdout]     |
[INFO] [stdout]     = note: no expected values for `feature`
[INFO] [stdout]     = help: consider adding `arbitrary_precision` as a feature in `Cargo.toml`
[INFO] [stdout]     = note: see <https://doc.rust-lang.org/nightly/rustc/check-cfg/cargo-specifics.html> for more information about checking conditional configuration
[INFO] [stdout] 
[INFO] [stdout] 
[INFO] [stdout] warning: unexpected `cfg` condition value: `arbitrary_precision`
[INFO] [stdout]    --> src/value/number.rs:136:19
[INFO] [stdout]     |
[INFO] [stdout] 136 |         #[cfg(not(feature = "arbitrary_precision"))]
[INFO] [stdout]     |                   ^^^^^^^^^^^^^^^^^^^^^^^^^^^^^^^ help: remove the condition
[INFO] [stdout]     |
[INFO] [stdout]     = note: no expected values for `feature`
[INFO] [stdout]     = help: consider adding `arbitrary_precision` as a feature in `Cargo.toml`
[INFO] [stdout]     = note: see <https://doc.rust-lang.org/nightly/rustc/check-cfg/cargo-specifics.html> for more information about checking conditional configuration
[INFO] [stdout] 
[INFO] [stdout] 
[INFO] [stdout] warning: unexpected `cfg` condition value: `arbitrary_precision`
[INFO] [stdout]    --> src/value/number.rs:142:15
[INFO] [stdout]     |
[INFO] [stdout] 142 |         #[cfg(feature = "arbitrary_precision")]
[INFO] [stdout]     |               ^^^^^^^^^^^^^^^^^^^^^^^^^^^^^^^ help: remove the condition
[INFO] [stdout]     |
[INFO] [stdout]     = note: no expected values for `feature`
[INFO] [stdout]     = help: consider adding `arbitrary_precision` as a feature in `Cargo.toml`
[INFO] [stdout]     = note: see <https://doc.rust-lang.org/nightly/rustc/check-cfg/cargo-specifics.html> for more information about checking conditional configuration
[INFO] [stdout] 
[INFO] [stdout] 
[INFO] [stdout] warning: unexpected `cfg` condition value: `arbitrary_precision`
[INFO] [stdout]    --> src/value/number.rs:152:27
[INFO] [stdout]     |
[INFO] [stdout] 152 |                 #[cfg(not(feature = "arbitrary_precision"))]
[INFO] [stdout]     |                           ^^^^^^^^^^^^^^^^^^^^^^^^^^^^^^^ help: remove the condition
[INFO] [stdout]     |
[INFO] [stdout]     = note: no expected values for `feature`
[INFO] [stdout]     = help: consider adding `arbitrary_precision` as a feature in `Cargo.toml`
[INFO] [stdout]     = note: see <https://doc.rust-lang.org/nightly/rustc/check-cfg/cargo-specifics.html> for more information about checking conditional configuration
[INFO] [stdout] 
[INFO] [stdout] 
[INFO] [stdout] warning: unexpected `cfg` condition value: `arbitrary_precision`
[INFO] [stdout]    --> src/value/number.rs:156:23
[INFO] [stdout]     |
[INFO] [stdout] 156 |                 #[cfg(feature = "arbitrary_precision")]
[INFO] [stdout]     |                       ^^^^^^^^^^^^^^^^^^^^^^^^^^^^^^^ help: remove the condition
[INFO] [stdout]     |
[INFO] [stdout]     = note: no expected values for `feature`
[INFO] [stdout]     = help: consider adding `arbitrary_precision` as a feature in `Cargo.toml`
[INFO] [stdout]     = note: see <https://doc.rust-lang.org/nightly/rustc/check-cfg/cargo-specifics.html> for more information about checking conditional configuration
[INFO] [stdout] 
[INFO] [stdout] 
[INFO] [stdout] warning: unexpected `cfg` condition value: `arbitrary_precision`
[INFO] [stdout]    --> src/value/number.rs:288:35
[INFO] [stdout]     |
[INFO] [stdout] 288 |                         #[cfg(not(feature = "arbitrary_precision"))]
[INFO] [stdout]     |                                   ^^^^^^^^^^^^^^^^^^^^^^^^^^^^^^^ help: remove the condition
[INFO] [stdout] ...
[INFO] [stdout] 331 | impl_from_unsigned!(u8, u16, u32, u64, usize);
[INFO] [stdout]     | --------------------------------------------- in this macro invocation
[INFO] [stdout]     |
[INFO] [stdout]     = note: no expected values for `feature`
[INFO] [stdout]     = help: consider adding `arbitrary_precision` as a feature in `Cargo.toml`
[INFO] [stdout]     = note: see <https://doc.rust-lang.org/nightly/rustc/check-cfg/cargo-specifics.html> for more information about checking conditional configuration
[INFO] [stdout]     = note: this warning originates in the macro `impl_from_unsigned` (in Nightly builds, run with -Z macro-backtrace for more info)
[INFO] [stdout] 
[INFO] [stdout] 
[INFO] [stdout] warning: unexpected `cfg` condition value: `arbitrary_precision`
[INFO] [stdout]    --> src/value/number.rs:290:31
[INFO] [stdout]     |
[INFO] [stdout] 290 |                         #[cfg(feature = "arbitrary_precision")]
[INFO] [stdout]     |                               ^^^^^^^^^^^^^^^^^^^^^^^^^^^^^^^ help: remove the condition
[INFO] [stdout] ...
[INFO] [stdout] 331 | impl_from_unsigned!(u8, u16, u32, u64, usize);
[INFO] [stdout]     | --------------------------------------------- in this macro invocation
[INFO] [stdout]     |
[INFO] [stdout]     = note: no expected values for `feature`
[INFO] [stdout]     = help: consider adding `arbitrary_precision` as a feature in `Cargo.toml`
[INFO] [stdout]     = note: see <https://doc.rust-lang.org/nightly/rustc/check-cfg/cargo-specifics.html> for more information about checking conditional configuration
[INFO] [stdout]     = note: this warning originates in the macro `impl_from_unsigned` (in Nightly builds, run with -Z macro-backtrace for more info)
[INFO] [stdout] 
[INFO] [stdout] 
[INFO] [stdout] warning: unexpected `cfg` condition value: `arbitrary_precision`
[INFO] [stdout]    --> src/value/number.rs:311:35
[INFO] [stdout]     |
[INFO] [stdout] 311 |                         #[cfg(not(feature = "arbitrary_precision"))]
[INFO] [stdout]     |                                   ^^^^^^^^^^^^^^^^^^^^^^^^^^^^^^^ help: remove the condition
[INFO] [stdout] ...
[INFO] [stdout] 332 | impl_from_signed!(i8, i16, i32, i64, isize);
[INFO] [stdout]     | ------------------------------------------- in this macro invocation
[INFO] [stdout]     |
[INFO] [stdout]     = note: no expected values for `feature`
[INFO] [stdout]     = help: consider adding `arbitrary_precision` as a feature in `Cargo.toml`
[INFO] [stdout]     = note: see <https://doc.rust-lang.org/nightly/rustc/check-cfg/cargo-specifics.html> for more information about checking conditional configuration
[INFO] [stdout]     = note: this warning originates in the macro `impl_from_signed` (in Nightly builds, run with -Z macro-backtrace for more info)
[INFO] [stdout] 
[INFO] [stdout] 
[INFO] [stdout] warning: unexpected `cfg` condition value: `arbitrary_precision`
[INFO] [stdout]    --> src/value/number.rs:319:31
[INFO] [stdout]     |
[INFO] [stdout] 319 |                         #[cfg(feature = "arbitrary_precision")]
[INFO] [stdout]     |                               ^^^^^^^^^^^^^^^^^^^^^^^^^^^^^^^ help: remove the condition
[INFO] [stdout] ...
[INFO] [stdout] 332 | impl_from_signed!(i8, i16, i32, i64, isize);
[INFO] [stdout]     | ------------------------------------------- in this macro invocation
[INFO] [stdout]     |
[INFO] [stdout]     = note: no expected values for `feature`
[INFO] [stdout]     = help: consider adding `arbitrary_precision` as a feature in `Cargo.toml`
[INFO] [stdout]     = note: see <https://doc.rust-lang.org/nightly/rustc/check-cfg/cargo-specifics.html> for more information about checking conditional configuration
[INFO] [stdout]     = note: this warning originates in the macro `impl_from_signed` (in Nightly builds, run with -Z macro-backtrace for more info)
[INFO] [stdout] 
[INFO] [stdout] 
[INFO] [stdout] warning: use of deprecated method `std::error::Error::description`: use the Display impl or to_string()
[INFO] [stdout]   --> src/configuration.rs:87:54
[INFO] [stdout]    |
[INFO] [stdout] 87 |                         error::ErrorKind::Other, err.description()
[INFO] [stdout]    |                                                      ^^^^^^^^^^^
[INFO] [stdout]    |
[INFO] [stdout]    = note: `#[warn(deprecated)]` on by default
[INFO] [stdout] 
[INFO] [stdout] 
[INFO] [stdout] warning: use of deprecated method `std::error::Error::description`: use the Display impl or to_string()
[INFO] [stdout]   --> src/configuration.rs:96:54
[INFO] [stdout]    |
[INFO] [stdout] 96 |                         error::ErrorKind::Other, err.description()
[INFO] [stdout]    |                                                      ^^^^^^^^^^^
[INFO] [stdout] 
[INFO] [stdout] 
[INFO] [stdout] warning: use of deprecated method `std::error::Error::description`: use the Display impl or to_string()
[INFO] [stdout]    --> src/configuration.rs:157:71
[INFO] [stdout]     |
[INFO] [stdout] 157 |                 error::Error::new(error::ErrorKind::MissingValue, err.description())
[INFO] [stdout]     |                                                                       ^^^^^^^^^^^
[INFO] [stdout] 
[INFO] [stdout] 
[INFO] [stdout] warning: use of deprecated method `std::error::Error::description`: use the Display impl or to_string()
[INFO] [stdout]    --> src/configuration.rs:230:24
[INFO] [stdout]     |
[INFO] [stdout] 230 |         assert_eq!(err.description(), "no extension available");
[INFO] [stdout]     |                        ^^^^^^^^^^^
[INFO] [stdout] 
[INFO] [stdout] 
[INFO] [stdout] warning: use of deprecated method `std::error::Error::description`: use the Display impl or to_string()
[INFO] [stdout]    --> src/configuration.rs:263:24
[INFO] [stdout]     |
[INFO] [stdout] 263 |         assert_eq!(err.description(), "extension's format is invalid");
[INFO] [stdout]     |                        ^^^^^^^^^^^
[INFO] [stdout] 
[INFO] [stdout] 
[INFO] [stdout] warning: use of deprecated method `std::error::Error::description`: use the Display impl or to_string()
[INFO] [stdout]    --> src/configuration.rs:287:24
[INFO] [stdout]     |
[INFO] [stdout] 287 |         assert_eq!(err.description(), "unimplemented format: unimp");
[INFO] [stdout]     |                        ^^^^^^^^^^^
[INFO] [stdout] 
[INFO] [stdout] 
[INFO] [stdout] warning: use of deprecated method `std::error::Error::description`: use the Display impl or to_string()
[INFO] [stdout]    --> src/error.rs:164:44
[INFO] [stdout]     |
[INFO] [stdout] 164 |             Repr::Custom(ref c) => c.error.description(),
[INFO] [stdout]     |                                            ^^^^^^^^^^^
[INFO] [stdout] 
[INFO] [stdout] 
[INFO] [stdout] warning: use of deprecated method `std::error::Error::description`: use the Display impl or to_string()
[INFO] [stdout]    --> src/error.rs:231:39
[INFO] [stdout]     |
[INFO] [stdout] 231 |         assert_eq!(ref_error.unwrap().description(), "test error");
[INFO] [stdout]     |                                       ^^^^^^^^^^^
[INFO] [stdout] 
[INFO] [stdout] 
[INFO] [stdout] warning: use of deprecated method `std::error::Error::description`: use the Display impl or to_string()
[INFO] [stdout]    --> src/error.rs:247:39
[INFO] [stdout]     |
[INFO] [stdout] 247 |         assert_eq!(ref_error.unwrap().description(), "test error");
[INFO] [stdout]     |                                       ^^^^^^^^^^^
[INFO] [stdout] 
[INFO] [stdout] 
[INFO] [stdout] warning: use of deprecated method `std::error::Error::description`: use the Display impl or to_string()
[INFO] [stdout]    --> src/error.rs:263:41
[INFO] [stdout]     |
[INFO] [stdout] 263 |         assert_eq!(inner_error.unwrap().description(), "test error");
[INFO] [stdout]     |                                         ^^^^^^^^^^^
[INFO] [stdout] 
[INFO] [stdout] 
[INFO] [stdout] warning: use of deprecated method `std::error::Error::description`: use the Display impl or to_string()
[INFO] [stdout]    --> src/error.rs:277:26
[INFO] [stdout]     |
[INFO] [stdout] 277 |         assert_eq!(error.description(), "test error");
[INFO] [stdout]     |                          ^^^^^^^^^^^
[INFO] [stdout] 
[INFO] [stdout] 
[INFO] [stdout] warning: use of deprecated method `std::error::Error::description`: use the Display impl or to_string()
[INFO] [stdout]    --> src/error.rs:284:26
[INFO] [stdout]     |
[INFO] [stdout] 284 |         assert_eq!(error.description(), ErrorKind::Other.as_str());
[INFO] [stdout]     |                          ^^^^^^^^^^^
[INFO] [stdout] 
[INFO] [stdout] 
[INFO] [stdout] warning: use of deprecated method `std::error::Error::description`: use the Display impl or to_string()
[INFO] [stdout]   --> src/factory.rs:75:99
[INFO] [stdout]    |
[INFO] [stdout] 75 |         for entry in path.read_dir().map_err(|err| error::Error::new(error::ErrorKind::Other, err.description()))? {
[INFO] [stdout]    |                                                                                                   ^^^^^^^^^^^
[INFO] [stdout] 
[INFO] [stdout] 
[INFO] [stdout] warning: use of deprecated method `std::error::Error::description`: use the Display impl or to_string()
[INFO] [stdout]   --> src/factory.rs:76:92
[INFO] [stdout]    |
[INFO] [stdout] 76 |             let entry = entry.map_err(|err| error::Error::new(error::ErrorKind::Other, err.description()))?;
[INFO] [stdout]    |                                                                                            ^^^^^^^^^^^
[INFO] [stdout] 
[INFO] [stdout] 
[INFO] [stdout] warning: use of deprecated method `std::error::Error::description`: use the Display impl or to_string()
[INFO] [stdout]   --> src/result.rs:36:40
[INFO] [stdout]    |
[INFO] [stdout] 36 |         assert_eq!(result.unwrap_err().description(), "other");
[INFO] [stdout]    |                                        ^^^^^^^^^^^
[INFO] [stdout] 
[INFO] [stdout] 
[INFO] [stdout] warning: use of deprecated method `std::error::Error::description`: use the Display impl or to_string()
[INFO] [stdout]   --> src/result.rs:41:40
[INFO] [stdout]    |
[INFO] [stdout] 41 |         assert_eq!(result.unwrap_err().description(), "test other");
[INFO] [stdout]    |                                        ^^^^^^^^^^^
[INFO] [stdout] 
[INFO] [stdout] 
[INFO] [stderr]     Finished `test` profile [unoptimized + debuginfo] target(s) in 2.73s
[INFO] [stderr] warning: the following packages contain code that will be rejected by a future version of Rust: traitobject v0.1.0
[INFO] [stderr] note: to see what the problems were, use the option `--future-incompat-report`, or run `cargo report future-incompatibilities --id 1`
[INFO] running `Command { std: "docker" "inspect" "79bce9ef2d853fbc86dabc9bbefb56e5b32e325417580042494d76f651e2a0ac", kill_on_drop: false }`
[INFO] running `Command { std: "docker" "rm" "-f" "79bce9ef2d853fbc86dabc9bbefb56e5b32e325417580042494d76f651e2a0ac", kill_on_drop: false }`
[INFO] [stdout] 79bce9ef2d853fbc86dabc9bbefb56e5b32e325417580042494d76f651e2a0ac
[INFO] running `Command { std: "docker" "create" "-v" "/var/lib/crater-agent-workspace/builds/worker-2-tc1/target:/opt/rustwide/target:rw,Z" "-v" "/var/lib/crater-agent-workspace/builds/worker-2-tc1/source:/opt/rustwide/workdir:ro,Z" "-v" "/var/lib/crater-agent-workspace/cargo-home:/opt/rustwide/cargo-home:ro,Z" "-v" "/var/lib/crater-agent-workspace/rustup-home:/opt/rustwide/rustup-home:ro,Z" "-e" "SOURCE_DIR=/opt/rustwide/workdir" "-e" "CARGO_TARGET_DIR=/opt/rustwide/target" "-e" "CARGO_INCREMENTAL=0" "-e" "RUST_BACKTRACE=full" "-e" "RUSTFLAGS=--cap-lints=forbid" "-e" "RUSTDOCFLAGS=--cap-lints=forbid" "-e" "CARGO_HOME=/opt/rustwide/cargo-home" "-e" "RUSTUP_HOME=/opt/rustwide/rustup-home" "-w" "/opt/rustwide/workdir" "-m" "1610612736" "--user" "0:0" "--network" "none" "ghcr.io/rust-lang/crates-build-env/linux@sha256:4a844ea9eb2546a2d2c7022eacef16ef2e8229c7fbb2c7d4d55a9ceca922f72d" "/opt/rustwide/cargo-home/bin/cargo" "+nightly-2024-10-28" "test" "--frozen", kill_on_drop: false }`
[INFO] [stdout] 54816b197f8e946cd7f64c8f16ecd2bda330da50861c6443df3370d11d1a4597
[INFO] running `Command { std: "docker" "start" "-a" "54816b197f8e946cd7f64c8f16ecd2bda330da50861c6443df3370d11d1a4597", kill_on_drop: false }`
[INFO] [stderr] warning: unexpected `cfg` condition value: `arbitrary_precision`
[INFO] [stderr]   --> src/value/number.rs:11:11
[INFO] [stderr]    |
[INFO] [stderr] 11 | #[cfg(not(feature = "arbitrary_precision"))]
[INFO] [stderr]    |           ^^^^^^^^^^^^^^^^^^^^^^^^^^^^^^^ help: remove the condition
[INFO] [stderr]    |
[INFO] [stderr]    = note: no expected values for `feature`
[INFO] [stderr]    = help: consider adding `arbitrary_precision` as a feature in `Cargo.toml`
[INFO] [stderr]    = note: see <https://doc.rust-lang.org/nightly/rustc/check-cfg/cargo-specifics.html> for more information about checking conditional configuration
[INFO] [stderr]    = note: `#[warn(unexpected_cfgs)]` on by default
[INFO] [stderr] 
[INFO] [stderr] warning: unexpected `cfg` condition value: `arbitrary_precision`
[INFO] [stderr]   --> src/value/number.rs:21:7
[INFO] [stderr]    |
[INFO] [stderr] 21 | #[cfg(feature = "arbitrary_precision")]
[INFO] [stderr]    |       ^^^^^^^^^^^^^^^^^^^^^^^^^^^^^^^ help: remove the condition
[INFO] [stderr]    |
[INFO] [stderr]    = note: no expected values for `feature`
[INFO] [stderr]    = help: consider adding `arbitrary_precision` as a feature in `Cargo.toml`
[INFO] [stderr]    = note: see <https://doc.rust-lang.org/nightly/rustc/check-cfg/cargo-specifics.html> for more information about checking conditional configuration
[INFO] [stderr] 
[INFO] [stderr] warning: unexpected `cfg` condition value: `arbitrary_precision`
[INFO] [stderr]    --> src/value/number.rs:167:11
[INFO] [stderr]     |
[INFO] [stderr] 167 |     #[cfg(feature = "arbitrary_precision")]
[INFO] [stderr]     |           ^^^^^^^^^^^^^^^^^^^^^^^^^^^^^^^ help: remove the condition
[INFO] [stderr]     |
[INFO] [stderr]     = note: no expected values for `feature`
[INFO] [stderr]     = help: consider adding `arbitrary_precision` as a feature in `Cargo.toml`
[INFO] [stderr]     = note: see <https://doc.rust-lang.org/nightly/rustc/check-cfg/cargo-specifics.html> for more information about checking conditional configuration
[INFO] [stderr] 
[INFO] [stderr] warning: unexpected `cfg` condition value: `arbitrary_precision`
[INFO] [stderr]   --> src/value/number.rs:50:19
[INFO] [stderr]    |
[INFO] [stderr] 50 |         #[cfg(not(feature = "arbitrary_precision"))]
[INFO] [stderr]    |                   ^^^^^^^^^^^^^^^^^^^^^^^^^^^^^^^ help: remove the condition
[INFO] [stderr]    |
[INFO] [stderr]    = note: no expected values for `feature`
[INFO] [stderr]    = help: consider adding `arbitrary_precision` as a feature in `Cargo.toml`
[INFO] [stderr]    = note: see <https://doc.rust-lang.org/nightly/rustc/check-cfg/cargo-specifics.html> for more information about checking conditional configuration
[INFO] [stderr] 
[INFO] [stderr] warning: unexpected `cfg` condition value: `arbitrary_precision`
[INFO] [stderr]   --> src/value/number.rs:56:15
[INFO] [stderr]    |
[INFO] [stderr] 56 |         #[cfg(feature = "arbitrary_precision")]
[INFO] [stderr]    |               ^^^^^^^^^^^^^^^^^^^^^^^^^^^^^^^ help: remove the condition
[INFO] [stderr]    |
[INFO] [stderr]    = note: no expected values for `feature`
[INFO] [stderr]    = help: consider adding `arbitrary_precision` as a feature in `Cargo.toml`
[INFO] [stderr]    = note: see <https://doc.rust-lang.org/nightly/rustc/check-cfg/cargo-specifics.html> for more information about checking conditional configuration
[INFO] [stderr] 
[INFO] [stderr] warning: unexpected `cfg` condition value: `arbitrary_precision`
[INFO] [stderr]   --> src/value/number.rs:66:19
[INFO] [stderr]    |
[INFO] [stderr] 66 |         #[cfg(not(feature = "arbitrary_precision"))]
[INFO] [stderr]    |                   ^^^^^^^^^^^^^^^^^^^^^^^^^^^^^^^ help: remove the condition
[INFO] [stderr]    |
[INFO] [stderr]    = note: no expected values for `feature`
[INFO] [stderr]    = help: consider adding `arbitrary_precision` as a feature in `Cargo.toml`
[INFO] [stderr]    = note: see <https://doc.rust-lang.org/nightly/rustc/check-cfg/cargo-specifics.html> for more information about checking conditional configuration
[INFO] [stderr] 
[INFO] [stderr] warning: unexpected `cfg` condition value: `arbitrary_precision`
[INFO] [stderr]   --> src/value/number.rs:71:15
[INFO] [stderr]    |
[INFO] [stderr] 71 |         #[cfg(feature = "arbitrary_precision")]
[INFO] [stderr]    |               ^^^^^^^^^^^^^^^^^^^^^^^^^^^^^^^ help: remove the condition
[INFO] [stderr]    |
[INFO] [stderr]    = note: no expected values for `feature`
[INFO] [stderr]    = help: consider adding `arbitrary_precision` as a feature in `Cargo.toml`
[INFO] [stderr]    = note: see <https://doc.rust-lang.org/nightly/rustc/check-cfg/cargo-specifics.html> for more information about checking conditional configuration
[INFO] [stderr] 
[INFO] [stderr] warning: unexpected `cfg` condition value: `arbitrary_precision`
[INFO] [stderr]   --> src/value/number.rs:84:19
[INFO] [stderr]    |
[INFO] [stderr] 84 |         #[cfg(not(feature = "arbitrary_precision"))]
[INFO] [stderr]    |                   ^^^^^^^^^^^^^^^^^^^^^^^^^^^^^^^ help: remove the condition
[INFO] [stderr]    |
[INFO] [stderr]    = note: no expected values for `feature`
[INFO] [stderr]    = help: consider adding `arbitrary_precision` as a feature in `Cargo.toml`
[INFO] [stderr]    = note: see <https://doc.rust-lang.org/nightly/rustc/check-cfg/cargo-specifics.html> for more information about checking conditional configuration
[INFO] [stderr] 
[INFO] [stderr] warning: unexpected `cfg` condition value: `arbitrary_precision`
[INFO] [stderr]   --> src/value/number.rs:89:15
[INFO] [stderr]    |
[INFO] [stderr] 89 |         #[cfg(feature = "arbitrary_precision")]
[INFO] [stderr]    |               ^^^^^^^^^^^^^^^^^^^^^^^^^^^^^^^ help: remove the condition
[INFO] [stderr]    |
[INFO] [stderr]    = note: no expected values for `feature`
[INFO] [stderr]    = help: consider adding `arbitrary_precision` as a feature in `Cargo.toml`
[INFO] [stderr]    = note: see <https://doc.rust-lang.org/nightly/rustc/check-cfg/cargo-specifics.html> for more information about checking conditional configuration
[INFO] [stderr] 
[INFO] [stderr] warning: unexpected `cfg` condition value: `arbitrary_precision`
[INFO] [stderr]    --> src/value/number.rs:104:19
[INFO] [stderr]     |
[INFO] [stderr] 104 |         #[cfg(not(feature = "arbitrary_precision"))]
[INFO] [stderr]     |                   ^^^^^^^^^^^^^^^^^^^^^^^^^^^^^^^ help: remove the condition
[INFO] [stderr]     |
[INFO] [stderr]     = note: no expected values for `feature`
[INFO] [stderr]     = help: consider adding `arbitrary_precision` as a feature in `Cargo.toml`
[INFO] [stderr]     = note: see <https://doc.rust-lang.org/nightly/rustc/check-cfg/cargo-specifics.html> for more information about checking conditional configuration
[INFO] [stderr] 
[INFO] [stderr] warning: unexpected `cfg` condition value: `arbitrary_precision`
[INFO] [stderr]    --> src/value/number.rs:116:15
[INFO] [stderr]     |
[INFO] [stderr] 116 |         #[cfg(feature = "arbitrary_precision")]
[INFO] [stderr]     |               ^^^^^^^^^^^^^^^^^^^^^^^^^^^^^^^ help: remove the condition
[INFO] [stderr]     |
[INFO] [stderr]     = note: no expected values for `feature`
[INFO] [stderr]     = help: consider adding `arbitrary_precision` as a feature in `Cargo.toml`
[INFO] [stderr]     = note: see <https://doc.rust-lang.org/nightly/rustc/check-cfg/cargo-specifics.html> for more information about checking conditional configuration
[INFO] [stderr] 
[INFO] [stderr] warning: unexpected `cfg` condition value: `arbitrary_precision`
[INFO] [stderr]    --> src/value/number.rs:124:19
[INFO] [stderr]     |
[INFO] [stderr] 124 |         #[cfg(not(feature = "arbitrary_precision"))]
[INFO] [stderr]     |                   ^^^^^^^^^^^^^^^^^^^^^^^^^^^^^^^ help: remove the condition
[INFO] [stderr]     |
[INFO] [stderr]     = note: no expected values for `feature`
[INFO] [stderr]     = help: consider adding `arbitrary_precision` as a feature in `Cargo.toml`
[INFO] [stderr]     = note: see <https://doc.rust-lang.org/nightly/rustc/check-cfg/cargo-specifics.html> for more information about checking conditional configuration
[INFO] [stderr] 
[INFO] [stderr] warning: unexpected `cfg` condition value: `arbitrary_precision`
[INFO] [stderr]    --> src/value/number.rs:129:15
[INFO] [stderr]     |
[INFO] [stderr] 129 |         #[cfg(feature = "arbitrary_precision")]
[INFO] [stderr]     |               ^^^^^^^^^^^^^^^^^^^^^^^^^^^^^^^ help: remove the condition
[INFO] [stderr]     |
[INFO] [stderr]     = note: no expected values for `feature`
[INFO] [stderr]     = help: consider adding `arbitrary_precision` as a feature in `Cargo.toml`
[INFO] [stderr]     = note: see <https://doc.rust-lang.org/nightly/rustc/check-cfg/cargo-specifics.html> for more information about checking conditional configuration
[INFO] [stderr] 
[INFO] [stderr] warning: unexpected `cfg` condition value: `arbitrary_precision`
[INFO] [stderr]    --> src/value/number.rs:136:19
[INFO] [stderr]     |
[INFO] [stderr] 136 |         #[cfg(not(feature = "arbitrary_precision"))]
[INFO] [stderr]     |                   ^^^^^^^^^^^^^^^^^^^^^^^^^^^^^^^ help: remove the condition
[INFO] [stderr]     |
[INFO] [stderr]     = note: no expected values for `feature`
[INFO] [stderr]     = help: consider adding `arbitrary_precision` as a feature in `Cargo.toml`
[INFO] [stderr]     = note: see <https://doc.rust-lang.org/nightly/rustc/check-cfg/cargo-specifics.html> for more information about checking conditional configuration
[INFO] [stderr] 
[INFO] [stderr] warning: unexpected `cfg` condition value: `arbitrary_precision`
[INFO] [stderr]    --> src/value/number.rs:142:15
[INFO] [stderr]     |
[INFO] [stderr] 142 |         #[cfg(feature = "arbitrary_precision")]
[INFO] [stderr]     |               ^^^^^^^^^^^^^^^^^^^^^^^^^^^^^^^ help: remove the condition
[INFO] [stderr]     |
[INFO] [stderr]     = note: no expected values for `feature`
[INFO] [stderr]     = help: consider adding `arbitrary_precision` as a feature in `Cargo.toml`
[INFO] [stderr]     = note: see <https://doc.rust-lang.org/nightly/rustc/check-cfg/cargo-specifics.html> for more information about checking conditional configuration
[INFO] [stderr] 
[INFO] [stderr] warning: unexpected `cfg` condition value: `arbitrary_precision`
[INFO] [stderr]    --> src/value/number.rs:152:27
[INFO] [stderr]     |
[INFO] [stderr] 152 |                 #[cfg(not(feature = "arbitrary_precision"))]
[INFO] [stderr]     |                           ^^^^^^^^^^^^^^^^^^^^^^^^^^^^^^^ help: remove the condition
[INFO] [stderr]     |
[INFO] [stderr]     = note: no expected values for `feature`
[INFO] [stderr]     = help: consider adding `arbitrary_precision` as a feature in `Cargo.toml`
[INFO] [stderr]     = note: see <https://doc.rust-lang.org/nightly/rustc/check-cfg/cargo-specifics.html> for more information about checking conditional configuration
[INFO] [stderr] 
[INFO] [stderr] warning: unexpected `cfg` condition value: `arbitrary_precision`
[INFO] [stderr]    --> src/value/number.rs:156:23
[INFO] [stderr]     |
[INFO] [stderr] 156 |                 #[cfg(feature = "arbitrary_precision")]
[INFO] [stderr]     |                       ^^^^^^^^^^^^^^^^^^^^^^^^^^^^^^^ help: remove the condition
[INFO] [stderr]     |
[INFO] [stderr]     = note: no expected values for `feature`
[INFO] [stderr]     = help: consider adding `arbitrary_precision` as a feature in `Cargo.toml`
[INFO] [stderr]     = note: see <https://doc.rust-lang.org/nightly/rustc/check-cfg/cargo-specifics.html> for more information about checking conditional configuration
[INFO] [stderr] 
[INFO] [stderr] warning: unexpected `cfg` condition value: `arbitrary_precision`
[INFO] [stderr]    --> src/value/number.rs:288:35
[INFO] [stderr]     |
[INFO] [stderr] 288 |                         #[cfg(not(feature = "arbitrary_precision"))]
[INFO] [stderr]     |                                   ^^^^^^^^^^^^^^^^^^^^^^^^^^^^^^^ help: remove the condition
[INFO] [stderr] ...
[INFO] [stderr] 331 | impl_from_unsigned!(u8, u16, u32, u64, usize);
[INFO] [stderr]     | --------------------------------------------- in this macro invocation
[INFO] [stderr]     |
[INFO] [stderr]     = note: no expected values for `feature`
[INFO] [stderr]     = help: consider adding `arbitrary_precision` as a feature in `Cargo.toml`
[INFO] [stderr]     = note: see <https://doc.rust-lang.org/nightly/rustc/check-cfg/cargo-specifics.html> for more information about checking conditional configuration
[INFO] [stderr]     = note: this warning originates in the macro `impl_from_unsigned` (in Nightly builds, run with -Z macro-backtrace for more info)
[INFO] [stderr] 
[INFO] [stderr] warning: unexpected `cfg` condition value: `arbitrary_precision`
[INFO] [stderr]    --> src/value/number.rs:290:31
[INFO] [stderr]     |
[INFO] [stderr] 290 |                         #[cfg(feature = "arbitrary_precision")]
[INFO] [stderr]     |                               ^^^^^^^^^^^^^^^^^^^^^^^^^^^^^^^ help: remove the condition
[INFO] [stderr] ...
[INFO] [stderr] 331 | impl_from_unsigned!(u8, u16, u32, u64, usize);
[INFO] [stderr]     | --------------------------------------------- in this macro invocation
[INFO] [stderr]     |
[INFO] [stderr]     = note: no expected values for `feature`
[INFO] [stderr]     = help: consider adding `arbitrary_precision` as a feature in `Cargo.toml`
[INFO] [stderr]     = note: see <https://doc.rust-lang.org/nightly/rustc/check-cfg/cargo-specifics.html> for more information about checking conditional configuration
[INFO] [stderr]     = note: this warning originates in the macro `impl_from_unsigned` (in Nightly builds, run with -Z macro-backtrace for more info)
[INFO] [stderr] 
[INFO] [stderr] warning: unexpected `cfg` condition value: `arbitrary_precision`
[INFO] [stderr]    --> src/value/number.rs:311:35
[INFO] [stderr]     |
[INFO] [stderr] 311 |                         #[cfg(not(feature = "arbitrary_precision"))]
[INFO] [stderr]     |                                   ^^^^^^^^^^^^^^^^^^^^^^^^^^^^^^^ help: remove the condition
[INFO] [stderr] ...
[INFO] [stderr] 332 | impl_from_signed!(i8, i16, i32, i64, isize);
[INFO] [stderr]     | ------------------------------------------- in this macro invocation
[INFO] [stderr]     |
[INFO] [stderr]     = note: no expected values for `feature`
[INFO] [stderr]     = help: consider adding `arbitrary_precision` as a feature in `Cargo.toml`
[INFO] [stderr]     = note: see <https://doc.rust-lang.org/nightly/rustc/check-cfg/cargo-specifics.html> for more information about checking conditional configuration
[INFO] [stderr]     = note: this warning originates in the macro `impl_from_signed` (in Nightly builds, run with -Z macro-backtrace for more info)
[INFO] [stderr] 
[INFO] [stderr] warning: unexpected `cfg` condition value: `arbitrary_precision`
[INFO] [stderr]    --> src/value/number.rs:319:31
[INFO] [stderr]     |
[INFO] [stderr] 319 |                         #[cfg(feature = "arbitrary_precision")]
[INFO] [stderr]     |                               ^^^^^^^^^^^^^^^^^^^^^^^^^^^^^^^ help: remove the condition
[INFO] [stderr] ...
[INFO] [stderr] 332 | impl_from_signed!(i8, i16, i32, i64, isize);
[INFO] [stderr]     | ------------------------------------------- in this macro invocation
[INFO] [stderr]     |
[INFO] [stderr]     = note: no expected values for `feature`
[INFO] [stderr]     = help: consider adding `arbitrary_precision` as a feature in `Cargo.toml`
[INFO] [stderr]     = note: see <https://doc.rust-lang.org/nightly/rustc/check-cfg/cargo-specifics.html> for more information about checking conditional configuration
[INFO] [stderr]     = note: this warning originates in the macro `impl_from_signed` (in Nightly builds, run with -Z macro-backtrace for more info)
[INFO] [stderr] 
[INFO] [stderr] warning: use of deprecated method `std::error::Error::description`: use the Display impl or to_string()
[INFO] [stderr]   --> src/configuration.rs:87:54
[INFO] [stderr]    |
[INFO] [stderr] 87 |                         error::ErrorKind::Other, err.description()
[INFO] [stderr]    |                                                      ^^^^^^^^^^^
[INFO] [stderr]    |
[INFO] [stderr]    = note: `#[warn(deprecated)]` on by default
[INFO] [stderr] 
[INFO] [stderr] warning: use of deprecated method `std::error::Error::description`: use the Display impl or to_string()
[INFO] [stderr]   --> src/configuration.rs:96:54
[INFO] [stderr]    |
[INFO] [stderr] 96 |                         error::ErrorKind::Other, err.description()
[INFO] [stderr]    |                                                      ^^^^^^^^^^^
[INFO] [stderr] 
[INFO] [stderr] warning: use of deprecated method `std::error::Error::description`: use the Display impl or to_string()
[INFO] [stderr]    --> src/configuration.rs:157:71
[INFO] [stderr]     |
[INFO] [stderr] 157 |                 error::Error::new(error::ErrorKind::MissingValue, err.description())
[INFO] [stderr]     |                                                                       ^^^^^^^^^^^
[INFO] [stderr] 
[INFO] [stderr] warning: use of deprecated method `std::error::Error::description`: use the Display impl or to_string()
[INFO] [stderr]    --> src/error.rs:164:44
[INFO] [stderr]     |
[INFO] [stderr] 164 |             Repr::Custom(ref c) => c.error.description(),
[INFO] [stderr]     |                                            ^^^^^^^^^^^
[INFO] [stderr] 
[INFO] [stderr] warning: use of deprecated method `std::error::Error::description`: use the Display impl or to_string()
[INFO] [stderr]   --> src/factory.rs:75:99
[INFO] [stderr]    |
[INFO] [stderr] 75 |         for entry in path.read_dir().map_err(|err| error::Error::new(error::ErrorKind::Other, err.description()))? {
[INFO] [stderr]    |                                                                                                   ^^^^^^^^^^^
[INFO] [stderr] 
[INFO] [stderr] warning: use of deprecated method `std::error::Error::description`: use the Display impl or to_string()
[INFO] [stderr]   --> src/factory.rs:76:92
[INFO] [stderr]    |
[INFO] [stderr] 76 |             let entry = entry.map_err(|err| error::Error::new(error::ErrorKind::Other, err.description()))?;
[INFO] [stderr]    |                                                                                            ^^^^^^^^^^^
[INFO] [stderr] 
[INFO] [stderr] warning: use of deprecated method `std::error::Error::description`: use the Display impl or to_string()
[INFO] [stderr]    --> src/configuration.rs:230:24
[INFO] [stderr]     |
[INFO] [stderr] 230 |         assert_eq!(err.description(), "no extension available");
[INFO] [stderr]     |                        ^^^^^^^^^^^
[INFO] [stderr] 
[INFO] [stderr] warning: use of deprecated method `std::error::Error::description`: use the Display impl or to_string()
[INFO] [stderr]    --> src/configuration.rs:263:24
[INFO] [stderr]     |
[INFO] [stderr] 263 |         assert_eq!(err.description(), "extension's format is invalid");
[INFO] [stderr]     |                        ^^^^^^^^^^^
[INFO] [stderr] 
[INFO] [stderr] warning: use of deprecated method `std::error::Error::description`: use the Display impl or to_string()
[INFO] [stderr]    --> src/configuration.rs:287:24
[INFO] [stderr]     |
[INFO] [stderr] 287 |         assert_eq!(err.description(), "unimplemented format: unimp");
[INFO] [stderr]     |                        ^^^^^^^^^^^
[INFO] [stderr] 
[INFO] [stderr] warning: use of deprecated method `std::error::Error::description`: use the Display impl or to_string()
[INFO] [stderr]    --> src/error.rs:231:39
[INFO] [stderr]     |
[INFO] [stderr] 231 |         assert_eq!(ref_error.unwrap().description(), "test error");
[INFO] [stderr]     |                                       ^^^^^^^^^^^
[INFO] [stderr] 
[INFO] [stderr] warning: use of deprecated method `std::error::Error::description`: use the Display impl or to_string()
[INFO] [stderr]    --> src/error.rs:247:39
[INFO] [stderr]     |
[INFO] [stderr] 247 |         assert_eq!(ref_error.unwrap().description(), "test error");
[INFO] [stderr]     |                                       ^^^^^^^^^^^
[INFO] [stderr] 
[INFO] [stderr] warning: use of deprecated method `std::error::Error::description`: use the Display impl or to_string()
[INFO] [stderr]    --> src/error.rs:263:41
[INFO] [stderr]     |
[INFO] [stderr] 263 |         assert_eq!(inner_error.unwrap().description(), "test error");
[INFO] [stderr]     |                                         ^^^^^^^^^^^
[INFO] [stderr] 
[INFO] [stderr] warning: use of deprecated method `std::error::Error::description`: use the Display impl or to_string()
[INFO] [stderr]    --> src/error.rs:277:26
[INFO] [stderr]     |
[INFO] [stderr] 277 |         assert_eq!(error.description(), "test error");
[INFO] [stderr]     |                          ^^^^^^^^^^^
[INFO] [stderr] 
[INFO] [stderr] warning: use of deprecated method `std::error::Error::description`: use the Display impl or to_string()
[INFO] [stderr]    --> src/error.rs:284:26
[INFO] [stderr]     |
[INFO] [stderr] 284 |         assert_eq!(error.description(), ErrorKind::Other.as_str());
[INFO] [stderr]     |                          ^^^^^^^^^^^
[INFO] [stderr] 
[INFO] [stderr] warning: use of deprecated method `std::error::Error::description`: use the Display impl or to_string()
[INFO] [stderr]   --> src/result.rs:36:40
[INFO] [stderr]    |
[INFO] [stderr] 36 |         assert_eq!(result.unwrap_err().description(), "other");
[INFO] [stderr]    |                                        ^^^^^^^^^^^
[INFO] [stderr] 
[INFO] [stderr] warning: use of deprecated method `std::error::Error::description`: use the Display impl or to_string()
[INFO] [stderr]   --> src/result.rs:41:40
[INFO] [stderr]    |
[INFO] [stderr] 41 |         assert_eq!(result.unwrap_err().description(), "test other");
[INFO] [stderr]    |                                        ^^^^^^^^^^^
[INFO] [stderr] 
[INFO] [stderr] warning: `rocket-config` (lib) generated 27 warnings
[INFO] [stderr] warning: `rocket-config` (lib test) generated 37 warnings (27 duplicates)
[INFO] [stderr]     Finished `test` profile [unoptimized + debuginfo] target(s) in 0.07s
[INFO] [stderr] warning: the following packages contain code that will be rejected by a future version of Rust: traitobject v0.1.0
[INFO] [stderr] note: to see what the problems were, use the option `--future-incompat-report`, or run `cargo report future-incompatibilities --id 1`
[INFO] [stderr]      Running unittests src/lib.rs (/opt/rustwide/target/debug/deps/rocket_config-a51f0f695b41e4df)
[INFO] [stdout] 
[INFO] [stdout] running 37 tests
[INFO] [stdout] test configuration::tests::configuration ... ok
[INFO] [stdout] test error::tests::custom ... ok
[INFO] [stdout] test configuration::tests::unimplemented_extension ... ok
[INFO] [stdout] test error::tests::assert_error_is_sync_send ... ok
[INFO] [stdout] test configuration::tests::invalid_extension ... ok
[INFO] [stdout] test error::tests::custom_debug ... ok
[INFO] [stdout] test configuration::tests::missing_extension ... ok
[INFO] [stdout] test configuration::tests::valid_json ... ok
[INFO] [stdout] test error::tests::custom_description ... ok
[INFO] [stdout] test configuration::tests::valid_yaml ... ok
[INFO] [stdout] test error::tests::custom_cause ... ok
[INFO] [stdout] test error::tests::custom_get_ref ... ok
[INFO] [stdout] test error::tests::custom_get_mut ... ok
[INFO] [stdout] test error::tests::custom_display ... ok
[INFO] [stdout] test error::tests::custom_into_inner ... ok
[INFO] [stdout] test error::tests::custom_source ... ok
[INFO] [stdout] test error::tests::errorkind_as_str ... ok
[INFO] [stdout] test error::tests::simple ... ok
[INFO] [stdout] test error::tests::simple_cause ... ok
[INFO] [stdout] test error::tests::simple_debug ... ok
[INFO] [stdout] test error::tests::simple_description ... ok
[INFO] [stdout] test error::tests::simple_get_mut ... ok
[INFO] [stdout] test error::tests::simple_display ... ok
[INFO] [stdout] test error::tests::simple_into_inner ... ok
[INFO] [stdout] test error::tests::simple_get_ref ... ok
[INFO] [stdout] test error::tests::simple_source ... ok
[INFO] [stdout] test value::value::tests::array_value ... ok
[INFO] [stdout] test value::value::tests::bool_value ... ok
[INFO] [stdout] test result::tests::result ... ok
[INFO] [stdout] test value::value::tests::from_json_value ... ok
[INFO] [stdout] test value::value::tests::number_value ... ok
[INFO] [stdout] test value::value::tests::from_yaml_value ... ok
[INFO] [stdout] test value::value::tests::null_value ... ok
[INFO] [stdout] test value::value::tests::string_value ... ok
[INFO] [stdout] test value::value::tests::object_value ... ok
[INFO] [stdout] test factory::tests::load ... ok
[INFO] [stdout] test factory::tests::is_file_handled ... ok
[INFO] [stdout] 
[INFO] [stdout] test result: ok. 37 passed; 0 failed; 0 ignored; 0 measured; 0 filtered out; finished in 0.00s
[INFO] [stdout] 
[INFO] [stderr]      Running tests/rocket.rs (/opt/rustwide/target/debug/deps/rocket-f8e19bb531dcf198)
[INFO] [stdout] 
[INFO] [stdout] running 1 test
[INFO] [stdout] test rocket_test ... FAILED
[INFO] [stdout] 
[INFO] [stdout] failures:
[INFO] [stdout] 
[INFO] [stdout] ---- rocket_test stdout ----
[INFO] [stdout] Configured for development.
[INFO] [stdout]     => address: localhost
[INFO] [stdout]     => port: 8000
[INFO] [stdout]     => log: normal
[INFO] [stdout]     => workers: 32
[INFO] [stdout]     => secret key: generated
[INFO] [stdout]     => limits: forms = 32KiB
[INFO] [stdout]     => keep-alive: 5s
[INFO] [stdout]     => read timeout: 5s
[INFO] [stdout]     => write timeout: 5s
[INFO] [stdout]     => tls: disabled
[INFO] [stdout] Mounting /hello:
[INFO] [stdout]     => GET /hello/<name>/<age> (hello)
[INFO] [stdout] GET /hello/John%20Doe/37:
[INFO] [stdout]     => Matched: GET /hello/<name>/<age> (hello)
[INFO] [stdout]     => Outcome: Failure
[INFO] [stdout]     => Warning: Responding with 500 Internal Server Error catcher.
[INFO] [stdout] thread 'rocket_test' panicked at tests/rocket.rs:213:9:
[INFO] [stdout] assertion `left == right` failed
[INFO] [stdout]   left: "\n            <!DOCTYPE html>\n            <html lang=\"en\">\n            <head>\n                <meta charset=\"utf-8\">\n                <title>500 Internal Server Error</title>\n            </head>\n            <body align=\"center\">\n                <div role=\"main\" align=\"center\">\n                    <h1>500: Internal Server Error</h1>\n                    <p>The server encountered an internal error\n                while processing this request.</p>\n                    <hr />\n                </div>\n                <div role=\"contentinfo\" align=\"center\">\n                    <small>Rocket</small>\n                </div>\n            </body>\n            </html>\n        "
[INFO] [stdout]  right: "Hello, 37 year old named John Doe!"
[INFO] [stdout] stack backtrace:
[INFO] [stdout]    0:     0x5628ade7592a - std::backtrace_rs::backtrace::libunwind::trace::h207520d6e9873551
[INFO] [stdout]                                at /rustc/df4ca44d3fbc9301ee17f30f4d474e6ae4b05252/library/std/src/../../backtrace/src/backtrace/libunwind.rs:116:5
[INFO] [stdout]    1:     0x5628ade7592a - std::backtrace_rs::backtrace::trace_unsynchronized::h2ed7433f370e3eca
[INFO] [stdout]                                at /rustc/df4ca44d3fbc9301ee17f30f4d474e6ae4b05252/library/std/src/../../backtrace/src/backtrace/mod.rs:66:5
[INFO] [stdout]    2:     0x5628ade7592a - std::sys::backtrace::_print_fmt::h916fac51166b18d7
[INFO] [stdout]                                at /rustc/df4ca44d3fbc9301ee17f30f4d474e6ae4b05252/library/std/src/sys/backtrace.rs:66:9
[INFO] [stdout]    3:     0x5628ade7592a - <std::sys::backtrace::BacktraceLock::print::DisplayBacktrace as core::fmt::Display>::fmt::ha0a4c9b8ce3802e6
[INFO] [stdout]                                at /rustc/df4ca44d3fbc9301ee17f30f4d474e6ae4b05252/library/std/src/sys/backtrace.rs:39:26
[INFO] [stdout]    4:     0x5628adea1503 - core::fmt::rt::Argument::fmt::h4cfc8587d52b3eb5
[INFO] [stdout]                                at /rustc/df4ca44d3fbc9301ee17f30f4d474e6ae4b05252/library/core/src/fmt/rt.rs:177:76
[INFO] [stdout]    5:     0x5628adea1503 - core::fmt::write::h522cc39e5b36ae9f
[INFO] [stdout]                                at /rustc/df4ca44d3fbc9301ee17f30f4d474e6ae4b05252/library/core/src/fmt/mod.rs:1190:21
[INFO] [stdout]    6:     0x5628ade71903 - std::io::Write::write_fmt::h7d3c26752da97734
[INFO] [stdout]                                at /rustc/df4ca44d3fbc9301ee17f30f4d474e6ae4b05252/library/std/src/io/mod.rs:1839:15
[INFO] [stdout]    7:     0x5628ade75772 - std::sys::backtrace::BacktraceLock::print::h4b9e00b29e9c0942
[INFO] [stdout]                                at /rustc/df4ca44d3fbc9301ee17f30f4d474e6ae4b05252/library/std/src/sys/backtrace.rs:42:9
[INFO] [stdout]    8:     0x5628ade76dba - std::panicking::default_hook::{{closure}}::hb59b88280d0324d9
[INFO] [stdout]                                at /rustc/df4ca44d3fbc9301ee17f30f4d474e6ae4b05252/library/std/src/panicking.rs:268:22
[INFO] [stdout]    9:     0x5628ade76bc4 - std::panicking::default_hook::he1dd496665be4a29
[INFO] [stdout]                                at /rustc/df4ca44d3fbc9301ee17f30f4d474e6ae4b05252/library/std/src/panicking.rs:292:9
[INFO] [stdout]   10:     0x5628adc125e9 - <alloc::boxed::Box<F,A> as core::ops::function::Fn<Args>>::call::h4ff71de18744e1dc
[INFO] [stdout]                                at /rustc/df4ca44d3fbc9301ee17f30f4d474e6ae4b05252/library/alloc/src/boxed.rs:2468:9
[INFO] [stdout]   11:     0x5628adc125e9 - test::test_main::{{closure}}::hcf7c055ce117aa81
[INFO] [stdout]                                at /rustc/df4ca44d3fbc9301ee17f30f4d474e6ae4b05252/library/test/src/lib.rs:133:21
[INFO] [stdout]   12:     0x5628ade774b8 - <alloc::boxed::Box<F,A> as core::ops::function::Fn<Args>>::call::h1d66c6bbd60c9692
[INFO] [stdout]                                at /rustc/df4ca44d3fbc9301ee17f30f4d474e6ae4b05252/library/alloc/src/boxed.rs:2468:9
[INFO] [stdout]   13:     0x5628ade774b8 - std::panicking::rust_panic_with_hook::h2ff17fe8f26dfcf8
[INFO] [stdout]                                at /rustc/df4ca44d3fbc9301ee17f30f4d474e6ae4b05252/library/std/src/panicking.rs:809:13
[INFO] [stdout]   14:     0x5628ade7727a - std::panicking::begin_panic_handler::{{closure}}::h4fad77951c07e101
[INFO] [stdout]                                at /rustc/df4ca44d3fbc9301ee17f30f4d474e6ae4b05252/library/std/src/panicking.rs:674:13
[INFO] [stdout]   15:     0x5628ade75e09 - std::sys::backtrace::__rust_end_short_backtrace::hb1a25b3da5d0ea08
[INFO] [stdout]                                at /rustc/df4ca44d3fbc9301ee17f30f4d474e6ae4b05252/library/std/src/sys/backtrace.rs:170:18
[INFO] [stdout]   16:     0x5628ade76f0c - rust_begin_unwind
[INFO] [stdout]                                at /rustc/df4ca44d3fbc9301ee17f30f4d474e6ae4b05252/library/std/src/panicking.rs:665:5
[INFO] [stdout]   17:     0x5628ade9f360 - core::panicking::panic_fmt::ha9db07b529f9b256
[INFO] [stdout]                                at /rustc/df4ca44d3fbc9301ee17f30f4d474e6ae4b05252/library/core/src/panicking.rs:75:14
[INFO] [stdout]   18:     0x5628ade9f72b - core::panicking::assert_failed_inner::h04f38944d74a80a8
[INFO] [stdout]   19:     0x5628adbc6fb6 - core::panicking::assert_failed::h5bf44e870c2bb645
[INFO] [stdout]                                at /rustc/df4ca44d3fbc9301ee17f30f4d474e6ae4b05252/library/core/src/panicking.rs:377:5
[INFO] [stdout]   20:     0x5628adbd2f78 - rocket::rocket_test::hdcba3dca55d4bdeb
[INFO] [stdout]                                at /opt/rustwide/workdir/tests/rocket.rs:213:9
[INFO] [stdout]   21:     0x5628adbd18a7 - rocket::rocket_test::{{closure}}::h553d60771fc6e8fc
[INFO] [stdout]                                at /opt/rustwide/workdir/tests/rocket.rs:189:17
[INFO] [stdout]   22:     0x5628adbc5796 - core::ops::function::FnOnce::call_once::h22b6d35ae9904081
[INFO] [stdout]                                at /rustc/df4ca44d3fbc9301ee17f30f4d474e6ae4b05252/library/core/src/ops/function.rs:250:5
[INFO] [stdout]   23:     0x5628adc16ebb - core::ops::function::FnOnce::call_once::h22c3ba5715e93f05
[INFO] [stdout]                                at /rustc/df4ca44d3fbc9301ee17f30f4d474e6ae4b05252/library/core/src/ops/function.rs:250:5
[INFO] [stdout]   24:     0x5628adc16ebb - test::__rust_begin_short_backtrace::h8e82d8113d0da17f
[INFO] [stdout]                                at /rustc/df4ca44d3fbc9301ee17f30f4d474e6ae4b05252/library/test/src/lib.rs:621:18
[INFO] [stdout]   25:     0x5628adc16837 - test::run_test_in_process::{{closure}}::h33235f4f20b7b7c7
[INFO] [stdout]                                at /rustc/df4ca44d3fbc9301ee17f30f4d474e6ae4b05252/library/test/src/lib.rs:644:60
[INFO] [stdout]   26:     0x5628adc16837 - <core::panic::unwind_safe::AssertUnwindSafe<F> as core::ops::function::FnOnce<()>>::call_once::hb5043206310c586f
[INFO] [stdout]                                at /rustc/df4ca44d3fbc9301ee17f30f4d474e6ae4b05252/library/core/src/panic/unwind_safe.rs:272:9
[INFO] [stdout]   27:     0x5628adc16837 - std::panicking::try::do_call::h9ad4731a60ab23e2
[INFO] [stdout]                                at /rustc/df4ca44d3fbc9301ee17f30f4d474e6ae4b05252/library/std/src/panicking.rs:557:40
[INFO] [stdout]   28:     0x5628adc16837 - std::panicking::try::h3824d23db772a716
[INFO] [stdout]                                at /rustc/df4ca44d3fbc9301ee17f30f4d474e6ae4b05252/library/std/src/panicking.rs:520:19
[INFO] [stdout]   29:     0x5628adc16837 - std::panic::catch_unwind::h5afd514605fde46b
[INFO] [stdout]                                at /rustc/df4ca44d3fbc9301ee17f30f4d474e6ae4b05252/library/std/src/panic.rs:358:14
[INFO] [stdout]   30:     0x5628adc16837 - test::run_test_in_process::h0d5cbfa7067d1720
[INFO] [stdout]                                at /rustc/df4ca44d3fbc9301ee17f30f4d474e6ae4b05252/library/test/src/lib.rs:644:27
[INFO] [stdout]   31:     0x5628adc16837 - test::run_test::{{closure}}::h708eb8872708115d
[INFO] [stdout]                                at /rustc/df4ca44d3fbc9301ee17f30f4d474e6ae4b05252/library/test/src/lib.rs:565:43
[INFO] [stdout]   32:     0x5628adbd9f54 - test::run_test::{{closure}}::h392c51cee94713ab
[INFO] [stdout]                                at /rustc/df4ca44d3fbc9301ee17f30f4d474e6ae4b05252/library/test/src/lib.rs:595:41
[INFO] [stdout]   33:     0x5628adbd9f54 - std::sys::backtrace::__rust_begin_short_backtrace::h2f40290710935a8b
[INFO] [stdout]                                at /rustc/df4ca44d3fbc9301ee17f30f4d474e6ae4b05252/library/std/src/sys/backtrace.rs:154:18
[INFO] [stdout]   34:     0x5628adbdd6fe - std::thread::Builder::spawn_unchecked_::{{closure}}::{{closure}}::h3fd968d89053a903
[INFO] [stdout]                                at /rustc/df4ca44d3fbc9301ee17f30f4d474e6ae4b05252/library/std/src/thread/mod.rs:541:17
[INFO] [stdout]   35:     0x5628adbdd6fe - <core::panic::unwind_safe::AssertUnwindSafe<F> as core::ops::function::FnOnce<()>>::call_once::h743f637ba4229880
[INFO] [stdout]                                at /rustc/df4ca44d3fbc9301ee17f30f4d474e6ae4b05252/library/core/src/panic/unwind_safe.rs:272:9
[INFO] [stdout]   36:     0x5628adbdd6fe - std::panicking::try::do_call::h07440897322525a6
[INFO] [stdout]                                at /rustc/df4ca44d3fbc9301ee17f30f4d474e6ae4b05252/library/std/src/panicking.rs:557:40
[INFO] [stdout]   37:     0x5628adbdd6fe - std::panicking::try::he5a2e00188156637
[INFO] [stdout]                                at /rustc/df4ca44d3fbc9301ee17f30f4d474e6ae4b05252/library/std/src/panicking.rs:520:19
[INFO] [stdout]   38:     0x5628adbdd6fe - std::panic::catch_unwind::hbaf3cae49b3c6433
[INFO] [stdout]                                at /rustc/df4ca44d3fbc9301ee17f30f4d474e6ae4b05252/library/std/src/panic.rs:358:14
[INFO] [stdout]   39:     0x5628adbdd6fe - std::thread::Builder::spawn_unchecked_::{{closure}}::h8e141ea224820bce
[INFO] [stdout]                                at /rustc/df4ca44d3fbc9301ee17f30f4d474e6ae4b05252/library/std/src/thread/mod.rs:540:30
[INFO] [stdout]   40:     0x5628adbdd6fe - core::ops::function::FnOnce::call_once{{vtable.shim}}::h90d312fedd7b8ea8
[INFO] [stdout]                                at /rustc/df4ca44d3fbc9301ee17f30f4d474e6ae4b05252/library/core/src/ops/function.rs:250:5
[INFO] [stdout]   41:     0x5628ade7c0bb - <alloc::boxed::Box<F,A> as core::ops::function::FnOnce<Args>>::call_once::h69aa08ddb6adb8b6
[INFO] [stdout]                                at /rustc/df4ca44d3fbc9301ee17f30f4d474e6ae4b05252/library/alloc/src/boxed.rs:2454:9
[INFO] [stdout]   42:     0x5628ade7c0bb - <alloc::boxed::Box<F,A> as core::ops::function::FnOnce<Args>>::call_once::h5aa36efdb79c806f
[INFO] [stdout]                                at /rustc/df4ca44d3fbc9301ee17f30f4d474e6ae4b05252/library/alloc/src/boxed.rs:2454:9
[INFO] [stdout]   43:     0x5628ade7c0bb - std::sys::pal::unix::thread::Thread::new::thread_start::h6cd80a1b4be5158d
[INFO] [stdout]                                at /rustc/df4ca44d3fbc9301ee17f30f4d474e6ae4b05252/library/std/src/sys/pal/unix/thread.rs:105:17
[INFO] [stdout]   44:     0x7642b0b59ac3 - <unknown>
[INFO] [stdout]   45:     0x7642b0beaa04 - clone
[INFO] [stdout]   46:                0x0 - <unknown>
[INFO] [stdout] 
[INFO] [stdout] 
[INFO] [stdout] failures:
[INFO] [stdout]     rocket_test
[INFO] [stdout] 
[INFO] [stdout] test result: FAILED. 0 passed; 1 failed; 0 ignored; 0 measured; 0 filtered out; finished in 0.02s
[INFO] [stdout] 
[INFO] [stderr] error: test failed, to rerun pass `--test rocket`
[INFO] running `Command { std: "docker" "inspect" "54816b197f8e946cd7f64c8f16ecd2bda330da50861c6443df3370d11d1a4597", kill_on_drop: false }`
[INFO] running `Command { std: "docker" "rm" "-f" "54816b197f8e946cd7f64c8f16ecd2bda330da50861c6443df3370d11d1a4597", kill_on_drop: false }`
[INFO] [stdout] 54816b197f8e946cd7f64c8f16ecd2bda330da50861c6443df3370d11d1a4597
