[INFO] fetching crate rnacos 0.6.3...
[INFO] testing rnacos-0.6.3 against nightly-2024-10-28 for randomize-layout
[INFO] extracting crate rnacos 0.6.3 into /workspace/builds/worker-0-tc1/source
[INFO] validating manifest of crates.io crate rnacos 0.6.3 on toolchain nightly-2024-10-28
[INFO] running `Command { std: CARGO_HOME="/workspace/cargo-home" RUSTUP_HOME="/workspace/rustup-home" "/workspace/cargo-home/bin/cargo" "+nightly-2024-10-28" "metadata" "--manifest-path" "Cargo.toml" "--no-deps", kill_on_drop: false }`
[INFO] started tweaking crates.io crate rnacos 0.6.3
[INFO] finished tweaking crates.io crate rnacos 0.6.3
[INFO] tweaked toml for crates.io crate rnacos 0.6.3 written to /workspace/builds/worker-0-tc1/source/Cargo.toml
[INFO] crate crates.io crate rnacos 0.6.3 already has a lockfile, it will not be regenerated
[INFO] running `Command { std: CARGO_HOME="/workspace/cargo-home" RUSTUP_HOME="/workspace/rustup-home" "/workspace/cargo-home/bin/cargo" "+nightly-2024-10-28" "fetch" "--manifest-path" "Cargo.toml", kill_on_drop: false }`
[INFO] [stderr]     Updating crates.io index
[INFO] [stderr]  Downloading crates ...
[INFO] [stderr]   Downloaded prost-derive v0.7.0
[INFO] [stderr]   Downloaded tonic v0.4.3
[INFO] [stderr]   Downloaded uuid-macro-internal v1.11.0
[INFO] [stderr]   Downloaded prost v0.7.0
[INFO] [stderr]   Downloaded rusqlite v0.25.4
[INFO] [stderr]   Downloaded local_ipaddress v0.1.3
[INFO] [stderr]   Downloaded parse-size v1.0.0
[INFO] [stderr]   Downloaded bean_factory v0.1.4
[INFO] [stderr]   Downloaded lodepng v3.10.7
[INFO] [stderr]   Downloaded actix-multipart v0.6.2
[INFO] [stderr]   Downloaded actix-multipart-derive v0.6.1
[INFO] [stderr]   Downloaded captcha v0.0.9
[INFO] [stderr]   Downloaded ratelimiter-rs v0.1.5
[INFO] [stderr]   Downloaded rsql_builder v0.1.5
[INFO] [stderr]   Downloaded inner-mem-cache v0.1.7
[INFO] [stderr]   Downloaded env_logger_timezone_fmt v0.1.1
[INFO] [stderr]   Downloaded bean_factory_derive v0.1.4
[INFO] [stderr]   Downloaded prost-types v0.7.0
[INFO] [stderr]   Downloaded async-raft-ext v0.6.3
[INFO] [stderr]   Downloaded nacos_rust_client v0.3.2
[INFO] [stderr]   Downloaded rnacos-web-dist-wrap v0.5.2
[INFO] running `Command { std: "docker" "create" "-v" "/var/lib/crater-agent-workspace/builds/worker-0-tc1/target:/opt/rustwide/target:rw,Z" "-v" "/var/lib/crater-agent-workspace/builds/worker-0-tc1/source:/opt/rustwide/workdir:ro,Z" "-v" "/var/lib/crater-agent-workspace/cargo-home:/opt/rustwide/cargo-home:ro,Z" "-v" "/var/lib/crater-agent-workspace/rustup-home:/opt/rustwide/rustup-home:ro,Z" "-e" "SOURCE_DIR=/opt/rustwide/workdir" "-e" "CARGO_TARGET_DIR=/opt/rustwide/target" "-e" "CARGO_HOME=/opt/rustwide/cargo-home" "-e" "RUSTUP_HOME=/opt/rustwide/rustup-home" "-w" "/opt/rustwide/workdir" "-m" "1610612736" "--user" "0:0" "--network" "none" "ghcr.io/rust-lang/crates-build-env/linux@sha256:4a844ea9eb2546a2d2c7022eacef16ef2e8229c7fbb2c7d4d55a9ceca922f72d" "/opt/rustwide/cargo-home/bin/cargo" "+nightly-2024-10-28" "metadata" "--no-deps" "--format-version=1", kill_on_drop: false }`
[INFO] [stdout] 9e0a3770dfba55ae36ae122e3129538f30f33651be1d5b5dd9229796838010b0
[INFO] running `Command { std: "docker" "start" "-a" "9e0a3770dfba55ae36ae122e3129538f30f33651be1d5b5dd9229796838010b0", kill_on_drop: false }`
[INFO] running `Command { std: "docker" "inspect" "9e0a3770dfba55ae36ae122e3129538f30f33651be1d5b5dd9229796838010b0", kill_on_drop: false }`
[INFO] running `Command { std: "docker" "rm" "-f" "9e0a3770dfba55ae36ae122e3129538f30f33651be1d5b5dd9229796838010b0", kill_on_drop: false }`
[INFO] [stdout] 9e0a3770dfba55ae36ae122e3129538f30f33651be1d5b5dd9229796838010b0
[INFO] running `Command { std: "docker" "create" "-v" "/var/lib/crater-agent-workspace/builds/worker-0-tc1/target:/opt/rustwide/target:rw,Z" "-v" "/var/lib/crater-agent-workspace/builds/worker-0-tc1/source:/opt/rustwide/workdir:ro,Z" "-v" "/var/lib/crater-agent-workspace/cargo-home:/opt/rustwide/cargo-home:ro,Z" "-v" "/var/lib/crater-agent-workspace/rustup-home:/opt/rustwide/rustup-home:ro,Z" "-e" "SOURCE_DIR=/opt/rustwide/workdir" "-e" "CARGO_TARGET_DIR=/opt/rustwide/target" "-e" "CARGO_INCREMENTAL=0" "-e" "RUST_BACKTRACE=full" "-e" "RUSTFLAGS=--cap-lints=forbid" "-e" "RUSTDOCFLAGS=--cap-lints=forbid" "-e" "CARGO_HOME=/opt/rustwide/cargo-home" "-e" "RUSTUP_HOME=/opt/rustwide/rustup-home" "-w" "/opt/rustwide/workdir" "-m" "1610612736" "--user" "0:0" "--network" "none" "ghcr.io/rust-lang/crates-build-env/linux@sha256:4a844ea9eb2546a2d2c7022eacef16ef2e8229c7fbb2c7d4d55a9ceca922f72d" "/opt/rustwide/cargo-home/bin/cargo" "+nightly-2024-10-28" "build" "--frozen" "--message-format=json", kill_on_drop: false }`
[INFO] [stdout] cd38267cf7bfee112c7293bd8294aca171916bc940e1b3ec92f44c2297850402
[INFO] running `Command { std: "docker" "start" "-a" "cd38267cf7bfee112c7293bd8294aca171916bc940e1b3ec92f44c2297850402", kill_on_drop: false }`
[INFO] [stderr]    Compiling proc-macro2 v1.0.89
[INFO] [stderr]    Compiling libc v0.2.161
[INFO] [stderr]    Compiling generic-array v0.14.7
[INFO] [stderr]    Compiling byteorder v1.5.0
[INFO] [stderr]    Compiling futures-channel v0.3.31
[INFO] [stderr]    Compiling tracing-core v0.1.32
[INFO] [stderr]    Compiling serde v1.0.213
[INFO] [stderr]    Compiling subtle v2.6.1
[INFO] [stderr]    Compiling syn v1.0.109
[INFO] [stderr]    Compiling http v0.2.12
[INFO] [stderr]    Compiling cpufeatures v0.2.14
[INFO] [stderr]    Compiling simd-adler32 v0.3.7
[INFO] [stderr]    Compiling anyhow v1.0.91
[INFO] [stderr]    Compiling httpdate v1.0.3
[INFO] [stderr]    Compiling miniz_oxide v0.8.0
[INFO] [stderr]    Compiling indexmap v1.9.3
[INFO] [stderr]    Compiling num-traits v0.2.19
[INFO] [stderr]    Compiling local-waker v0.1.4
[INFO] [stderr]    Compiling tower-layer v0.3.3
[INFO] [stderr]    Compiling quote v1.0.37
[INFO] [stderr]    Compiling crypto-common v0.1.6
[INFO] [stderr]    Compiling block-buffer v0.10.4
[INFO] [stderr]    Compiling block-padding v0.3.3
[INFO] [stderr]    Compiling inout v0.1.3
[INFO] [stderr]    Compiling digest v0.10.7
[INFO] [stderr]    Compiling http-body v0.4.6
[INFO] [stderr]    Compiling syn v2.0.85
[INFO] [stderr]    Compiling flate2 v1.0.34
[INFO] [stderr]    Compiling sha2 v0.10.8
[INFO] [stderr]    Compiling zstd-safe v7.2.1
[INFO] [stderr]    Compiling time-macros v0.2.18
[INFO] [stderr]    Compiling cipher v0.4.4
[INFO] [stderr]    Compiling anstyle-parse v0.2.6
[INFO] [stderr]    Compiling axum-core v0.3.4
[INFO] [stderr]    Compiling crossbeam-epoch v0.9.18
[INFO] [stderr]    Compiling bytestring v1.3.1
[INFO] [stderr]    Compiling ahash v0.7.8
[INFO] [stderr]    Compiling instant v0.1.13
[INFO] [stderr]    Compiling anstyle-query v1.1.2
[INFO] [stderr]    Compiling bytemuck v1.19.0
[INFO] [stderr]    Compiling jobserver v0.1.32
[INFO] [stderr]    Compiling parking_lot_core v0.9.10
[INFO] [stderr]    Compiling socket2 v0.5.7
[INFO] [stderr]    Compiling parking_lot v0.12.3
[INFO] [stderr]    Compiling cc v1.1.31
[INFO] [stderr]    Compiling signal-hook-registry v1.4.2
[INFO] [stderr]    Compiling mio v1.0.2
[INFO] [stderr]    Compiling getrandom v0.2.15
[INFO] [stderr]    Compiling rand_core v0.6.4
[INFO] [stderr]    Compiling colorchoice v1.0.3
[INFO] [stderr]    Compiling anstyle v1.0.9
[INFO] [stderr]    Compiling time v0.3.36
[INFO] [stderr]    Compiling getrandom v0.1.16
[INFO] [stderr]    Compiling anstream v0.6.17
[INFO] [stderr]    Compiling parking_lot_core v0.8.6
[INFO] [stderr]    Compiling actix-service v2.0.2
[INFO] [stderr]    Compiling brotli-decompressor v4.0.1
[INFO] [stderr]    Compiling sha1 v0.10.6
[INFO] [stderr]    Compiling actix-utils v3.0.1
[INFO] [stderr]    Compiling axum v0.6.20
[INFO] [stderr]    Compiling crossbeam-channel v0.5.13
[INFO] [stderr]    Compiling itertools v0.9.0
[INFO] [stderr]    Compiling zstd-sys v2.0.13+zstd.1.5.6
[INFO] [stderr]    Compiling bzip2-sys v0.1.11+1.0.8
[INFO] [stderr]    Compiling itertools v0.10.5
[INFO] [stderr]    Compiling cookie v0.16.2
[INFO] [stderr]    Compiling zstd-safe v5.0.2+zstd.1.5.2
[INFO] [stderr]    Compiling regex-lite v0.1.6
[INFO] [stderr]    Compiling libsqlite3-sys v0.22.2
[INFO] [stderr]    Compiling libmimalloc-sys v0.1.39
[INFO] [stderr]    Compiling brotli v6.0.0
[INFO] [stderr]    Compiling darling_core v0.20.10
[INFO] [stderr]    Compiling parking_lot v0.11.2
[INFO] [stderr]    Compiling rust-embed-utils v7.8.1
[INFO] [stderr]    Compiling rand_core v0.5.1
[INFO] [stderr]    Compiling crossbeam-deque v0.8.5
[INFO] [stderr]    Compiling local-channel v0.1.5
[INFO] [stderr]    Compiling fdeflate v0.3.5
[INFO] [stderr]    Compiling gcc v0.3.55
[INFO] [stderr]    Compiling thiserror v1.0.65
[INFO] [stderr]    Compiling language-tags v0.3.2
[INFO] [stderr]    Compiling inventory v0.1.11
[INFO] [stderr]    Compiling unicase v2.8.0
[INFO] [stderr]    Compiling matchit v0.7.3
[INFO] [stderr]    Compiling base64ct v1.6.0
[INFO] [stderr]    Compiling binrw_derive v0.13.3
[INFO] [stderr]    Compiling password-hash v0.4.2
[INFO] [stderr]    Compiling mime_guess v2.0.5
[INFO] [stderr]    Compiling tokio-macros v2.4.0
[INFO] [stderr]    Compiling futures-macro v0.3.31
[INFO] [stderr]    Compiling tracing-attributes v0.1.27
[INFO] [stderr]    Compiling serde_derive v1.0.213
[INFO] [stderr]    Compiling zerocopy-derive v0.7.35
[INFO] [stderr]    Compiling futures-util v0.3.31
[INFO] [stderr]    Compiling tokio v1.41.0
[INFO] [stderr]    Compiling actix-macros v0.2.4
[INFO] [stderr]    Compiling pin-project-internal v1.1.7
[INFO] [stderr]    Compiling async-trait v0.1.83
[INFO] [stderr]    Compiling zerocopy v0.7.35
[INFO] [stderr]    Compiling tracing v0.1.40
[INFO] [stderr]    Compiling derive_more v0.99.18
[INFO] [stderr]    Compiling actix_derive v0.6.2
[INFO] [stderr]    Compiling ppv-lite86 v0.2.20
[INFO] [stderr]    Compiling pin-project v1.1.7
[INFO] [stderr]    Compiling ahash v0.8.11
[INFO] [stderr]    Compiling darling_macro v0.20.10
[INFO] [stderr]    Compiling prost-derive v0.7.0
[INFO] [stderr]    Compiling rand_chacha v0.3.1
[INFO] [stderr]    Compiling rand v0.8.5
[INFO] [stderr]    Compiling prost-derive v0.11.9
[INFO] [stderr]    Compiling async-stream-impl v0.3.6
[INFO] [stderr]    Compiling prost v0.7.0
[INFO] [stderr]    Compiling async-stream v0.3.6
[INFO] [stderr]    Compiling futures-executor v0.3.31
[INFO] [stderr]    Compiling darling v0.20.10
[INFO] [stderr]    Compiling prost v0.11.9
[INFO] [stderr]    Compiling rand_chacha v0.2.2
[INFO] [stderr]    Compiling tracing-futures v0.2.5
[INFO] [stderr]    Compiling inventory-impl v0.1.11
[INFO] [stderr]    Compiling ctor v0.1.26
[INFO] [stderr]    Compiling thiserror-impl v1.0.65
[INFO] [stderr]    Compiling ghost v0.1.17
[INFO] [stderr]    Compiling rust-embed-impl v6.8.1
[INFO] [stderr]    Compiling rust-crypto v0.2.36
[INFO] [stderr]    Compiling png v0.17.14
[INFO] [stderr]    Compiling rayon-core v1.12.1
[INFO] [stderr]    Compiling hashbrown v0.11.2
[INFO] [stderr]    Compiling tokio-util v0.7.12
[INFO] [stderr]    Compiling actix-rt v2.10.0
[INFO] [stderr]    Compiling tokio-stream v0.1.16
[INFO] [stderr]    Compiling tokio-util v0.6.10
[INFO] [stderr]    Compiling h2 v0.3.26
[INFO] [stderr]    Compiling tower v0.4.13
[INFO] [stderr]    Compiling actix-codec v0.5.2
[INFO] [stderr]    Compiling serde_json v1.0.132
[INFO] [stderr]    Compiling serde_urlencoded v0.7.1
[INFO] [stderr]    Compiling actix-router v0.5.3
[INFO] [stderr]    Compiling tokio-io-timeout v1.2.0
[INFO] [stderr]    Compiling actix-server v2.5.0
[INFO] [stderr]    Compiling actix-web-codegen v4.3.0
[INFO] [stderr]    Compiling rgb v0.8.50
[INFO] [stderr]    Compiling num_cpus v1.16.0
[INFO] [stderr]    Compiling rand v0.4.6
[INFO] [stderr]    Compiling hmac v0.12.1
[INFO] [stderr]    Compiling env_filter v0.1.2
[INFO] [stderr]    Compiling owo-colors v3.5.0
[INFO] [stderr]    Compiling zstd v0.13.2
[INFO] [stderr]    Compiling parse-size v1.0.0
[INFO] [stderr]    Compiling humantime v2.1.0
[INFO] [stderr]    Compiling base64 v0.13.1
[INFO] [stderr]    Compiling impl-more v0.1.8
[INFO] [stderr]    Compiling binrw v0.13.3
[INFO] [stderr]    Compiling color_quant v1.1.0
[INFO] [stderr]    Compiling itoa v0.4.8
[INFO] [stderr]    Compiling dtoa v0.4.8
[INFO] [stderr]    Compiling chrono v0.4.38
[INFO] [stderr]    Compiling clap_derive v4.5.18
[INFO] [stderr]    Compiling serde_urlencoded v0.6.1
[INFO] [stderr]    Compiling clap_builder v4.5.20
[INFO] [stderr]    Compiling image v0.24.9
[INFO] [stderr]    Compiling env_logger v0.11.5
[INFO] [stderr]    Compiling tempfile v3.13.0
[INFO] [stderr]    Compiling dirs-sys v0.4.1
[INFO] [stderr]    Compiling hyper v0.14.31
[INFO] [stderr]    Compiling actix-http v3.9.0
[INFO] [stderr]    Compiling actix-multipart-derive v0.6.1
[INFO] [stderr]    Compiling zstd v0.11.2+zstd.1.5.2
[INFO] [stderr]    Compiling rand v0.3.23
[INFO] [stderr]    Compiling pbkdf2 v0.11.0
[INFO] [stderr]    Compiling dashmap v4.0.2
[INFO] [stderr]    Compiling lodepng v3.10.7
[INFO] [stderr]    Compiling serde_plain v1.0.2
[INFO] [stderr]    Compiling actix v0.12.0
[INFO] [stderr]    Compiling actix v0.13.5
[INFO] [stderr]    Compiling actix-web v4.9.0
[INFO] [stderr]    Compiling bzip2 v0.4.4
[INFO] [stderr]    Compiling hashlink v0.7.0
[INFO] [stderr]    Compiling hyper-timeout v0.4.1
[INFO] [stderr]    Compiling reqwest v0.11.27
[INFO] [stderr]    Compiling rayon v1.10.0
[INFO] [stderr]    Compiling rust-embed v6.8.1
[INFO] [stderr]    Compiling rand v0.7.3
[INFO] [stderr]    Compiling futures v0.3.31
[INFO] [stderr]    Compiling bean_factory_derive v0.1.4
[INFO] [stderr]    Compiling uuid-macro-internal v1.11.0
[INFO] [stderr]    Compiling time v0.1.45
[INFO] [stderr]    Compiling fs2 v0.4.3
[INFO] [stderr]    Compiling blowfish v0.9.1
[INFO] [stderr]    Compiling aes v0.8.4
[INFO] [stderr]    Compiling md-5 v0.10.6
[INFO] [stderr]    Compiling cipher v0.3.0
[INFO] [stderr]    Compiling tracing-log v0.2.0
[INFO] [stderr]    Compiling fxhash v0.2.1
[INFO] [stderr]    Compiling block-padding v0.2.1
[INFO] [stderr]    Compiling hound v3.5.1
[INFO] [stderr]    Compiling inner-mem-cache v0.1.7
[INFO] [stderr]    Compiling array-init v2.1.0
[INFO] [stderr]    Compiling rustc-serialize v0.3.25
[INFO] [stderr]    Compiling constant_time_eq v0.1.5
[INFO] [stderr]    Compiling zeroize v1.8.1
[INFO] [stderr]    Compiling local_ipaddress v0.1.3
[INFO] [stderr]    Compiling fallible-iterator v0.2.0
[INFO] [stderr]    Compiling captcha v0.0.9
[INFO] [stderr]    Compiling bcrypt v0.15.1
[INFO] [stderr]    Compiling zip v0.6.6
[INFO] [stderr]    Compiling rusqlite v0.25.4
[INFO] [stderr]    Compiling block-modes v0.8.1
[INFO] [stderr]    Compiling tracing-subscriber v0.3.18
[INFO] [stderr]    Compiling sled v0.34.7
[INFO] [stderr]    Compiling tonic v0.9.2
[INFO] [stderr]    Compiling sysinfo v0.30.13
[INFO] [stderr]    Compiling actix-multipart v0.6.2
[INFO] [stderr]    Compiling uuid v1.11.0
[INFO] [stderr]    Compiling bean_factory v0.1.4
[INFO] [stderr]    Compiling async-raft-ext v0.6.3
[INFO] [stderr]    Compiling nacos_rust_client v0.3.2
[INFO] [stderr]    Compiling rnacos-web-dist-wrap v0.5.2
[INFO] [stderr]    Compiling tonic v0.4.3
[INFO] [stderr]    Compiling mimalloc v0.1.43
[INFO] [stderr]    Compiling clap v4.5.20
[INFO] [stderr]    Compiling env_logger_timezone_fmt v0.1.1
[INFO] [stderr]    Compiling dirs v5.0.1
[INFO] [stderr]    Compiling rsql_builder v0.1.5
[INFO] [stderr]    Compiling prost-types v0.7.0
[INFO] [stderr]    Compiling cbc v0.1.2
[INFO] [stderr]    Compiling quick-protobuf v0.8.1
[INFO] [stderr]    Compiling ratelimiter-rs v0.1.5
[INFO] [stderr]    Compiling dotenv v0.15.0
[INFO] [stderr]    Compiling rnacos v0.6.3 (/opt/rustwide/workdir)
[INFO] [stderr]     Finished `dev` profile [unoptimized + debuginfo] target(s) in 2m 49s
[INFO] running `Command { std: "docker" "inspect" "cd38267cf7bfee112c7293bd8294aca171916bc940e1b3ec92f44c2297850402", kill_on_drop: false }`
[INFO] running `Command { std: "docker" "rm" "-f" "cd38267cf7bfee112c7293bd8294aca171916bc940e1b3ec92f44c2297850402", kill_on_drop: false }`
[INFO] [stdout] cd38267cf7bfee112c7293bd8294aca171916bc940e1b3ec92f44c2297850402
[INFO] running `Command { std: "docker" "create" "-v" "/var/lib/crater-agent-workspace/builds/worker-0-tc1/target:/opt/rustwide/target:rw,Z" "-v" "/var/lib/crater-agent-workspace/builds/worker-0-tc1/source:/opt/rustwide/workdir:ro,Z" "-v" "/var/lib/crater-agent-workspace/cargo-home:/opt/rustwide/cargo-home:ro,Z" "-v" "/var/lib/crater-agent-workspace/rustup-home:/opt/rustwide/rustup-home:ro,Z" "-e" "SOURCE_DIR=/opt/rustwide/workdir" "-e" "CARGO_TARGET_DIR=/opt/rustwide/target" "-e" "CARGO_INCREMENTAL=0" "-e" "RUST_BACKTRACE=full" "-e" "RUSTFLAGS=--cap-lints=forbid" "-e" "RUSTDOCFLAGS=--cap-lints=forbid" "-e" "CARGO_HOME=/opt/rustwide/cargo-home" "-e" "RUSTUP_HOME=/opt/rustwide/rustup-home" "-w" "/opt/rustwide/workdir" "-m" "1610612736" "--user" "0:0" "--network" "none" "ghcr.io/rust-lang/crates-build-env/linux@sha256:4a844ea9eb2546a2d2c7022eacef16ef2e8229c7fbb2c7d4d55a9ceca922f72d" "/opt/rustwide/cargo-home/bin/cargo" "+nightly-2024-10-28" "test" "--frozen" "--no-run" "--message-format=json", kill_on_drop: false }`
[INFO] [stdout] df54d3274511a80302d848be0e9b4f3f4960338997094fbecabf148fa8dca923
[INFO] running `Command { std: "docker" "start" "-a" "df54d3274511a80302d848be0e9b4f3f4960338997094fbecabf148fa8dca923", kill_on_drop: false }`
[INFO] [stderr]    Compiling rnacos v0.6.3 (/opt/rustwide/workdir)
[INFO] [stderr]     Finished `test` profile [unoptimized + debuginfo] target(s) in 14.95s
[INFO] running `Command { std: "docker" "inspect" "df54d3274511a80302d848be0e9b4f3f4960338997094fbecabf148fa8dca923", kill_on_drop: false }`
[INFO] running `Command { std: "docker" "rm" "-f" "df54d3274511a80302d848be0e9b4f3f4960338997094fbecabf148fa8dca923", kill_on_drop: false }`
[INFO] [stdout] df54d3274511a80302d848be0e9b4f3f4960338997094fbecabf148fa8dca923
[INFO] running `Command { std: "docker" "create" "-v" "/var/lib/crater-agent-workspace/builds/worker-0-tc1/target:/opt/rustwide/target:rw,Z" "-v" "/var/lib/crater-agent-workspace/builds/worker-0-tc1/source:/opt/rustwide/workdir:ro,Z" "-v" "/var/lib/crater-agent-workspace/cargo-home:/opt/rustwide/cargo-home:ro,Z" "-v" "/var/lib/crater-agent-workspace/rustup-home:/opt/rustwide/rustup-home:ro,Z" "-e" "SOURCE_DIR=/opt/rustwide/workdir" "-e" "CARGO_TARGET_DIR=/opt/rustwide/target" "-e" "CARGO_INCREMENTAL=0" "-e" "RUST_BACKTRACE=full" "-e" "RUSTFLAGS=--cap-lints=forbid" "-e" "RUSTDOCFLAGS=--cap-lints=forbid" "-e" "CARGO_HOME=/opt/rustwide/cargo-home" "-e" "RUSTUP_HOME=/opt/rustwide/rustup-home" "-w" "/opt/rustwide/workdir" "-m" "1610612736" "--user" "0:0" "--network" "none" "ghcr.io/rust-lang/crates-build-env/linux@sha256:4a844ea9eb2546a2d2c7022eacef16ef2e8229c7fbb2c7d4d55a9ceca922f72d" "/opt/rustwide/cargo-home/bin/cargo" "+nightly-2024-10-28" "test" "--frozen", kill_on_drop: false }`
[INFO] [stdout] b2df0be7aca8dc8e511ec61bdb95706c1e41e83fb073344a2c9e582b44873341
[INFO] running `Command { std: "docker" "start" "-a" "b2df0be7aca8dc8e511ec61bdb95706c1e41e83fb073344a2c9e582b44873341", kill_on_drop: false }`
[INFO] [stderr]     Finished `test` profile [unoptimized + debuginfo] target(s) in 0.33s
[INFO] [stderr]      Running unittests src/lib.rs (/opt/rustwide/target/debug/deps/rnacos-f3869ab1c1c56f26)
[INFO] [stdout] 
[INFO] [stdout] running 14 tests
[INFO] [stdout] test common::cycle_queue::tests::iter ... ok
[INFO] [stdout] test config::config_index::add_service ... ok
[INFO] [stdout] test config::config_index::query_service ... ok
[INFO] [stdout] test metrics::model::tests::test_recalculate_from_histogram ... ok
[INFO] [stdout] test naming::core::test_remove_has_instance_service ... ok
[INFO] [stdout] test naming::service_index::add_service ... ok
[INFO] [stdout] test naming::service_index::query_service ... ok
[INFO] [stdout] test naming::core::test_add_service ... ok
[INFO] [stdout] test config::config_sled::tests::test_del ... ok
[INFO] [stdout] test config::config_sled::tests::list ... ok
[INFO] [stdout] test config::config_sled::tests::page_test ... ok
[INFO] [stdout] test config::config_sled::tests::test ... ok
[INFO] [stdout] test config::config_sled::tests::multi_insert ... ok
[INFO] [stdout] test naming::core::query_healthy_instances ... FAILED
[INFO] [stdout] 
[INFO] [stdout] failures:
[INFO] [stdout] 
[INFO] [stdout] ---- naming::core::query_healthy_instances stdout ----
[INFO] [stdout] -------------
[INFO] [stdout] DEFUALT list:[{"id":"127.0.0.1#8080","ip":"127.0.0.1","port":8080,"weight":1.0,"enabled":true,"healthy":true,"ephemeral":true,"clusterName":"DEFUALT","serviceName":"foo","groupName":"DEFUALT","groupService":"DEFUALT@@foo","metadata":{},"lastModifiedMillis":1730470539588,"namespaceId":"public","appName":"","fromGrpc":false,"fromCluster":0,"clientId":""}]
[INFO] [stdout] empty cluster list:[{"id":"127.0.0.1#8080","ip":"127.0.0.1","port":8080,"weight":1.0,"enabled":true,"healthy":true,"ephemeral":true,"clusterName":"DEFUALT","serviceName":"foo","groupName":"DEFUALT","groupService":"DEFUALT@@foo","metadata":{},"lastModifiedMillis":1730470539588,"namespaceId":"public","appName":"","fromGrpc":false,"fromCluster":0,"clientId":""}]
[INFO] [stdout] -------------
[INFO] [stdout] empty cluster list:[{"id":"127.0.0.1#8080","ip":"127.0.0.1","port":8080,"weight":1.0,"enabled":true,"healthy":true,"ephemeral":true,"clusterName":"DEFUALT","serviceName":"foo","groupName":"DEFUALT","groupService":"DEFUALT@@foo","metadata":{},"lastModifiedMillis":1730470539588,"namespaceId":"public","appName":"","fromGrpc":false,"fromCluster":0,"clientId":""}]
[INFO] [stdout] -------------
[INFO] [stdout] thread 'naming::core::query_healthy_instances' panicked at src/naming/core.rs:1121:5:
[INFO] [stdout] assertion failed: items.is_empty()
[INFO] [stdout] stack backtrace:
[INFO] [stdout]    0:     0x5763aab166ca - std::backtrace_rs::backtrace::libunwind::trace::h207520d6e9873551
[INFO] [stdout]                                at /rustc/df4ca44d3fbc9301ee17f30f4d474e6ae4b05252/library/std/src/../../backtrace/src/backtrace/libunwind.rs:116:5
[INFO] [stdout]    1:     0x5763aab166ca - std::backtrace_rs::backtrace::trace_unsynchronized::h2ed7433f370e3eca
[INFO] [stdout]                                at /rustc/df4ca44d3fbc9301ee17f30f4d474e6ae4b05252/library/std/src/../../backtrace/src/backtrace/mod.rs:66:5
[INFO] [stdout]    2:     0x5763aab166ca - std::sys::backtrace::_print_fmt::h916fac51166b18d7
[INFO] [stdout]                                at /rustc/df4ca44d3fbc9301ee17f30f4d474e6ae4b05252/library/std/src/sys/backtrace.rs:66:9
[INFO] [stdout]    3:     0x5763aab166ca - <std::sys::backtrace::BacktraceLock::print::DisplayBacktrace as core::fmt::Display>::fmt::ha0a4c9b8ce3802e6
[INFO] [stdout]                                at /rustc/df4ca44d3fbc9301ee17f30f4d474e6ae4b05252/library/std/src/sys/backtrace.rs:39:26
[INFO] [stdout]    4:     0x5763aab3ff43 - core::fmt::rt::Argument::fmt::h4cfc8587d52b3eb5
[INFO] [stdout]                                at /rustc/df4ca44d3fbc9301ee17f30f4d474e6ae4b05252/library/core/src/fmt/rt.rs:177:76
[INFO] [stdout]    5:     0x5763aab3ff43 - core::fmt::write::h522cc39e5b36ae9f
[INFO] [stdout]                                at /rustc/df4ca44d3fbc9301ee17f30f4d474e6ae4b05252/library/core/src/fmt/mod.rs:1190:21
[INFO] [stdout]    6:     0x5763aab12643 - std::io::Write::write_fmt::h7d3c26752da97734
[INFO] [stdout]                                at /rustc/df4ca44d3fbc9301ee17f30f4d474e6ae4b05252/library/std/src/io/mod.rs:1839:15
[INFO] [stdout]    7:     0x5763aab16512 - std::sys::backtrace::BacktraceLock::print::h4b9e00b29e9c0942
[INFO] [stdout]                                at /rustc/df4ca44d3fbc9301ee17f30f4d474e6ae4b05252/library/std/src/sys/backtrace.rs:42:9
[INFO] [stdout]    8:     0x5763aab17b5a - std::panicking::default_hook::{{closure}}::hb59b88280d0324d9
[INFO] [stdout]                                at /rustc/df4ca44d3fbc9301ee17f30f4d474e6ae4b05252/library/std/src/panicking.rs:268:22
[INFO] [stdout]    9:     0x5763aab17964 - std::panicking::default_hook::he1dd496665be4a29
[INFO] [stdout]                                at /rustc/df4ca44d3fbc9301ee17f30f4d474e6ae4b05252/library/std/src/panicking.rs:292:9
[INFO] [stdout]   10:     0x5763aa96da29 - <alloc::boxed::Box<F,A> as core::ops::function::Fn<Args>>::call::h4ff71de18744e1dc
[INFO] [stdout]                                at /rustc/df4ca44d3fbc9301ee17f30f4d474e6ae4b05252/library/alloc/src/boxed.rs:2468:9
[INFO] [stdout]   11:     0x5763aa96da29 - test::test_main::{{closure}}::hcf7c055ce117aa81
[INFO] [stdout]                                at /rustc/df4ca44d3fbc9301ee17f30f4d474e6ae4b05252/library/test/src/lib.rs:133:21
[INFO] [stdout]   12:     0x5763aab18258 - <alloc::boxed::Box<F,A> as core::ops::function::Fn<Args>>::call::h1d66c6bbd60c9692
[INFO] [stdout]                                at /rustc/df4ca44d3fbc9301ee17f30f4d474e6ae4b05252/library/alloc/src/boxed.rs:2468:9
[INFO] [stdout]   13:     0x5763aab18258 - std::panicking::rust_panic_with_hook::h2ff17fe8f26dfcf8
[INFO] [stdout]                                at /rustc/df4ca44d3fbc9301ee17f30f4d474e6ae4b05252/library/std/src/panicking.rs:809:13
[INFO] [stdout]   14:     0x5763aab17fe6 - std::panicking::begin_panic_handler::{{closure}}::h4fad77951c07e101
[INFO] [stdout]                                at /rustc/df4ca44d3fbc9301ee17f30f4d474e6ae4b05252/library/std/src/panicking.rs:667:13
[INFO] [stdout]   15:     0x5763aab16ba9 - std::sys::backtrace::__rust_end_short_backtrace::hb1a25b3da5d0ea08
[INFO] [stdout]                                at /rustc/df4ca44d3fbc9301ee17f30f4d474e6ae4b05252/library/std/src/sys/backtrace.rs:170:18
[INFO] [stdout]   16:     0x5763aab17cac - rust_begin_unwind
[INFO] [stdout]                                at /rustc/df4ca44d3fbc9301ee17f30f4d474e6ae4b05252/library/std/src/panicking.rs:665:5
[INFO] [stdout]   17:     0x5763aab3d910 - core::panicking::panic_fmt::ha9db07b529f9b256
[INFO] [stdout]                                at /rustc/df4ca44d3fbc9301ee17f30f4d474e6ae4b05252/library/core/src/panicking.rs:75:14
[INFO] [stdout]   18:     0x5763aab3d99c - core::panicking::panic::h993086813d94accc
[INFO] [stdout]                                at /rustc/df4ca44d3fbc9301ee17f30f4d474e6ae4b05252/library/core/src/panicking.rs:152:5
[INFO] [stdout]   19:     0x5763aa76f17c - rnacos::naming::core::query_healthy_instances::{{closure}}::h6385ff5f8de07fd6
[INFO] [stdout]                                at /opt/rustwide/workdir/src/naming/core.rs:1121:5
[INFO] [stdout]   20:     0x5763aa75ccbe - <tokio::task::local::RunUntil<T> as core::future::future::Future>::poll::{{closure}}::hbef9836093d6dad0
[INFO] [stdout]                                at /opt/rustwide/cargo-home/registry/src/index.crates.io-6f17d22bba15001f/tokio-1.41.0/src/task/local.rs:1041:42
[INFO] [stdout]   21:     0x5763aa75c480 - tokio::task::local::LocalSet::with::{{closure}}::h1748101def010e59
[INFO] [stdout]                                at /opt/rustwide/cargo-home/registry/src/index.crates.io-6f17d22bba15001f/tokio-1.41.0/src/task/local.rs:793:13
[INFO] [stdout]   22:     0x5763aa759050 - std::thread::local::LocalKey<T>::try_with::h548c12be77204bfb
[INFO] [stdout]                                at /rustc/df4ca44d3fbc9301ee17f30f4d474e6ae4b05252/library/std/src/thread/local.rs:283:12
[INFO] [stdout]   23:     0x5763aa758d0a - std::thread::local::LocalKey<T>::with::hc02fd77ece48484a
[INFO] [stdout]                                at /rustc/df4ca44d3fbc9301ee17f30f4d474e6ae4b05252/library/std/src/thread/local.rs:260:9
[INFO] [stdout]   24:     0x5763aa75c3e6 - tokio::task::local::LocalSet::with::h687cdb4c92d94a23
[INFO] [stdout]                                at /opt/rustwide/cargo-home/registry/src/index.crates.io-6f17d22bba15001f/tokio-1.41.0/src/task/local.rs:791:9
[INFO] [stdout]   25:     0x5763aa75cc35 - <tokio::task::local::RunUntil<T> as core::future::future::Future>::poll::h6d6696b60fdb7f1c
[INFO] [stdout]                                at /opt/rustwide/cargo-home/registry/src/index.crates.io-6f17d22bba15001f/tokio-1.41.0/src/task/local.rs:1031:9
[INFO] [stdout]   26:     0x5763aa75c735 - tokio::task::local::LocalSet::run_until::{{closure}}::hbb5c10fce164a4d7
[INFO] [stdout]                                at /opt/rustwide/cargo-home/registry/src/index.crates.io-6f17d22bba15001f/tokio-1.41.0/src/task/local.rs:689:19
[INFO] [stdout]   27:     0x5763aa75c9fd - <core::pin::Pin<P> as core::future::future::Future>::poll::hc5278c4b78f99bc1
[INFO] [stdout]                                at /rustc/df4ca44d3fbc9301ee17f30f4d474e6ae4b05252/library/core/src/future/future.rs:123:9
[INFO] [stdout]   28:     0x5763aa73574f - tokio::runtime::scheduler::current_thread::CoreGuard::block_on::{{closure}}::{{closure}}::{{closure}}::hff9e58a98e3a8739
[INFO] [stdout]                                at /opt/rustwide/cargo-home/registry/src/index.crates.io-6f17d22bba15001f/tokio-1.41.0/src/runtime/scheduler/current_thread/mod.rs:729:57
[INFO] [stdout]   29:     0x5763aa735655 - tokio::runtime::coop::with_budget::h65a095b289f2652b
[INFO] [stdout]                                at /opt/rustwide/cargo-home/registry/src/index.crates.io-6f17d22bba15001f/tokio-1.41.0/src/runtime/coop.rs:107:5
[INFO] [stdout]   30:     0x5763aa735655 - tokio::runtime::coop::budget::hb40768dfd1d148d4
[INFO] [stdout]                                at /opt/rustwide/cargo-home/registry/src/index.crates.io-6f17d22bba15001f/tokio-1.41.0/src/runtime/coop.rs:73:5
[INFO] [stdout]   31:     0x5763aa735655 - tokio::runtime::scheduler::current_thread::CoreGuard::block_on::{{closure}}::{{closure}}::hc4790f6341c5f0f4
[INFO] [stdout]                                at /opt/rustwide/cargo-home/registry/src/index.crates.io-6f17d22bba15001f/tokio-1.41.0/src/runtime/scheduler/current_thread/mod.rs:729:25
[INFO] [stdout]   32:     0x5763aa732c70 - tokio::runtime::scheduler::current_thread::Context::enter::h2e745dd168108496
[INFO] [stdout]                                at /opt/rustwide/cargo-home/registry/src/index.crates.io-6f17d22bba15001f/tokio-1.41.0/src/runtime/scheduler/current_thread/mod.rs:428:19
[INFO] [stdout]   33:     0x5763aa73445e - tokio::runtime::scheduler::current_thread::CoreGuard::block_on::{{closure}}::h27b33909e396f764
[INFO] [stdout]                                at /opt/rustwide/cargo-home/registry/src/index.crates.io-6f17d22bba15001f/tokio-1.41.0/src/runtime/scheduler/current_thread/mod.rs:728:36
[INFO] [stdout]   34:     0x5763aa734154 - tokio::runtime::scheduler::current_thread::CoreGuard::enter::{{closure}}::h09581a79ddf5ed24
[INFO] [stdout]                                at /opt/rustwide/cargo-home/registry/src/index.crates.io-6f17d22bba15001f/tokio-1.41.0/src/runtime/scheduler/current_thread/mod.rs:807:68
[INFO] [stdout]   35:     0x5763aa747d4b - tokio::runtime::context::scoped::Scoped<T>::set::hc81b6aaa564f8bc5
[INFO] [stdout]                                at /opt/rustwide/cargo-home/registry/src/index.crates.io-6f17d22bba15001f/tokio-1.41.0/src/runtime/context/scoped.rs:40:9
[INFO] [stdout]   36:     0x5763aa747a49 - tokio::runtime::context::set_scheduler::{{closure}}::h81e2e2ba857e02f9
[INFO] [stdout]                                at /opt/rustwide/cargo-home/registry/src/index.crates.io-6f17d22bba15001f/tokio-1.41.0/src/runtime/context.rs:180:26
[INFO] [stdout]   37:     0x5763aa7595ad - std::thread::local::LocalKey<T>::try_with::h97a3291de5ada673
[INFO] [stdout]                                at /rustc/df4ca44d3fbc9301ee17f30f4d474e6ae4b05252/library/std/src/thread/local.rs:283:12
[INFO] [stdout]   38:     0x5763aa758bea - std::thread::local::LocalKey<T>::with::h318943c55b45b16e
[INFO] [stdout]                                at /rustc/df4ca44d3fbc9301ee17f30f4d474e6ae4b05252/library/std/src/thread/local.rs:260:9
[INFO] [stdout]   39:     0x5763aa7479bd - tokio::runtime::context::set_scheduler::hbf0ef0e06cabcce6
[INFO] [stdout]                                at /opt/rustwide/cargo-home/registry/src/index.crates.io-6f17d22bba15001f/tokio-1.41.0/src/runtime/context.rs:180:9
[INFO] [stdout]   40:     0x5763aa733f00 - tokio::runtime::scheduler::current_thread::CoreGuard::enter::h538b2f75eddb5eb8
[INFO] [stdout]                                at /opt/rustwide/cargo-home/registry/src/index.crates.io-6f17d22bba15001f/tokio-1.41.0/src/runtime/scheduler/current_thread/mod.rs:807:27
[INFO] [stdout]   41:     0x5763aa7341f3 - tokio::runtime::scheduler::current_thread::CoreGuard::block_on::hfdfa1f80882cfc9c
[INFO] [stdout]                                at /opt/rustwide/cargo-home/registry/src/index.crates.io-6f17d22bba15001f/tokio-1.41.0/src/runtime/scheduler/current_thread/mod.rs:716:19
[INFO] [stdout]   42:     0x5763aa731f4f - tokio::runtime::scheduler::current_thread::CurrentThread::block_on::{{closure}}::h246767776c2614fe
[INFO] [stdout]                                at /opt/rustwide/cargo-home/registry/src/index.crates.io-6f17d22bba15001f/tokio-1.41.0/src/runtime/scheduler/current_thread/mod.rs:196:28
[INFO] [stdout]   43:     0x5763aa778ef6 - tokio::runtime::context::runtime::enter_runtime::hacd47f37210debff
[INFO] [stdout]                                at /opt/rustwide/cargo-home/registry/src/index.crates.io-6f17d22bba15001f/tokio-1.41.0/src/runtime/context/runtime.rs:65:16
[INFO] [stdout]   44:     0x5763aa731cd6 - tokio::runtime::scheduler::current_thread::CurrentThread::block_on::hfb7e33dd6ee458bf
[INFO] [stdout]                                at /opt/rustwide/cargo-home/registry/src/index.crates.io-6f17d22bba15001f/tokio-1.41.0/src/runtime/scheduler/current_thread/mod.rs:184:9
[INFO] [stdout]   45:     0x5763aa757738 - tokio::runtime::runtime::Runtime::block_on_inner::h80e9faa0ae227f0e
[INFO] [stdout]                                at /opt/rustwide/cargo-home/registry/src/index.crates.io-6f17d22bba15001f/tokio-1.41.0/src/runtime/runtime.rs:368:47
[INFO] [stdout]   46:     0x5763aa757acf - tokio::runtime::runtime::Runtime::block_on::h9a82448f3d28864a
[INFO] [stdout]                                at /opt/rustwide/cargo-home/registry/src/index.crates.io-6f17d22bba15001f/tokio-1.41.0/src/runtime/runtime.rs:342:13
[INFO] [stdout]   47:     0x5763aa75c523 - tokio::task::local::LocalSet::block_on::h836c36f3ba144b7f
[INFO] [stdout]                                at /opt/rustwide/cargo-home/registry/src/index.crates.io-6f17d22bba15001f/tokio-1.41.0/src/task/local.rs:646:9
[INFO] [stdout]   48:     0x5763aa75cdaa - actix_rt::runtime::Runtime::block_on::h0592b4b47f0d999b
[INFO] [stdout]                                at /opt/rustwide/cargo-home/registry/src/index.crates.io-6f17d22bba15001f/actix-rt-2.10.0/src/runtime.rs:138:9
[INFO] [stdout]   49:     0x5763aa7811ea - actix_rt::system::SystemRunner::block_on::h8e8bf6b74b4e60cd
[INFO] [stdout]                                at /opt/rustwide/cargo-home/registry/src/index.crates.io-6f17d22bba15001f/actix-rt-2.10.0/src/system.rs:244:9
[INFO] [stdout]   50:     0x5763aa76de08 - rnacos::naming::core::query_healthy_instances::h5c2276ae146e3806
[INFO] [stdout]                                at /opt/rustwide/workdir/src/naming/core.rs:1080:1
[INFO] [stdout]   51:     0x5763aa76ddb7 - rnacos::naming::core::query_healthy_instances::{{closure}}::h492a5bccfca6ebaa
[INFO] [stdout]                                at /opt/rustwide/workdir/src/naming/core.rs:1081:35
[INFO] [stdout]   52:     0x5763aa7416a6 - core::ops::function::FnOnce::call_once::hfa95229285515781
[INFO] [stdout]                                at /rustc/df4ca44d3fbc9301ee17f30f4d474e6ae4b05252/library/core/src/ops/function.rs:250:5
[INFO] [stdout]   53:     0x5763aa9722fb - core::ops::function::FnOnce::call_once::h22c3ba5715e93f05
[INFO] [stdout]                                at /rustc/df4ca44d3fbc9301ee17f30f4d474e6ae4b05252/library/core/src/ops/function.rs:250:5
[INFO] [stdout]   54:     0x5763aa9722fb - test::__rust_begin_short_backtrace::h8e82d8113d0da17f
[INFO] [stdout]                                at /rustc/df4ca44d3fbc9301ee17f30f4d474e6ae4b05252/library/test/src/lib.rs:621:18
[INFO] [stdout]   55:     0x5763aa971c77 - test::run_test_in_process::{{closure}}::h33235f4f20b7b7c7
[INFO] [stdout]                                at /rustc/df4ca44d3fbc9301ee17f30f4d474e6ae4b05252/library/test/src/lib.rs:644:60
[INFO] [stdout]   56:     0x5763aa971c77 - <core::panic::unwind_safe::AssertUnwindSafe<F> as core::ops::function::FnOnce<()>>::call_once::hb5043206310c586f
[INFO] [stdout]                                at /rustc/df4ca44d3fbc9301ee17f30f4d474e6ae4b05252/library/core/src/panic/unwind_safe.rs:272:9
[INFO] [stdout]   57:     0x5763aa971c77 - std::panicking::try::do_call::h9ad4731a60ab23e2
[INFO] [stdout]                                at /rustc/df4ca44d3fbc9301ee17f30f4d474e6ae4b05252/library/std/src/panicking.rs:557:40
[INFO] [stdout]   58:     0x5763aa971c77 - std::panicking::try::h3824d23db772a716
[INFO] [stdout]                                at /rustc/df4ca44d3fbc9301ee17f30f4d474e6ae4b05252/library/std/src/panicking.rs:520:19
[INFO] [stdout]   59:     0x5763aa971c77 - std::panic::catch_unwind::h5afd514605fde46b
[INFO] [stdout]                                at /rustc/df4ca44d3fbc9301ee17f30f4d474e6ae4b05252/library/std/src/panic.rs:358:14
[INFO] [stdout]   60:     0x5763aa971c77 - test::run_test_in_process::h0d5cbfa7067d1720
[INFO] [stdout]                                at /rustc/df4ca44d3fbc9301ee17f30f4d474e6ae4b05252/library/test/src/lib.rs:644:27
[INFO] [stdout]   61:     0x5763aa971c77 - test::run_test::{{closure}}::h708eb8872708115d
[INFO] [stdout]                                at /rustc/df4ca44d3fbc9301ee17f30f4d474e6ae4b05252/library/test/src/lib.rs:565:43
[INFO] [stdout]   62:     0x5763aa935394 - test::run_test::{{closure}}::h392c51cee94713ab
[INFO] [stdout]                                at /rustc/df4ca44d3fbc9301ee17f30f4d474e6ae4b05252/library/test/src/lib.rs:595:41
[INFO] [stdout]   63:     0x5763aa935394 - std::sys::backtrace::__rust_begin_short_backtrace::h2f40290710935a8b
[INFO] [stdout]                                at /rustc/df4ca44d3fbc9301ee17f30f4d474e6ae4b05252/library/std/src/sys/backtrace.rs:154:18
[INFO] [stdout]   64:     0x5763aa938b3e - std::thread::Builder::spawn_unchecked_::{{closure}}::{{closure}}::h3fd968d89053a903
[INFO] [stdout]                                at /rustc/df4ca44d3fbc9301ee17f30f4d474e6ae4b05252/library/std/src/thread/mod.rs:541:17
[INFO] [stdout]   65:     0x5763aa938b3e - <core::panic::unwind_safe::AssertUnwindSafe<F> as core::ops::function::FnOnce<()>>::call_once::h743f637ba4229880
[INFO] [stdout]                                at /rustc/df4ca44d3fbc9301ee17f30f4d474e6ae4b05252/library/core/src/panic/unwind_safe.rs:272:9
[INFO] [stdout]   66:     0x5763aa938b3e - std::panicking::try::do_call::h07440897322525a6
[INFO] [stdout]                                at /rustc/df4ca44d3fbc9301ee17f30f4d474e6ae4b05252/library/std/src/panicking.rs:557:40
[INFO] [stdout]   67:     0x5763aa938b3e - std::panicking::try::he5a2e00188156637
[INFO] [stdout]                                at /rustc/df4ca44d3fbc9301ee17f30f4d474e6ae4b05252/library/std/src/panicking.rs:520:19
[INFO] [stdout]   68:     0x5763aa938b3e - std::panic::catch_unwind::hbaf3cae49b3c6433
[INFO] [stdout]                                at /rustc/df4ca44d3fbc9301ee17f30f4d474e6ae4b05252/library/std/src/panic.rs:358:14
[INFO] [stdout]   69:     0x5763aa938b3e - std::thread::Builder::spawn_unchecked_::{{closure}}::h8e141ea224820bce
[INFO] [stdout]                                at /rustc/df4ca44d3fbc9301ee17f30f4d474e6ae4b05252/library/std/src/thread/mod.rs:540:30
[INFO] [stdout]   70:     0x5763aa938b3e - core::ops::function::FnOnce::call_once{{vtable.shim}}::h90d312fedd7b8ea8
[INFO] [stdout]                                at /rustc/df4ca44d3fbc9301ee17f30f4d474e6ae4b05252/library/core/src/ops/function.rs:250:5
[INFO] [stdout]   71:     0x5763aab1d7db - <alloc::boxed::Box<F,A> as core::ops::function::FnOnce<Args>>::call_once::h69aa08ddb6adb8b6
[INFO] [stdout]                                at /rustc/df4ca44d3fbc9301ee17f30f4d474e6ae4b05252/library/alloc/src/boxed.rs:2454:9
[INFO] [stdout]   72:     0x5763aab1d7db - <alloc::boxed::Box<F,A> as core::ops::function::FnOnce<Args>>::call_once::h5aa36efdb79c806f
[INFO] [stdout]                                at /rustc/df4ca44d3fbc9301ee17f30f4d474e6ae4b05252/library/alloc/src/boxed.rs:2454:9
[INFO] [stdout]   73:     0x5763aab1d7db - std::sys::pal::unix::thread::Thread::new::thread_start::h6cd80a1b4be5158d
[INFO] [stdout]                                at /rustc/df4ca44d3fbc9301ee17f30f4d474e6ae4b05252/library/std/src/sys/pal/unix/thread.rs:105:17
[INFO] [stdout]   74:     0x72b29bf63ac3 - <unknown>
[INFO] [stdout]   75:     0x72b29bff4a04 - clone
[INFO] [stdout]   76:                0x0 - <unknown>
[INFO] [stdout] 
[INFO] [stdout] 
[INFO] [stdout] failures:
[INFO] [stdout]     naming::core::query_healthy_instances
[INFO] [stdout] 
[INFO] [stdout] test result: FAILED. 13 passed; 1 failed; 0 ignored; 0 measured; 0 filtered out; finished in 32.16s
[INFO] [stdout] 
[INFO] [stderr] error: test failed, to rerun pass `--lib`
[INFO] running `Command { std: "docker" "inspect" "b2df0be7aca8dc8e511ec61bdb95706c1e41e83fb073344a2c9e582b44873341", kill_on_drop: false }`
[INFO] running `Command { std: "docker" "rm" "-f" "b2df0be7aca8dc8e511ec61bdb95706c1e41e83fb073344a2c9e582b44873341", kill_on_drop: false }`
[INFO] [stdout] b2df0be7aca8dc8e511ec61bdb95706c1e41e83fb073344a2c9e582b44873341
