[INFO] fetching crate ristretto_vm 0.10.0...
[INFO] testing ristretto_vm-0.10.0 against nightly-2024-10-28+rustflags=-Zrandomize-layout for randomize-layout
[INFO] extracting crate ristretto_vm 0.10.0 into /workspace/builds/worker-0-tc2/source
[INFO] validating manifest of crates.io crate ristretto_vm 0.10.0 on toolchain nightly-2024-10-28
[INFO] running `Command { std: CARGO_HOME="/workspace/cargo-home" RUSTUP_HOME="/workspace/rustup-home" "/workspace/cargo-home/bin/cargo" "+nightly-2024-10-28" "metadata" "--manifest-path" "Cargo.toml" "--no-deps", kill_on_drop: false }`
[INFO] started tweaking crates.io crate ristretto_vm 0.10.0
[INFO] removed 0 missing tests
[INFO] finished tweaking crates.io crate ristretto_vm 0.10.0
[INFO] tweaked toml for crates.io crate ristretto_vm 0.10.0 written to /workspace/builds/worker-0-tc2/source/Cargo.toml
[INFO] running `Command { std: CARGO_HOME="/workspace/cargo-home" RUSTUP_HOME="/workspace/rustup-home" "/workspace/cargo-home/bin/cargo" "+nightly-2024-10-28" "generate-lockfile" "--manifest-path" "Cargo.toml", kill_on_drop: false }`
[INFO] [stderr]     Updating crates.io index
[INFO] [stderr]      Locking 252 packages to latest compatible versions
[INFO] running `Command { std: CARGO_HOME="/workspace/cargo-home" RUSTUP_HOME="/workspace/rustup-home" "/workspace/cargo-home/bin/cargo" "+nightly-2024-10-28" "fetch" "--manifest-path" "Cargo.toml", kill_on_drop: false }`
[INFO] running `Command { std: "docker" "create" "-v" "/var/lib/crater-agent-workspace/builds/worker-0-tc2/target:/opt/rustwide/target:rw,Z" "-v" "/var/lib/crater-agent-workspace/builds/worker-0-tc2/source:/opt/rustwide/workdir:ro,Z" "-v" "/var/lib/crater-agent-workspace/cargo-home:/opt/rustwide/cargo-home:ro,Z" "-v" "/var/lib/crater-agent-workspace/rustup-home:/opt/rustwide/rustup-home:ro,Z" "-e" "SOURCE_DIR=/opt/rustwide/workdir" "-e" "CARGO_TARGET_DIR=/opt/rustwide/target" "-e" "CARGO_HOME=/opt/rustwide/cargo-home" "-e" "RUSTUP_HOME=/opt/rustwide/rustup-home" "-w" "/opt/rustwide/workdir" "-m" "1610612736" "--user" "0:0" "--network" "none" "ghcr.io/rust-lang/crates-build-env/linux@sha256:4a844ea9eb2546a2d2c7022eacef16ef2e8229c7fbb2c7d4d55a9ceca922f72d" "/opt/rustwide/cargo-home/bin/cargo" "+nightly-2024-10-28" "metadata" "--no-deps" "--format-version=1", kill_on_drop: false }`
[INFO] [stdout] 6cfb0c8856b63650b9378e6fc466bf65d3a265a0c5ee4003f896ffdf2dccecde
[INFO] running `Command { std: "docker" "start" "-a" "6cfb0c8856b63650b9378e6fc466bf65d3a265a0c5ee4003f896ffdf2dccecde", kill_on_drop: false }`
[INFO] running `Command { std: "docker" "inspect" "6cfb0c8856b63650b9378e6fc466bf65d3a265a0c5ee4003f896ffdf2dccecde", kill_on_drop: false }`
[INFO] running `Command { std: "docker" "rm" "-f" "6cfb0c8856b63650b9378e6fc466bf65d3a265a0c5ee4003f896ffdf2dccecde", kill_on_drop: false }`
[INFO] [stdout] 6cfb0c8856b63650b9378e6fc466bf65d3a265a0c5ee4003f896ffdf2dccecde
[INFO] running `Command { std: "docker" "create" "-v" "/var/lib/crater-agent-workspace/builds/worker-0-tc2/target:/opt/rustwide/target:rw,Z" "-v" "/var/lib/crater-agent-workspace/builds/worker-0-tc2/source:/opt/rustwide/workdir:ro,Z" "-v" "/var/lib/crater-agent-workspace/cargo-home:/opt/rustwide/cargo-home:ro,Z" "-v" "/var/lib/crater-agent-workspace/rustup-home:/opt/rustwide/rustup-home:ro,Z" "-e" "SOURCE_DIR=/opt/rustwide/workdir" "-e" "CARGO_TARGET_DIR=/opt/rustwide/target" "-e" "CARGO_INCREMENTAL=0" "-e" "RUST_BACKTRACE=full" "-e" "RUSTFLAGS=--cap-lints=forbid -Zrandomize-layout" "-e" "RUSTDOCFLAGS=--cap-lints=forbid" "-e" "CARGO_HOME=/opt/rustwide/cargo-home" "-e" "RUSTUP_HOME=/opt/rustwide/rustup-home" "-w" "/opt/rustwide/workdir" "-m" "1610612736" "--user" "0:0" "--network" "none" "ghcr.io/rust-lang/crates-build-env/linux@sha256:4a844ea9eb2546a2d2c7022eacef16ef2e8229c7fbb2c7d4d55a9ceca922f72d" "/opt/rustwide/cargo-home/bin/cargo" "+nightly-2024-10-28" "build" "--frozen" "--message-format=json", kill_on_drop: false }`
[INFO] [stdout] 427af284d93703ca4db74b2248cf3f69cd89f09540732ba2c198f07695a75f68
[INFO] running `Command { std: "docker" "start" "-a" "427af284d93703ca4db74b2248cf3f69cd89f09540732ba2c198f07695a75f68", kill_on_drop: false }`
[INFO] [stderr]    Compiling proc-macro2 v1.0.89
[INFO] [stderr]    Compiling unicode-ident v1.0.13
[INFO] [stderr]    Compiling libc v0.2.161
[INFO] [stderr]    Compiling shlex v1.3.0
[INFO] [stderr]    Compiling cfg-if v1.0.0
[INFO] [stderr]    Compiling once_cell v1.20.2
[INFO] [stderr]    Compiling bytes v1.8.0
[INFO] [stderr]    Compiling itoa v1.0.11
[INFO] [stderr]    Compiling pin-project-lite v0.2.15
[INFO] [stderr]    Compiling futures-core v0.3.31
[INFO] [stderr]    Compiling fnv v1.0.7
[INFO] [stderr]    Compiling serde v1.0.214
[INFO] [stderr]    Compiling rustls-pki-types v1.10.0
[INFO] [stderr]    Compiling untrusted v0.9.0
[INFO] [stderr]    Compiling futures-task v0.3.31
[INFO] [stderr]    Compiling spin v0.9.8
[INFO] [stderr]    Compiling httparse v1.9.5
[INFO] [stderr]    Compiling pin-utils v0.1.0
[INFO] [stderr]    Compiling crossbeam-utils v0.8.20
[INFO] [stderr]    Compiling tinyvec_macros v0.1.1
[INFO] [stderr]    Compiling rustls v0.23.16
[INFO] [stderr]    Compiling cc v1.1.31
[INFO] [stderr]    Compiling futures-util v0.3.31
[INFO] [stderr]    Compiling try-lock v0.2.5
[INFO] [stderr]    Compiling rustix v0.38.38
[INFO] [stderr]    Compiling bitflags v2.6.0
[INFO] [stderr]    Compiling tinyvec v1.8.0
[INFO] [stderr]    Compiling tracing-core v0.1.32
[INFO] [stderr]    Compiling want v0.3.1
[INFO] [stderr]    Compiling futures-channel v0.3.31
[INFO] [stderr]    Compiling memchr v2.7.4
[INFO] [stderr]    Compiling smallvec v1.13.2
[INFO] [stderr]    Compiling linux-raw-sys v0.4.14
[INFO] [stderr]    Compiling log v0.4.22
[INFO] [stderr]    Compiling percent-encoding v2.3.1
[INFO] [stderr]    Compiling zeroize v1.8.1
[INFO] [stderr]    Compiling http v1.1.0
[INFO] [stderr]    Compiling autocfg v1.4.0
[INFO] [stderr]    Compiling subtle v2.6.1
[INFO] [stderr]    Compiling thiserror v1.0.66
[INFO] [stderr]    Compiling form_urlencoded v1.2.1
[INFO] [stderr]    Compiling rustls-pemfile v2.2.0
[INFO] [stderr]    Compiling crc32fast v1.4.2
[INFO] [stderr]    Compiling crossbeam-epoch v0.9.18
[INFO] [stderr]    Compiling quote v1.0.37
[INFO] [stderr]    Compiling hashbrown v0.15.0
[INFO] [stderr]    Compiling rayon-core v1.12.1
[INFO] [stderr]    Compiling adler2 v2.0.0
[INFO] [stderr]    Compiling unicode-bidi v0.3.17
[INFO] [stderr]    Compiling num-traits v0.2.19
[INFO] [stderr]    Compiling unicode-normalization v0.1.24
[INFO] [stderr]    Compiling equivalent v1.0.1
[INFO] [stderr]    Compiling openssl-probe v0.1.5
[INFO] [stderr]    Compiling tower-service v0.3.3
[INFO] [stderr]    Compiling syn v2.0.86
[INFO] [stderr]    Compiling getrandom v0.2.15
[INFO] [stderr]    Compiling socket2 v0.5.7
[INFO] [stderr]    Compiling mio v1.0.2
[INFO] [stderr]    Compiling ryu v1.0.18
[INFO] [stderr]    Compiling serde_json v1.0.132
[INFO] [stderr]    Compiling rustls-native-certs v0.8.0
[INFO] [stderr]    Compiling crossbeam-deque v0.8.5
[INFO] [stderr]    Compiling miniz_oxide v0.8.0
[INFO] [stderr]    Compiling zip v2.2.0
[INFO] [stderr]    Compiling rust_decimal v1.36.0
[INFO] [stderr]    Compiling simd-adler32 v0.3.7
[INFO] [stderr]    Compiling http-body v1.0.1
[INFO] [stderr]    Compiling indexmap v2.6.0
[INFO] [stderr]    Compiling bumpalo v3.16.0
[INFO] [stderr]    Compiling idna v0.5.0
[INFO] [stderr]    Compiling lockfree-object-pool v0.1.6
[INFO] [stderr]    Compiling http-body-util v0.1.2
[INFO] [stderr]    Compiling zopfli v0.8.1
[INFO] [stderr]    Compiling filetime v0.2.25
[INFO] [stderr]    Compiling sync_wrapper v1.0.1
[INFO] [stderr]    Compiling mime v0.3.17
[INFO] [stderr]    Compiling flate2 v1.0.34
[INFO] [stderr]    Compiling ring v0.17.8
[INFO] [stderr]    Compiling psm v0.1.23
[INFO] [stderr]    Compiling stacker v0.1.17
[INFO] [stderr]    Compiling fastrand v2.1.1
[INFO] [stderr]    Compiling arrayvec v0.7.6
[INFO] [stderr]    Compiling option-ext v0.2.0
[INFO] [stderr]    Compiling byteorder v1.5.0
[INFO] [stderr]    Compiling either v1.13.0
[INFO] [stderr]    Compiling ipnet v2.10.1
[INFO] [stderr]    Compiling url v2.5.2
[INFO] [stderr]    Compiling base64 v0.22.1
[INFO] [stderr]    Compiling rayon v1.10.0
[INFO] [stderr]    Compiling dirs-sys v0.4.1
[INFO] [stderr]    Compiling utf8-width v0.1.7
[INFO] [stderr]    Compiling home v0.5.9
[INFO] [stderr]    Compiling whoami v1.5.2
[INFO] [stderr]    Compiling sys-locale v0.3.1
[INFO] [stderr]    Compiling dirs v5.0.1
[INFO] [stderr]    Compiling xattr v1.3.1
[INFO] [stderr]    Compiling tempfile v3.13.0
[INFO] [stderr]    Compiling tar v0.4.42
[INFO] [stderr]    Compiling byte-unit v5.1.4
[INFO] [stderr]    Compiling sysinfo v0.32.0
[INFO] [stderr]    Compiling serde_derive v1.0.214
[INFO] [stderr]    Compiling tokio-macros v2.4.0
[INFO] [stderr]    Compiling tracing-attributes v0.1.27
[INFO] [stderr]    Compiling thiserror-impl v1.0.66
[INFO] [stderr]    Compiling displaydoc v0.2.5
[INFO] [stderr]    Compiling rustls-webpki v0.102.8
[INFO] [stderr]    Compiling tokio v1.41.0
[INFO] [stderr]    Compiling tracing v0.1.40
[INFO] [stderr]    Compiling ristretto_classfile v0.10.1
[INFO] [stderr]    Compiling hyper v1.5.0
[INFO] [stderr]    Compiling tokio-rustls v0.26.0
[INFO] [stderr]    Compiling serde_urlencoded v0.7.1
[INFO] [stderr]    Compiling serde_plain v1.0.2
[INFO] [stderr]    Compiling os_info v3.8.2
[INFO] [stderr]    Compiling hyper-util v0.1.10
[INFO] [stderr]    Compiling hyper-rustls v0.27.3
[INFO] [stderr]    Compiling reqwest v0.12.9
[INFO] [stderr]    Compiling ristretto_classloader v0.10.1
[INFO] [stderr]    Compiling ristretto_vm v0.10.0 (/opt/rustwide/workdir)
[INFO] [stderr]     Finished `dev` profile [unoptimized + debuginfo] target(s) in 16.01s
[INFO] running `Command { std: "docker" "inspect" "427af284d93703ca4db74b2248cf3f69cd89f09540732ba2c198f07695a75f68", kill_on_drop: false }`
[INFO] running `Command { std: "docker" "rm" "-f" "427af284d93703ca4db74b2248cf3f69cd89f09540732ba2c198f07695a75f68", kill_on_drop: false }`
[INFO] [stdout] 427af284d93703ca4db74b2248cf3f69cd89f09540732ba2c198f07695a75f68
[INFO] running `Command { std: "docker" "create" "-v" "/var/lib/crater-agent-workspace/builds/worker-0-tc2/target:/opt/rustwide/target:rw,Z" "-v" "/var/lib/crater-agent-workspace/builds/worker-0-tc2/source:/opt/rustwide/workdir:ro,Z" "-v" "/var/lib/crater-agent-workspace/cargo-home:/opt/rustwide/cargo-home:ro,Z" "-v" "/var/lib/crater-agent-workspace/rustup-home:/opt/rustwide/rustup-home:ro,Z" "-e" "SOURCE_DIR=/opt/rustwide/workdir" "-e" "CARGO_TARGET_DIR=/opt/rustwide/target" "-e" "CARGO_INCREMENTAL=0" "-e" "RUST_BACKTRACE=full" "-e" "RUSTFLAGS=--cap-lints=forbid -Zrandomize-layout" "-e" "RUSTDOCFLAGS=--cap-lints=forbid" "-e" "CARGO_HOME=/opt/rustwide/cargo-home" "-e" "RUSTUP_HOME=/opt/rustwide/rustup-home" "-w" "/opt/rustwide/workdir" "-m" "1610612736" "--user" "0:0" "--network" "none" "ghcr.io/rust-lang/crates-build-env/linux@sha256:4a844ea9eb2546a2d2c7022eacef16ef2e8229c7fbb2c7d4d55a9ceca922f72d" "/opt/rustwide/cargo-home/bin/cargo" "+nightly-2024-10-28" "test" "--frozen" "--no-run" "--message-format=json", kill_on_drop: false }`
[INFO] [stdout] ec20c2f1d3dce7e3609805f62541fca674a5eb53424202a3c9f8c486154abea0
[INFO] running `Command { std: "docker" "start" "-a" "ec20c2f1d3dce7e3609805f62541fca674a5eb53424202a3c9f8c486154abea0", kill_on_drop: false }`
[INFO] [stderr]    Compiling serde v1.0.214
[INFO] [stderr]    Compiling num-traits v0.2.19
[INFO] [stderr]    Compiling either v1.13.0
[INFO] [stderr]    Compiling half v2.4.1
[INFO] [stderr]    Compiling anstyle v1.0.10
[INFO] [stderr]    Compiling clap_lex v0.7.2
[INFO] [stderr]    Compiling regex-syntax v0.8.5
[INFO] [stderr]    Compiling ciborium-io v0.2.2
[INFO] [stderr]    Compiling same-file v1.0.6
[INFO] [stderr]    Compiling cast v0.3.0
[INFO] [stderr]    Compiling is-terminal v0.4.13
[INFO] [stderr]    Compiling anes v0.1.6
[INFO] [stderr]    Compiling oorandom v11.1.4
[INFO] [stderr]    Compiling walkdir v2.5.0
[INFO] [stderr]    Compiling itertools v0.10.5
[INFO] [stderr]    Compiling rayon v1.10.0
[INFO] [stderr]    Compiling clap_builder v4.5.20
[INFO] [stderr]    Compiling ciborium-ll v0.2.2
[INFO] [stderr]    Compiling rust_decimal v1.36.0
[INFO] [stderr]    Compiling regex-automata v0.4.8
[INFO] [stderr]    Compiling criterion-plot v0.5.0
[INFO] [stderr]    Compiling byte-unit v5.1.4
[INFO] [stderr]    Compiling clap v4.5.20
[INFO] [stderr]    Compiling sysinfo v0.32.0
[INFO] [stderr]    Compiling regex v1.11.1
[INFO] [stderr]    Compiling serde_json v1.0.132
[INFO] [stderr]    Compiling serde_urlencoded v0.7.1
[INFO] [stderr]    Compiling serde_plain v1.0.2
[INFO] [stderr]    Compiling os_info v3.8.2
[INFO] [stderr]    Compiling ciborium v0.2.2
[INFO] [stderr]    Compiling reqwest v0.12.9
[INFO] [stderr]    Compiling tinytemplate v1.2.1
[INFO] [stderr]    Compiling criterion v0.5.1
[INFO] [stderr]    Compiling ristretto_classloader v0.10.1
[INFO] [stderr]    Compiling ristretto_vm v0.10.0 (/opt/rustwide/workdir)
[INFO] [stderr]     Finished `test` profile [unoptimized + debuginfo] target(s) in 12.94s
[INFO] running `Command { std: "docker" "inspect" "ec20c2f1d3dce7e3609805f62541fca674a5eb53424202a3c9f8c486154abea0", kill_on_drop: false }`
[INFO] running `Command { std: "docker" "rm" "-f" "ec20c2f1d3dce7e3609805f62541fca674a5eb53424202a3c9f8c486154abea0", kill_on_drop: false }`
[INFO] [stdout] ec20c2f1d3dce7e3609805f62541fca674a5eb53424202a3c9f8c486154abea0
[INFO] running `Command { std: "docker" "create" "-v" "/var/lib/crater-agent-workspace/builds/worker-0-tc2/target:/opt/rustwide/target:rw,Z" "-v" "/var/lib/crater-agent-workspace/builds/worker-0-tc2/source:/opt/rustwide/workdir:ro,Z" "-v" "/var/lib/crater-agent-workspace/cargo-home:/opt/rustwide/cargo-home:ro,Z" "-v" "/var/lib/crater-agent-workspace/rustup-home:/opt/rustwide/rustup-home:ro,Z" "-e" "SOURCE_DIR=/opt/rustwide/workdir" "-e" "CARGO_TARGET_DIR=/opt/rustwide/target" "-e" "CARGO_INCREMENTAL=0" "-e" "RUST_BACKTRACE=full" "-e" "RUSTFLAGS=--cap-lints=forbid -Zrandomize-layout" "-e" "RUSTDOCFLAGS=--cap-lints=forbid" "-e" "CARGO_HOME=/opt/rustwide/cargo-home" "-e" "RUSTUP_HOME=/opt/rustwide/rustup-home" "-w" "/opt/rustwide/workdir" "-m" "1610612736" "--user" "0:0" "--network" "none" "ghcr.io/rust-lang/crates-build-env/linux@sha256:4a844ea9eb2546a2d2c7022eacef16ef2e8229c7fbb2c7d4d55a9ceca922f72d" "/opt/rustwide/cargo-home/bin/cargo" "+nightly-2024-10-28" "test" "--frozen", kill_on_drop: false }`
[INFO] [stdout] 2a570fb84821c42b402b5000cce42c52f4250b46ff4e42b9383cf356367bc1bb
[INFO] running `Command { std: "docker" "start" "-a" "2a570fb84821c42b402b5000cce42c52f4250b46ff4e42b9383cf356367bc1bb", kill_on_drop: false }`
[INFO] [stderr]     Finished `test` profile [unoptimized + debuginfo] target(s) in 0.19s
[INFO] [stderr]      Running unittests src/lib.rs (/opt/rustwide/target/debug/deps/ristretto_vm-795daa9bc450838d)
[INFO] [stdout] 
[INFO] [stdout] running 464 tests
[INFO] [stdout] test arguments::tests::test_can_push_and_pop_values ... ok
[INFO] [stdout] test arguments::tests::test_is_empty ... ok
[INFO] [stdout] test arguments::tests::test_peek_underflow ... ok
[INFO] [stdout] test arguments::tests::test_peek_top_value ... ok
[INFO] [stdout] test arguments::tests::test_pop_int_invalid_operand ... ok
[INFO] [stdout] test arguments::tests::test_pop_object ... ok
[INFO] [stdout] test arguments::tests::test_pop_double ... ok
[INFO] [stdout] test arguments::tests::test_display ... ok
[INFO] [stdout] test arguments::tests::test_pop_object_invalid_operand ... ok
[INFO] [stdout] test arguments::tests::test_pop_underflow ... ok
[INFO] [stdout] test configuration::tests::test_configuration_builder ... ok
[INFO] [stdout] test arguments::tests::test_pop_float_invalid_operand ... ok
[INFO] [stdout] test arguments::tests::test_pop_float ... ok
[INFO] [stdout] test arguments::tests::test_pop_long ... ok
[INFO] [stdout] test configuration::tests::test_configuration_builder_default ... ok
[INFO] [stdout] test arguments::tests::test_pop_int ... ok
[INFO] [stdout] test configuration::tests::test_configuration_builder_java_home ... ok
[INFO] [stdout] test configuration::tests::test_configuration_builder_java_home_and_java_version_error ... ok
[INFO] [stdout] test configuration::tests::test_configuration_builder_new ... ok
[INFO] [stdout] test configuration::tests::test_configuration_builder_system_properties ... ok
[INFO] [stdout] test instruction::array::tests::test_arraylength_byte ... ok
[INFO] [stdout] test arguments::tests::test_pop_long_invalid_operand ... ok
[INFO] [stdout] test instruction::array::tests::test_arraylength_boolean ... ok
[INFO] [stdout] test arguments::tests::test_pop_double_invalid_operand ... ok
[INFO] [stdout] test instruction::array::tests::test_arraylength_double ... ok
[INFO] [stdout] test instruction::array::tests::test_arraylength_float ... ok
[INFO] [stdout] test instruction::array::tests::test_arraylength_long ... ok
[INFO] [stdout] test instruction::array::tests::test_arraylength_null ... ok
[INFO] [stdout] test instruction::array::tests::test_arraylength_char ... ok
[INFO] [stdout] test instruction::array::tests::test_arraylength_short ... ok
[INFO] [stdout] test call_stack::tests::test_adjust_arguments ... ok
[INFO] [stdout] test instruction::array::tests::test_arraylength_int ... ok
[INFO] [stdout] test frame::tests::test_process_wide ... FAILED
[INFO] [stdout] test frame::tests::test_process_breakpoint ... FAILED
[INFO] [stdout] test instruction::array::tests::test_arraylength_invalid_type ... FAILED
[INFO] [stdout] test frame::tests::test_process_return ... FAILED
[INFO] [stdout] test frame::tests::test_process_monitorenter ... FAILED
[INFO] [stdout] test frame::tests::test_execute ... FAILED
[INFO] [stdout] test instruction::array::tests::test_anewarray ... FAILED
[INFO] [stdout] test frame::tests::test_process_nop ... FAILED
[INFO] [stdout] test instruction::array::tests::test_arraylength_object ... FAILED
[INFO] [stdout] test instruction::array::tests::test_newarray_byte ... ok
[INFO] [stdout] test instruction::array::tests::test_newarray_char ... ok
[INFO] [stdout] test instruction::array::tests::test_newarray_double ... ok
[INFO] [stdout] test instruction::array::tests::test_newarray_float ... ok
[INFO] [stdout] test instruction::array::tests::test_newarray_long ... ok
[INFO] [stdout] test instruction::array::tests::test_newarray_int ... ok
[INFO] [stdout] test frame::tests::test_process_monitorexit ... FAILED
[INFO] [stdout] test instruction::array::tests::test_newarray_boolean ... ok
[INFO] [stdout] test frame::tests::test_initial_frame ... FAILED
[INFO] [stdout] test instruction::array::tests::test_newarray_short ... ok
[INFO] [stdout] test frame::tests::test_process_impdep2 ... FAILED
[INFO] [stdout] test instruction::branch::test::test_goto_w ... ok
[INFO] [stdout] test instruction::branch::test::test_if_acmpne_equal ... ok
[INFO] [stdout] test instruction::branch::test::test_if_acmpne_not_equal ... ok
[INFO] [stdout] test instruction::branch::test::test_if_acmpne_null ... ok
[INFO] [stdout] test instruction::branch::test::test_if_icmpeq_equal ... ok
[INFO] [stdout] test instruction::branch::test::test_if_icmpeq_not_equal ... ok
[INFO] [stdout] test instruction::branch::test::test_if_icmpge_greater_than ... ok
[INFO] [stdout] test instruction::branch::test::test_if_acmpeq_null ... ok
[INFO] [stdout] test instruction::branch::test::test_if_acmpeq_not_equal ... ok
[INFO] [stdout] test instruction::branch::test::test_if_acmpeq_equal ... ok
[INFO] [stdout] test instruction::branch::test::test_if_icmpgt_greater_than ... ok
[INFO] [stdout] test instruction::array::tests::test_multianewarray_byte ... FAILED
[INFO] [stdout] test instruction::branch::test::test_if_icmpgt_equal ... ok
[INFO] [stdout] test instruction::branch::test::test_goto ... ok
[INFO] [stdout] test instruction::branch::test::test_if_icmple_equal ... ok
[INFO] [stdout] test instruction::branch::test::test_if_icmple_greater_than ... ok
[INFO] [stdout] test instruction::branch::test::test_if_icmple_less_than ... ok
[INFO] [stdout] test instruction::branch::test::test_if_icmplt_equal ... ok
[INFO] [stdout] test instruction::branch::test::test_if_icmpge_equal ... ok
[INFO] [stdout] test instruction::branch::test::test_if_icmplt_less_than ... ok
[INFO] [stdout] test instruction::branch::test::test_if_icmpne_not_equal ... ok
[INFO] [stdout] test instruction::branch::test::test_ifeq_equal ... ok
[INFO] [stdout] test instruction::branch::test::test_ifge ... ok
[INFO] [stdout] test instruction::branch::test::test_ifge_equal ... ok
[INFO] [stdout] test instruction::branch::test::test_if_icmpne_equal ... ok
[INFO] [stdout] test instruction::branch::test::test_ifgt_equal ... ok
[INFO] [stdout] test instruction::branch::test::test_if_icmpge_less_than ... ok
[INFO] [stdout] test instruction::branch::test::test_ifgt_greater_than ... ok
[INFO] [stdout] test instruction::branch::test::test_ifge_greater_than ... ok
[INFO] [stdout] test instruction::branch::test::test_ifle_equal ... ok
[INFO] [stdout] test instruction::branch::test::test_iflt_less_than ... ok
[INFO] [stdout] test instruction::branch::test::test_ifle_greater_than ... ok
[INFO] [stdout] test instruction::branch::test::test_iflt_equal ... ok
[INFO] [stdout] test instruction::branch::test::test_ifne_not_equal ... ok
[INFO] [stdout] test instruction::branch::test::test_ifeq_not_equal ... ok
[INFO] [stdout] test instruction::branch::test::test_ifne_equal ... ok
[INFO] [stdout] test instruction::branch::test::test_ifnonnull_null ... ok
[INFO] [stdout] test instruction::branch::test::test_ifnull_null ... ok
[INFO] [stdout] test instruction::branch::test::test_jsr ... ok
[INFO] [stdout] test instruction::branch::test::test_lookupswitch_default ... ok
[INFO] [stdout] test instruction::branch::test::test_ifnonnull_not_null ... ok
[INFO] [stdout] test instruction::branch::test::test_lookupswitch ... ok
[INFO] [stdout] test instruction::branch::test::test_ret_w ... ok
[INFO] [stdout] test instruction::branch::test::test_tableswitch ... ok
[INFO] [stdout] test instruction::branch::test::test_tableswitch_default ... ok
[INFO] [stdout] test instruction::byte::test::test_baload ... ok
[INFO] [stdout] test instruction::branch::test::test_ifnull_not_null ... ok
[INFO] [stdout] test instruction::branch::test::test_ret ... ok
[INFO] [stdout] test instruction::byte::test::test_baload_invalid_index ... ok
[INFO] [stdout] test instruction::byte::test::test_baload_null_pointer ... ok
[INFO] [stdout] test instruction::byte::test::test_bastore_invalid_index ... ok
[INFO] [stdout] test instruction::byte::test::test_bastore ... ok
[INFO] [stdout] test instruction::byte::test::test_baload_invalid_value ... ok
[INFO] [stdout] test instruction::array::tests::test_multianewarray_char ... FAILED
[INFO] [stdout] test instruction::byte::test::test_bastore_null_pointer ... ok
[INFO] [stdout] test instruction::byte::test::test_bastore_invalid_value ... ok
[INFO] [stdout] test instruction::branch::test::test_ifge_less_than ... ok
[INFO] [stdout] test instruction::char::test::test_caload ... ok
[INFO] [stdout] test instruction::branch::test::test_ifle_less_than ... ok
[INFO] [stdout] test instruction::char::test::test_caload_null_pointer ... ok
[INFO] [stdout] test instruction::char::test::test_caload_invalid_value ... ok
[INFO] [stdout] test instruction::char::test::test_castore ... ok
[INFO] [stdout] test instruction::char::test::test_castore_invalid_index ... ok
[INFO] [stdout] test instruction::char::test::test_caload_invalid_index ... ok
[INFO] [stdout] test instruction::branch::test::test_jsr_w ... ok
[INFO] [stdout] test instruction::char::test::test_castore_invalid_value ... ok
[INFO] [stdout] test instruction::char::test::test_castore_null_pointer ... ok
[INFO] [stdout] test instruction::convert::test::test_d2f ... ok
[INFO] [stdout] test instruction::convert::test::test_d2i ... ok
[INFO] [stdout] test instruction::convert::test::test_d2l ... ok
[INFO] [stdout] test instruction::convert::test::test_f2d ... ok
[INFO] [stdout] test instruction::convert::test::test_f2l ... ok
[INFO] [stdout] test instruction::convert::test::test_i2c ... ok
[INFO] [stdout] test instruction::convert::test::test_i2d ... ok
[INFO] [stdout] test instruction::convert::test::test_i2f ... ok
[INFO] [stdout] test instruction::convert::test::test_l2d ... ok
[INFO] [stdout] test instruction::convert::test::test_l2f ... ok
[INFO] [stdout] test instruction::double::tests::test_dadd_overflow ... ok
[INFO] [stdout] test instruction::convert::test::test_i2l ... ok
[INFO] [stdout] test instruction::convert::test::test_i2b ... ok
[INFO] [stdout] test instruction::convert::test::test_l2i ... ok
[INFO] [stdout] test instruction::convert::test::test_f2i ... ok
[INFO] [stdout] test instruction::convert::test::test_i2s ... ok
[INFO] [stdout] test instruction::double::tests::test_daload ... ok
[INFO] [stdout] test instruction::array::tests::test_multianewarray_float ... FAILED
[INFO] [stdout] test instruction::double::tests::test_dadd ... ok
[INFO] [stdout] test instruction::double::tests::test_dastore ... ok
[INFO] [stdout] test instruction::double::tests::test_dastore_invalid_value ... ok
[INFO] [stdout] test instruction::double::tests::test_dcmpg_less_than ... ok
[INFO] [stdout] test instruction::double::tests::test_dcmpg_value2_nan ... ok
[INFO] [stdout] test instruction::double::tests::test_dcmpg_value1_nan ... ok
[INFO] [stdout] test instruction::double::tests::test_dastore_invalid_index ... ok
[INFO] [stdout] test instruction::double::tests::test_daload_null_pointer ... ok
[INFO] [stdout] test instruction::double::tests::test_dastore_null_pointer ... ok
[INFO] [stdout] test instruction::double::tests::test_dcmpl_equal ... ok
[INFO] [stdout] test instruction::double::tests::test_dcmpg_equal ... ok
[INFO] [stdout] test instruction::double::tests::test_daload_invalid_value ... ok
[INFO] [stdout] test instruction::double::tests::test_dcmpg_greater_than ... ok
[INFO] [stdout] test instruction::array::tests::test_multianewarray_int ... FAILED
[INFO] [stdout] test instruction::array::tests::test_multianewarray_short ... FAILED
[INFO] [stdout] test instruction::double::tests::test_daload_invalid_index ... ok
[INFO] [stdout] test frame::tests::test_process_impdep1 ... FAILED
[INFO] [stdout] test instruction::double::tests::test_dcmpl_less_than ... ok
[INFO] [stdout] test instruction::double::tests::test_dcmpl_greater_than ... ok
[INFO] [stdout] test instruction::double::tests::test_dcmpl_value2_nan ... ok
[INFO] [stdout] test instruction::double::tests::test_dconst_1 ... ok
[INFO] [stdout] test instruction::double::tests::test_ddiv ... ok
[INFO] [stdout] test instruction::double::tests::test_dload ... ok
[INFO] [stdout] test instruction::double::tests::test_dload_0 ... ok
[INFO] [stdout] test instruction::double::tests::test_dconst_0 ... ok
[INFO] [stdout] test instruction::double::tests::test_dload_3 ... ok
[INFO] [stdout] test instruction::double::tests::test_dmul ... ok
[INFO] [stdout] test instruction::double::tests::test_drem ... ok
[INFO] [stdout] test instruction::double::tests::test_dload_w ... ok
[INFO] [stdout] test instruction::array::tests::test_multianewarray_double ... FAILED
[INFO] [stdout] test instruction::double::tests::test_dload_2 ... ok
[INFO] [stdout] test instruction::double::tests::test_dstore_2 ... ok
[INFO] [stdout] test instruction::double::tests::test_dneg ... ok
[INFO] [stdout] test instruction::double::tests::test_dstore_1 ... ok
[INFO] [stdout] test instruction::double::tests::test_dstore_w ... ok
[INFO] [stdout] test instruction::double::tests::test_dstore_0 ... ok
[INFO] [stdout] test instruction::double::tests::test_dreturn_invalid_type ... ok
[INFO] [stdout] test instruction::double::tests::test_dstore ... ok
[INFO] [stdout] test instruction::double::tests::test_dcmpl_value1_nan ... ok
[INFO] [stdout] test instruction::double::tests::test_dload_1 ... ok
[INFO] [stdout] test instruction::double::tests::test_dreturn ... ok
[INFO] [stdout] test instruction::double::tests::test_dsub_overflow ... ok
[INFO] [stdout] test instruction::double::tests::test_dstore_3 ... ok
[INFO] [stdout] test instruction::double::tests::test_dsub ... ok
[INFO] [stdout] test instruction::float::tests::test_fadd_overflow ... ok
[INFO] [stdout] test instruction::float::tests::test_fadd ... ok
[INFO] [stdout] test instruction::float::tests::test_faload_invalid_index ... ok
[INFO] [stdout] test instruction::float::tests::test_fastore_invalid_index ... ok
[INFO] [stdout] test instruction::float::tests::test_fastore ... ok
[INFO] [stdout] test instruction::float::tests::test_fastore_invalid_value ... ok
[INFO] [stdout] test instruction::float::tests::test_faload_invalid_value ... ok
[INFO] [stdout] test instruction::float::tests::test_faload_null_pointer ... ok
[INFO] [stdout] test instruction::float::tests::test_faload ... ok
[INFO] [stdout] test instruction::float::tests::test_fastore_null_pointer ... ok
[INFO] [stdout] test instruction::float::tests::test_fcmpg_value1_nan ... ok
[INFO] [stdout] test instruction::float::tests::test_fcmpg_equal ... ok
[INFO] [stdout] test instruction::float::tests::test_fcmpg_less_than ... ok
[INFO] [stdout] test instruction::float::tests::test_fcmpg_greater_than ... ok
[INFO] [stdout] test instruction::float::tests::test_fcmpg_value2_nan ... ok
[INFO] [stdout] test instruction::float::tests::test_fcmpl_value1_nan ... ok
[INFO] [stdout] test instruction::float::tests::test_fconst_1 ... ok
[INFO] [stdout] test instruction::float::tests::test_fcmpl_equal ... ok
[INFO] [stdout] test instruction::float::tests::test_fconst_0 ... ok
[INFO] [stdout] test instruction::float::tests::test_fdiv ... ok
[INFO] [stdout] test instruction::float::tests::test_fload ... ok
[INFO] [stdout] test instruction::float::tests::test_fload_1 ... ok
[INFO] [stdout] test instruction::float::tests::test_fload_0 ... ok
[INFO] [stdout] test instruction::float::tests::test_fcmpl_greater_than ... ok
[INFO] [stdout] test instruction::float::tests::test_fload_2 ... ok
[INFO] [stdout] test instruction::float::tests::test_fload_3 ... ok
[INFO] [stdout] test instruction::float::tests::test_fload_w ... ok
[INFO] [stdout] test instruction::float::tests::test_fmul ... ok
[INFO] [stdout] test instruction::array::tests::test_multianewarray_multiple_dimensions ... FAILED
[INFO] [stdout] test instruction::float::tests::test_fneg ... ok
[INFO] [stdout] test instruction::float::tests::test_freturn_invalid_type ... ok
[INFO] [stdout] test instruction::float::tests::test_fstore ... ok
[INFO] [stdout] test instruction::float::tests::test_fstore_0 ... ok
[INFO] [stdout] test instruction::float::tests::test_frem ... ok
[INFO] [stdout] test instruction::float::tests::test_fstore_1 ... ok
[INFO] [stdout] test instruction::array::tests::test_multianewarray_object ... FAILED
[INFO] [stdout] test instruction::float::tests::test_fstore_2 ... ok
[INFO] [stdout] test instruction::float::tests::test_fstore_3 ... ok
[INFO] [stdout] test instruction::float::tests::test_fsub_overflow ... ok
[INFO] [stdout] test instruction::float::tests::test_freturn ... ok
[INFO] [stdout] test instruction::float::tests::test_fsub ... ok
[INFO] [stdout] test instruction::float::tests::test_fstore_w ... ok
[INFO] [stdout] test instruction::integer::tests::test_iaload_invalid_index ... ok
[INFO] [stdout] test instruction::integer::tests::test_iadd ... ok
[INFO] [stdout] test instruction::integer::tests::test_iaload ... ok
[INFO] [stdout] test instruction::integer::tests::test_iaload_invalid_value ... ok
[INFO] [stdout] test instruction::integer::tests::test_iand ... ok
[INFO] [stdout] test instruction::integer::tests::test_iastore ... ok
[INFO] [stdout] test instruction::float::tests::test_fcmpl_less_than ... ok
[INFO] [stdout] test instruction::float::tests::test_fconst_2 ... ok
[INFO] [stdout] test instruction::float::tests::test_fcmpl_value2_nan ... ok
[INFO] [stdout] test instruction::integer::tests::test_iadd_overflow ... ok
[INFO] [stdout] test instruction::integer::tests::test_iastore_invalid_index ... ok
[INFO] [stdout] test instruction::integer::tests::test_iconst_0 ... ok
[INFO] [stdout] test instruction::integer::tests::test_iastore_invalid_value ... ok
[INFO] [stdout] test instruction::integer::tests::test_iconst_2 ... ok
[INFO] [stdout] test instruction::integer::tests::test_iconst_4 ... ok
[INFO] [stdout] test instruction::integer::tests::test_idiv ... ok
[INFO] [stdout] test instruction::integer::tests::test_iinc_w ... ok
[INFO] [stdout] test instruction::integer::tests::test_iastore_null_pointer ... ok
[INFO] [stdout] test instruction::integer::tests::test_iconst_3 ... ok
[INFO] [stdout] test instruction::integer::tests::test_iconst_m1 ... ok
[INFO] [stdout] test instruction::integer::tests::test_iload ... ok
[INFO] [stdout] test instruction::integer::tests::test_iload_0 ... ok
[INFO] [stdout] test instruction::integer::tests::test_iload_1 ... ok
[INFO] [stdout] test instruction::integer::tests::test_iaload_null_pointer ... ok
[INFO] [stdout] test instruction::integer::tests::test_imul ... ok
[INFO] [stdout] test instruction::integer::tests::test_iload_3 ... ok
[INFO] [stdout] test instruction::integer::tests::test_iinc ... ok
[INFO] [stdout] test instruction::integer::tests::test_irem ... ok
[INFO] [stdout] test instruction::integer::tests::test_iload_2 ... ok
[INFO] [stdout] test instruction::integer::tests::test_ineg ... ok
[INFO] [stdout] test instruction::integer::tests::test_iload_w ... ok
[INFO] [stdout] test instruction::integer::tests::test_iconst_5 ... ok
[INFO] [stdout] test instruction::integer::tests::test_ior ... ok
[INFO] [stdout] test instruction::array::tests::test_multianewarray_long ... FAILED
[INFO] [stdout] test instruction::integer::tests::test_iconst_1 ... ok
[INFO] [stdout] test instruction::integer::tests::test_istore ... ok
[INFO] [stdout] test instruction::integer::tests::test_ireturn ... ok
[INFO] [stdout] test instruction::integer::tests::test_ireturn_invalid_type ... ok
[INFO] [stdout] test instruction::integer::tests::test_ishl ... ok
[INFO] [stdout] test instruction::integer::tests::test_ishr ... ok
[INFO] [stdout] test instruction::integer::tests::test_istore_0 ... ok
[INFO] [stdout] test instruction::integer::tests::test_istore_1 ... ok
[INFO] [stdout] test instruction::integer::tests::test_istore_2 ... ok
[INFO] [stdout] test instruction::integer::tests::test_istore_3 ... ok
[INFO] [stdout] test instruction::integer::tests::test_istore_w ... ok
[INFO] [stdout] test instruction::integer::tests::test_isub ... ok
[INFO] [stdout] test instruction::integer::tests::test_ixor ... ok
[INFO] [stdout] test instruction::integer::tests::test_isub_overflow ... ok
[INFO] [stdout] test instruction::integer::tests::test_iushr ... ok
[INFO] [stdout] test instruction::integer::tests::test_iushr_negative_value1 ... ok
[INFO] [stdout] test instruction::field::test::test_putfield ... FAILED
[INFO] [stdout] test instruction::field::test::test_putfield_invalid_value ... FAILED
[INFO] [stdout] test instruction::field::test::test_putfield_field_not_found ... FAILED
[INFO] [stdout] test instruction::field::test::test_getfield_invalid_value ... FAILED
[INFO] [stdout] test instruction::ldc::test::test_ldc2_w_invalid_index ... FAILED
[INFO] [stdout] test instruction::invoke::test::test_try_get_special_method ... FAILED
[INFO] [stdout] test instruction::field::test::test_getfield_field_not_found ... FAILED
[INFO] [stdout] test instruction::field::test::test_getfield ... FAILED
[INFO] [stdout] test instruction::exception::test::test_process_throwable ... FAILED
[INFO] [stdout] test instruction::long::tests::test_ladd ... ok
[INFO] [stdout] test instruction::long::tests::test_ladd_overflow ... ok
[INFO] [stdout] test instruction::long::tests::test_laload ... ok
[INFO] [stdout] test instruction::long::tests::test_laload_invalid_index ... ok
[INFO] [stdout] test instruction::long::tests::test_laload_invalid_value ... ok
[INFO] [stdout] test instruction::long::tests::test_laload_null_pointer ... ok
[INFO] [stdout] test instruction::long::tests::test_land ... ok
[INFO] [stdout] test instruction::long::tests::test_lastore ... ok
[INFO] [stdout] test instruction::ldc::test::test_ldc2_w_invalid_type ... FAILED
[INFO] [stdout] test instruction::long::tests::test_lastore_invalid_index ... ok
[INFO] [stdout] test instruction::long::tests::test_lastore_null_pointer ... ok
[INFO] [stdout] test instruction::long::tests::test_lastore_invalid_value ... ok
[INFO] [stdout] test instruction::long::tests::test_lcmp_equal ... ok
[INFO] [stdout] test instruction::long::tests::test_lcmp_less_than ... ok
[INFO] [stdout] test instruction::long::tests::test_lconst_0 ... ok
[INFO] [stdout] test instruction::long::tests::test_lconst_1 ... ok
[INFO] [stdout] test instruction::long::tests::test_ldiv ... ok
[INFO] [stdout] test instruction::long::tests::test_lload ... ok
[INFO] [stdout] test instruction::long::tests::test_lload_0 ... ok
[INFO] [stdout] test instruction::long::tests::test_lcmp_greater_than ... ok
[INFO] [stdout] test instruction::long::tests::test_lload_1 ... ok
[INFO] [stdout] test instruction::long::tests::test_lload_2 ... ok
[INFO] [stdout] test instruction::ldc::test::test_ldc2_w_long ... FAILED
[INFO] [stdout] test instruction::long::tests::test_lload_3 ... ok
[INFO] [stdout] test instruction::long::tests::test_lmul ... ok
[INFO] [stdout] test instruction::long::tests::test_lneg ... ok
[INFO] [stdout] test instruction::ldc::test::test_ldc_w ... FAILED
[INFO] [stdout] test instruction::long::tests::test_lrem ... ok
[INFO] [stdout] test instruction::long::tests::test_lor ... ok
[INFO] [stdout] test instruction::long::tests::test_lreturn ... ok
[INFO] [stdout] test instruction::long::tests::test_lload_w ... ok
[INFO] [stdout] test instruction::long::tests::test_lshl ... ok
[INFO] [stdout] test instruction::long::tests::test_lshr ... ok
[INFO] [stdout] test instruction::long::tests::test_lstore ... ok
[INFO] [stdout] test instruction::long::tests::test_lstore_0 ... ok
[INFO] [stdout] test instruction::long::tests::test_lstore_1 ... ok
[INFO] [stdout] test instruction::long::tests::test_lstore_3 ... ok
[INFO] [stdout] test instruction::long::tests::test_lstore_w ... ok
[INFO] [stdout] test instruction::long::tests::test_lsub_underflow ... ok
[INFO] [stdout] test instruction::long::tests::test_lushr ... ok
[INFO] [stdout] test instruction::long::tests::test_lushr_mask ... ok
[INFO] [stdout] test instruction::long::tests::test_lsub ... ok
[INFO] [stdout] test instruction::long::tests::test_lstore_2 ... ok
[INFO] [stdout] test instruction::long::tests::test_lushr_negative_value1 ... ok
[INFO] [stdout] test instruction::long::tests::test_lreturn_invalid_type ... ok
[INFO] [stdout] test instruction::object::tests::test_aaload_invalid_value ... ok
[INFO] [stdout] test instruction::long::tests::test_lxor ... ok
[INFO] [stdout] test instruction::invoke::test::test_try_get_virtual_method_interface_hierarchy ... FAILED
[INFO] [stdout] test instruction::object::tests::test_aaload_null_pointer ... ok
[INFO] [stdout] test instruction::object::tests::test_aastore_invalid_value ... ok
[INFO] [stdout] test instruction::ldc::test::test_constant_integer ... FAILED
[INFO] [stdout] test instruction::object::tests::test_aastore_null_pointer ... ok
[INFO] [stdout] test instruction::object::tests::test_aconst_null ... ok
[INFO] [stdout] test instruction::object::tests::test_aload ... ok
[INFO] [stdout] test instruction::object::tests::test_aload_0 ... ok
[INFO] [stdout] test instruction::object::tests::test_aload_1 ... ok
[INFO] [stdout] test instruction::object::tests::test_aload_2 ... ok
[INFO] [stdout] test instruction::object::tests::test_aload_3 ... ok
[INFO] [stdout] test instruction::object::tests::test_areturn_invalid_type ... ok
[INFO] [stdout] test instruction::object::tests::test_areturn_null ... ok
[INFO] [stdout] test instruction::object::tests::test_areturn_object ... ok
[INFO] [stdout] test instruction::object::tests::test_astore ... ok
[INFO] [stdout] test instruction::object::tests::test_aload_w ... ok
[INFO] [stdout] test instruction::object::tests::test_astore_0 ... ok
[INFO] [stdout] test instruction::object::tests::test_astore_2 ... ok
[INFO] [stdout] test instruction::object::tests::test_astore_1 ... ok
[INFO] [stdout] test instruction::object::tests::test_astore_w ... ok
[INFO] [stdout] test instruction::object::tests::test_checkcast_null ... ok
[INFO] [stdout] test instruction::object::tests::test_astore_3 ... ok
[INFO] [stdout] test instruction::ldc::test::test_load_constant_invalid_type ... FAILED
[INFO] [stdout] test instruction::object::tests::test_instanceof_int_array_to_int_array ... ok
[INFO] [stdout] test instruction::object::tests::test_instanceof_long_array_to_int_array ... ok
[INFO] [stdout] test instruction::ldc::test::test_load_constant_string ... FAILED
[INFO] [stdout] test instruction::ldc::test::test_load_constant_class ... FAILED
[INFO] [stdout] test instruction::ldc::test::test_ldc2_w_double ... FAILED
[INFO] [stdout] test instruction::object::tests::test_aastore ... FAILED
[INFO] [stdout] test instruction::invoke::test::test_try_get_virtual_method_hierarchy ... FAILED
[INFO] [stdout] test instruction::object::tests::test_aaload ... FAILED
[INFO] [stdout] test instruction::push::test::test_bipush ... ok
[INFO] [stdout] test instruction::push::test::test_sipush ... ok
[INFO] [stdout] test instruction::invoke::test::test_try_get_special_method_not_found ... FAILED
[INFO] [stdout] test instruction::invoke::test::test_try_get_virtual_method_not_found ... FAILED
[INFO] [stdout] test instruction::ldc::test::test_ldc ... FAILED
[INFO] [stdout] test instruction::object::tests::test_aastore_invalid_index ... FAILED
[INFO] [stdout] test instruction::short::test::test_saload ... ok
[INFO] [stdout] test instruction::short::test::test_saload_invalid_index ... ok
[INFO] [stdout] test instruction::short::test::test_saload_invalid_value ... ok
[INFO] [stdout] test instruction::short::test::test_saload_null_pointer ... ok
[INFO] [stdout] test instruction::short::test::test_sastore ... ok
[INFO] [stdout] test instruction::short::test::test_sastore_invalid_index ... ok
[INFO] [stdout] test instruction::short::test::test_sastore_invalid_value ... ok
[INFO] [stdout] test instruction::object::tests::test_instanceof_object_to_string ... FAILED
[INFO] [stdout] test instruction::stack::test::test_dup ... ok
[INFO] [stdout] test instruction::stack::test::test_dup2_form_1 ... ok
[INFO] [stdout] test instruction::short::test::test_sastore_null_pointer ... ok
[INFO] [stdout] test instruction::stack::test::test_dup2_form_2 ... ok
[INFO] [stdout] test instruction::stack::test::test_dup2_x1_form_2 ... ok
[INFO] [stdout] test instruction::stack::test::test_dup2_x1_form_1 ... ok
[INFO] [stdout] test instruction::ldc::test::test_load_constant_invalid_index ... FAILED
[INFO] [stdout] test instruction::stack::test::test_dup2_x2_form_1 ... ok
[INFO] [stdout] test instruction::stack::test::test_dup2_x2_form_3 ... ok
[INFO] [stdout] test instruction::stack::test::test_dup_x1 ... ok
[INFO] [stdout] test instruction::object::tests::test_aaload_invalid_index ... FAILED
[INFO] [stdout] test instruction::stack::test::test_dup2_x2_form_4 ... ok
[INFO] [stdout] test instruction::stack::test::test_dup_x2_form_1 ... ok
[INFO] [stdout] test instruction::stack::test::test_dup_x2_form_2 ... ok
[INFO] [stdout] test instruction::stack::test::test_pop ... ok
[INFO] [stdout] test instruction::stack::test::test_pop2_form_1 ... ok
[INFO] [stdout] test instruction::stack::test::test_swap ... ok
[INFO] [stdout] test instruction::ldc::test::test_load_constant_float ... FAILED
[INFO] [stdout] test instruction::stack::test::test_pop2_form_2 ... ok
[INFO] [stdout] test instruction::stack::test::test_dup2_x2_form_2 ... ok
[INFO] [stdout] test local_variables::tests::test_display ... ok
[INFO] [stdout] test local_variables::tests::test_get ... ok
[INFO] [stdout] test local_variables::tests::test_get_float ... ok
[INFO] [stdout] test instruction::object::tests::test_instanceof_string_array_to_object ... FAILED
[INFO] [stdout] test local_variables::tests::test_get_double ... ok
[INFO] [stdout] test local_variables::tests::test_get_double_invalid_index ... ok
[INFO] [stdout] test local_variables::tests::test_get_float_invalid_index ... ok
[INFO] [stdout] test local_variables::tests::test_get_float_invalid_type ... ok
[INFO] [stdout] test local_variables::tests::test_get_invalid_index ... ok
[INFO] [stdout] test local_variables::tests::test_get_int_invalid_type ... ok
[INFO] [stdout] test local_variables::tests::test_get_long ... ok
[INFO] [stdout] test local_variables::tests::test_get_long_invalid_index ... ok
[INFO] [stdout] test local_variables::tests::test_get_long_invalid_type ... ok
[INFO] [stdout] test local_variables::tests::test_get_object ... ok
[INFO] [stdout] test local_variables::tests::test_get_object_invalid_index ... ok
[INFO] [stdout] test local_variables::tests::test_get_object_invalid_type ... ok
[INFO] [stdout] test local_variables::tests::test_is_empty ... ok
[INFO] [stdout] test local_variables::tests::test_get_int_invalid_index ... ok
[INFO] [stdout] test local_variables::tests::test_get_double_invalid_type ... ok
[INFO] [stdout] test local_variables::tests::test_len ... ok
[INFO] [stdout] test instruction::object::tests::test_instanceof_object_array_to_string ... FAILED
[INFO] [stdout] test local_variables::tests::test_set_double ... ok
[INFO] [stdout] test local_variables::tests::test_set_double_invalid_index ... ok
[INFO] [stdout] test local_variables::tests::test_set ... ok
[INFO] [stdout] test local_variables::tests::test_set_float ... ok
[INFO] [stdout] test local_variables::tests::test_set_float_invalid_index ... ok
[INFO] [stdout] test local_variables::tests::test_set_int ... ok
[INFO] [stdout] test local_variables::tests::test_set_int_invalid_index ... ok
[INFO] [stdout] test local_variables::tests::test_set_long ... ok
[INFO] [stdout] test local_variables::tests::test_set_long_invalid_index ... ok
[INFO] [stdout] test local_variables::tests::test_set_object_invalid_index ... ok
[INFO] [stdout] test local_variables::tests::test_get_int ... ok
[INFO] [stdout] test native_methods::registry::tests::test_register ... ok
[INFO] [stdout] test instruction::r#static::test::test_getstatic ... FAILED
[INFO] [stdout] test local_variables::tests::test_set_object ... ok
[INFO] [stdout] test local_variables::tests::test_set_invalid_index ... ok
[INFO] [stdout] test operand_stack::tests::test_display ... ok
[INFO] [stdout] test operand_stack::tests::test_is_empty ... ok
[INFO] [stdout] test operand_stack::tests::test_can_push_and_pop_values ... ok
[INFO] [stdout] test native_methods::registry::tests::test_get ... ok
[INFO] [stdout] test operand_stack::tests::test_peek_top_value ... ok
[INFO] [stdout] test operand_stack::tests::test_peek_underflow ... ok
[INFO] [stdout] test operand_stack::tests::test_pop_float ... ok
[INFO] [stdout] test operand_stack::tests::test_pop_float_invalid_operand ... ok
[INFO] [stdout] test operand_stack::tests::test_pop_long_invalid_operand ... ok
[INFO] [stdout] test operand_stack::tests::test_pop_long ... ok
[INFO] [stdout] test operand_stack::tests::test_push_overflow ... ok
[INFO] [stdout] test operand_stack::tests::test_pop_underflow ... ok
[INFO] [stdout] test instruction::object::tests::test_checkcast_object_to_string ... FAILED
[INFO] [stdout] test operand_stack::tests::test_pop_object ... ok
[INFO] [stdout] test operand_stack::tests::test_pop_object_invalid_operand ... ok
[INFO] [stdout] test operand_stack::tests::test_pop_double ... ok
[INFO] [stdout] test operand_stack::tests::test_pop_double_invalid_operand ... ok
[INFO] [stdout] test operand_stack::tests::test_pop_int ... ok
[INFO] [stdout] test operand_stack::tests::test_pop_int_invalid_operand ... ok
[INFO] [stdout] test instruction::r#static::test::test_putstatic ... FAILED
[INFO] [stdout] test instruction::object::tests::test_checkcast_string_to_object ... FAILED
[INFO] [stdout] test instruction::r#static::test::test_getstatic_field_not_found ... FAILED
[INFO] [stdout] test instruction::object::tests::test_new ... FAILED
[INFO] [stdout] test instruction::object::tests::test_instanceof_string_to_object ... FAILED
[INFO] [stdout] test instruction::r#static::test::test_putstatic_field_not_found ... FAILED
[INFO] [stdout] test vm::tests::test_constants_class ... FAILED
[INFO] [stdout] test instruction::object::tests::test_instanceof_null ... FAILED
[INFO] [stdout] test vm::tests::test_hello_world_class ... FAILED
[INFO] [stdout] test vm::tests::test_class_inheritance ... FAILED
[INFO] [stdout] test vm::tests::test_vm_new_java_home ... FAILED
[INFO] [stdout] test vm::tests::test_vm_set_jar_with_main_class ... FAILED
[INFO] [stdout] test vm::tests::test_vm_set_main_class ... FAILED
[INFO] [stdout] test vm::tests::test_vm_new ... FAILED
[INFO] [stdout] test vm::tests::test_vm_load_java_lang_object ... FAILED
[INFO] [stdout] 
[INFO] [stdout] failures:
[INFO] [stdout] 
[INFO] [stdout] ---- frame::tests::test_process_wide stdout ----
[INFO] [stdout] Error: ClassLoaderError(RequestError(reqwest::Error { kind: Request, url: "https://corretto.aws/downloads/resources/21.0.5.11.1/amazon-corretto-21.0.5.11.1-linux-x64.tar.gz", source: hyper_util::client::legacy::Error(Connect, ConnectError("dns error", Custom { kind: Uncategorized, error: "failed to lookup address information: Temporary failure in name resolution" })) }))
[INFO] [stdout] 
[INFO] [stdout] ---- frame::tests::test_process_breakpoint stdout ----
[INFO] [stdout] Error: ClassLoaderError(RequestError(reqwest::Error { kind: Request, url: "https://corretto.aws/downloads/resources/21.0.5.11.1/amazon-corretto-21.0.5.11.1-linux-x64.tar.gz", source: hyper_util::client::legacy::Error(Connect, ConnectError("dns error", Custom { kind: Uncategorized, error: "failed to lookup address information: Temporary failure in name resolution" })) }))
[INFO] [stdout] 
[INFO] [stdout] ---- instruction::array::tests::test_arraylength_invalid_type stdout ----
[INFO] [stdout] Error: ClassLoaderError(RequestError(reqwest::Error { kind: Request, url: "https://corretto.aws/downloads/resources/21.0.5.11.1/amazon-corretto-21.0.5.11.1-linux-x64.tar.gz", source: hyper_util::client::legacy::Error(Connect, ConnectError("dns error", Custom { kind: Uncategorized, error: "failed to lookup address information: Temporary failure in name resolution" })) }))
[INFO] [stdout] 
[INFO] [stdout] ---- frame::tests::test_process_return stdout ----
[INFO] [stdout] Error: ClassLoaderError(RequestError(reqwest::Error { kind: Request, url: "https://corretto.aws/downloads/resources/21.0.5.11.1/amazon-corretto-21.0.5.11.1-linux-x64.tar.gz", source: hyper_util::client::legacy::Error(Connect, ConnectError("dns error", Custom { kind: Uncategorized, error: "failed to lookup address information: Temporary failure in name resolution" })) }))
[INFO] [stdout] 
[INFO] [stdout] ---- frame::tests::test_process_monitorenter stdout ----
[INFO] [stdout] Error: ClassLoaderError(RequestError(reqwest::Error { kind: Request, url: "https://corretto.aws/downloads/resources/21.0.5.11.1/amazon-corretto-21.0.5.11.1-linux-x64.tar.gz", source: hyper_util::client::legacy::Error(Connect, ConnectError("dns error", Custom { kind: Uncategorized, error: "failed to lookup address information: Temporary failure in name resolution" })) }))
[INFO] [stdout] 
[INFO] [stdout] ---- frame::tests::test_execute stdout ----
[INFO] [stdout] Error: ClassLoaderError(RequestError(reqwest::Error { kind: Request, url: "https://corretto.aws/downloads/resources/21.0.5.11.1/amazon-corretto-21.0.5.11.1-linux-x64.tar.gz", source: hyper_util::client::legacy::Error(Connect, ConnectError("dns error", Custom { kind: Uncategorized, error: "failed to lookup address information: Temporary failure in name resolution" })) }))
[INFO] [stdout] 
[INFO] [stdout] ---- instruction::array::tests::test_anewarray stdout ----
[INFO] [stdout] Error: ClassLoaderError(RequestError(reqwest::Error { kind: Request, url: "https://corretto.aws/downloads/resources/21.0.5.11.1/amazon-corretto-21.0.5.11.1-linux-x64.tar.gz", source: hyper_util::client::legacy::Error(Connect, ConnectError("dns error", Custom { kind: Uncategorized, error: "failed to lookup address information: Temporary failure in name resolution" })) }))
[INFO] [stdout] 
[INFO] [stdout] ---- frame::tests::test_process_nop stdout ----
[INFO] [stdout] Error: ClassLoaderError(RequestError(reqwest::Error { kind: Request, url: "https://corretto.aws/downloads/resources/21.0.5.11.1/amazon-corretto-21.0.5.11.1-linux-x64.tar.gz", source: hyper_util::client::legacy::Error(Connect, ConnectError("dns error", Custom { kind: Uncategorized, error: "failed to lookup address information: Temporary failure in name resolution" })) }))
[INFO] [stdout] 
[INFO] [stdout] ---- instruction::array::tests::test_arraylength_object stdout ----
[INFO] [stdout] Error: ClassLoaderError(RequestError(reqwest::Error { kind: Request, url: "https://corretto.aws/downloads/resources/21.0.5.11.1/amazon-corretto-21.0.5.11.1-linux-x64.tar.gz", source: hyper_util::client::legacy::Error(Connect, ConnectError("dns error", Custom { kind: Uncategorized, error: "failed to lookup address information: Temporary failure in name resolution" })) }))
[INFO] [stdout] 
[INFO] [stdout] ---- frame::tests::test_process_monitorexit stdout ----
[INFO] [stdout] Error: ClassLoaderError(RequestError(reqwest::Error { kind: Request, url: "https://corretto.aws/downloads/resources/21.0.5.11.1/amazon-corretto-21.0.5.11.1-linux-x64.tar.gz", source: hyper_util::client::legacy::Error(Connect, ConnectError("dns error", Custom { kind: Uncategorized, error: "failed to lookup address information: Temporary failure in name resolution" })) }))
[INFO] [stdout] 
[INFO] [stdout] ---- frame::tests::test_initial_frame stdout ----
[INFO] [stdout] Error: ClassLoaderError(RequestError(reqwest::Error { kind: Request, url: "https://corretto.aws/downloads/resources/21.0.5.11.1/amazon-corretto-21.0.5.11.1-linux-x64.tar.gz", source: hyper_util::client::legacy::Error(Connect, ConnectError("dns error", Custom { kind: Uncategorized, error: "failed to lookup address information: Temporary failure in name resolution" })) }))
[INFO] [stdout] 
[INFO] [stdout] ---- frame::tests::test_process_impdep2 stdout ----
[INFO] [stdout] Error: ClassLoaderError(RequestError(reqwest::Error { kind: Request, url: "https://corretto.aws/downloads/resources/21.0.5.11.1/amazon-corretto-21.0.5.11.1-linux-x64.tar.gz", source: hyper_util::client::legacy::Error(Connect, ConnectError("dns error", Custom { kind: Uncategorized, error: "failed to lookup address information: Temporary failure in name resolution" })) }))
[INFO] [stdout] 
[INFO] [stdout] ---- instruction::array::tests::test_multianewarray_byte stdout ----
[INFO] [stdout] Error: ClassLoaderError(RequestError(reqwest::Error { kind: Request, url: "https://corretto.aws/downloads/resources/21.0.5.11.1/amazon-corretto-21.0.5.11.1-linux-x64.tar.gz", source: hyper_util::client::legacy::Error(Connect, ConnectError("dns error", Custom { kind: Uncategorized, error: "failed to lookup address information: Temporary failure in name resolution" })) }))
[INFO] [stdout] 
[INFO] [stdout] ---- instruction::array::tests::test_multianewarray_char stdout ----
[INFO] [stdout] Error: ClassLoaderError(RequestError(reqwest::Error { kind: Request, url: "https://corretto.aws/downloads/resources/21.0.5.11.1/amazon-corretto-21.0.5.11.1-linux-x64.tar.gz", source: hyper_util::client::legacy::Error(Connect, ConnectError("dns error", Custom { kind: Uncategorized, error: "failed to lookup address information: Temporary failure in name resolution" })) }))
[INFO] [stdout] 
[INFO] [stdout] ---- instruction::array::tests::test_multianewarray_float stdout ----
[INFO] [stdout] Error: ClassLoaderError(RequestError(reqwest::Error { kind: Request, url: "https://corretto.aws/downloads/resources/21.0.5.11.1/amazon-corretto-21.0.5.11.1-linux-x64.tar.gz", source: hyper_util::client::legacy::Error(Connect, ConnectError("dns error", Custom { kind: Uncategorized, error: "failed to lookup address information: Temporary failure in name resolution" })) }))
[INFO] [stdout] 
[INFO] [stdout] ---- instruction::array::tests::test_multianewarray_int stdout ----
[INFO] [stdout] Error: ClassLoaderError(RequestError(reqwest::Error { kind: Request, url: "https://corretto.aws/downloads/resources/21.0.5.11.1/amazon-corretto-21.0.5.11.1-linux-x64.tar.gz", source: hyper_util::client::legacy::Error(Connect, ConnectError("dns error", Custom { kind: Uncategorized, error: "failed to lookup address information: Temporary failure in name resolution" })) }))
[INFO] [stdout] 
[INFO] [stdout] ---- instruction::array::tests::test_multianewarray_short stdout ----
[INFO] [stdout] Error: ClassLoaderError(RequestError(reqwest::Error { kind: Request, url: "https://corretto.aws/downloads/resources/21.0.5.11.1/amazon-corretto-21.0.5.11.1-linux-x64.tar.gz", source: hyper_util::client::legacy::Error(Connect, ConnectError("dns error", Custom { kind: Uncategorized, error: "failed to lookup address information: Temporary failure in name resolution" })) }))
[INFO] [stdout] 
[INFO] [stdout] ---- frame::tests::test_process_impdep1 stdout ----
[INFO] [stdout] Error: ClassLoaderError(RequestError(reqwest::Error { kind: Request, url: "https://corretto.aws/downloads/resources/21.0.5.11.1/amazon-corretto-21.0.5.11.1-linux-x64.tar.gz", source: hyper_util::client::legacy::Error(Connect, ConnectError("dns error", Custom { kind: Uncategorized, error: "failed to lookup address information: Temporary failure in name resolution" })) }))
[INFO] [stdout] 
[INFO] [stdout] ---- instruction::array::tests::test_multianewarray_double stdout ----
[INFO] [stdout] Error: ClassLoaderError(RequestError(reqwest::Error { kind: Request, url: "https://corretto.aws/downloads/resources/21.0.5.11.1/amazon-corretto-21.0.5.11.1-linux-x64.tar.gz", source: hyper_util::client::legacy::Error(Connect, ConnectError("dns error", Custom { kind: Uncategorized, error: "failed to lookup address information: Temporary failure in name resolution" })) }))
[INFO] [stdout] 
[INFO] [stdout] ---- instruction::array::tests::test_multianewarray_multiple_dimensions stdout ----
[INFO] [stdout] Error: ClassLoaderError(RequestError(reqwest::Error { kind: Request, url: "https://corretto.aws/downloads/resources/21.0.5.11.1/amazon-corretto-21.0.5.11.1-linux-x64.tar.gz", source: hyper_util::client::legacy::Error(Connect, ConnectError("dns error", Custom { kind: Uncategorized, error: "failed to lookup address information: Temporary failure in name resolution" })) }))
[INFO] [stdout] 
[INFO] [stdout] ---- instruction::array::tests::test_multianewarray_object stdout ----
[INFO] [stdout] Error: ClassLoaderError(RequestError(reqwest::Error { kind: Request, url: "https://corretto.aws/downloads/resources/21.0.5.11.1/amazon-corretto-21.0.5.11.1-linux-x64.tar.gz", source: hyper_util::client::legacy::Error(Connect, ConnectError("dns error", Custom { kind: Uncategorized, error: "failed to lookup address information: Temporary failure in name resolution" })) }))
[INFO] [stdout] 
[INFO] [stdout] ---- instruction::array::tests::test_multianewarray_long stdout ----
[INFO] [stdout] Error: ClassLoaderError(RequestError(reqwest::Error { kind: Request, url: "https://corretto.aws/downloads/resources/21.0.5.11.1/amazon-corretto-21.0.5.11.1-linux-x64.tar.gz", source: hyper_util::client::legacy::Error(Connect, ConnectError("dns error", Custom { kind: Uncategorized, error: "failed to lookup address information: Temporary failure in name resolution" })) }))
[INFO] [stdout] 
[INFO] [stdout] ---- instruction::field::test::test_putfield stdout ----
[INFO] [stdout] Error: ClassLoaderError(RequestError(reqwest::Error { kind: Request, url: "https://corretto.aws/downloads/resources/21.0.5.11.1/amazon-corretto-21.0.5.11.1-linux-x64.tar.gz", source: hyper_util::client::legacy::Error(Connect, ConnectError("dns error", Custom { kind: Uncategorized, error: "failed to lookup address information: Temporary failure in name resolution" })) }))
[INFO] [stdout] 
[INFO] [stdout] ---- instruction::field::test::test_putfield_invalid_value stdout ----
[INFO] [stdout] Error: ClassLoaderError(RequestError(reqwest::Error { kind: Request, url: "https://corretto.aws/downloads/resources/21.0.5.11.1/amazon-corretto-21.0.5.11.1-linux-x64.tar.gz", source: hyper_util::client::legacy::Error(Connect, ConnectError("dns error", Custom { kind: Uncategorized, error: "failed to lookup address information: Temporary failure in name resolution" })) }))
[INFO] [stdout] 
[INFO] [stdout] ---- instruction::field::test::test_putfield_field_not_found stdout ----
[INFO] [stdout] Error: ClassLoaderError(RequestError(reqwest::Error { kind: Request, url: "https://corretto.aws/downloads/resources/21.0.5.11.1/amazon-corretto-21.0.5.11.1-linux-x64.tar.gz", source: hyper_util::client::legacy::Error(Connect, ConnectError("dns error", Custom { kind: Uncategorized, error: "failed to lookup address information: Temporary failure in name resolution" })) }))
[INFO] [stdout] 
[INFO] [stdout] ---- instruction::field::test::test_getfield_invalid_value stdout ----
[INFO] [stdout] Error: ClassLoaderError(RequestError(reqwest::Error { kind: Request, url: "https://corretto.aws/downloads/resources/21.0.5.11.1/amazon-corretto-21.0.5.11.1-linux-x64.tar.gz", source: hyper_util::client::legacy::Error(Connect, ConnectError("dns error", Custom { kind: Uncategorized, error: "failed to lookup address information: Temporary failure in name resolution" })) }))
[INFO] [stdout] 
[INFO] [stdout] ---- instruction::ldc::test::test_ldc2_w_invalid_index stdout ----
[INFO] [stdout] Error: ClassLoaderError(RequestError(reqwest::Error { kind: Request, url: "https://corretto.aws/downloads/resources/21.0.5.11.1/amazon-corretto-21.0.5.11.1-linux-x64.tar.gz", source: hyper_util::client::legacy::Error(Connect, ConnectError("dns error", Custom { kind: Uncategorized, error: "failed to lookup address information: Temporary failure in name resolution" })) }))
[INFO] [stdout] 
[INFO] [stdout] ---- instruction::invoke::test::test_try_get_special_method stdout ----
[INFO] [stdout] Error: ClassLoaderError(RequestError(reqwest::Error { kind: Request, url: "https://corretto.aws/downloads/resources/21.0.5.11.1/amazon-corretto-21.0.5.11.1-linux-x64.tar.gz", source: hyper_util::client::legacy::Error(Connect, ConnectError("dns error", Custom { kind: Uncategorized, error: "failed to lookup address information: Temporary failure in name resolution" })) }))
[INFO] [stdout] 
[INFO] [stdout] ---- instruction::field::test::test_getfield_field_not_found stdout ----
[INFO] [stdout] Error: ClassLoaderError(RequestError(reqwest::Error { kind: Request, url: "https://corretto.aws/downloads/resources/21.0.5.11.1/amazon-corretto-21.0.5.11.1-linux-x64.tar.gz", source: hyper_util::client::legacy::Error(Connect, ConnectError("dns error", Custom { kind: Uncategorized, error: "failed to lookup address information: Temporary failure in name resolution" })) }))
[INFO] [stdout] 
[INFO] [stdout] ---- instruction::field::test::test_getfield stdout ----
[INFO] [stdout] Error: ClassLoaderError(RequestError(reqwest::Error { kind: Request, url: "https://corretto.aws/downloads/resources/21.0.5.11.1/amazon-corretto-21.0.5.11.1-linux-x64.tar.gz", source: hyper_util::client::legacy::Error(Connect, ConnectError("dns error", Custom { kind: Uncategorized, error: "failed to lookup address information: Temporary failure in name resolution" })) }))
[INFO] [stdout] 
[INFO] [stdout] ---- instruction::exception::test::test_process_throwable stdout ----
[INFO] [stdout] Error: ClassLoaderError(RequestError(reqwest::Error { kind: Request, url: "https://corretto.aws/downloads/resources/21.0.5.11.1/amazon-corretto-21.0.5.11.1-linux-x64.tar.gz", source: hyper_util::client::legacy::Error(Connect, ConnectError("dns error", Custom { kind: Uncategorized, error: "failed to lookup address information: Temporary failure in name resolution" })) }))
[INFO] [stdout] 
[INFO] [stdout] ---- instruction::ldc::test::test_ldc2_w_invalid_type stdout ----
[INFO] [stdout] Error: ClassLoaderError(RequestError(reqwest::Error { kind: Request, url: "https://corretto.aws/downloads/resources/21.0.5.11.1/amazon-corretto-21.0.5.11.1-linux-x64.tar.gz", source: hyper_util::client::legacy::Error(Connect, ConnectError("dns error", Custom { kind: Uncategorized, error: "failed to lookup address information: Temporary failure in name resolution" })) }))
[INFO] [stdout] 
[INFO] [stdout] ---- instruction::ldc::test::test_ldc2_w_long stdout ----
[INFO] [stdout] Error: ClassLoaderError(RequestError(reqwest::Error { kind: Request, url: "https://corretto.aws/downloads/resources/21.0.5.11.1/amazon-corretto-21.0.5.11.1-linux-x64.tar.gz", source: hyper_util::client::legacy::Error(Connect, ConnectError("dns error", Custom { kind: Uncategorized, error: "failed to lookup address information: Temporary failure in name resolution" })) }))
[INFO] [stdout] 
[INFO] [stdout] ---- instruction::ldc::test::test_ldc_w stdout ----
[INFO] [stdout] Error: ClassLoaderError(RequestError(reqwest::Error { kind: Request, url: "https://corretto.aws/downloads/resources/21.0.5.11.1/amazon-corretto-21.0.5.11.1-linux-x64.tar.gz", source: hyper_util::client::legacy::Error(Connect, ConnectError("dns error", Custom { kind: Uncategorized, error: "failed to lookup address information: Temporary failure in name resolution" })) }))
[INFO] [stdout] 
[INFO] [stdout] ---- instruction::invoke::test::test_try_get_virtual_method_interface_hierarchy stdout ----
[INFO] [stdout] Error: ClassLoaderError(RequestError(reqwest::Error { kind: Request, url: "https://corretto.aws/downloads/resources/21.0.5.11.1/amazon-corretto-21.0.5.11.1-linux-x64.tar.gz", source: hyper_util::client::legacy::Error(Connect, ConnectError("dns error", Custom { kind: Uncategorized, error: "failed to lookup address information: Temporary failure in name resolution" })) }))
[INFO] [stdout] 
[INFO] [stdout] ---- instruction::ldc::test::test_constant_integer stdout ----
[INFO] [stdout] Error: ClassLoaderError(RequestError(reqwest::Error { kind: Request, url: "https://corretto.aws/downloads/resources/21.0.5.11.1/amazon-corretto-21.0.5.11.1-linux-x64.tar.gz", source: hyper_util::client::legacy::Error(Connect, ConnectError("dns error", Custom { kind: Uncategorized, error: "failed to lookup address information: Temporary failure in name resolution" })) }))
[INFO] [stdout] 
[INFO] [stdout] ---- instruction::ldc::test::test_load_constant_invalid_type stdout ----
[INFO] [stdout] Error: ClassLoaderError(RequestError(reqwest::Error { kind: Request, url: "https://corretto.aws/downloads/resources/21.0.5.11.1/amazon-corretto-21.0.5.11.1-linux-x64.tar.gz", source: hyper_util::client::legacy::Error(Connect, ConnectError("dns error", Custom { kind: Uncategorized, error: "failed to lookup address information: Temporary failure in name resolution" })) }))
[INFO] [stdout] 
[INFO] [stdout] ---- instruction::ldc::test::test_load_constant_string stdout ----
[INFO] [stdout] Error: ClassLoaderError(RequestError(reqwest::Error { kind: Request, url: "https://corretto.aws/downloads/resources/21.0.5.11.1/amazon-corretto-21.0.5.11.1-linux-x64.tar.gz", source: hyper_util::client::legacy::Error(Connect, ConnectError("dns error", Custom { kind: Uncategorized, error: "failed to lookup address information: Temporary failure in name resolution" })) }))
[INFO] [stdout] 
[INFO] [stdout] ---- instruction::ldc::test::test_load_constant_class stdout ----
[INFO] [stdout] Error: ClassLoaderError(RequestError(reqwest::Error { kind: Request, url: "https://corretto.aws/downloads/resources/21.0.5.11.1/amazon-corretto-21.0.5.11.1-linux-x64.tar.gz", source: hyper_util::client::legacy::Error(Connect, ConnectError("dns error", Custom { kind: Uncategorized, error: "failed to lookup address information: Temporary failure in name resolution" })) }))
[INFO] [stdout] 
[INFO] [stdout] ---- instruction::ldc::test::test_ldc2_w_double stdout ----
[INFO] [stdout] Error: ClassLoaderError(RequestError(reqwest::Error { kind: Request, url: "https://corretto.aws/downloads/resources/21.0.5.11.1/amazon-corretto-21.0.5.11.1-linux-x64.tar.gz", source: hyper_util::client::legacy::Error(Connect, ConnectError("dns error", Custom { kind: Uncategorized, error: "failed to lookup address information: Temporary failure in name resolution" })) }))
[INFO] [stdout] 
[INFO] [stdout] ---- instruction::object::tests::test_aastore stdout ----
[INFO] [stdout] Error: ClassLoaderError(RequestError(reqwest::Error { kind: Request, url: "https://corretto.aws/downloads/resources/21.0.5.11.1/amazon-corretto-21.0.5.11.1-linux-x64.tar.gz", source: hyper_util::client::legacy::Error(Connect, ConnectError("dns error", Custom { kind: Uncategorized, error: "failed to lookup address information: Temporary failure in name resolution" })) }))
[INFO] [stdout] 
[INFO] [stdout] ---- instruction::invoke::test::test_try_get_virtual_method_hierarchy stdout ----
[INFO] [stdout] Error: ClassLoaderError(RequestError(reqwest::Error { kind: Request, url: "https://corretto.aws/downloads/resources/21.0.5.11.1/amazon-corretto-21.0.5.11.1-linux-x64.tar.gz", source: hyper_util::client::legacy::Error(Connect, ConnectError("dns error", Custom { kind: Uncategorized, error: "failed to lookup address information: Temporary failure in name resolution" })) }))
[INFO] [stdout] 
[INFO] [stdout] ---- instruction::object::tests::test_aaload stdout ----
[INFO] [stdout] Error: ClassLoaderError(RequestError(reqwest::Error { kind: Request, url: "https://corretto.aws/downloads/resources/21.0.5.11.1/amazon-corretto-21.0.5.11.1-linux-x64.tar.gz", source: hyper_util::client::legacy::Error(Connect, ConnectError("dns error", Custom { kind: Uncategorized, error: "failed to lookup address information: Temporary failure in name resolution" })) }))
[INFO] [stdout] 
[INFO] [stdout] ---- instruction::invoke::test::test_try_get_special_method_not_found stdout ----
[INFO] [stdout] Error: ClassLoaderError(RequestError(reqwest::Error { kind: Request, url: "https://corretto.aws/downloads/resources/21.0.5.11.1/amazon-corretto-21.0.5.11.1-linux-x64.tar.gz", source: hyper_util::client::legacy::Error(Connect, ConnectError("dns error", Custom { kind: Uncategorized, error: "failed to lookup address information: Temporary failure in name resolution" })) }))
[INFO] [stdout] 
[INFO] [stdout] ---- instruction::invoke::test::test_try_get_virtual_method_not_found stdout ----
[INFO] [stdout] Error: ClassLoaderError(RequestError(reqwest::Error { kind: Request, url: "https://corretto.aws/downloads/resources/21.0.5.11.1/amazon-corretto-21.0.5.11.1-linux-x64.tar.gz", source: hyper_util::client::legacy::Error(Connect, ConnectError("dns error", Custom { kind: Uncategorized, error: "failed to lookup address information: Temporary failure in name resolution" })) }))
[INFO] [stdout] 
[INFO] [stdout] ---- instruction::ldc::test::test_ldc stdout ----
[INFO] [stdout] Error: ClassLoaderError(RequestError(reqwest::Error { kind: Request, url: "https://corretto.aws/downloads/resources/21.0.5.11.1/amazon-corretto-21.0.5.11.1-linux-x64.tar.gz", source: hyper_util::client::legacy::Error(Connect, ConnectError("dns error", Custom { kind: Uncategorized, error: "failed to lookup address information: Temporary failure in name resolution" })) }))
[INFO] [stdout] 
[INFO] [stdout] ---- instruction::object::tests::test_aastore_invalid_index stdout ----
[INFO] [stdout] Error: ClassLoaderError(RequestError(reqwest::Error { kind: Request, url: "https://corretto.aws/downloads/resources/21.0.5.11.1/amazon-corretto-21.0.5.11.1-linux-x64.tar.gz", source: hyper_util::client::legacy::Error(Connect, ConnectError("dns error", Custom { kind: Uncategorized, error: "failed to lookup address information: Temporary failure in name resolution" })) }))
[INFO] [stdout] 
[INFO] [stdout] ---- instruction::object::tests::test_instanceof_object_to_string stdout ----
[INFO] [stdout] Error: ClassLoaderError(RequestError(reqwest::Error { kind: Request, url: "https://corretto.aws/downloads/resources/21.0.5.11.1/amazon-corretto-21.0.5.11.1-linux-x64.tar.gz", source: hyper_util::client::legacy::Error(Connect, ConnectError("dns error", Custom { kind: Uncategorized, error: "failed to lookup address information: Temporary failure in name resolution" })) }))
[INFO] [stdout] 
[INFO] [stdout] ---- instruction::ldc::test::test_load_constant_invalid_index stdout ----
[INFO] [stdout] Error: ClassLoaderError(RequestError(reqwest::Error { kind: Request, url: "https://corretto.aws/downloads/resources/21.0.5.11.1/amazon-corretto-21.0.5.11.1-linux-x64.tar.gz", source: hyper_util::client::legacy::Error(Connect, ConnectError("dns error", Custom { kind: Uncategorized, error: "failed to lookup address information: Temporary failure in name resolution" })) }))
[INFO] [stdout] 
[INFO] [stdout] ---- instruction::object::tests::test_aaload_invalid_index stdout ----
[INFO] [stdout] Error: ClassLoaderError(RequestError(reqwest::Error { kind: Request, url: "https://corretto.aws/downloads/resources/21.0.5.11.1/amazon-corretto-21.0.5.11.1-linux-x64.tar.gz", source: hyper_util::client::legacy::Error(Connect, ConnectError("dns error", Custom { kind: Uncategorized, error: "failed to lookup address information: Temporary failure in name resolution" })) }))
[INFO] [stdout] 
[INFO] [stdout] ---- instruction::ldc::test::test_load_constant_float stdout ----
[INFO] [stdout] Error: ClassLoaderError(RequestError(reqwest::Error { kind: Request, url: "https://corretto.aws/downloads/resources/21.0.5.11.1/amazon-corretto-21.0.5.11.1-linux-x64.tar.gz", source: hyper_util::client::legacy::Error(Connect, ConnectError("dns error", Custom { kind: Uncategorized, error: "failed to lookup address information: Temporary failure in name resolution" })) }))
[INFO] [stdout] 
[INFO] [stdout] ---- instruction::object::tests::test_instanceof_string_array_to_object stdout ----
[INFO] [stdout] Error: ClassLoaderError(RequestError(reqwest::Error { kind: Request, url: "https://corretto.aws/downloads/resources/21.0.5.11.1/amazon-corretto-21.0.5.11.1-linux-x64.tar.gz", source: hyper_util::client::legacy::Error(Connect, ConnectError("dns error", Custom { kind: Uncategorized, error: "failed to lookup address information: Temporary failure in name resolution" })) }))
[INFO] [stdout] 
[INFO] [stdout] ---- instruction::object::tests::test_instanceof_object_array_to_string stdout ----
[INFO] [stdout] Error: ClassLoaderError(RequestError(reqwest::Error { kind: Request, url: "https://corretto.aws/downloads/resources/21.0.5.11.1/amazon-corretto-21.0.5.11.1-linux-x64.tar.gz", source: hyper_util::client::legacy::Error(Connect, ConnectError("dns error", Custom { kind: Uncategorized, error: "failed to lookup address information: Temporary failure in name resolution" })) }))
[INFO] [stdout] 
[INFO] [stdout] ---- instruction::r#static::test::test_getstatic stdout ----
[INFO] [stdout] Error: ClassLoaderError(RequestError(reqwest::Error { kind: Request, url: "https://corretto.aws/downloads/resources/21.0.5.11.1/amazon-corretto-21.0.5.11.1-linux-x64.tar.gz", source: hyper_util::client::legacy::Error(Connect, ConnectError("dns error", Custom { kind: Uncategorized, error: "failed to lookup address information: Temporary failure in name resolution" })) }))
[INFO] [stdout] 
[INFO] [stdout] ---- instruction::object::tests::test_checkcast_object_to_string stdout ----
[INFO] [stdout] Error: ClassLoaderError(RequestError(reqwest::Error { kind: Request, url: "https://corretto.aws/downloads/resources/21.0.5.11.1/amazon-corretto-21.0.5.11.1-linux-x64.tar.gz", source: hyper_util::client::legacy::Error(Connect, ConnectError("dns error", Custom { kind: Uncategorized, error: "failed to lookup address information: Temporary failure in name resolution" })) }))
[INFO] [stdout] 
[INFO] [stdout] ---- instruction::r#static::test::test_putstatic stdout ----
[INFO] [stdout] Error: ClassLoaderError(RequestError(reqwest::Error { kind: Request, url: "https://corretto.aws/downloads/resources/21.0.5.11.1/amazon-corretto-21.0.5.11.1-linux-x64.tar.gz", source: hyper_util::client::legacy::Error(Connect, ConnectError("dns error", Custom { kind: Uncategorized, error: "failed to lookup address information: Temporary failure in name resolution" })) }))
[INFO] [stdout] 
[INFO] [stdout] ---- instruction::object::tests::test_checkcast_string_to_object stdout ----
[INFO] [stdout] Error: ClassLoaderError(RequestError(reqwest::Error { kind: Request, url: "https://corretto.aws/downloads/resources/21.0.5.11.1/amazon-corretto-21.0.5.11.1-linux-x64.tar.gz", source: hyper_util::client::legacy::Error(Connect, ConnectError("dns error", Custom { kind: Uncategorized, error: "failed to lookup address information: Temporary failure in name resolution" })) }))
[INFO] [stdout] 
[INFO] [stdout] ---- instruction::r#static::test::test_getstatic_field_not_found stdout ----
[INFO] [stdout] Error: ClassLoaderError(RequestError(reqwest::Error { kind: Request, url: "https://corretto.aws/downloads/resources/21.0.5.11.1/amazon-corretto-21.0.5.11.1-linux-x64.tar.gz", source: hyper_util::client::legacy::Error(Connect, ConnectError("dns error", Custom { kind: Uncategorized, error: "failed to lookup address information: Temporary failure in name resolution" })) }))
[INFO] [stdout] 
[INFO] [stdout] ---- instruction::object::tests::test_new stdout ----
[INFO] [stdout] Error: ClassLoaderError(RequestError(reqwest::Error { kind: Request, url: "https://corretto.aws/downloads/resources/21.0.5.11.1/amazon-corretto-21.0.5.11.1-linux-x64.tar.gz", source: hyper_util::client::legacy::Error(Connect, ConnectError("dns error", Custom { kind: Uncategorized, error: "failed to lookup address information: Temporary failure in name resolution" })) }))
[INFO] [stdout] 
[INFO] [stdout] ---- instruction::object::tests::test_instanceof_string_to_object stdout ----
[INFO] [stdout] Error: ClassLoaderError(RequestError(reqwest::Error { kind: Request, url: "https://corretto.aws/downloads/resources/21.0.5.11.1/amazon-corretto-21.0.5.11.1-linux-x64.tar.gz", source: hyper_util::client::legacy::Error(Connect, ConnectError("dns error", Custom { kind: Uncategorized, error: "failed to lookup address information: Temporary failure in name resolution" })) }))
[INFO] [stdout] 
[INFO] [stdout] ---- instruction::r#static::test::test_putstatic_field_not_found stdout ----
[INFO] [stdout] Error: ClassLoaderError(RequestError(reqwest::Error { kind: Request, url: "https://corretto.aws/downloads/resources/21.0.5.11.1/amazon-corretto-21.0.5.11.1-linux-x64.tar.gz", source: hyper_util::client::legacy::Error(Connect, ConnectError("dns error", Custom { kind: Uncategorized, error: "failed to lookup address information: Temporary failure in name resolution" })) }))
[INFO] [stdout] 
[INFO] [stdout] ---- vm::tests::test_constants_class stdout ----
[INFO] [stdout] Error: ClassLoaderError(RequestError(reqwest::Error { kind: Request, url: "https://corretto.aws/downloads/resources/21.0.5.11.1/amazon-corretto-21.0.5.11.1-linux-x64.tar.gz", source: hyper_util::client::legacy::Error(Connect, ConnectError("dns error", Custom { kind: Uncategorized, error: "failed to lookup address information: Temporary failure in name resolution" })) }))
[INFO] [stdout] 
[INFO] [stdout] ---- instruction::object::tests::test_instanceof_null stdout ----
[INFO] [stdout] Error: ClassLoaderError(RequestError(reqwest::Error { kind: Request, url: "https://corretto.aws/downloads/resources/21.0.5.11.1/amazon-corretto-21.0.5.11.1-linux-x64.tar.gz", source: hyper_util::client::legacy::Error(Connect, ConnectError("dns error", Custom { kind: Uncategorized, error: "failed to lookup address information: Temporary failure in name resolution" })) }))
[INFO] [stdout] 
[INFO] [stdout] ---- vm::tests::test_hello_world_class stdout ----
[INFO] [stdout] Error: ClassLoaderError(RequestError(reqwest::Error { kind: Request, url: "https://corretto.aws/downloads/resources/21.0.5.11.1/amazon-corretto-21.0.5.11.1-linux-x64.tar.gz", source: hyper_util::client::legacy::Error(Connect, ConnectError("dns error", Custom { kind: Uncategorized, error: "failed to lookup address information: Temporary failure in name resolution" })) }))
[INFO] [stdout] 
[INFO] [stdout] ---- vm::tests::test_class_inheritance stdout ----
[INFO] [stdout] Error: ClassLoaderError(RequestError(reqwest::Error { kind: Request, url: "https://corretto.aws/downloads/resources/21.0.5.11.1/amazon-corretto-21.0.5.11.1-linux-x64.tar.gz", source: hyper_util::client::legacy::Error(Connect, ConnectError("dns error", Custom { kind: Uncategorized, error: "failed to lookup address information: Temporary failure in name resolution" })) }))
[INFO] [stdout] 
[INFO] [stdout] ---- vm::tests::test_vm_new_java_home stdout ----
[INFO] [stdout] Error: ClassLoaderError(RequestError(reqwest::Error { kind: Request, url: "https://corretto.aws/downloads/resources/21.0.5.11.1/amazon-corretto-21.0.5.11.1-linux-x64.tar.gz", source: hyper_util::client::legacy::Error(Connect, ConnectError("dns error", Custom { kind: Uncategorized, error: "failed to lookup address information: Temporary failure in name resolution" })) }))
[INFO] [stdout] 
[INFO] [stdout] ---- vm::tests::test_vm_set_jar_with_main_class stdout ----
[INFO] [stdout] Error: ClassLoaderError(RequestError(reqwest::Error { kind: Request, url: "https://corretto.aws/downloads/resources/21.0.5.11.1/amazon-corretto-21.0.5.11.1-linux-x64.tar.gz", source: hyper_util::client::legacy::Error(Connect, ConnectError("dns error", Custom { kind: Uncategorized, error: "failed to lookup address information: Temporary failure in name resolution" })) }))
[INFO] [stdout] 
[INFO] [stdout] ---- vm::tests::test_vm_set_main_class stdout ----
[INFO] [stdout] Error: ClassLoaderError(RequestError(reqwest::Error { kind: Request, url: "https://corretto.aws/downloads/resources/21.0.5.11.1/amazon-corretto-21.0.5.11.1-linux-x64.tar.gz", source: hyper_util::client::legacy::Error(Connect, ConnectError("dns error", Custom { kind: Uncategorized, error: "failed to lookup address information: Temporary failure in name resolution" })) }))
[INFO] [stdout] 
[INFO] [stdout] ---- vm::tests::test_vm_new stdout ----
[INFO] [stdout] Error: ClassLoaderError(RequestError(reqwest::Error { kind: Request, url: "https://corretto.aws/downloads/resources/21.0.5.11.1/amazon-corretto-21.0.5.11.1-linux-x64.tar.gz", source: hyper_util::client::legacy::Error(Connect, ConnectError("dns error", Custom { kind: Uncategorized, error: "failed to lookup address information: Temporary failure in name resolution" })) }))
[INFO] [stdout] 
[INFO] [stdout] ---- vm::tests::test_vm_load_java_lang_object stdout ----
[INFO] [stdout] Error: ClassLoaderError(RequestError(reqwest::Error { kind: Request, url: "https://corretto.aws/downloads/resources/21.0.5.11.1/amazon-corretto-21.0.5.11.1-linux-x64.tar.gz", source: hyper_util::client::legacy::Error(Connect, ConnectError("dns error", Custom { kind: Uncategorized, error: "failed to lookup address information: Temporary failure in name resolution" })) }))
[INFO] [stdout] 
[INFO] [stdout] 
[INFO] [stdout] failures:
[INFO] [stdout]     frame::tests::test_execute
[INFO] [stdout]     frame::tests::test_initial_frame
[INFO] [stdout]     frame::tests::test_process_breakpoint
[INFO] [stdout]     frame::tests::test_process_impdep1
[INFO] [stdout]     frame::tests::test_process_impdep2
[INFO] [stdout]     frame::tests::test_process_monitorenter
[INFO] [stdout]     frame::tests::test_process_monitorexit
[INFO] [stdout]     frame::tests::test_process_nop
[INFO] [stdout]     frame::tests::test_process_return
[INFO] [stdout]     frame::tests::test_process_wide
[INFO] [stdout]     instruction::array::tests::test_anewarray
[INFO] [stdout]     instruction::array::tests::test_arraylength_invalid_type
[INFO] [stdout]     instruction::array::tests::test_arraylength_object
[INFO] [stdout]     instruction::array::tests::test_multianewarray_byte
[INFO] [stdout]     instruction::array::tests::test_multianewarray_char
[INFO] [stdout]     instruction::array::tests::test_multianewarray_double
[INFO] [stdout]     instruction::array::tests::test_multianewarray_float
[INFO] [stdout]     instruction::array::tests::test_multianewarray_int
[INFO] [stdout]     instruction::array::tests::test_multianewarray_long
[INFO] [stdout]     instruction::array::tests::test_multianewarray_multiple_dimensions
[INFO] [stdout]     instruction::array::tests::test_multianewarray_object
[INFO] [stdout]     instruction::array::tests::test_multianewarray_short
[INFO] [stdout]     instruction::exception::test::test_process_throwable
[INFO] [stdout]     instruction::field::test::test_getfield
[INFO] [stdout]     instruction::field::test::test_getfield_field_not_found
[INFO] [stdout]     instruction::field::test::test_getfield_invalid_value
[INFO] [stdout]     instruction::field::test::test_putfield
[INFO] [stdout]     instruction::field::test::test_putfield_field_not_found
[INFO] [stdout]     instruction::field::test::test_putfield_invalid_value
[INFO] [stdout]     instruction::invoke::test::test_try_get_special_method
[INFO] [stdout]     instruction::invoke::test::test_try_get_special_method_not_found
[INFO] [stdout]     instruction::invoke::test::test_try_get_virtual_method_hierarchy
[INFO] [stdout]     instruction::invoke::test::test_try_get_virtual_method_interface_hierarchy
[INFO] [stdout]     instruction::invoke::test::test_try_get_virtual_method_not_found
[INFO] [stdout]     instruction::ldc::test::test_constant_integer
[INFO] [stdout]     instruction::ldc::test::test_ldc
[INFO] [stdout]     instruction::ldc::test::test_ldc2_w_double
[INFO] [stdout]     instruction::ldc::test::test_ldc2_w_invalid_index
[INFO] [stdout]     instruction::ldc::test::test_ldc2_w_invalid_type
[INFO] [stdout]     instruction::ldc::test::test_ldc2_w_long
[INFO] [stdout]     instruction::ldc::test::test_ldc_w
[INFO] [stdout]     instruction::ldc::test::test_load_constant_class
[INFO] [stdout]     instruction::ldc::test::test_load_constant_float
[INFO] [stdout]     instruction::ldc::test::test_load_constant_invalid_index
[INFO] [stdout]     instruction::ldc::test::test_load_constant_invalid_type
[INFO] [stdout]     instruction::ldc::test::test_load_constant_string
[INFO] [stdout]     instruction::object::tests::test_aaload
[INFO] [stdout]     instruction::object::tests::test_aaload_invalid_index
[INFO] [stdout]     instruction::object::tests::test_aastore
[INFO] [stdout]     instruction::object::tests::test_aastore_invalid_index
[INFO] [stdout]     instruction::object::tests::test_checkcast_object_to_string
[INFO] [stdout]     instruction::object::tests::test_checkcast_string_to_object
[INFO] [stdout]     instruction::object::tests::test_instanceof_null
[INFO] [stdout]     instruction::object::tests::test_instanceof_object_array_to_string
[INFO] [stdout]     instruction::object::tests::test_instanceof_object_to_string
[INFO] [stdout]     instruction::object::tests::test_instanceof_string_array_to_object
[INFO] [stdout]     instruction::object::tests::test_instanceof_string_to_object
[INFO] [stdout]     instruction::object::tests::test_new
[INFO] [stdout]     instruction::r#static::test::test_getstatic
[INFO] [stdout]     instruction::r#static::test::test_getstatic_field_not_found
[INFO] [stdout]     instruction::r#static::test::test_putstatic
[INFO] [stdout]     instruction::r#static::test::test_putstatic_field_not_found
[INFO] [stdout]     vm::tests::test_class_inheritance
[INFO] [stdout]     vm::tests::test_constants_class
[INFO] [stdout]     vm::tests::test_hello_world_class
[INFO] [stdout]     vm::tests::test_vm_load_java_lang_object
[INFO] [stdout]     vm::tests::test_vm_new
[INFO] [stdout]     vm::tests::test_vm_new_java_home
[INFO] [stdout]     vm::tests::test_vm_set_jar_with_main_class
[INFO] [stdout]     vm::tests::test_vm_set_main_class
[INFO] [stdout] 
[INFO] [stdout] test result: FAILED. 394 passed; 70 failed; 0 ignored; 0 measured; 0 filtered out; finished in 0.75s
[INFO] [stdout] 
[INFO] [stderr] error: test failed, to rerun pass `--lib`
[INFO] running `Command { std: "docker" "inspect" "2a570fb84821c42b402b5000cce42c52f4250b46ff4e42b9383cf356367bc1bb", kill_on_drop: false }`
[INFO] running `Command { std: "docker" "rm" "-f" "2a570fb84821c42b402b5000cce42c52f4250b46ff4e42b9383cf356367bc1bb", kill_on_drop: false }`
[INFO] [stdout] 2a570fb84821c42b402b5000cce42c52f4250b46ff4e42b9383cf356367bc1bb
